{"id":99267,"date":"2022-03-07T08:32:03","date_gmt":"2022-03-07T07:32:03","guid":{"rendered":"https:\/\/www.freiburg-schwarzwald.de\/blog\/?page_id=99267"},"modified":"2022-11-01T10:28:43","modified_gmt":"2022-11-01T09:28:43","slug":"trucker","status":"publish","type":"page","link":"https:\/\/www.freiburg-schwarzwald.de\/blog\/engagement\/buergerinitiativen\/demo\/trucker\/","title":{"rendered":"Trucker"},"content":{"rendered":"<p><a href=\"https:\/\/freiburg-schwarzwald.de\/blog\">Home<\/a>\u00a0&gt;<a title=\"Engagement\" href=\"https:\/\/www.freiburg-schwarzwald.de\/blog\/engagement\/\">Engagement<\/a>\u00a0&gt;<a title=\"Zukunft\" href=\"https:\/\/www.freiburg-schwarzwald.de\/blog\/engagement\/zukunft\/\">Zukunft<\/a>\u00a0&gt;<a title=\"Demokratie\" href=\"https:\/\/www.freiburg-schwarzwald.de\/blog\/engagement\/zukunft\/demokratie\/\">Demokratie<\/a> &gt;<a href=\"https:\/\/www.freiburg-schwarzwald.de\/blog\/engagement\/buergerinitiativen\/demonstrationsrecht\/\">Demo<\/a> &gt;<a href=\"https:\/\/www.freiburg-schwarzwald.de\/blog\/engagement\/zukunft\/demokratie\/freiheit\">Freiheit<\/a> &gt;Trucker<\/p>\n<div id=\"attachment_98783\" style=\"width: 651px\" class=\"wp-caption alignnone\"><a href=\"https:\/\/www.freiburg-schwarzwald.de\/blog\/wp-content\/uploads\/2022\/02\/demoFreiburg1pan-20220212.jpg\"><img loading=\"lazy\" decoding=\"async\" aria-describedby=\"caption-attachment-98783\" class=\"size-full wp-image-98783\" src=\"https:\/\/www.freiburg-schwarzwald.de\/blog\/wp-content\/uploads\/2022\/02\/demoFreiburg1pan-20220212.jpg\" alt=\"\" width=\"641\" height=\"374\" srcset=\"https:\/\/www.freiburg-schwarzwald.de\/blog\/wp-content\/uploads\/2022\/02\/demoFreiburg1pan-20220212.jpg 641w, https:\/\/www.freiburg-schwarzwald.de\/blog\/wp-content\/uploads\/2022\/02\/demoFreiburg1pan-20220212-180x105.jpg 180w\" sizes=\"auto, (max-width: 641px) 100vw, 641px\" \/><\/a><p id=\"caption-attachment-98783\" class=\"wp-caption-text\">Demo f\u00fcr Grundrechte am Platz der Alten Synagoge in Freiburg 12.2.2022<\/p><\/div>\n<ul>\n<li><a href=\"https:\/\/www.freiburg-schwarzwald.de\/blog\/kanada-corona-entschuldigung\/\">Kanada Corona Entschuldigung<\/a>\u00a0(30.10.2022)<\/li>\n<li>Trudeau im EU-Parlament: &#8222;Sie sind eine Schande f\u00fcr jede Demokratie&#8220; (23.3.2022)<\/li>\n<li><a href=\"https:\/\/www.freiburg-schwarzwald.de\/blog\/trucker-convoys-can-und-usa\/\">Trucker-Convoys CAN und USA<\/a> (7.3.2022)<\/li>\n<li><a href=\"https:\/\/www.freiburg-schwarzwald.de\/blog\/freedom-speech-truckerconvoy\/\">Freedom-Speech to the Trucker Convoy<\/a> \u00a0(11.2.2022)<\/li>\n<li><a href=\"https:\/\/www.freiburg-schwarzwald.de\/blog\/global\/kanada\/\">Trucker-Proteste: Big Tech gegen die Arbeiterklasse<\/a> (7.2.2022)<\/li>\n<li><\/li>\n<li><a href=\"https:\/\/www.freiburg-schwarzwald.de\/blog\/engagement\/buergerinitiativen\/demonstrationsrecht\/\">Demonstrationsrecht<\/a><\/li>\n<li><a href=\"https:\/\/www.freiburg-schwarzwald.de\/blog\/global\/kanada\/\">Kanada<\/a><\/li>\n<li><a href=\"https:\/\/www.freiburg-schwarzwald.de\/blog\/global\/usa\/biden\/\">USA<\/a><\/li>\n<\/ul>\n<p>&nbsp;<\/p>\n<p><strong>Trudeau im EU-Parlament: &#8222;Sie sind eine Schande f\u00fcr jede Demokratie&#8220;<\/strong><br \/>\nAm 23.3.2022 hielt der kanadische Premierminister Justin Trudeau vor dem <a href=\"https:\/\/www.freiburg-schwarzwald.de\/blog\/global\/eu\/eu-zentralstaat\/\">Europ\u00e4ischen Parlament<\/a> in Br\u00fcssel eine Rede. Nachdem durch seine rigide Corona-Ma\u00dfnahmenpolitik die Trucker-Proteste verursacht hatte und zwischenzeitlich aus der Hauptstadt Ottawa fliehen musste.<br \/>\nDie EU-Abgeordnete Christine Anderson (AfD) ergriff nach der Rede von Trudeau das Wort und mahnte an, man m\u00fcsse doch auch \u00fcber die von ihm verantwortete Verletzung der Menschenrechte, der Demokratie und der Rechtsstaatlichkeit sprechen<br \/>\n<a href=\"https:\/\/twitter.com\/i\/status\/1506905594623574020\">https:\/\/twitter.com\/i\/status\/1506905594623574020<\/a><\/p>\n<p>Hier der Redetext von Anderson auf Deutsch:<br \/>\n\u201eGem\u00e4\u00df Artikel 195 m\u00f6chte ich darauf hinweisen, dass es passender gewesen w\u00e4re, Herrn Trudeau, Premierminister von Kanada, dieses Haus gem\u00e4\u00df Artikel 144 adressieren zu lassen. Dieser Artikel wurde eigens geschaffen, um Verst\u00f6\u00dfe gegen Menschenrechte, Demokratie und Rechtsstaatlichkeit zu debattieren.<br \/>\nAll das trifft zweifellos auf Mr. Trudeau zu. Auf der anderen Seite: Ein Premierminister, der offen die Basis-Dikatur Chinas bewundert, der verfassungsrechtliche Grunds\u00e4tze mit F\u00fc\u00dfen tritt, indem er die eigenen B\u00fcrger verfolgt und als Terroristen kriminalisiert, weil sie es wagten, gegen Trudeaus pervertierte Vorstellung von Demokratie zu demonstrieren, d\u00fcrfte es \u00fcberhaupt nicht gestattet sein, dieses Haus zu adressieren.<br \/>\nMr. Trudeau, Sie sind eine Schande f\u00fcr jede Demokratie! Ersparen Sie uns Ihre Anwesenheit!\u201c<br \/>\n23.3.2022<\/p>\n<p>&nbsp;<\/p>\n","protected":false},"excerpt":{"rendered":"<p>Home\u00a0&gt;Engagement\u00a0&gt;Zukunft\u00a0&gt;Demokratie &gt;Demo &gt;Freiheit &gt;Trucker Kanada Corona Entschuldigung\u00a0(30.10.2022) Trudeau im EU-Parlament: &#8222;Sie sind eine Schande f\u00fcr jede Demokratie&#8220; (23.3.2022) Trucker-Convoys CAN und USA (7.3.2022) Freedom-Speech to the Trucker Convoy \u00a0(11.2.2022) Trucker-Proteste: Big Tech gegen die Arbeiterklasse (7.2.2022) Demonstrationsrecht Kanada USA &nbsp; &hellip; <a href=\"https:\/\/www.freiburg-schwarzwald.de\/blog\/engagement\/buergerinitiativen\/demo\/trucker\/\">Weiterlesen <span class=\"meta-nav\">&rarr;<\/span><\/a><\/p>\n","protected":false},"author":2,"featured_media":0,"parent":7192,"menu_order":0,"comment_status":"closed","ping_status":"closed","template":"","meta":{"footnotes":""},"class_list":["post-99267","page","type-page","status-publish","hentry"],"_links":{"self":[{"href":"https:\/\/www.freiburg-schwarzwald.de\/blog\/wp-json\/wp\/v2\/pages\/99267","targetHints":{"allow":["GET"]}}],"collection":[{"href":"https:\/\/www.freiburg-schwarzwald.de\/blog\/wp-json\/wp\/v2\/pages"}],"about":[{"href":"https:\/\/www.freiburg-schwarzwald.de\/blog\/wp-json\/wp\/v2\/types\/page"}],"author":[{"embeddable":true,"href":"https:\/\/www.freiburg-schwarzwald.de\/blog\/wp-json\/wp\/v2\/users\/2"}],"replies":[{"embeddable":true,"href":"https:\/\/www.freiburg-schwarzwald.de\/blog\/wp-json\/wp\/v2\/comments?post=99267"}],"version-history":[{"count":5,"href":"https:\/\/www.freiburg-schwarzwald.de\/blog\/wp-json\/wp\/v2\/pages\/99267\/revisions"}],"predecessor-version":[{"id":105830,"href":"https:\/\/www.freiburg-schwarzwald.de\/blog\/wp-json\/wp\/v2\/pages\/99267\/revisions\/105830"}],"up":[{"embeddable":true,"href":"https:\/\/www.freiburg-schwarzwald.de\/blog\/wp-json\/wp\/v2\/pages\/7192"}],"wp:attachment":[{"href":"https:\/\/www.freiburg-schwarzwald.de\/blog\/wp-json\/wp\/v2\/media?parent=99267"}],"curies":[{"name":"wp","href":"https:\/\/api.w.org\/{rel}","templated":true}]}}

<p><a href="https://freiburg-schwarzwald.de/blog">Home</a> &gt;<a title="Engagement" href="https://www.freiburg-schwarzwald.de/blog/engagement/">Engagement</a> &gt;<a title="Zukunft" href="https://www.freiburg-schwarzwald.de/blog/engagement/zukunft/">Zukunft</a> &gt;<a title="Demokratie" href="https://www.freiburg-schwarzwald.de/blog/engagement/zukunft/demokratie/">Demokratie</a> &gt;<a href="https://www.freiburg-schwarzwald.de/blog/engagement/buergerinitiativen/demonstrationsrecht/">Demo</a> &gt;<a href="https://www.freiburg-schwarzwald.de/blog/engagement/zukunft/demokratie/freiheit">Freiheit</a> &gt;Trucker</p>
<div id="attachment_98783" style="width: 651px" class="wp-caption alignnone"><a href="https://www.freiburg-schwarzwald.de/blog/wp-content/uploads/2022/02/demoFreiburg1pan-20220212.jpg"><img loading="lazy" decoding="async" aria-describedby="caption-attachment-98783" class="size-full wp-image-98783" src="https://www.freiburg-schwarzwald.de/blog/wp-content/uploads/2022/02/demoFreiburg1pan-20220212.jpg" alt="" width="641" height="374" srcset="https://www.freiburg-schwarzwald.de/blog/wp-content/uploads/2022/02/demoFreiburg1pan-20220212.jpg 641w, https://www.freiburg-schwarzwald.de/blog/wp-content/uploads/2022/02/demoFreiburg1pan-20220212-180x105.jpg 180w" sizes="auto, (max-width: 641px) 100vw, 641px" /></a><p id="caption-attachment-98783" class="wp-caption-text">Demo für Grundrechte am Platz der Alten Synagoge in Freiburg 12.2.2022</p></div>
<ul>
<li><a href="https://www.freiburg-schwarzwald.de/blog/kanada-corona-entschuldigung/">Kanada Corona Entschuldigung</a> (30.10.2022)</li>
<li>Trudeau im EU-Parlament: &#8222;Sie sind eine Schande für jede Demokratie&#8220; (23.3.2022)</li>
<li><a href="https://www.freiburg-schwarzwald.de/blog/trucker-convoys-can-und-usa/">Trucker-Convoys CAN und USA</a> (7.3.2022)</li>
<li><a href="https://www.freiburg-schwarzwald.de/blog/freedom-speech-truckerconvoy/">Freedom-Speech to the Trucker Convoy</a>  (11.2.2022)</li>
<li><a href="https://www.freiburg-schwarzwald.de/blog/global/kanada/">Trucker-Proteste: Big Tech gegen die Arbeiterklasse</a> (7.2.2022)</li>
<li></li>
<li><a href="https://www.freiburg-schwarzwald.de/blog/engagement/buergerinitiativen/demonstrationsrecht/">Demonstrationsrecht</a></li>
<li><a href="https://www.freiburg-schwarzwald.de/blog/global/kanada/">Kanada</a></li>
<li><a href="https://www.freiburg-schwarzwald.de/blog/global/usa/biden/">USA</a></li>
</ul>
<p>&nbsp;</p>
<p><strong>Trudeau im EU-Parlament: &#8222;Sie sind eine Schande für jede Demokratie&#8220;</strong><br />
Am 23.3.2022 hielt der kanadische Premierminister Justin Trudeau vor dem <a href="https://www.freiburg-schwarzwald.de/blog/global/eu/eu-zentralstaat/">Europäischen Parlament</a> in Brüssel eine Rede. Nachdem durch seine rigide Corona-Maßnahmenpolitik die Trucker-Proteste verursacht hatte und zwischenzeitlich aus der Hauptstadt Ottawa fliehen musste.<br />
Die EU-Abgeordnete Christine Anderson (AfD) ergriff nach der Rede von Trudeau das Wort und mahnte an, man müsse doch auch über die von ihm verantwortete Verletzung der Menschenrechte, der Demokratie und der Rechtsstaatlichkeit sprechen<br />
<a href="https://twitter.com/i/status/1506905594623574020">https://twitter.com/i/status/1506905594623574020</a></p>
<p>Hier der Redetext von Anderson auf Deutsch:<br />
„Gemäß Artikel 195 möchte ich darauf hinweisen, dass es passender gewesen wäre, Herrn Trudeau, Premierminister von Kanada, dieses Haus gemäß Artikel 144 adressieren zu lassen. Dieser Artikel wurde eigens geschaffen, um Verstöße gegen Menschenrechte, Demokratie und Rechtsstaatlichkeit zu debattieren.<br />
All das trifft zweifellos auf Mr. Trudeau zu. Auf der anderen Seite: Ein Premierminister, der offen die Basis-Dikatur Chinas bewundert, der verfassungsrechtliche Grundsätze mit Füßen tritt, indem er die eigenen Bürger verfolgt und als Terroristen kriminalisiert, weil sie es wagten, gegen Trudeaus pervertierte Vorstellung von Demokratie zu demonstrieren, dürfte es überhaupt nicht gestattet sein, dieses Haus zu adressieren.<br />
Mr. Trudeau, Sie sind eine Schande für jede Demokratie! Ersparen Sie uns Ihre Anwesenheit!“<br />
23.3.2022</p>
<p>&nbsp;</p>

<p>Home &gt;Engagement &gt;Zukunft &gt;Demokratie &gt;Demo &gt;Freiheit &gt;Trucker Kanada Corona Entschuldigung (30.10.2022) Trudeau im EU-Parlament: &#8222;Sie sind eine Schande für jede Demokratie&#8220; (23.3.2022) Trucker-Convoys CAN und USA (7.3.2022) Freedom-Speech to the Trucker Convoy  (11.2.2022) Trucker-Proteste: Big Tech gegen die Arbeiterklasse (7.2.2022) Demonstrationsrecht Kanada USA &nbsp; &hellip; <a href="https://www.freiburg-schwarzwald.de/blog/engagement/buergerinitiativen/demo/trucker/">Weiterlesen <span class="meta-nav">&rarr;</span></a></p>
