{"id":98172,"date":"2022-02-02T20:56:47","date_gmt":"2022-02-02T19:56:47","guid":{"rendered":"https:\/\/www.freiburg-schwarzwald.de\/blog\/?page_id=98172"},"modified":"2022-02-03T20:48:33","modified_gmt":"2022-02-03T19:48:33","slug":"corona-massenmedien","status":"publish","type":"page","link":"https:\/\/www.freiburg-schwarzwald.de\/blog\/business\/gesund\/corona-virus\/corona-massenmedien\/","title":{"rendered":"Corona-Massenmedien"},"content":{"rendered":"<p><a href=\"https:\/\/freiburg-schwarzwald.de\/blog\">Home<\/a>\u00a0&gt;<a title=\"Zukunft\" href=\"https:\/\/www.freiburg-schwarzwald.de\/blog\/engagement\/zukunft\/\">Zukunft<\/a>\u00a0&gt;<a title=\"Demokratie\" href=\"https:\/\/www.freiburg-schwarzwald.de\/blog\/engagement\/zukunft\/demokratie\/\">Demokratie<\/a>\u00a0&gt;<a title=\"Deutschland\" href=\"https:\/\/www.freiburg-schwarzwald.de\/blog\/global\/deutschland\/\">Deutschland<\/a>\u00a0&gt;<a href=\"https:\/\/www.freiburg-schwarzwald.de\/blog\/business\/gesund\/corona-virus\/\">\u00a0Corona-Virus<\/a> &gt;Corona-Massenmedien<\/p>\n<div id=\"attachment_93683\" style=\"width: 650px\" class=\"wp-caption alignnone\"><a href=\"https:\/\/www.freiburg-schwarzwald.de\/blog\/wp-content\/uploads\/2021\/08\/corona-sitzen-verboten-pan210812.jpg\"><img loading=\"lazy\" decoding=\"async\" aria-describedby=\"caption-attachment-93683\" class=\"size-full wp-image-93683\" src=\"https:\/\/www.freiburg-schwarzwald.de\/blog\/wp-content\/uploads\/2021\/08\/corona-sitzen-verboten-pan210812.jpg\" alt=\"\" width=\"640\" height=\"360\" srcset=\"https:\/\/www.freiburg-schwarzwald.de\/blog\/wp-content\/uploads\/2021\/08\/corona-sitzen-verboten-pan210812.jpg 640w, https:\/\/www.freiburg-schwarzwald.de\/blog\/wp-content\/uploads\/2021\/08\/corona-sitzen-verboten-pan210812-180x101.jpg 180w\" sizes=\"auto, (max-width: 640px) 100vw, 640px\" \/><\/a><p id=\"caption-attachment-93683\" class=\"wp-caption-text\">Corona-Wahn: Sitzverbot in Bibliothek &#8211; Polizei f\u00fchrt Rentner ab 11.8.2021<\/p><\/div>\n<ul>\n<li><a href=\"https:\/\/www.freiburg-schwarzwald.de\/blog\/fuenf-lehren-nach-corona-ende\/\">F\u00fcnf Lehren nach Corona-Ende<\/a>\u00a0(3.2.2022)<\/li>\n<li>Massenmedien in Coronazeiten: willenlose Erf\u00fcllungsgehilfen der Politik (2.2.2022)<\/li>\n<\/ul>\n<ul>\n<li><a href=\"https:\/\/www.freiburg-schwarzwald.de\/blog\/religion\/christen\/abendland\/\">Abendland<\/a><\/li>\n<li><a title=\"Antirassismus\" href=\"https:\/\/www.freiburg-schwarzwald.de\/blog\/engagement\/rassismus\/antirassismus\/\">Antirassismus<\/a><\/li>\n<li><a href=\"https:\/\/www.freiburg-schwarzwald.de\/blog\/engagement\/rassismus\/antiweisser-rassismus\/\">Antiwei\u00dfer-Rassismus<\/a><\/li>\n<li><a title=\"CancelCulture\" href=\"https:\/\/www.freiburg-schwarzwald.de\/blog\/kultur\/kulturverlust\/cancelculture\/\">CancelCulture<\/a><\/li>\n<li><a href=\"https:\/\/www.freiburg-schwarzwald.de\/blog\/religion\/christen\/christentum\/\">Christentum<\/a><\/li>\n<li><a href=\"https:\/\/www.freiburg-schwarzwald.de\/blog\/business\/gesund\/corona-virus\/corona-abendland\/\">Corona-Abendland<\/a><\/li>\n<li><a href=\"https:\/\/www.freiburg-schwarzwald.de\/blog\/kultur\/kulturverlust\/dekadenz\/\">Dekadenz<\/a><\/li>\n<li><a title=\"Entwurzelung\" href=\"https:\/\/www.freiburg-schwarzwald.de\/blog\/global\/migration\/entwurzelung\/\">Entwurzelung<\/a><\/li>\n<li><a href=\"https:\/\/www.freiburg-schwarzwald.de\/blog\/engagement\/zukunft\/demokratie\/nation\/flaggen\/\">Flaggen<\/a><\/li>\n<li><a href=\"https:\/\/www.freiburg-schwarzwald.de\/blog\/global\/france\/frankreich-islam\/\">Frankreich-Islam<\/a><\/li>\n<li><a title=\"Deutschland-verrecke\" href=\"https:\/\/www.freiburg-schwarzwald.de\/blog\/global\/deutschland\/deutschland-verrecke\/\">Deutschland-verrecke<\/a><\/li>\n<li><a href=\"https:\/\/www.freiburg-schwarzwald.de\/blog\/global\/eu\/europa\/europa-kulturkreis\/\">Europa-Kulturkreis<\/a><\/li>\n<li><a href=\"https:\/\/www.freiburg-schwarzwald.de\/blog\/global\/eu\/europa-nationen\/\">Europa-Nationen<\/a><\/li>\n<li><a href=\"https:\/\/www.freiburg-schwarzwald.de\/blog\/global\/deutschland\/germany-first\/\">Germany first<\/a><\/li>\n<li><a href=\"https:\/\/www.freiburg-schwarzwald.de\/blog\/kultur\/dichter\/houellebecq\/\">Houellebecq<\/a><\/li>\n<li><a href=\"https:\/\/www.freiburg-schwarzwald.de\/blog\/engagement\/zukunft\/demokratie\/identitaetspolitik\/\">Identit\u00e4tspolitik<\/a><\/li>\n<li><a href=\"https:\/\/www.freiburg-schwarzwald.de\/blog\/religion\/juden\/\">Juden<\/a><\/li>\n<li><a href=\"https:\/\/www.freiburg-schwarzwald.de\/blog\/religion\/kirchen\/\">Kirchen<\/a><\/li>\n<li><a href=\"https:\/\/www.freiburg-schwarzwald.de\/blog\/kultur\/kulturkampf\/\">Kulturkampf<\/a><\/li>\n<li><a title=\"Kulturrevolution\" href=\"https:\/\/www.freiburg-schwarzwald.de\/blog\/kultur\/kulturrevolution\/\">Kulturrevolution<\/a><\/li>\n<li><a href=\"https:\/\/www.freiburg-schwarzwald.de\/blog\/kultur\/kulturverlust\/\">Kulturverlust<\/a><\/li>\n<li><a href=\"https:\/\/www.freiburg-schwarzwald.de\/blog\/engagement\/zukunft\/demokratie\/nation\/\">Nation<\/a><\/li>\n<li><a title=\"NWO\" href=\"https:\/\/www.freiburg-schwarzwald.de\/blog\/global\/globalisierung\/nwo\/\">NWO<\/a><\/li>\n<li><a title=\"One-World\" href=\"https:\/\/www.freiburg-schwarzwald.de\/blog\/global\/globalisierung\/one-world\/\">One-World<\/a><\/li>\n<li><a title=\"Selbsthass\" href=\"https:\/\/www.freiburg-schwarzwald.de\/blog\/engagement\/zukunft\/selbsthass\/\">Selbsthass<\/a><\/li>\n<li><a href=\"https:\/\/www.freiburg-schwarzwald.de\/blog\/kultur\/kulturverlust\/sprachregime\/\">Sprachregime<\/a><\/li>\n<li><a href=\"https:\/\/www.freiburg-schwarzwald.de\/blog\/engagement\/zukunft\/demokratie\/westen\/\">Westen<\/a><\/li>\n<li><a href=\"https:\/\/www.freiburg-schwarzwald.de\/blog\/kultur\/kulturverlust\/woke\/\">Woke<\/a><\/li>\n<\/ul>\n<p>&nbsp;<\/p>\n<p><strong>Massenmedien in Coronazeiten: willenlose Erf\u00fcllungsgehilfen der Politik<br \/>\nViel Zeit zur inneren Gesundung des Abendlandes bleibt nicht<\/strong><\/p>\n<p><em>Die covid-Krise ist vor\u00fcber. &#8230; Es wird also h\u00f6chste Zeit, erste Lehren aus den vergangenen zwei Jahren zu ziehen<\/em><em>. &#8230;\u00a0<\/em><strong><br \/>\n<\/strong><br \/>\nDie zweite Lehre liegt darin, da\u00df jeder aufmerksame und kritisch denkende Betrachter mittlerweile wohl auch noch den letzten Rest von Achtung f\u00fcr jene Massenmedien verloren haben wird, welche sich zu willenlosen Erf\u00fcllungsgehilfen einer zwar stetig schwankenden, best\u00e4ndig aber widerspruchslosen Gehorsam erwartenden Politik entpuppt haben und mit ihren ma\u00dflosen Polemiken gegen all jene, welche die jeweilige Meinung nicht teilten, wesentlich an der massiven Versch\u00e4rfung und Polarisierung unser Gesellschaft Schuld tragen. Da\u00df journalistische Steilvorlagen wie die fragw\u00fcrdige Krankenstatistik, die v\u00f6llig surrealen \u201eG\u201c-regelungen, die Verfilzung von Politik und Lobbys und der str\u00e4fliche Abbau von Krankenhausbetten inmitten einer angeblich t\u00f6dlichen Pandemie systematisch totgeschwiegen wurden, wird nur wenigen Beobachtern entgangen sein.<br \/>\nEs ist nun wohl auch f\u00fcr ein Massenpublikum klar geworden, da\u00df ein Neuaufbau einer wie auch immer gearteten echten europ\u00e4ischen Solidarit\u00e4t nicht m\u00f6glich sein wird, ohne die gegenw\u00e4rtige Funktionsweise der Medien radikal in Frage zu stellen und dabei nicht nur die zunehmende Abh\u00e4ngigkeit der sogenannten \u201eprivaten\u201c Medien von staatlichen Geldgebern und politischen Werbeschaltungen zu \u00fcberpr\u00fcfen, sondern auch endlich die Konsequenzen aus der offensichtlichen Unf\u00e4higkeit des \u00f6ffentlich-rechtlichen Sektors zu ziehen, seiner eigentlichen Mission einer politisch neutralen Berichterstattung gerecht zu werden.<br \/>\nDa\u00df nicht nur die klassischen, sondern auch die sozialen Medien sich dabei mit wahrem Enthusiasmus dank fragw\u00fcrdiger \u201eFakten-Checker\u201c, Dauerbelehrungen, Algorithmensteuerung und r\u00fccksichtslosen Zensurorgien zum Schutz der \u201eVolksgesundheit\u201c eben in jenem Arsenal politischer Meinungsmanipulation bedient haben, das \u00fcberwunden zu haben gerade die Bundesrepublik seit Jahrzehnten penetrant zelebriert, d\u00fcrfte ebenfalls kaum noch zu \u00fcbersehen sein.<br \/>\n&#8230; Alles vom 2.2.2022 von David Engels bitte lesen auf<br \/>\n<a href=\"https:\/\/www.tichyseinblick.de\/meinungen\/viel-zeit-zur-inneren-gesundung-des-abendlandes-bleibt-nicht\/\">https:\/\/www.tichyseinblick.de\/meinungen\/viel-zeit-zur-inneren-gesundung-des-abendlandes-bleibt-nicht\/<\/a><\/p>\n<p>Professor Dr. David Engels ist Senior Analyst am Instytut Zachodni in Pozna\u0144\/Polen<\/p>\n<p>Einige Kommentare:<br \/>\n<strong>Massenmedien nicht willenlose Erf\u00fcllungsgehilfen, sondern Treiber<\/strong><br \/>\nDem stimme ich weitgehend zu. Allerdings sehe ich in den Massenmedien nicht \u201ewillenlose Erf\u00fcllungsgehilfen der Politik\u201c sondern Treiber der Inszenierung. Die verfolgen eine eigene Agende und haben z\u00f6gerliche wie den CDU-Politiker Armin Laschet ungeduldig vor sich her getrieben.<br \/>\n2.2.2022, Dil<\/p>\n<p><strong>Die von Ihnen beschriebene kurze verbleibende Zeit<\/strong><br \/>\nist viel k\u00fcrzer als Sie denken. Wer unsere freiheitlich demokratische Grundordnung noch retten will, der muss den \u00d6RR aus- oder umschalten. Gleichzeitig muss eine eine neue Verfassung, die nicht als Regelwerk ausgelegt werden kann wie man will, verabschiedet werden. Die Besetzung von den h\u00f6chsten Verfassungsgerichten darf nicht mehr parteipolitisch erfolgen und der Bundespr\u00e4sident muss aus dem Volk ohne Partei-Buch kommen. Erst wenn Gerichte und die Medien wieder f\u00fcr das Volk arbeiten, ist eine Gesundung wahrscheinlich. Dann w\u00fcrden diese fragw\u00fcrdigen Politdarsteller von selbst verschwinden.<br \/>\n2.2.2022, Las<br \/>\nEnde Kommentare<\/p>\n","protected":false},"excerpt":{"rendered":"<p>Home\u00a0&gt;Zukunft\u00a0&gt;Demokratie\u00a0&gt;Deutschland\u00a0&gt;\u00a0Corona-Virus &gt;Corona-Massenmedien F\u00fcnf Lehren nach Corona-Ende\u00a0(3.2.2022) Massenmedien in Coronazeiten: willenlose Erf\u00fcllungsgehilfen der Politik (2.2.2022) Abendland Antirassismus Antiwei\u00dfer-Rassismus CancelCulture Christentum Corona-Abendland Dekadenz Entwurzelung Flaggen Frankreich-Islam Deutschland-verrecke Europa-Kulturkreis Europa-Nationen Germany first Houellebecq Identit\u00e4tspolitik Juden Kirchen Kulturkampf Kulturrevolution Kulturverlust Nation NWO One-World Selbsthass &hellip; <a href=\"https:\/\/www.freiburg-schwarzwald.de\/blog\/business\/gesund\/corona-virus\/corona-massenmedien\/\">Weiterlesen <span class=\"meta-nav\">&rarr;<\/span><\/a><\/p>\n","protected":false},"author":2,"featured_media":0,"parent":79419,"menu_order":0,"comment_status":"closed","ping_status":"closed","template":"","meta":{"footnotes":""},"class_list":["post-98172","page","type-page","status-publish","hentry"],"_links":{"self":[{"href":"https:\/\/www.freiburg-schwarzwald.de\/blog\/wp-json\/wp\/v2\/pages\/98172","targetHints":{"allow":["GET"]}}],"collection":[{"href":"https:\/\/www.freiburg-schwarzwald.de\/blog\/wp-json\/wp\/v2\/pages"}],"about":[{"href":"https:\/\/www.freiburg-schwarzwald.de\/blog\/wp-json\/wp\/v2\/types\/page"}],"author":[{"embeddable":true,"href":"https:\/\/www.freiburg-schwarzwald.de\/blog\/wp-json\/wp\/v2\/users\/2"}],"replies":[{"embeddable":true,"href":"https:\/\/www.freiburg-schwarzwald.de\/blog\/wp-json\/wp\/v2\/comments?post=98172"}],"version-history":[{"count":6,"href":"https:\/\/www.freiburg-schwarzwald.de\/blog\/wp-json\/wp\/v2\/pages\/98172\/revisions"}],"predecessor-version":[{"id":98277,"href":"https:\/\/www.freiburg-schwarzwald.de\/blog\/wp-json\/wp\/v2\/pages\/98172\/revisions\/98277"}],"up":[{"embeddable":true,"href":"https:\/\/www.freiburg-schwarzwald.de\/blog\/wp-json\/wp\/v2\/pages\/79419"}],"wp:attachment":[{"href":"https:\/\/www.freiburg-schwarzwald.de\/blog\/wp-json\/wp\/v2\/media?parent=98172"}],"curies":[{"name":"wp","href":"https:\/\/api.w.org\/{rel}","templated":true}]}}

<p><a href="https://freiburg-schwarzwald.de/blog">Home</a> &gt;<a title="Zukunft" href="https://www.freiburg-schwarzwald.de/blog/engagement/zukunft/">Zukunft</a> &gt;<a title="Demokratie" href="https://www.freiburg-schwarzwald.de/blog/engagement/zukunft/demokratie/">Demokratie</a> &gt;<a title="Deutschland" href="https://www.freiburg-schwarzwald.de/blog/global/deutschland/">Deutschland</a> &gt;<a href="https://www.freiburg-schwarzwald.de/blog/business/gesund/corona-virus/"> Corona-Virus</a> &gt;Corona-Massenmedien</p>
<div id="attachment_93683" style="width: 650px" class="wp-caption alignnone"><a href="https://www.freiburg-schwarzwald.de/blog/wp-content/uploads/2021/08/corona-sitzen-verboten-pan210812.jpg"><img loading="lazy" decoding="async" aria-describedby="caption-attachment-93683" class="size-full wp-image-93683" src="https://www.freiburg-schwarzwald.de/blog/wp-content/uploads/2021/08/corona-sitzen-verboten-pan210812.jpg" alt="" width="640" height="360" srcset="https://www.freiburg-schwarzwald.de/blog/wp-content/uploads/2021/08/corona-sitzen-verboten-pan210812.jpg 640w, https://www.freiburg-schwarzwald.de/blog/wp-content/uploads/2021/08/corona-sitzen-verboten-pan210812-180x101.jpg 180w" sizes="auto, (max-width: 640px) 100vw, 640px" /></a><p id="caption-attachment-93683" class="wp-caption-text">Corona-Wahn: Sitzverbot in Bibliothek &#8211; Polizei führt Rentner ab 11.8.2021</p></div>
<ul>
<li><a href="https://www.freiburg-schwarzwald.de/blog/fuenf-lehren-nach-corona-ende/">Fünf Lehren nach Corona-Ende</a> (3.2.2022)</li>
<li>Massenmedien in Coronazeiten: willenlose Erfüllungsgehilfen der Politik (2.2.2022)</li>
</ul>
<ul>
<li><a href="https://www.freiburg-schwarzwald.de/blog/religion/christen/abendland/">Abendland</a></li>
<li><a title="Antirassismus" href="https://www.freiburg-schwarzwald.de/blog/engagement/rassismus/antirassismus/">Antirassismus</a></li>
<li><a href="https://www.freiburg-schwarzwald.de/blog/engagement/rassismus/antiweisser-rassismus/">Antiweißer-Rassismus</a></li>
<li><a title="CancelCulture" href="https://www.freiburg-schwarzwald.de/blog/kultur/kulturverlust/cancelculture/">CancelCulture</a></li>
<li><a href="https://www.freiburg-schwarzwald.de/blog/religion/christen/christentum/">Christentum</a></li>
<li><a href="https://www.freiburg-schwarzwald.de/blog/business/gesund/corona-virus/corona-abendland/">Corona-Abendland</a></li>
<li><a href="https://www.freiburg-schwarzwald.de/blog/kultur/kulturverlust/dekadenz/">Dekadenz</a></li>
<li><a title="Entwurzelung" href="https://www.freiburg-schwarzwald.de/blog/global/migration/entwurzelung/">Entwurzelung</a></li>
<li><a href="https://www.freiburg-schwarzwald.de/blog/engagement/zukunft/demokratie/nation/flaggen/">Flaggen</a></li>
<li><a href="https://www.freiburg-schwarzwald.de/blog/global/france/frankreich-islam/">Frankreich-Islam</a></li>
<li><a title="Deutschland-verrecke" href="https://www.freiburg-schwarzwald.de/blog/global/deutschland/deutschland-verrecke/">Deutschland-verrecke</a></li>
<li><a href="https://www.freiburg-schwarzwald.de/blog/global/eu/europa/europa-kulturkreis/">Europa-Kulturkreis</a></li>
<li><a href="https://www.freiburg-schwarzwald.de/blog/global/eu/europa-nationen/">Europa-Nationen</a></li>
<li><a href="https://www.freiburg-schwarzwald.de/blog/global/deutschland/germany-first/">Germany first</a></li>
<li><a href="https://www.freiburg-schwarzwald.de/blog/kultur/dichter/houellebecq/">Houellebecq</a></li>
<li><a href="https://www.freiburg-schwarzwald.de/blog/engagement/zukunft/demokratie/identitaetspolitik/">Identitätspolitik</a></li>
<li><a href="https://www.freiburg-schwarzwald.de/blog/religion/juden/">Juden</a></li>
<li><a href="https://www.freiburg-schwarzwald.de/blog/religion/kirchen/">Kirchen</a></li>
<li><a href="https://www.freiburg-schwarzwald.de/blog/kultur/kulturkampf/">Kulturkampf</a></li>
<li><a title="Kulturrevolution" href="https://www.freiburg-schwarzwald.de/blog/kultur/kulturrevolution/">Kulturrevolution</a></li>
<li><a href="https://www.freiburg-schwarzwald.de/blog/kultur/kulturverlust/">Kulturverlust</a></li>
<li><a href="https://www.freiburg-schwarzwald.de/blog/engagement/zukunft/demokratie/nation/">Nation</a></li>
<li><a title="NWO" href="https://www.freiburg-schwarzwald.de/blog/global/globalisierung/nwo/">NWO</a></li>
<li><a title="One-World" href="https://www.freiburg-schwarzwald.de/blog/global/globalisierung/one-world/">One-World</a></li>
<li><a title="Selbsthass" href="https://www.freiburg-schwarzwald.de/blog/engagement/zukunft/selbsthass/">Selbsthass</a></li>
<li><a href="https://www.freiburg-schwarzwald.de/blog/kultur/kulturverlust/sprachregime/">Sprachregime</a></li>
<li><a href="https://www.freiburg-schwarzwald.de/blog/engagement/zukunft/demokratie/westen/">Westen</a></li>
<li><a href="https://www.freiburg-schwarzwald.de/blog/kultur/kulturverlust/woke/">Woke</a></li>
</ul>
<p>&nbsp;</p>
<p><strong>Massenmedien in Coronazeiten: willenlose Erfüllungsgehilfen der Politik<br />
Viel Zeit zur inneren Gesundung des Abendlandes bleibt nicht</strong></p>
<p><em>Die covid-Krise ist vorüber. &#8230; Es wird also höchste Zeit, erste Lehren aus den vergangenen zwei Jahren zu ziehen</em><em>. &#8230; </em><strong><br />
</strong><br />
Die zweite Lehre liegt darin, daß jeder aufmerksame und kritisch denkende Betrachter mittlerweile wohl auch noch den letzten Rest von Achtung für jene Massenmedien verloren haben wird, welche sich zu willenlosen Erfüllungsgehilfen einer zwar stetig schwankenden, beständig aber widerspruchslosen Gehorsam erwartenden Politik entpuppt haben und mit ihren maßlosen Polemiken gegen all jene, welche die jeweilige Meinung nicht teilten, wesentlich an der massiven Verschärfung und Polarisierung unser Gesellschaft Schuld tragen. Daß journalistische Steilvorlagen wie die fragwürdige Krankenstatistik, die völlig surrealen „G“-regelungen, die Verfilzung von Politik und Lobbys und der sträfliche Abbau von Krankenhausbetten inmitten einer angeblich tödlichen Pandemie systematisch totgeschwiegen wurden, wird nur wenigen Beobachtern entgangen sein.<br />
Es ist nun wohl auch für ein Massenpublikum klar geworden, daß ein Neuaufbau einer wie auch immer gearteten echten europäischen Solidarität nicht möglich sein wird, ohne die gegenwärtige Funktionsweise der Medien radikal in Frage zu stellen und dabei nicht nur die zunehmende Abhängigkeit der sogenannten „privaten“ Medien von staatlichen Geldgebern und politischen Werbeschaltungen zu überprüfen, sondern auch endlich die Konsequenzen aus der offensichtlichen Unfähigkeit des öffentlich-rechtlichen Sektors zu ziehen, seiner eigentlichen Mission einer politisch neutralen Berichterstattung gerecht zu werden.<br />
Daß nicht nur die klassischen, sondern auch die sozialen Medien sich dabei mit wahrem Enthusiasmus dank fragwürdiger „Fakten-Checker“, Dauerbelehrungen, Algorithmensteuerung und rücksichtslosen Zensurorgien zum Schutz der „Volksgesundheit“ eben in jenem Arsenal politischer Meinungsmanipulation bedient haben, das überwunden zu haben gerade die Bundesrepublik seit Jahrzehnten penetrant zelebriert, dürfte ebenfalls kaum noch zu übersehen sein.<br />
&#8230; Alles vom 2.2.2022 von David Engels bitte lesen auf<br />
<a href="https://www.tichyseinblick.de/meinungen/viel-zeit-zur-inneren-gesundung-des-abendlandes-bleibt-nicht/">https://www.tichyseinblick.de/meinungen/viel-zeit-zur-inneren-gesundung-des-abendlandes-bleibt-nicht/</a></p>
<p>Professor Dr. David Engels ist Senior Analyst am Instytut Zachodni in Poznań/Polen</p>
<p>Einige Kommentare:<br />
<strong>Massenmedien nicht willenlose Erfüllungsgehilfen, sondern Treiber</strong><br />
Dem stimme ich weitgehend zu. Allerdings sehe ich in den Massenmedien nicht „willenlose Erfüllungsgehilfen der Politik“ sondern Treiber der Inszenierung. Die verfolgen eine eigene Agende und haben zögerliche wie den CDU-Politiker Armin Laschet ungeduldig vor sich her getrieben.<br />
2.2.2022, Dil</p>
<p><strong>Die von Ihnen beschriebene kurze verbleibende Zeit</strong><br />
ist viel kürzer als Sie denken. Wer unsere freiheitlich demokratische Grundordnung noch retten will, der muss den ÖRR aus- oder umschalten. Gleichzeitig muss eine eine neue Verfassung, die nicht als Regelwerk ausgelegt werden kann wie man will, verabschiedet werden. Die Besetzung von den höchsten Verfassungsgerichten darf nicht mehr parteipolitisch erfolgen und der Bundespräsident muss aus dem Volk ohne Partei-Buch kommen. Erst wenn Gerichte und die Medien wieder für das Volk arbeiten, ist eine Gesundung wahrscheinlich. Dann würden diese fragwürdigen Politdarsteller von selbst verschwinden.<br />
2.2.2022, Las<br />
Ende Kommentare</p>

<p>Home &gt;Zukunft &gt;Demokratie &gt;Deutschland &gt; Corona-Virus &gt;Corona-Massenmedien Fünf Lehren nach Corona-Ende (3.2.2022) Massenmedien in Coronazeiten: willenlose Erfüllungsgehilfen der Politik (2.2.2022) Abendland Antirassismus Antiweißer-Rassismus CancelCulture Christentum Corona-Abendland Dekadenz Entwurzelung Flaggen Frankreich-Islam Deutschland-verrecke Europa-Kulturkreis Europa-Nationen Germany first Houellebecq Identitätspolitik Juden Kirchen Kulturkampf Kulturrevolution Kulturverlust Nation NWO One-World Selbsthass &hellip; <a href="https://www.freiburg-schwarzwald.de/blog/business/gesund/corona-virus/corona-massenmedien/">Weiterlesen <span class="meta-nav">&rarr;</span></a></p>
