{"id":98163,"date":"2022-02-02T20:41:17","date_gmt":"2022-02-02T19:41:17","guid":{"rendered":"https:\/\/www.freiburg-schwarzwald.de\/blog\/?page_id=98163"},"modified":"2025-09-01T10:29:35","modified_gmt":"2025-09-01T08:29:35","slug":"corona-wissenschaften","status":"publish","type":"page","link":"https:\/\/www.freiburg-schwarzwald.de\/blog\/business\/gesund\/corona-virus\/corona-wissenschaften\/","title":{"rendered":"Corona-Wissenschaften"},"content":{"rendered":"<p><a href=\"https:\/\/freiburg-schwarzwald.de\/blog\">Home<\/a>\u00a0&gt;<a title=\"Zukunft\" href=\"https:\/\/www.freiburg-schwarzwald.de\/blog\/engagement\/zukunft\/\">Zukunft<\/a>\u00a0&gt;<a title=\"Demokratie\" href=\"https:\/\/www.freiburg-schwarzwald.de\/blog\/engagement\/zukunft\/demokratie\/\">Demokratie<\/a>\u00a0&gt;<a title=\"Deutschland\" href=\"https:\/\/www.freiburg-schwarzwald.de\/blog\/global\/deutschland\/\">Deutschland<\/a> &gt;<a href=\"https:\/\/www.freiburg-schwarzwald.de\/blog\/business\/gesund\/corona-virus\/\"> Corona-Virus<\/a> &gt;Corona-Wissenschaft<\/p>\n<div id=\"attachment_98012\" style=\"width: 648px\" class=\"wp-caption alignnone\"><a href=\"https:\/\/www.freiburg-schwarzwald.de\/blog\/wp-content\/uploads\/2022\/01\/wald-baumstamm-20220112pan.jpg\"><img loading=\"lazy\" decoding=\"async\" aria-describedby=\"caption-attachment-98012\" class=\"size-full wp-image-98012\" src=\"https:\/\/www.freiburg-schwarzwald.de\/blog\/wp-content\/uploads\/2022\/01\/wald-baumstamm-20220112pan.jpg\" alt=\"\" width=\"638\" height=\"329\" srcset=\"https:\/\/www.freiburg-schwarzwald.de\/blog\/wp-content\/uploads\/2022\/01\/wald-baumstamm-20220112pan.jpg 638w, https:\/\/www.freiburg-schwarzwald.de\/blog\/wp-content\/uploads\/2022\/01\/wald-baumstamm-20220112pan-180x93.jpg 180w\" sizes=\"auto, (max-width: 638px) 100vw, 638px\" \/><\/a><p id=\"caption-attachment-98012\" class=\"wp-caption-text\">Holzernte im Schwarzwald Anfang Januar 2022<\/p><\/div>\n<ul>\n<li><a href=\"https:\/\/www.freiburg-schwarzwald.de\/blog\/business\/gesund\/corona-virus\/corona-wissenschaft\/\">Sucharit Bhakdi verabschiedet sich \u2013 das ist seine Botschaft zum Schluss<\/a> (30.8.2025)<\/li>\n<li><a href=\"https:\/\/www.freiburg-schwarzwald.de\/blog\/business\/gesund\/corona-virus\/corona-wissenschaft\/\">Medizin-Nobelpreis missbraucht f\u00fcr Covid-Imp-PR<\/a> (11.4.2024)<\/li>\n<li><a href=\"https:\/\/www.freiburg-schwarzwald.de\/blog\/verschwoerung-statt-diskussion\/\">Verschw\u00f6rung statt Diskussion<\/a>\u00a0(3.4.2023)<\/li>\n<li><a href=\"https:\/\/www.freiburg-schwarzwald.de\/blog\/gainoffunction-forschung-nein\/\">GainOfFunction-Forschung: nein<\/a>\u00a0(27,3,2023)<\/li>\n<li><a href=\"https:\/\/www.freiburg-schwarzwald.de\/blog\/bildung\/wissenschaft\/afterwissenschaft\/\">Die Afterwissenschaft der Max-Planck-Gesellschaft<\/a>\u00a0(25.3.2023)<\/li>\n<li><a href=\"https:\/\/www.freiburg-schwarzwald.de\/blog\/religion\/ethik\/\">Das Versagen von Wissenschaft und Ethik<\/a>\u00a0(28.2.2023)<\/li>\n<li>Film \u201eOut to see\u201d mit John Ioannidis zu Corona-Kindern (20.10.2022)<\/li>\n<li><a href=\"https:\/\/www.freiburg-schwarzwald.de\/blog\/frei-bruederlich-und-gleich-in-d\/\">Frei, br\u00fcderlich und gleich in D<\/a>\u00a0(10.9.2022)<\/li>\n<li><a href=\"https:\/\/www.freiburg-schwarzwald.de\/blog\/business\/gesund\/corona-virus\/corona-wissenschaft\/\">John Ioannidis: The Pandemic as of<\/a>\u00a0(28.7.2022)<\/li>\n<li><a href=\"https:\/\/www.freiburg-schwarzwald.de\/blog\/hamburger-erklaerung-2022\/\">Hamburger Erkl\u00e4rung 2022 zur \u201eGain-of-function\u201c-Forschung<\/a>\u00a0(22.2.2022)<\/li>\n<li><a href=\"https:\/\/www.freiburg-schwarzwald.de\/blog\/hiv-entdecker-montagnier-tot\/\">HIV-Entdecker Montagnier tot<\/a>\u00a0(14.2.2022)<\/li>\n<li><a href=\"http:\/\/virus\/\">Roland Wiesendanger \u00fcber Corona und Gain-of-Function: \u201eaufh\u00f6ren, damit herumzuspielen\u201c<\/a>\u00a0(10.2.2022)<\/li>\n<li><a href=\"https:\/\/www.freiburg-schwarzwald.de\/blog\/fuenf-lehren-nach-corona-ende\/\">F\u00fcnf Lehren nach Corona-Ende<\/a>\u00a0(3.2.2022)<\/li>\n<li>Wissenschaften zu Coronazeiten: konform statt kritisch (2.2.2022)<\/li>\n<li><a href=\"https:\/\/www.freiburg-schwarzwald.de\/blog\/business\/gesund\/corona-virus\/corona-wissenschaft\/\">Politisch passende Horrorzahlen zu Covid-19<\/a>\u00a0(28.1.2022)<\/li>\n<\/ul>\n<ul>\n<li><a href=\"https:\/\/www.freiburg-schwarzwald.de\/blog\/religion\/christen\/abendland\/\">Abendland<\/a><\/li>\n<li><a href=\"https:\/\/www.freiburg-schwarzwald.de\/blog\/bildung\/wissenschaft\/afterwissenschaft\/\">Afterwissenschaft<\/a><\/li>\n<li><a title=\"Antirassismus\" href=\"https:\/\/www.freiburg-schwarzwald.de\/blog\/engagement\/rassismus\/antirassismus\/\">Antirassismus<\/a><\/li>\n<li><a href=\"https:\/\/www.freiburg-schwarzwald.de\/blog\/engagement\/rassismus\/antiweisser-rassismus\/\">Antiwei\u00dfer-Rassismus<\/a><\/li>\n<li><a title=\"CancelCulture\" href=\"https:\/\/www.freiburg-schwarzwald.de\/blog\/kultur\/kulturverlust\/cancelculture\/\">CancelCulture<\/a><\/li>\n<li><a href=\"https:\/\/www.freiburg-schwarzwald.de\/blog\/religion\/christen\/christentum\/\">Christentum<\/a><\/li>\n<li><a href=\"https:\/\/www.freiburg-schwarzwald.de\/blog\/business\/gesund\/corona-virus\/corona-abendland\/\">Corona-Abendland<\/a><\/li>\n<li><a href=\"https:\/\/www.freiburg-schwarzwald.de\/blog\/kultur\/kulturverlust\/dekadenz\/\">Dekadenz<\/a><\/li>\n<li><a title=\"Entwurzelung\" href=\"https:\/\/www.freiburg-schwarzwald.de\/blog\/global\/migration\/entwurzelung\/\">Entwurzelung<\/a><\/li>\n<li><a href=\"https:\/\/www.freiburg-schwarzwald.de\/blog\/engagement\/zukunft\/demokratie\/nation\/flaggen\/\">Flaggen<\/a><\/li>\n<li><a href=\"https:\/\/www.freiburg-schwarzwald.de\/blog\/global\/france\/frankreich-islam\/\">Frankreich-Islam<\/a><\/li>\n<li><a title=\"Deutschland-verrecke\" href=\"https:\/\/www.freiburg-schwarzwald.de\/blog\/global\/deutschland\/deutschland-verrecke\/\">Deutschland-verrecke<\/a><\/li>\n<li><a href=\"https:\/\/www.freiburg-schwarzwald.de\/blog\/global\/eu\/europa\/europa-kulturkreis\/\">Europa-Kulturkreis<\/a><\/li>\n<li><a href=\"https:\/\/www.freiburg-schwarzwald.de\/blog\/global\/eu\/europa-nationen\/\">Europa-Nationen<\/a><\/li>\n<li><a href=\"https:\/\/www.freiburg-schwarzwald.de\/blog\/global\/deutschland\/germany-first\/\">Germany first<\/a><\/li>\n<li><a href=\"https:\/\/www.freiburg-schwarzwald.de\/blog\/kultur\/dichter\/houellebecq\/\">Houellebecq<\/a><\/li>\n<li><a href=\"https:\/\/www.freiburg-schwarzwald.de\/blog\/engagement\/zukunft\/demokratie\/identitaetspolitik\/\">Identit\u00e4tspolitik<\/a><\/li>\n<li><a href=\"https:\/\/www.freiburg-schwarzwald.de\/blog\/religion\/juden\/\">Juden<\/a><\/li>\n<li><a href=\"https:\/\/www.freiburg-schwarzwald.de\/blog\/religion\/kirchen\/\">Kirchen<\/a><\/li>\n<li><a href=\"https:\/\/www.freiburg-schwarzwald.de\/blog\/kultur\/kulturkampf\/\">Kulturkampf<\/a><\/li>\n<li><a title=\"Kulturrevolution\" href=\"https:\/\/www.freiburg-schwarzwald.de\/blog\/kultur\/kulturrevolution\/\">Kulturrevolution<\/a><\/li>\n<li><a href=\"https:\/\/www.freiburg-schwarzwald.de\/blog\/kultur\/kulturverlust\/\">Kulturverlust<\/a><\/li>\n<li><a href=\"https:\/\/www.freiburg-schwarzwald.de\/blog\/engagement\/zukunft\/demokratie\/nation\/\">Nation<\/a><\/li>\n<li><a title=\"NWO\" href=\"https:\/\/www.freiburg-schwarzwald.de\/blog\/global\/globalisierung\/nwo\/\">NWO<\/a><\/li>\n<li><a title=\"One-World\" href=\"https:\/\/www.freiburg-schwarzwald.de\/blog\/global\/globalisierung\/one-world\/\">One-World<\/a><\/li>\n<li><a title=\"Selbsthass\" href=\"https:\/\/www.freiburg-schwarzwald.de\/blog\/engagement\/zukunft\/selbsthass\/\">Selbsthass<\/a><\/li>\n<li><a href=\"https:\/\/www.freiburg-schwarzwald.de\/blog\/kultur\/kulturverlust\/sprachregime\/\">Sprachregime<\/a><\/li>\n<li><a href=\"https:\/\/www.freiburg-schwarzwald.de\/blog\/engagement\/zukunft\/demokratie\/westen\/\">Westen<\/a><\/li>\n<li><a href=\"https:\/\/www.freiburg-schwarzwald.de\/blog\/kultur\/kulturverlust\/woke\/\">Woke<\/a><\/li>\n<\/ul>\n<p><strong>Corona&#8211;Impfung: das erste Mal &#8230;<\/strong><br \/>\n&#8222;Es ist das erste Mal in der Geschichte der Medizin,<br \/>\nda\u00df die fehlende Wirkung eines Medikaments in die Schule derer geschoben wird,<br \/>\ndie das Medikament nicht genommen haben&#8220;.<br \/>\nDr. Dieter Klinghardt, 10\/2021<br \/>\n===========================================================<\/p>\n<p>&nbsp;<\/p>\n<p><strong>Film \u201eOut to see\u201d mit John Ioannidis zu Corona-Kindern<\/strong><br \/>\nDie gro\u00dfen Verlieren der Lockdown-Politik waren die <a href=\"https:\/\/www.freiburg-schwarzwald.de\/blog\/business\/gesund\/corona-virus\/corona-kinder\/\">Kinder<\/a>. In einem neuen Film mit John Ioannidis blickt der Epidemiologie der Uni Stanford zur\u00fcck und schaut nach vorne.<br \/>\n<em><strong>John Ioannidis, der meistzitierte Epidemiologe Welt,<\/strong><\/em> kommt im neuen Film \u201eOut to see\u201c die Hauptrolle zu. Er rekapituliert die gro\u00dfe Niederlage der Wissenschaft w\u00e4hrend der Corona-Politik. Unterst\u00fctzt wurde die Produktion von der \u00f6sterreichischen NGO \u201eZukunft Kinderrechte\u201c und auch das Schicksal der Kinder durch die Corona-Politik steht im Fokus des Films.<br \/>\n\u00dcber etwa 75 Minuten blickt Ioannidis auf die radikalen Einschnitte zur\u00fcck, die mit einer Lockdown-Politik dahergekommen sind. Die Wissenschaft, das ist keine neue Diagnose des Griechen, hat w\u00e4hrend Corona fundamental verloren. Gewonnen haben Politik, Medien und ein autorit\u00e4rer Zugang zu Public Health.<br \/>\nDie gro\u00dfen Verlierer war jene, die angeblich \u201egesch\u00fctzt\u201c werden h\u00e4tten sollen: die Kinder. Die Sch\u00e4den werden lange nachwirken und vielleicht nie mehr ganz repariert werden k\u00f6nnen.<br \/>\n<a href=\"https:\/\/youtu.be\/0fy_H583z1o\">https:\/\/youtu.be\/0fy_H583z1o<\/a><br \/>\n<a href=\"https:\/\/www.out-to-seee.com\">https:\/\/www.out-to-seee.com<\/a><\/p>\n<p>Doch der Film versucht positiv zu bleiben:<br \/>\n\u201eEs gibt eine Menge be\u00e4ngstigender Entwicklungen in der Welt, aber ich m\u00f6chte einen Schritt zur\u00fcckgehen und positiv denken, \u00fcber die wirklich guten Dinge in unserer Welt. Denken wir an die wunderbaren Dinge, an das, was wir erreichen k\u00f6nnen, an die j\u00fcngeren Generationen, \u00fcber unsere Zukunft, \u00fcber unsere Tr\u00e4ume, \u00fcber unsere Kreativit\u00e4t, dar\u00fcber wie viel wir tun k\u00f6nnen, wie sehr wir unsere Welt zum Besseren ver\u00e4ndern k\u00f6nnen. Gefahren lauern \u00fcberall. Nat\u00fcrlich haben wir den Klimawandel, wir haben Kriege, wir haben Pandemien, wir haben Krankheiten, wir haben Ungerechtigkeit, wir haben Hunger, wir haben Armut, wir haben alles M\u00f6gliche, wor\u00fcber wir uns Sorgen machen m\u00fcssen. Aber das Schlimmste w\u00e4re, den Menschen einfach weiter Angst zu machen, mit dem Gespenst der Katastrophe, die auf uns zukommt. Denn wenn wir das tun, wird die Katastrophe zu uns kommen, fr\u00fcher oder sp\u00e4ter. Und wir haben sie mit unseren eigenen H\u00e4nden erschaffen. In unseren Filmen und Projekten geht es um alles: Um unsere Kinder und deren Leben im Hier und Jetzt und in der Zukunft; Bei unseren Projekten wirken Menschen mit, die daf\u00fcr Verantwortung \u00fcbernehmen.\u201c<br \/>\nDen ganzen Film aus unabh\u00e4ngiger Produktion kann man (zumindest gegenw\u00e4rtig) auf Youtube sehen:<br \/>\n<a href=\"https:\/\/youtu.be\/ZmErXFRKAOo\">https:\/\/youtu.be\/ZmErXFRKAOo<\/a><br \/>\n&#8230; Alles vom 20.10.2022 bitte lesen auf<br \/>\n<a href=\"https:\/\/tkp.at\/2022\/10\/20\/film-mit-john-ioannidis-out-to-see\/\">https:\/\/tkp.at\/2022\/10\/20\/film-mit-john-ioannidis-out-to-see\/<\/a><\/p>\n<p>Kommentare:<br \/>\nIch mag Ioannidis sehr, und der Film gef\u00e4llt mir sehr gut. Wo ich nicht seiner Meinung bin, kann ich es als Anregung sehen. Was ich jedoch sehr vermisse, ist eine Kritik an Tests und Teststrategien. Einfach von \u201eInfektionen\u201c zu sprechen, ohne das zu differenzieren, hilft uns nur wenig weiter, vorsichtig ausgedr\u00fcckt.<br \/>\n20.10.2022, A.Sch.<\/p>\n<p>Ich finde Ioannidis macht viel Blabla und liegt auch falsch! Wenn es die Entscheidung der Eltern sein soll, ob man sein kleines Kind gegen Covid \u201eimpfen\u201c lassen soll oder nicht, braucht man unabh\u00e4ngige Daten und freie Medieninfos\u2026und genau das haben viele Eltern als \u201eLaien\u201c nicht. Denen wird nur Angst gemacht. Die die Politik und die Pharmalobby macht hier ein unglaubliches Pressing (Marvel als Impfhelden usw.) die unabh\u00e4ngige Politik und die unabh\u00e4ngige Wissenschaft m\u00fcssen hier einen Riegel vorschieben. Schweden, Norwegen und andere haben hier zum Gl\u00fcck f\u00fcr die Kinder richtig entschieden und die Impfung unter 18 ausgesetzt, so wie die meisten unabh\u00e4ngigen wissenschaftlichen Daten es beschreiben. Mit dem \u201eGlaube\u201c an die \u201eImpfung\u201c als Gamechanger f\u00fcr die sogenannte \u201ePandemie\u201cverl\u00e4sst der Maskenbef\u00fcrworter Ioannidis den Wissenschaftlichen Kurs\u2026schade!<br \/>\n2010.2022, Tri<\/p>\n<p>Und zu Ioannidis ist immer dazu zu bedenken, dass wie er in Salzburg schon ausf\u00fchrte, er und seiner Familie schweren Bedrohungen ausgesetzt waren. So wie es der Troll unter M\u00fchen, die das seinige eben nicht sind, andeutungsweise versucht hatte. Ich wei\u00df wo die Gewaltebene im verborgenem schlummert und sich auch Blogregeln unterwerfen muss!Bez\u00fcglich Impfung war Ioannidis jedenfalls bisher auch verklausuliert unterwegs. Das entspricht nicht den Wissenstand entsprechend seines Formats, gibt -R\u00e4tsel auf und erfordert Geduld f\u00fcr die Hintergr\u00fcnde und bei den drolligen die sich wie wildgewordene Rattenschw\u00e4rme auf vergessenen Futter st\u00fcrzen.<br \/>\n20.10.2022, R.F.<br \/>\nEnde Kommentare<\/p>\n<p>&nbsp;<\/p>\n<p>&nbsp;<\/p>\n<p><strong>Wissenschaften zu Coronazeiten: konform statt kritisch<\/strong><br \/>\nViel Zeit zur inneren Gesundung des Abendlandes bleibt nicht<br \/>\n<em>Die Covid-Krise ist vor\u00fcber. &#8230; Es wird also h\u00f6chste Zeit, erste Lehren aus den vergangenen zwei Jahren zu ziehen.<\/em><\/p>\n<p>Die erste Lehre betrifft die Wissenschaft. Selten haben sich sogenannte \u201eExperten\u201c so l\u00e4cherlich gemacht wie in den letzten zwei Jahren, wo ganze Heerscharen von echten oder von den Medien zu solchen gemachten \u201eVirologen\u201c und Gesundheitsforschern ihre offensichtliche Unf\u00e4higkeit bewiesen haben, abweichende Positionen und Thesen sachlich und vorurteilsfrei zu diskutieren und, wenn m\u00f6glich, zu widerlegen, anstatt sie lediglich mit letztlich politischen Argumenten zu diskreditieren. Sehr bedenklich ist dabei auch die gef\u00e4hrliche Allianz zwischen Experten und politischer Elite, die sich als neuer Machtblock herausgebildet hat und zum einen demokratische Meinungsbildung durch angeblich \u201ealternativlose\u201c Ma\u00dfnahmenb\u00fcndel ersetzt, zum anderen vorurteilslose Forschung zugunsten des nachtr\u00e4glichen Absegnens politischer Positionen aufgegeben hat. Am Ausgang dieser Krise steht daher ein tiefes Mi\u00dftrauen immer gr\u00f6\u00dferer Bev\u00f6lkerungsschichten gegen\u00fcber jener angeblich unfehlbaren und unpolitischen \u201eScience\u201c, deren Analysen und Ratschl\u00e4ge kurioserweise nicht nur von Land zu Land, sondern auch von Lehrstuhl zu Lehrstuhl diametral voneinander abwichen, trotzdem aber \u00fcberall absolute Geltung beanspruchten und all jene, welche ihre jeweiligen Aussagen bezweifelten, als \u201eFaktenleugner\u201c und obskurantistische \u201eQuerdenker\u201c disqualifizierten. Die Folgen dieses Vertrauensverlusts in die akademische Welt werden wir wohl noch lange sp\u00fcren, wenn es darum gehen wird, m\u00f6glicherweise schon sehr bald erheblich schwerwiegendere Krisen zu bew\u00e4ltigen.<\/p>\n<p>&#8230; Alles vom 2.2.2022 von David Engels bitte lesen auf<br \/>\n<a href=\"https:\/\/www.tichyseinblick.de\/meinungen\/viel-zeit-zur-inneren-gesundung-des-abendlandes-bleibt-nicht\/\">https:\/\/www.tichyseinblick.de\/meinungen\/viel-zeit-zur-inneren-gesundung-des-abendlandes-bleibt-nicht\/<\/a><\/p>\n","protected":false},"excerpt":{"rendered":"<p>Home\u00a0&gt;Zukunft\u00a0&gt;Demokratie\u00a0&gt;Deutschland &gt; Corona-Virus &gt;Corona-Wissenschaft Sucharit Bhakdi verabschiedet sich \u2013 das ist seine Botschaft zum Schluss (30.8.2025) Medizin-Nobelpreis missbraucht f\u00fcr Covid-Imp-PR (11.4.2024) Verschw\u00f6rung statt Diskussion\u00a0(3.4.2023) GainOfFunction-Forschung: nein\u00a0(27,3,2023) Die Afterwissenschaft der Max-Planck-Gesellschaft\u00a0(25.3.2023) Das Versagen von Wissenschaft und Ethik\u00a0(28.2.2023) Film \u201eOut to see\u201d &hellip; <a href=\"https:\/\/www.freiburg-schwarzwald.de\/blog\/business\/gesund\/corona-virus\/corona-wissenschaften\/\">Weiterlesen <span class=\"meta-nav\">&rarr;<\/span><\/a><\/p>\n","protected":false},"author":2,"featured_media":0,"parent":79419,"menu_order":0,"comment_status":"closed","ping_status":"closed","template":"","meta":{"footnotes":""},"class_list":["post-98163","page","type-page","status-publish","hentry"],"_links":{"self":[{"href":"https:\/\/www.freiburg-schwarzwald.de\/blog\/wp-json\/wp\/v2\/pages\/98163","targetHints":{"allow":["GET"]}}],"collection":[{"href":"https:\/\/www.freiburg-schwarzwald.de\/blog\/wp-json\/wp\/v2\/pages"}],"about":[{"href":"https:\/\/www.freiburg-schwarzwald.de\/blog\/wp-json\/wp\/v2\/types\/page"}],"author":[{"embeddable":true,"href":"https:\/\/www.freiburg-schwarzwald.de\/blog\/wp-json\/wp\/v2\/users\/2"}],"replies":[{"embeddable":true,"href":"https:\/\/www.freiburg-schwarzwald.de\/blog\/wp-json\/wp\/v2\/comments?post=98163"}],"version-history":[{"count":6,"href":"https:\/\/www.freiburg-schwarzwald.de\/blog\/wp-json\/wp\/v2\/pages\/98163\/revisions"}],"predecessor-version":[{"id":138647,"href":"https:\/\/www.freiburg-schwarzwald.de\/blog\/wp-json\/wp\/v2\/pages\/98163\/revisions\/138647"}],"up":[{"embeddable":true,"href":"https:\/\/www.freiburg-schwarzwald.de\/blog\/wp-json\/wp\/v2\/pages\/79419"}],"wp:attachment":[{"href":"https:\/\/www.freiburg-schwarzwald.de\/blog\/wp-json\/wp\/v2\/media?parent=98163"}],"curies":[{"name":"wp","href":"https:\/\/api.w.org\/{rel}","templated":true}]}}