{"id":97643,"date":"2022-01-19T17:37:40","date_gmt":"2022-01-19T16:37:40","guid":{"rendered":"https:\/\/www.freiburg-schwarzwald.de\/blog\/?page_id=97643"},"modified":"2025-10-19T16:14:53","modified_gmt":"2025-10-19T14:14:53","slug":"wagenknecht","status":"publish","type":"page","link":"https:\/\/www.freiburg-schwarzwald.de\/blog\/engagement\/zukunft\/demokratie\/links\/wagenknecht\/","title":{"rendered":"Wagenknecht"},"content":{"rendered":"<p><a href=\"https:\/\/freiburg-schwarzwald.de\/blog\">Home<\/a>\u00a0&gt;<a title=\"Engagement\" href=\"https:\/\/www.freiburg-schwarzwald.de\/blog\/engagement\/\">Engagement<\/a>\u00a0&gt;<a title=\"Zukunft\" href=\"https:\/\/www.freiburg-schwarzwald.de\/blog\/engagement\/zukunft\/\">Zukunft<\/a>\u00a0&gt;<a title=\"Demokratie\" href=\"https:\/\/www.freiburg-schwarzwald.de\/blog\/engagement\/zukunft\/demokratie\/\">Demokratie<\/a> &gt;<a href=\"https:\/\/www.freiburg-schwarzwald.de\/blog\/engagement\/zukunft\/demokratie\/links\/\">Links<\/a> &gt;<a href=\"https:\/\/www.freiburg-schwarzwald.de\/blog\/engagement\/zukunft\/demokratie\/linke\/\">Linke<\/a> &gt;Sahra Wagenknecht<\/p>\n<div id=\"attachment_97784\" style=\"width: 648px\" class=\"wp-caption alignnone\"><a href=\"https:\/\/www.freiburg-schwarzwald.de\/blog\/wp-content\/uploads\/2022\/01\/ibental-feldberg202201pan.jpg\"><img loading=\"lazy\" decoding=\"async\" aria-describedby=\"caption-attachment-97784\" class=\"size-full wp-image-97784\" src=\"https:\/\/www.freiburg-schwarzwald.de\/blog\/wp-content\/uploads\/2022\/01\/ibental-feldberg202201pan.jpg\" alt=\"\" width=\"638\" height=\"350\" srcset=\"https:\/\/www.freiburg-schwarzwald.de\/blog\/wp-content\/uploads\/2022\/01\/ibental-feldberg202201pan.jpg 638w, https:\/\/www.freiburg-schwarzwald.de\/blog\/wp-content\/uploads\/2022\/01\/ibental-feldberg202201pan-180x99.jpg 180w\" sizes=\"auto, (max-width: 638px) 100vw, 638px\" \/><\/a><p id=\"caption-attachment-97784\" class=\"wp-caption-text\">Hochschwarzwald: Blick von St.Peter \u00fcbers Ibental zum Feldberg im Januar 2022<\/p><\/div>\n<p>&nbsp;<\/p>\n<ul>\n<li><em>Listenauswahl eines Beitrags (Artikel\/Datum, Seite\/Inhalt):\u00a0<span style=\"text-decoration: underline;\">Klicken<\/span>\u00a0oder scrollen<\/em><\/li>\n<li>BSW: Anfechtung der Bundestagswahl &#8211; Volkswille gestohlen (17.10.2025)<\/li>\n<li><a href=\"https:\/\/www.freiburg-schwarzwald.de\/blog\/engagement\/zukunft\/demokratie\/opposition\/bsw-afd\/\">Wenn Weidel Wagenknecht will<\/a>\u00a0(8.7.2025)<\/li>\n<li><a href=\"https:\/\/www.freiburg-schwarzwald.de\/blog\/kultur\/medien\/diskussionskultur\/corona-ausgrenzung\/\">Wagenknecht: AfD-Ausgrenzung und Debatte ist grotesk<\/a>\u00a0(17.4.2025)<\/li>\n<li><a href=\"https:\/\/www.freiburg-schwarzwald.de\/blog\/schulden-klima-im-grundgesetz\/\">Jessica Tatti (BSW) am 18.3.2025 im Bundestag &#8211; Als das BSW zum Gewissen des ganzen Bundestages wurde<\/a> (18.3.2025)<\/li>\n<li><a href=\"https:\/\/www.freiburg-schwarzwald.de\/blog\/sevim-dagdelen-bsw-nein\/\">Sevim Dagdelen (BSW): Nein!<\/a> (17.3.2025)<\/li>\n<li><a href=\"https:\/\/www.freiburg-schwarzwald.de\/blog\/appell-der-38-1-minute-vor-12\/\">Appell der 38: Eine Minute vor 12<\/a>\u00a0(5.12.2024)<\/li>\n<li><a href=\"https:\/\/www.freiburg-schwarzwald.de\/blog\/bsw-puerner-trusted-flagger\/\">BSW \u2013 P\u00fcrner \u2013 Truested Flagger<\/a> (1.11.2024)<\/li>\n<li><a href=\"https:\/\/www.freiburg-schwarzwald.de\/blog\/engagement\/zukunft\/demokratie\/wahlen-ex-ddr\/\">BSW-Europaabgeordneter fordert Abbruch der Gespr\u00e4che in Th\u00fcringen<\/a> (29.10.2024)<\/li>\n<li><a href=\"https:\/\/www.freiburg-schwarzwald.de\/blog\/vereine\/partei\/cdu\/cdu-ende\/\">Offener Brief gegen Pakt von CDU Sachsen mit BSW<\/a>\u00a0(18.10.2024)<\/li>\n<li><a href=\"https:\/\/www.freiburg-schwarzwald.de\/blog\/migration-ukrainekrieg-stoppen\/\">Migration Ukrainekrieg stoppen<\/a>\u00a0(10.10.2024)<\/li>\n<li><a href=\"https:\/\/www.freiburg-schwarzwald.de\/blog\/engagement\/zukunft\/demokratie\/wahlen-ex-ddr\/\">BSW vor und nach der Wahl: Ein Drama in 4 Akten<\/a> (6.9.2024)<\/li>\n<li><a href=\"https:\/\/www.freiburg-schwarzwald.de\/blog\/wahlergebnis-1-9-weiter-so\/\">Wahlergebnis 1.9.2024: \u201eWeiter so\u201c<\/a>\u00a0(2.9.2024)<\/li>\n<li><a href=\"https:\/\/www.freiburg-schwarzwald.de\/blog\/religion\/juden\/\">Zentralrat der Juden gegen Sahra Wagenknecht<\/a> (28.8.2024)<\/li>\n<li>Wagenknecht kann f\u00fcr B\u00fcrgerliche keine Alternative sein (25.8.2024)<\/li>\n<li>Klaus von Dohnanyi stellt sich hinter Wagenknecht (26.7.2024)<\/li>\n<li><a href=\"https:\/\/www.freiburg-schwarzwald.de\/blog\/selbstbestimmungsgesetz-ist-da\/\">Selbstbestimmungsgesetz ist da<\/a>\u00a0(13.4.2024)<\/li>\n<li>Sahra Wagenknecht \u00fcber Alice Weidel (24.2.2024)<\/li>\n<li><a href=\"https:\/\/www.freiburg-schwarzwald.de\/blog\/850-000-manifest-fuer-frieden\/\">850.000: Manifest f\u00fcr Frieden<\/a> (4.8.2023)<\/li>\n<li><a href=\"https:\/\/www.freiburg-schwarzwald.de\/blog\/kultur\/medien\/hass-hetze\/\">Zweierlei: Hass gegen Sahra Wagenknecht und Robert Habeck<\/a>\u00a0(10.3.2023)<\/li>\n<li><a href=\"https:\/\/www.freiburg-schwarzwald.de\/blog\/engagement\/zukunft\/demokratie\/diplomatie\/\">Wagenknecht beim CDS: Diplomatie \u2013 Donbass wie Saarland<\/a> (8.3.2023)<\/li>\n<li><a href=\"https:\/\/www.freiburg-schwarzwald.de\/blog\/lumpenpazifist-friedensschwurbler\/\">Lumpenpazifist Friedensschwurbler<\/a>\u00a0(28.2.2023)<\/li>\n<li><a href=\"https:\/\/www.freiburg-schwarzwald.de\/blog\/aufstand-fuer-den-frieden-25-2\/\">Aufstand f\u00fcr Frieden<\/a>\u00a0(25.2.2023)<\/li>\n<li><a href=\"https:\/\/www.freiburg-schwarzwald.de\/blog\/engagement\/zukunft\/demokratie\/gruen-links\/\">Sahra Wagenknecht und die Gr\u00fcnen<\/a>\u00a0(21.10.2022)<\/li>\n<li><a href=\"https:\/\/www.freiburg-schwarzwald.de\/blog\/engagement\/zukunft\/demokratie\/opposition\/\">Wagenknecht schlie\u00dft Partei-Gr\u00fcndung nicht aus<\/a> (21.10.2022)<\/li>\n<li><a href=\"https:\/\/www.freiburg-schwarzwald.de\/blog\/negotiations-or-armageddon\/\">Negotiations or Ukraine Armageddon<\/a>\u00a0(14.10.2022)<\/li>\n<li>Sahra Wagenknecht: Selbstgemachte Energiekrise (17.9.2022)<\/li>\n<li><a href=\"https:\/\/www.freiburg-schwarzwald.de\/blog\/sanktionen-nein-erdgas-ja\/\">Sanktionen nein \u2013 Erdgas ja<\/a>\u00a0(17.9.2022)<\/li>\n<li><a href=\"https:\/\/www.freiburg-schwarzwald.de\/blog\/business\/wirtschaft\/sanktionen\/\">Sahra Wagenknecht im Bundestag: Ende der Sanktionen<\/a> (7.9.2022)<\/li>\n<li><a href=\"https:\/\/www.freiburg-schwarzwald.de\/blog\/verhandlungen-statt-waffen\/\">Verhandlungen statt Waffen<\/a>\u00a0(13.4.2022)<\/li>\n<li><a href=\"https:\/\/www.freiburg-schwarzwald.de\/blog\/inflationsrate-steigt-auf-53\/\">Inflationsrate steigt auf 5,3 %<\/a>\u00a0(19.1.2022)<\/li>\n<li><a href=\"https:\/\/www.freiburg-schwarzwald.de\/blog\/demos-jenseits-von-rechts-links\/\">Demos jenseits von rechts-links<\/a> (18.1.2022)<\/li>\n<li>F\u00fcr einige Wenige war die Corona-Krise ein einziger Goldrausch (17.1.2022)<\/li>\n<li><a href=\"https:\/\/www.freiburg-schwarzwald.de\/blog\/engagement\/zukunft\/demokratie\/rechts\/rechts-links\/\">Warum ich nicht mehr links bin<\/a>\u00a0(4.1.2022)<\/li>\n<\/ul>\n<ul>\n<li><a href=\"https:\/\/www.freiburg-schwarzwald.de\/blog\/jos-fritz-maske-auf-nazis-raus\/\">Jos Fritz: Maske auf, Nazis raus<\/a>\u00a0(24.12.2021)<\/li>\n<li><a href=\"https:\/\/www.freiburg-schwarzwald.de\/blog\/linke-contra-lifestyle-linke-pmc\/\">Linke contra Lifestyle-Linke PMC<\/a>\u00a0(8.11.2021)<\/li>\n<li><a href=\"https:\/\/www.freiburg-schwarzwald.de\/blog\/kultur\/kulturverlust\/zweierlei\/\">Linke Emp\u00f6rung oder Stille \u2013 Verniedlichungsrassismus<\/a>\u00a0(21.10.2021)<\/li>\n<li><a href=\"https:\/\/www.freiburg-schwarzwald.de\/blog\/engagement\/zukunft\/demokratie\/marxismus\/\">Habermas 92 Jahre: Bedeutendster Philosoph der Nachkriegszeit?<\/a>\u00a0(17.10.2021)<\/li>\n<li><a href=\"https:\/\/www.freiburg-schwarzwald.de\/blog\/engagement\/zukunft\/demokratie\/linke\/\">Es gibt echte Linke und Lifestyle-Linke (Sahra Wagenknecht)<\/a> (25.8.2021)<\/li>\n<li><\/li>\n<li><a href=\"https:\/\/www.freiburg-schwarzwald.de\/blog\/engagement\/zukunft\/demokratie\/opposition\/bsw-afd\/\">BSW-AfD<\/a><\/li>\n<\/ul>\n<p>Realit\u00e4tsbezug ohne ideologische Scheuklappen und Sachverstand pr\u00e4gen die Ansichten von Sahra Wagenknecht zur Migrations-, Corona-, Energie- und Klimapolitik der Ampel-Regierung.<br \/>\nSahra Wagenknecht wirft als UrLinke und pure Kommunistin der derzeitigen F\u00fchrung der Linken vor, sich von Werkt\u00e4tigen und Klassenkampf als dem eigentlichen Anliegen der Partei entfernt zu haben, um sich mit den Minderheiten im In- und Ausland und deren Rettung als vermeintliche Opfer zu besch\u00e4ftigen, also mit der Identit\u00e4tspolitik.<\/p>\n<p><a href=\"https:\/\/www.freiburg-schwarzwald.de\/blog\/wp-content\/uploads\/2022\/01\/linke-alt-lifestyle2201.jpg\"><img loading=\"lazy\" decoding=\"async\" class=\"alignnone size-full wp-image-97600\" src=\"https:\/\/www.freiburg-schwarzwald.de\/blog\/wp-content\/uploads\/2022\/01\/linke-alt-lifestyle2201.jpg\" alt=\"\" width=\"546\" height=\"680\" srcset=\"https:\/\/www.freiburg-schwarzwald.de\/blog\/wp-content\/uploads\/2022\/01\/linke-alt-lifestyle2201.jpg 546w, https:\/\/www.freiburg-schwarzwald.de\/blog\/wp-content\/uploads\/2022\/01\/linke-alt-lifestyle2201-514x640.jpg 514w, https:\/\/www.freiburg-schwarzwald.de\/blog\/wp-content\/uploads\/2022\/01\/linke-alt-lifestyle2201-145x180.jpg 145w\" sizes=\"auto, (max-width: 546px) 100vw, 546px\" \/><\/a><\/p>\n<p>Sahra Wagenknecht (Die Linke) und Alice Weidel (AfD) treten bekanntlich f\u00fcr ein Ende dieses Krieges und f\u00fcr eine Verhandlungsl\u00f6sung ein. Sie sind einsame Ruferinnen in der W\u00fcste, w\u00e4hrend die Phalanx der deutschen Politiker geschlossen \u201ePutin ruinieren\u201c (Originalton Baerbock) und mit \u201eunverminderter Kraft\u201c (Originalton Scholz) den Krieg in der Ukraine mit Geld und Waffen am Laufen halten wollen. Dem eigenen Volk wird unverbl\u00fcmt zugemutet, die Zeche hierf\u00fcr ohne Murren zu bezahlen.<br \/>\nMan mu\u00df weder Wagenknecht noch Weidel m\u00f6gen, aber in einem haben sie recht zur Ukraine:\u00a0 Wir brauchen Friedensrhetorik statt Kriegsrhetorik!<\/p>\n<p>=======================================<br \/>\n.<\/p>\n<p><strong>BSW: Anfechtung der Bundestagswahl &#8211; Volkswille gestohlen<\/strong><br \/>\nAlle Staatsgewalt geht vom Volke aus. Dabei k\u00f6nnen nur <a href=\"https:\/\/www.freiburg-schwarzwald.de\/blog\/engagement\/zukunft\/demokratie\/wahlen2025\/\">demokratische Wahlen<\/a> ein Parlament bestimmen und dessen Mitglieder zu Volksvertretern machen. Eigentlich eine Binse. Bis Berlin im Jahr 2021 w\u00e4hlte \u2013 undemokratisch, wie der Verfassungsgerichtshof dann ein Jahr sp\u00e4ter festgestellt hat. \u00dcber ein Jahr lang tagte ein Scheinparlament, obwohl anfangs Zweifel und ab dem Urteil des Verfassungsgerichtshofs Gewi\u00dfheit bestand, da\u00df dieses nie demokratisch gew\u00e4hlt worden war. Auch die Regierung und damit die gesamte Exekutive konnte sich nicht auf eine demokratische Legitimation berufen.<br \/>\nUnd erneut gab es dieses planm\u00e4\u00dfige Organisationsversagen bei einer Wahl, wie wir auf 253 Seiten dargelegt haben. B\u00fcrger werden nicht demokratisch repr\u00e4sentiert. \u201eTaxation without representation\u201c f\u00fchrte vor rund 250 Jahren zur Rebellion der englischen Kolonisten in Amerika. Es steht der begr\u00fcndete Verdacht im Raum, da\u00df dieser Bundestag und damit die Bundesregierung nicht demokratisch legitimiert sind. Jeder Demokrat mu\u00df ein Interesse haben, dies im Lichte der \u00d6ffentlichkeit und sofort zu kl\u00e4ren. Wer diese Aufkl\u00e4rung verschleppt, delegitimiert den demokratischen Rechtsstaat und seinen Souver\u00e4n: das Volk.<br \/>\n&#8230; Alles vom 17.10.2025 von Marcel Luthe bitte lesen in der JF 43\/25, Seite 2<br \/>\n<em>\u00a0<\/em><br \/>\n<em>Marcel Luthe (parteilos) ist Vorsitzender der Good Governance Gewerkschaft. Er hatte als Abgeordneter die Abgeordnetenhauswahl Berlins 2021 angefochten.<\/em><\/p>\n<p>&nbsp;<\/p>\n<p><strong>Wagenknecht kann f\u00fcr B\u00fcrgerliche keine Alternative sein<\/strong><br \/>\nSahra Wagenknecht wird auch von B\u00fcrgerlichen gew\u00e4hlt, als AfD light. Doch dieser Irrtum w\u00e4re verheerend &#8211; denn ihre Partei kanalisiert Ampel-Emp\u00f6rung letztlich wieder in linken Machterhalt.<br \/>\nNicht nur ihre Hochsteckfrisur erinnert an Rosa Luxemburg. Sahra Wagenknechts gesamte Marke ist an die letzte funktionierende kommunistische Ikone Deutschlands angelehnt: die tief belesene Frau, bereit bis an die Ersch\u00f6pfung zu arbeiten, von tiefer alter Ideologie durchstr\u00f6mt, mutig und am Ende einsam, eine M\u00e4rtyrerin. Wagenknecht will in ihre Fu\u00dfstapfen treten: die gro\u00dfe sozialistische menschliche Marke. Einsam in den Talkshows, Opfer der Medien, tapfere K\u00e4mpferin der einsamen Leute. Luxemburg gilt bis heute als die gute Kommunistin, der selbst Konservative irrt\u00fcmlicherweise Respekt zollen. Ihre Inhalte verblassen hinter einem Mythos, und so interpretiert jeder alles in Luxemburg hinein \u2013 wie in Wagenknecht.<br \/>\n&#8230;<br \/>\nWagenknecht hat sich mit Figuren umringt, die allesamt Linkspartei-Kader sind. Ihre Stellvertreterin Amira Mohammed Ali war bis vor kurzem als besonders harte Pro-Migrations-Aktivistin bekannt. Sevim Da\u011fdelen solidarisiert sich noch so ziemlich mit jedem linken Diktator dieser Erde bis hin zu Nicolas Maduro. In Th\u00fcringen will das BSW gar Katja Wolf zur Ministerpr\u00e4sidentin machen, die bisher inhaltlich nicht von Bodo Ramelow &amp; Co. zu unterscheiden war. Wolf schloss einen Wechsel zu BSW vor kurzem noch aus und erkl\u00e4rte ihn dann mit opportunistischen Gr\u00fcnden, indirekt auch damit, die AfD verhindern zu wollen.<br \/>\nDas BSW wird im Osten mit Mega-Koalitionen links der Mitte einen echten Umdenkprozess verhindern. Es rettet insofern eher das alte Parteiensystem, anstatt es zu zerschlagen, wie es sich seine W\u00e4hler ja w\u00fcnschen. Wagenknecht f\u00e4ngt die Emp\u00f6rung \u00fcber die Ampel auf und kanalisiert sie in eine linke Ideologie. F\u00fcr sie ist Woke-Kritik Klassenkampf. Doch am Ende sammelt sie Stimmen und leitet sie doch wieder einem linken System zu, das dadurch noch l\u00e4nger auf Verschlei\u00df spielen kann. Eine echte Migrationswende ist von dieser Partei nicht zu erwarten. Sie f\u00fchrt nicht dazu, dass Menschen repr\u00e4sentiert werden \u2013 sie zieht b\u00fcrgerliche W\u00e4hler zur linken Mehrheitsbeschaffung.<br \/>\n&#8230; Alles vom 25.8.2024 von Max Mannhart bitte lesen auf<br \/>\n<a href=\"https:\/\/apollo-news.net\/wagenknecht-kann-fuer-buergerliche-keine-alternative-sein\/\">https:\/\/apollo-news.net\/wagenknecht-kann-fuer-buergerliche-keine-alternative-sein\/<\/a><\/p>\n<p>&nbsp;<\/p>\n<p><strong>Klaus von Dohnanyi stellt sich hinter Wagenknecht<\/strong><br \/>\nDas SPD-Urgestein Klaus von Dohnanyi hat sich im Streit mit seiner eigenen Partei hinter Sahra Wagenknecht (BSW) gestellt. \u201eIn der SPD kritisiert so gut wie niemand, da\u00df der Kanzler nur f\u00fcr Kanonen wirbt und nicht zugleich auch f\u00fcr Verhandlungen\u201c, sagte der ehemalige Erste B\u00fcrgermeister von Hamburg und einstige Bundesbildungsminister vorigen Freitag den Zeitungen der Funke-Mediengruppe gegen\u00fcber. Er bedauere den Kurs der Bundesregierung im Ukraine-Krieg sehr. \u201eDeshalb unterst\u00fctze ich Sahra Wagenknecht, weil sie f\u00fcr Verhandlungen mit Ru\u00dfland eintritt.\u201c Die SPD habe im Lauf ihrer Geschichte immer wieder aus zwei Wurzeln Kraft gezogen, n\u00e4mlich aus der Friedens- und der Sozialpolitik. \u201eSeitdem die SPD die Wurzel Friedenspolitik abgehackt hat, verdient sie zu Recht keine besseren Wahlergebnisse als sie heute bekommt\u201c, so der 96j\u00e4hrige. Die Sozialdemokratie sei derzeit drauf und dran, sich selbst zu verraten. Austreten wolle er aber dennoch nicht. \u201eDie SPD mu\u00df mich ertragen \u2013 so wie ich sie ertrage.\u201c Von Dohnanyi geh\u00f6rt zu den bekanntesten Vertretern der deutschen Sozialdemokratie. Als Bundesminister f\u00fcr Bildung und Wissenschaft arbeitete er zwischen 1972 und 1974 in der Regierung Willy Brandts. (fw)<br \/>\n&#8230; Alles vom 26.7.2024 bitte lesen in der JF 31-32\/24, Seite 8<\/p>\n<p>&nbsp;<\/p>\n<p><strong>Sahra Wagenknecht \u00fcber Alice Weidel<\/strong><br \/>\n\u201eFrau Weidel vertritt keine rechtsextremen Positionen, sondern konservativ-wirtschaftsliberale. Sie h\u00e4lt aggressive Reden. Aber eine v\u00f6lkische Ideologie, also die Annahme, da\u00df sich Nationen nicht \u00fcber Kultur, sondern \u00fcber Gene und Blut konstituieren, kann ich bei ihr nicht erkennen. (\u2026)<br \/>\nDie W\u00e4hler der <a href=\"https:\/\/www.freiburg-schwarzwald.de\/blog\/vereine\/partei\/afd\/afd-opposition\/\">AfD<\/a> sind in ihrer \u00fcbergro\u00dfen Mehrheit keine Rechtsradikalen. Sie sind w\u00fctend, wie schlecht unser Land regiert wird, sie sind zu Recht emp\u00f6rt \u00fcber abgehobene Politiker, die sich nur noch in ihrer Blase bewegen und die Probleme der Menschen nicht einmal mehr kennen, geschweige denn l\u00f6sen.\u201c<br \/>\nSahra Wagenknecht, Vorsitzende des B\u00fcndnis Sahra Wagenknecht (BSW), in der \u201eFAZ\u201c am 24. Februar 2024<\/p>\n<p>&nbsp;<\/p>\n<p><strong>Sahra Wagenknecht: Selbstgemachte Energiekrise<\/strong><br \/>\n<a href=\"https:\/\/youtu.be\/U3JInRxTJek\">https:\/\/youtu.be\/U3JInRxTJek<\/a><br \/>\nBessere Zeiten &#8211; Wagenknecht&#8217;s Wochenschau vom 17.9.2022<\/p>\n<p>.<\/p>\n<p><strong>F\u00fcr einige Wenige war die Corona-Krise ein einziger Goldrausch<\/strong><br \/>\nDie zehn reichsten Menschen der Welt haben ihr Verm\u00f6gen seit Beginn der Pandemie verdoppelt, w\u00e4hrend weltweit 160 Mio. Menschen mehr in Armut leben. In Deutschland entspricht allein der Verm\u00f6genszuwachs (+78 Prozent) der zehn reichsten Personen dem gesamten Verm\u00f6gen der unteren 40 Prozent der Bev\u00f6lkerung (Tagesschau).<\/p>\n<p>F\u00fcr die extrem gestiegene Ungleichheit tr\u00e4gt die Politik unmittelbare Verantwortung: W\u00e4hrend sich laut ifo 25 Prozent der Kleinstunternehmen und Soloselbst\u00e4ndigen durch die Pandemie in ihrer Existenz bedroht sehen, verwenden offenbar viele Gro\u00dfkonzerne die staatlichen Hilfen, um ihren Aktienkurs und damit den Reichtum ihrer Eigent\u00fcmer zu steigern.<br \/>\nAllianz, SAP, Hellofresh, Adidas \u2013 \u00dcber 17 Mrd. Euro wollen die gr\u00f6\u00dften b\u00f6rsennotierten Konzerne in diesem Jahr allein f\u00fcr den R\u00fcckkauf eigener Aktien ausgeben \u2013 so viel wie nie zuvor! Dar\u00fcber hinaus liegen die angek\u00fcndigten Dividenden auf Rekordniveau.<\/p>\n<p>Ich finde das unfassbar: Konzernen, die w\u00e4hrend der Pandemie Kurzarbeitergeld oder Staatshilfen abgegriffen haben, muss endlich verboten werden, unser Steuergeld auf diese Weise an ihre Aktion\u00e4re weiterzureichen. Stattdessen sollte die Ampel sie verpflichten, das Geld komplett an den Staat zur\u00fcckzuzahlen \u2013 wie es von vielen Kleinunternehmen und Selbstst\u00e4ndigen ja auch verlangt wird. Die massive Steigerung der Verm\u00f6gen w\u00e4hrend der Coronakrise zeigt: Wir brauchen dringend eine Verm\u00f6gensabgabe f\u00fcr Superreiche und eine gerechte Besteuerung gro\u00dfer Verm\u00f6gen!<br \/>\nSahra Wagenknecht, 17.1.2022, <a href=\"https:\/\/www.facebook.com\/sahra.wagenknecht\/\">https:\/\/www.facebook.com\/sahra.wagenknecht\/<\/a><br \/>\n<a href=\"https:\/\/www.sahra-wagenknecht.de\/\">https:\/\/www.sahra-wagenknecht.de\/<\/a><\/p>\n","protected":false},"excerpt":{"rendered":"<p>Home\u00a0&gt;Engagement\u00a0&gt;Zukunft\u00a0&gt;Demokratie &gt;Links &gt;Linke &gt;Sahra Wagenknecht &nbsp; Listenauswahl eines Beitrags (Artikel\/Datum, Seite\/Inhalt):\u00a0Klicken\u00a0oder scrollen BSW: Anfechtung der Bundestagswahl &#8211; Volkswille gestohlen (17.10.2025) Wenn Weidel Wagenknecht will\u00a0(8.7.2025) Wagenknecht: AfD-Ausgrenzung und Debatte ist grotesk\u00a0(17.4.2025) Jessica Tatti (BSW) am 18.3.2025 im Bundestag &#8211; Als das &hellip; <a href=\"https:\/\/www.freiburg-schwarzwald.de\/blog\/engagement\/zukunft\/demokratie\/links\/wagenknecht\/\">Weiterlesen <span class=\"meta-nav\">&rarr;<\/span><\/a><\/p>\n","protected":false},"author":2,"featured_media":0,"parent":57983,"menu_order":0,"comment_status":"closed","ping_status":"closed","template":"","meta":{"footnotes":""},"class_list":["post-97643","page","type-page","status-publish","hentry"],"_links":{"self":[{"href":"https:\/\/www.freiburg-schwarzwald.de\/blog\/wp-json\/wp\/v2\/pages\/97643","targetHints":{"allow":["GET"]}}],"collection":[{"href":"https:\/\/www.freiburg-schwarzwald.de\/blog\/wp-json\/wp\/v2\/pages"}],"about":[{"href":"https:\/\/www.freiburg-schwarzwald.de\/blog\/wp-json\/wp\/v2\/types\/page"}],"author":[{"embeddable":true,"href":"https:\/\/www.freiburg-schwarzwald.de\/blog\/wp-json\/wp\/v2\/users\/2"}],"replies":[{"embeddable":true,"href":"https:\/\/www.freiburg-schwarzwald.de\/blog\/wp-json\/wp\/v2\/comments?post=97643"}],"version-history":[{"count":6,"href":"https:\/\/www.freiburg-schwarzwald.de\/blog\/wp-json\/wp\/v2\/pages\/97643\/revisions"}],"predecessor-version":[{"id":140348,"href":"https:\/\/www.freiburg-schwarzwald.de\/blog\/wp-json\/wp\/v2\/pages\/97643\/revisions\/140348"}],"up":[{"embeddable":true,"href":"https:\/\/www.freiburg-schwarzwald.de\/blog\/wp-json\/wp\/v2\/pages\/57983"}],"wp:attachment":[{"href":"https:\/\/www.freiburg-schwarzwald.de\/blog\/wp-json\/wp\/v2\/media?parent=97643"}],"curies":[{"name":"wp","href":"https:\/\/api.w.org\/{rel}","templated":true}]}}