{"id":97244,"date":"2022-01-08T19:27:48","date_gmt":"2022-01-08T18:27:48","guid":{"rendered":"https:\/\/www.freiburg-schwarzwald.de\/blog\/?page_id=97244"},"modified":"2025-05-31T10:41:45","modified_gmt":"2025-05-31T08:41:45","slug":"polizeigewalt","status":"publish","type":"page","link":"https:\/\/www.freiburg-schwarzwald.de\/blog\/selbsthilfe\/soziales\/justiz\/polizei\/polizeigewalt\/","title":{"rendered":"Polizeigewalt"},"content":{"rendered":"<p><a href=\"https:\/\/www.freiburg-schwarzwald.de\/blog\">Home<\/a>\u00a0&gt;<a title=\"Selbsthilfe\" href=\"https:\/\/www.freiburg-schwarzwald.de\/blog\/selbsthilfe\/\">Selbsthilfe<\/a>\u00a0&gt;<a title=\"Soziales\" href=\"https:\/\/www.freiburg-schwarzwald.de\/blog\/soziales\/\">Soziales<\/a>\u00a0&gt;<a title=\"Justiz\" href=\"https:\/\/www.freiburg-schwarzwald.de\/blog\/selbsthilfe\/soziales\/justiz\/\">Justiz<\/a>\u00a0&gt;<a href=\"https:\/\/www.freiburg-schwarzwald.de\/blog\/selbsthilfe\/soziales\/justiz\/polizei\/\">Polizei<\/a> &gt;<a href=\"https:\/\/www.freiburg-schwarzwald.de\/blog\/selbsthilfe\/soziales\/justiz\/polizei\/polizeibeamte\/\">Polizeibeamte<\/a> &gt;Polizeigewalt<\/p>\n<div id=\"attachment_93280\" style=\"width: 650px\" class=\"wp-caption alignnone\"><a href=\"https:\/\/www.freiburg-schwarzwald.de\/blog\/wp-content\/uploads\/2021\/08\/berlin-demo-querdenker20210801pan.jpg\"><img loading=\"lazy\" decoding=\"async\" aria-describedby=\"caption-attachment-93280\" class=\"size-full wp-image-93280\" src=\"https:\/\/www.freiburg-schwarzwald.de\/blog\/wp-content\/uploads\/2021\/08\/berlin-demo-querdenker20210801pan.jpg\" alt=\"\" width=\"640\" height=\"356\" srcset=\"https:\/\/www.freiburg-schwarzwald.de\/blog\/wp-content\/uploads\/2021\/08\/berlin-demo-querdenker20210801pan.jpg 640w, https:\/\/www.freiburg-schwarzwald.de\/blog\/wp-content\/uploads\/2021\/08\/berlin-demo-querdenker20210801pan-180x100.jpg 180w\" sizes=\"auto, (max-width: 640px) 100vw, 640px\" \/><\/a><p id=\"caption-attachment-93280\" class=\"wp-caption-text\">Querdenker-Demo in Berlin am 1.8.2021: Verletzter Teilnehmer mit Handschellen<\/p><\/div>\n<ul>\n<li><em>Listenauswahl eines Beitrags (Artikel\/Datum, Seite\/Inhalt): <span style=\"text-decoration: underline;\">Klicken<\/span> oder scrollen<\/em><\/li>\n<li><a href=\"https:\/\/www.freiburg-schwarzwald.de\/blog\/polizei-dein-freund-und-helfer\/\">Polizei: Dein Freund und Helfer?<\/a> (30.5.2025)<\/li>\n<li><a href=\"https:\/\/www.freiburg-schwarzwald.de\/blog\/taeter-opfer-umkehr-an-schulen\/\">T\u00e4ter-Opfer-Umkehr an Schulen<\/a>\u00a0(24.3.2024)<\/li>\n<li><a href=\"https:\/\/www.freiburg-schwarzwald.de\/blog\/bildung\/schulen\/schulen-gewalt\/\">Polizei mit zweierlei Ma\u00df bei Schulgewalt<\/a>\u00a0(19.3.2024)<\/li>\n<li><a href=\"https:\/\/www.freiburg-schwarzwald.de\/blog\/demo-verbot-wegen-sicherheit\/\">Demo-Verbot wegen Sicherheit?<\/a>\u00a0(22.10.2023)<\/li>\n<li><a href=\"https:\/\/www.freiburg-schwarzwald.de\/blog\/kultur\/medien\/diskussionskultur\/106921-2\/\">Generalverdacht-Vorwurf beleidigt die B\u00fcrger<\/a>\u00a0(7.12.2022)<\/li>\n<li><a href=\"https:\/\/www.freiburg-schwarzwald.de\/blog\/un-moniert-polizeigewalt-in-d\/\">UN moniert: Polizeigewalt in D<\/a> (19.4.2022)<\/li>\n<li><a href=\"https:\/\/www.freiburg-schwarzwald.de\/blog\/selbsthilfe\/soziales\/justiz\/polizei\/polizeibeamte\/\">Die Polizei wurde zum Feindbild der Gesellschaft gemacht<\/a>\u00a0(10.2.2022)<\/li>\n<li>Polizeigewalt gegen Vater, alte Frau und Rollstuhlfahrer (8.1.2022)<\/li>\n<li><a href=\"https:\/\/www.freiburg-schwarzwald.de\/blog\/engagement\/buergerinitiativen\/grundrechte-demo\/\">Demos: Von Doppelmoral gepr\u00e4gtes Verhalten der Polizei ist rassistisch<\/a>\u00a0(8.1.2022)<\/li>\n<li><a href=\"https:\/\/www.freiburg-schwarzwald.de\/blog\/engagement\/buergerinitiativen\/spaziergaenge\/\">Zweierlei Demos: Spazierg\u00e4nge und Migranten-Versammlungen<\/a> (2.1.2022)<\/li>\n<li><\/li>\n<li><a title=\"Berlin-Demo29-8-2020\" href=\"https:\/\/www.freiburg-schwarzwald.de\/blog\/engagement\/zukunft\/demokratie\/berlin-demo29-8-2020\/\">Berlin-Demo29-8-2020<\/a><\/li>\n<li><a href=\"https:\/\/www.freiburg-schwarzwald.de\/blog\/engagement\/zukunft\/demokratie\/berlin-demo-querdenker1-8-2021\/\">Berlin-Demo-Querdenker1-8-2021<\/a><\/li>\n<\/ul>\n<ul>\n<li><a title=\"Chemnitz-Messermord26-08-2018\" href=\"https:\/\/www.freiburg-schwarzwald.de\/blog\/engagement\/zukunft\/demokratie\/chemnitz-messermord26-08-2018\/\">Chemnitz-Messermord26-08-2018<\/a><\/li>\n<li><a title=\"Corona-Demo\" href=\"https:\/\/www.freiburg-schwarzwald.de\/blog\/business\/gesund\/corona-virus\/corona-demo\/\">Corona-Demo<\/a><\/li>\n<li><a href=\"https:\/\/www.freiburg-schwarzwald.de\/blog\/business\/gesund\/corona-virus\/corona-versoehnung\/\">Corona-Versoehnung<\/a><\/li>\n<li><a title=\"Cottbus\" href=\"https:\/\/www.freiburg-schwarzwald.de\/blog\/engagement\/zukunft\/demokratie\/cottbus\/\">Cottbus<\/a><\/li>\n<li><a title=\"Dagegen\" href=\"https:\/\/www.freiburg-schwarzwald.de\/blog\/engagement\/dagegen\/\">Dagegen \u2013 Dagegen-Sein<\/a><\/li>\n<li><a title=\"Demo\" href=\"https:\/\/www.freiburg-schwarzwald.de\/blog\/engagement\/buergerinitiativen\/demo\/\">Demonstration<\/a><\/li>\n<li><a title=\"Gelbwesten\" href=\"https:\/\/www.freiburg-schwarzwald.de\/blog\/global\/eu\/gelbwesten\/\">Gelbwesten<\/a><\/li>\n<li><a href=\"https:\/\/www.freiburg-schwarzwald.de\/blog\/engagement\/zukunft\/demokratie\/grundgesetz\/grundrechte\/\">Grundrechte<\/a><\/li>\n<li><a href=\"https:\/\/www.freiburg-schwarzwald.de\/blog\/engagement\/buergerinitiativen\/grundrechte-demo\/\">Grundrechte-Demo<\/a><\/li>\n<li><a title=\"Kampf-gegen-Rechts\" href=\"https:\/\/www.freiburg-schwarzwald.de\/blog\/kultur\/medien\/kampf-gegen-rechts\/\">Kampf-gegen-Rechts<\/a><\/li>\n<li><a href=\"https:\/\/www.freiburg-schwarzwald.de\/blog\/engagement\/zukunft\/demokratie\/leipzig-querdenken7-11-2020\/\">Leipzig-Querdenken7-11-2020<\/a><\/li>\n<li><a title=\"Merkel-muss-weg\" href=\"https:\/\/www.freiburg-schwarzwald.de\/blog\/engagement\/zukunft\/demokratie\/merkel-muss-weg\/\">Merkel-muss-weg<\/a><\/li>\n<li><a title=\"Polizei\" href=\"https:\/\/www.freiburg-schwarzwald.de\/blog\/selbsthilfe\/soziales\/justiz\/polizei\/\">Polizei<\/a><\/li>\n<li><a href=\"https:\/\/www.freiburg-schwarzwald.de\/blog\/selbsthilfe\/soziales\/justiz\/polizei\/polizeibeamte\/\">Polizeibeamte<\/a><\/li>\n<li><a href=\"https:\/\/www.freiburg-schwarzwald.de\/blog\/engagement\/buergerinitiativen\/protest\/\">Protest<\/a><\/li>\n<li><a href=\"https:\/\/www.freiburg-schwarzwald.de\/blog\/engagement\/zukunft\/demokratie\/opposition\/querdenken\/\">Querdenken<\/a><\/li>\n<li><a title=\"Schulstreik\" href=\"https:\/\/www.freiburg-schwarzwald.de\/blog\/bildung\/schulen\/schulstreik\/\">Schulstreik<\/a><\/li>\n<li><a title=\"Zivilcourage\" href=\"https:\/\/www.freiburg-schwarzwald.de\/blog\/engagement\/zivilcourage\/\">Zivilcourage<\/a><\/li>\n<\/ul>\n<p><strong>Polizeigewalt in Hannover\/Deutschland am 05.02.2022<\/strong><br \/>\n<a href=\"https:\/\/twitter.com\/i\/status\/1490657297567256577\">https:\/\/twitter.com\/i\/status\/1490657297567256577<\/a><br \/>\n<a href=\"https:\/\/youtu.be\/T8QVMvfYUkE\">https:\/\/youtu.be\/T8QVMvfYUkE<\/a><\/p>\n<p>.<\/p>\n<p><strong>Polizeigewalt gegen Vater, alte Frau und Rollstuhlfahrer<\/strong><\/p>\n<p><strong>Polizei nimmt Vater fest und separiert Sohn<\/strong><br \/>\n&#8222;Sch\u00e4mt Euch&#8220; &#8211; Polizei am 5.1.2022 in M\u00fcnchen nimmt Vater fest<br \/>\nund l\u00e4\u00dft Sohn weinend zur\u00fcck<br \/>\n<a href=\"https:\/\/youtu.be\/1A0BC7dnMog\">https:\/\/youtu.be\/1A0BC7dnMog<\/a><\/p>\n<p><strong>Polizei nimmt alte Frau mit Hund fest<\/strong><br \/>\nAus dem folgenden Video (es soll in Kempten im Allg\u00e4u sein) geht lediglich hervor, dass die Dame mit dem H\u00fcndchen die Beamten beleidigt haben soll, indem sie die Coronma\u00dfnahmen als schwachsinnig bezeichnete (was sie bestritt, bis man sie endlich festnahm).<br \/>\n<a href=\"https:\/\/youtu.be\/pGqux36taLg\">https:\/\/youtu.be\/pGqux36taLg<\/a><\/p>\n<p>Ein Kommentar: \u201eEs ist immer schwierig solche Vorg\u00e4nge einzuordnen, wenn man die Vorgeschichte nicht erkennen kann, aber was mir pers\u00f6nlich in den letzten Jahren nicht mehr gef\u00e4llt ist dieses \u201areflexhafte Fesseln\u2019 von Menschen wie hochkriminelle Gewaltt\u00e4ter, selbst wenn nur die Personalien festgestellt werden sollen.\u201d<br \/>\n.<br \/>\n<strong>Polizei nimmt Rollstuhlfahrer fest<\/strong><br \/>\nDramatische Aufnahmen von einer Corona-Demo! Ein Rollstuhlfahrer (36) wird von Polizisten festgenommen. Die Beamten fixieren seinen linken Arm, l\u00f6sen ein Rad und tragen ihn im Rollstuhl aus der Versammlung.<br \/>\n<a href=\"https:\/\/youtu.be\/mdWnUQPvg3Q\">https:\/\/youtu.be\/mdWnUQPvg3Q<\/a><\/p>\n<p><a href=\"https:\/\/youtu.be\/cKymWtMyj04\">https:\/\/youtu.be\/cKymWtMyj04<\/a><br \/>\nEin Video der Szene von Sonnabend auf der Friedrichstra\u00dfe (Mitte) geht im Internet viral.<br \/>\n&#8230; Alles vom 18.4.2021 bitte lesen auf<br \/>\n<a href=\"https:\/\/www.bz-berlin.de\/berlin\/mitte\/polizisten-tragen-rollstuhlfahrer-weg-video-von-einsatz-geht-vira\">https:\/\/www.bz-berlin.de\/berlin\/mitte\/polizisten-tragen-rollstuhlfahrer-weg-video-von-einsatz-geht-vira<\/a>l<\/p>\n","protected":false},"excerpt":{"rendered":"<p>Home\u00a0&gt;Selbsthilfe\u00a0&gt;Soziales\u00a0&gt;Justiz\u00a0&gt;Polizei &gt;Polizeibeamte &gt;Polizeigewalt Listenauswahl eines Beitrags (Artikel\/Datum, Seite\/Inhalt): Klicken oder scrollen Polizei: Dein Freund und Helfer? (30.5.2025) T\u00e4ter-Opfer-Umkehr an Schulen\u00a0(24.3.2024) Polizei mit zweierlei Ma\u00df bei Schulgewalt\u00a0(19.3.2024) Demo-Verbot wegen Sicherheit?\u00a0(22.10.2023) Generalverdacht-Vorwurf beleidigt die B\u00fcrger\u00a0(7.12.2022) UN moniert: Polizeigewalt in D (19.4.2022) Die &hellip; <a href=\"https:\/\/www.freiburg-schwarzwald.de\/blog\/selbsthilfe\/soziales\/justiz\/polizei\/polizeigewalt\/\">Weiterlesen <span class=\"meta-nav\">&rarr;<\/span><\/a><\/p>\n","protected":false},"author":2,"featured_media":0,"parent":12203,"menu_order":0,"comment_status":"closed","ping_status":"closed","template":"","meta":{"footnotes":""},"class_list":["post-97244","page","type-page","status-publish","hentry"],"_links":{"self":[{"href":"https:\/\/www.freiburg-schwarzwald.de\/blog\/wp-json\/wp\/v2\/pages\/97244","targetHints":{"allow":["GET"]}}],"collection":[{"href":"https:\/\/www.freiburg-schwarzwald.de\/blog\/wp-json\/wp\/v2\/pages"}],"about":[{"href":"https:\/\/www.freiburg-schwarzwald.de\/blog\/wp-json\/wp\/v2\/types\/page"}],"author":[{"embeddable":true,"href":"https:\/\/www.freiburg-schwarzwald.de\/blog\/wp-json\/wp\/v2\/users\/2"}],"replies":[{"embeddable":true,"href":"https:\/\/www.freiburg-schwarzwald.de\/blog\/wp-json\/wp\/v2\/comments?post=97244"}],"version-history":[{"count":6,"href":"https:\/\/www.freiburg-schwarzwald.de\/blog\/wp-json\/wp\/v2\/pages\/97244\/revisions"}],"predecessor-version":[{"id":134612,"href":"https:\/\/www.freiburg-schwarzwald.de\/blog\/wp-json\/wp\/v2\/pages\/97244\/revisions\/134612"}],"up":[{"embeddable":true,"href":"https:\/\/www.freiburg-schwarzwald.de\/blog\/wp-json\/wp\/v2\/pages\/12203"}],"wp:attachment":[{"href":"https:\/\/www.freiburg-schwarzwald.de\/blog\/wp-json\/wp\/v2\/media?parent=97244"}],"curies":[{"name":"wp","href":"https:\/\/api.w.org\/{rel}","templated":true}]}}

<p><a href="https://www.freiburg-schwarzwald.de/blog">Home</a> &gt;<a title="Selbsthilfe" href="https://www.freiburg-schwarzwald.de/blog/selbsthilfe/">Selbsthilfe</a> &gt;<a title="Soziales" href="https://www.freiburg-schwarzwald.de/blog/soziales/">Soziales</a> &gt;<a title="Justiz" href="https://www.freiburg-schwarzwald.de/blog/selbsthilfe/soziales/justiz/">Justiz</a> &gt;<a href="https://www.freiburg-schwarzwald.de/blog/selbsthilfe/soziales/justiz/polizei/">Polizei</a> &gt;<a href="https://www.freiburg-schwarzwald.de/blog/selbsthilfe/soziales/justiz/polizei/polizeibeamte/">Polizeibeamte</a> &gt;Polizeigewalt</p>
<div id="attachment_93280" style="width: 650px" class="wp-caption alignnone"><a href="https://www.freiburg-schwarzwald.de/blog/wp-content/uploads/2021/08/berlin-demo-querdenker20210801pan.jpg"><img loading="lazy" decoding="async" aria-describedby="caption-attachment-93280" class="size-full wp-image-93280" src="https://www.freiburg-schwarzwald.de/blog/wp-content/uploads/2021/08/berlin-demo-querdenker20210801pan.jpg" alt="" width="640" height="356" srcset="https://www.freiburg-schwarzwald.de/blog/wp-content/uploads/2021/08/berlin-demo-querdenker20210801pan.jpg 640w, https://www.freiburg-schwarzwald.de/blog/wp-content/uploads/2021/08/berlin-demo-querdenker20210801pan-180x100.jpg 180w" sizes="auto, (max-width: 640px) 100vw, 640px" /></a><p id="caption-attachment-93280" class="wp-caption-text">Querdenker-Demo in Berlin am 1.8.2021: Verletzter Teilnehmer mit Handschellen</p></div>
<ul>
<li><em>Listenauswahl eines Beitrags (Artikel/Datum, Seite/Inhalt): <span style="text-decoration: underline;">Klicken</span> oder scrollen</em></li>
<li><a href="https://www.freiburg-schwarzwald.de/blog/polizei-dein-freund-und-helfer/">Polizei: Dein Freund und Helfer?</a> (30.5.2025)</li>
<li><a href="https://www.freiburg-schwarzwald.de/blog/taeter-opfer-umkehr-an-schulen/">Täter-Opfer-Umkehr an Schulen</a> (24.3.2024)</li>
<li><a href="https://www.freiburg-schwarzwald.de/blog/bildung/schulen/schulen-gewalt/">Polizei mit zweierlei Maß bei Schulgewalt</a> (19.3.2024)</li>
<li><a href="https://www.freiburg-schwarzwald.de/blog/demo-verbot-wegen-sicherheit/">Demo-Verbot wegen Sicherheit?</a> (22.10.2023)</li>
<li><a href="https://www.freiburg-schwarzwald.de/blog/kultur/medien/diskussionskultur/106921-2/">Generalverdacht-Vorwurf beleidigt die Bürger</a> (7.12.2022)</li>
<li><a href="https://www.freiburg-schwarzwald.de/blog/un-moniert-polizeigewalt-in-d/">UN moniert: Polizeigewalt in D</a> (19.4.2022)</li>
<li><a href="https://www.freiburg-schwarzwald.de/blog/selbsthilfe/soziales/justiz/polizei/polizeibeamte/">Die Polizei wurde zum Feindbild der Gesellschaft gemacht</a> (10.2.2022)</li>
<li>Polizeigewalt gegen Vater, alte Frau und Rollstuhlfahrer (8.1.2022)</li>
<li><a href="https://www.freiburg-schwarzwald.de/blog/engagement/buergerinitiativen/grundrechte-demo/">Demos: Von Doppelmoral geprägtes Verhalten der Polizei ist rassistisch</a> (8.1.2022)</li>
<li><a href="https://www.freiburg-schwarzwald.de/blog/engagement/buergerinitiativen/spaziergaenge/">Zweierlei Demos: Spaziergänge und Migranten-Versammlungen</a> (2.1.2022)</li>
<li></li>
<li><a title="Berlin-Demo29-8-2020" href="https://www.freiburg-schwarzwald.de/blog/engagement/zukunft/demokratie/berlin-demo29-8-2020/">Berlin-Demo29-8-2020</a></li>
<li><a href="https://www.freiburg-schwarzwald.de/blog/engagement/zukunft/demokratie/berlin-demo-querdenker1-8-2021/">Berlin-Demo-Querdenker1-8-2021</a></li>
</ul>
<ul>
<li><a title="Chemnitz-Messermord26-08-2018" href="https://www.freiburg-schwarzwald.de/blog/engagement/zukunft/demokratie/chemnitz-messermord26-08-2018/">Chemnitz-Messermord26-08-2018</a></li>
<li><a title="Corona-Demo" href="https://www.freiburg-schwarzwald.de/blog/business/gesund/corona-virus/corona-demo/">Corona-Demo</a></li>
<li><a href="https://www.freiburg-schwarzwald.de/blog/business/gesund/corona-virus/corona-versoehnung/">Corona-Versoehnung</a></li>
<li><a title="Cottbus" href="https://www.freiburg-schwarzwald.de/blog/engagement/zukunft/demokratie/cottbus/">Cottbus</a></li>
<li><a title="Dagegen" href="https://www.freiburg-schwarzwald.de/blog/engagement/dagegen/">Dagegen – Dagegen-Sein</a></li>
<li><a title="Demo" href="https://www.freiburg-schwarzwald.de/blog/engagement/buergerinitiativen/demo/">Demonstration</a></li>
<li><a title="Gelbwesten" href="https://www.freiburg-schwarzwald.de/blog/global/eu/gelbwesten/">Gelbwesten</a></li>
<li><a href="https://www.freiburg-schwarzwald.de/blog/engagement/zukunft/demokratie/grundgesetz/grundrechte/">Grundrechte</a></li>
<li><a href="https://www.freiburg-schwarzwald.de/blog/engagement/buergerinitiativen/grundrechte-demo/">Grundrechte-Demo</a></li>
<li><a title="Kampf-gegen-Rechts" href="https://www.freiburg-schwarzwald.de/blog/kultur/medien/kampf-gegen-rechts/">Kampf-gegen-Rechts</a></li>
<li><a href="https://www.freiburg-schwarzwald.de/blog/engagement/zukunft/demokratie/leipzig-querdenken7-11-2020/">Leipzig-Querdenken7-11-2020</a></li>
<li><a title="Merkel-muss-weg" href="https://www.freiburg-schwarzwald.de/blog/engagement/zukunft/demokratie/merkel-muss-weg/">Merkel-muss-weg</a></li>
<li><a title="Polizei" href="https://www.freiburg-schwarzwald.de/blog/selbsthilfe/soziales/justiz/polizei/">Polizei</a></li>
<li><a href="https://www.freiburg-schwarzwald.de/blog/selbsthilfe/soziales/justiz/polizei/polizeibeamte/">Polizeibeamte</a></li>
<li><a href="https://www.freiburg-schwarzwald.de/blog/engagement/buergerinitiativen/protest/">Protest</a></li>
<li><a href="https://www.freiburg-schwarzwald.de/blog/engagement/zukunft/demokratie/opposition/querdenken/">Querdenken</a></li>
<li><a title="Schulstreik" href="https://www.freiburg-schwarzwald.de/blog/bildung/schulen/schulstreik/">Schulstreik</a></li>
<li><a title="Zivilcourage" href="https://www.freiburg-schwarzwald.de/blog/engagement/zivilcourage/">Zivilcourage</a></li>
</ul>
<p><strong>Polizeigewalt in Hannover/Deutschland am 05.02.2022</strong><br />
<a href="https://twitter.com/i/status/1490657297567256577">https://twitter.com/i/status/1490657297567256577</a><br />
<a href="https://youtu.be/T8QVMvfYUkE">https://youtu.be/T8QVMvfYUkE</a></p>
<p>.</p>
<p><strong>Polizeigewalt gegen Vater, alte Frau und Rollstuhlfahrer</strong></p>
<p><strong>Polizei nimmt Vater fest und separiert Sohn</strong><br />
&#8222;Schämt Euch&#8220; &#8211; Polizei am 5.1.2022 in München nimmt Vater fest<br />
und läßt Sohn weinend zurück<br />
<a href="https://youtu.be/1A0BC7dnMog">https://youtu.be/1A0BC7dnMog</a></p>
<p><strong>Polizei nimmt alte Frau mit Hund fest</strong><br />
Aus dem folgenden Video (es soll in Kempten im Allgäu sein) geht lediglich hervor, dass die Dame mit dem Hündchen die Beamten beleidigt haben soll, indem sie die Coronmaßnahmen als schwachsinnig bezeichnete (was sie bestritt, bis man sie endlich festnahm).<br />
<a href="https://youtu.be/pGqux36taLg">https://youtu.be/pGqux36taLg</a></p>
<p>Ein Kommentar: „Es ist immer schwierig solche Vorgänge einzuordnen, wenn man die Vorgeschichte nicht erkennen kann, aber was mir persönlich in den letzten Jahren nicht mehr gefällt ist dieses ‚reflexhafte Fesseln’ von Menschen wie hochkriminelle Gewalttäter, selbst wenn nur die Personalien festgestellt werden sollen.”<br />
.<br />
<strong>Polizei nimmt Rollstuhlfahrer fest</strong><br />
Dramatische Aufnahmen von einer Corona-Demo! Ein Rollstuhlfahrer (36) wird von Polizisten festgenommen. Die Beamten fixieren seinen linken Arm, lösen ein Rad und tragen ihn im Rollstuhl aus der Versammlung.<br />
<a href="https://youtu.be/mdWnUQPvg3Q">https://youtu.be/mdWnUQPvg3Q</a></p>
<p><a href="https://youtu.be/cKymWtMyj04">https://youtu.be/cKymWtMyj04</a><br />
Ein Video der Szene von Sonnabend auf der Friedrichstraße (Mitte) geht im Internet viral.<br />
&#8230; Alles vom 18.4.2021 bitte lesen auf<br />
<a href="https://www.bz-berlin.de/berlin/mitte/polizisten-tragen-rollstuhlfahrer-weg-video-von-einsatz-geht-vira">https://www.bz-berlin.de/berlin/mitte/polizisten-tragen-rollstuhlfahrer-weg-video-von-einsatz-geht-vira</a>l</p>

<p>Home &gt;Selbsthilfe &gt;Soziales &gt;Justiz &gt;Polizei &gt;Polizeibeamte &gt;Polizeigewalt Listenauswahl eines Beitrags (Artikel/Datum, Seite/Inhalt): Klicken oder scrollen Polizei: Dein Freund und Helfer? (30.5.2025) Täter-Opfer-Umkehr an Schulen (24.3.2024) Polizei mit zweierlei Maß bei Schulgewalt (19.3.2024) Demo-Verbot wegen Sicherheit? (22.10.2023) Generalverdacht-Vorwurf beleidigt die Bürger (7.12.2022) UN moniert: Polizeigewalt in D (19.4.2022) Die &hellip; <a href="https://www.freiburg-schwarzwald.de/blog/selbsthilfe/soziales/justiz/polizei/polizeigewalt/">Weiterlesen <span class="meta-nav">&rarr;</span></a></p>
