{"id":95301,"date":"2021-10-16T17:17:20","date_gmt":"2021-10-16T15:17:20","guid":{"rendered":"https:\/\/www.freiburg-schwarzwald.de\/blog\/?page_id=95301"},"modified":"2025-08-25T21:06:05","modified_gmt":"2025-08-25T19:06:05","slug":"deep-church","status":"publish","type":"page","link":"https:\/\/www.freiburg-schwarzwald.de\/blog\/religion\/kirchen\/deep-church\/","title":{"rendered":"Deep-Church"},"content":{"rendered":"<p><a href=\"https:\/\/www.freiburg-schwarzwald.de\/blog\">Home<\/a>\u00a0&gt;<a title=\"Religion\" href=\"https:\/\/www.freiburg-schwarzwald.de\/blog\/religion\/\">Religion<\/a>\u00a0&gt;<a title=\"Kirchen\" href=\"https:\/\/www.freiburg-schwarzwald.de\/blog\/religion\/kirchen\/\">Kirchen<\/a> &gt;<a href=\"https:\/\/www.freiburg-schwarzwald.de\/blog\/religion\/kirche-politik\/\">Kirche-Politik<\/a> &gt;Deep-Church<\/p>\n<div id=\"attachment_95279\" style=\"width: 649px\" class=\"wp-caption alignnone\"><a href=\"https:\/\/www.freiburg-schwarzwald.de\/blog\/wp-content\/uploads\/2021\/10\/muenster-mapping211013-pan.jpg\"><img loading=\"lazy\" decoding=\"async\" aria-describedby=\"caption-attachment-95279\" class=\"size-full wp-image-95279\" src=\"https:\/\/www.freiburg-schwarzwald.de\/blog\/wp-content\/uploads\/2021\/10\/muenster-mapping211013-pan.jpg\" alt=\"\" width=\"639\" height=\"406\" srcset=\"https:\/\/www.freiburg-schwarzwald.de\/blog\/wp-content\/uploads\/2021\/10\/muenster-mapping211013-pan.jpg 639w, https:\/\/www.freiburg-schwarzwald.de\/blog\/wp-content\/uploads\/2021\/10\/muenster-mapping211013-pan-180x114.jpg 180w\" sizes=\"auto, (max-width: 639px) 100vw, 639px\" \/><\/a><p id=\"caption-attachment-95279\" class=\"wp-caption-text\">Freiburg M\u00fcnster S\u00fcdseite: Mapping im Oktober 2021<\/p><\/div>\n<ul>\n<li><em>Listenauswahl eines Beitrags (Artikel\/Datum, Seite\/Inhalt): <span style=\"text-decoration: underline;\">Klicken<\/span> oder scrollen<\/em><\/li>\n<li><a href=\"https:\/\/www.freiburg-schwarzwald.de\/blog\/kirche-gegen-passives-wahlrecht\/\">Kirche gegen passives Wahlrecht<\/a>\u00a0(25.8.2025)<\/li>\n<li><a href=\"https:\/\/www.freiburg-schwarzwald.de\/blog\/papst-politik-oder-seelsorge\/\">Papst: Politik oder Seelsorge?<\/a>\u00a0(22.4.2025)<\/li>\n<li>Erzbischof Vignano: &#8222;Deep Church&#8220; in Analogie zum &#8222;Deep State&#8220; (12.10.2021)<\/li>\n<li><a href=\"https:\/\/www.freiburg-schwarzwald.de\/blog\/religion\/kirche-politik\/\">Wider die Heiligsprechung von Fridays For Future durch die evangelische Kirche<\/a> (2.10.2021)<\/li>\n<li><\/li>\n<li><a href=\"https:\/\/www.freiburg-schwarzwald.de\/blog\/engagement\/zukunft\/demokratie\/staat\/deep-state\/\">Deep-State<\/a><\/li>\n<li><a href=\"https:\/\/www.freiburg-schwarzwald.de\/blog\/religion\/kirche-politik\/\">Kirche-Politik<\/a><\/li>\n<li><a href=\"https:\/\/www.freiburg-schwarzwald.de\/blog\/religion\/kirche-staat\/\">Kirche-Staat<\/a><\/li>\n<\/ul>\n<p>&nbsp;<\/p>\n<p>&nbsp;<\/p>\n<p><strong>Erzbischof Vignano: &#8222;Deep Church&#8220; in Analogie zum &#8222;Deep State&#8220;<\/strong><br \/>\nAnalog zum \u201eDeep State\u201d, jenem teils steuerstaatsfinanzierten, teils von stinkreichen Globalisten alimentierten und jedenfalls munter wuchernden Geflecht aus Stiftungen, NGOs (bzw. GOs), metapolitischen Vorfeldorganisationen etc., das weit in die Universit\u00e4ten, Kultureinrichtungen, Gewerkschaften und Verwaltungen hineinw\u00e4chst, gebe es eine \u201eDeep Church\u201d, sagt Erzbischof Carlo Maria Vigan\u00f2. Angesichts der Fr\u00fcchte, an denen wir die Fr\u00fcchtchen nach Matth\u00e4us 7:16 erkennen sollen, besteht daran kaum Zweifel. Auf dem Papststuhl sitzt als Nachfolger des Katechons Benedikt ein Mann, der versucht, den Vatikan nach dem Vorbild der protestantischen Kirche in eine NGO-artige Organisation zu verwandeln. Eigentlich ist das ein Job f\u00fcr den Antichristen. Aber was hei\u00dft eigentlich?<br \/>\n&#8230; Alles vom 12.10.2021 bitte lesen auf<br \/>\n<a href=\"https:\/\/www.klonovsky.de\/acta-diurna\/\">https:\/\/www.klonovsky.de\/acta-diurna\/<\/a><\/p>\n<p><strong>Textskript der Videobotschaft 9.10.2021 in Rom von Erzbischof Vignano:<\/strong><br \/>\nLiebe Freunde,<br \/>\nSie haben sich heute in Rom, auf der Piazza del Popolo und auf vielen anderen Pl\u00e4tzen Italiens versammelt, w\u00e4hrend Hunderttausende von Menschen auf der ganzen Welt ihren Widerstand gegen die Errichtung einer globalen Tyrannei demonstrieren. Millionen von B\u00fcrgern aller Nationen haben unter dem ohrenbet\u00e4ubenden Schweigen der Medien \u201eNein! Nein zum pandemischen Wahnsinn, nein zu den Einsperrungen, Ausgangssperren und aufgezwungenen Impfungen, nein zu den Gesundheitsp\u00e4ssen und nein zu den Erpressungen einer totalit\u00e4ren Macht, die den Eliten h\u00f6rig ist.<br \/>\n&#8230;.<br \/>\nWir Italiener sind keine Rassisten! Im Namen der N\u00e4chstenliebe, die \u00fcber Jahrhunderte hinweg einer der Stolz des christlichen Europas war, k\u00f6nnen wir diejenigen aufnehmen, die von ihren eigenen L\u00e4ndern verfolgt und ge\u00e4chtet werden, aber wir k\u00f6nnen uns nicht unter dem Vorwand, sie aufzunehmen, f\u00fcr die Ausbeutung von Millionen von Migranten verantwortlich machen. Wir wissen, dass ihre Einwanderung nach Europa von den Eliten geplant wurde, um unsere zivile, kulturelle und religi\u00f6se Identit\u00e4t zu zerst\u00f6ren; sie dient den Eliten dazu, soziales Chaos zu schaffen, unterbezahlte Arbeitskr\u00e4fte ins Land zu holen, Kriege unter den Armen zu sch\u00fcren und die L\u00e4nder, aus denen sie kommen, ihrer Jugend zu berauben.<br \/>\nUm aus diesem Labyrinth herauszukommen, m\u00fcssen wir uns mit Mut und Entschlossenheit wehren, so wie unsere V\u00e4ter sich gegen die Diktaturen des letzten Jahrhunderts gewehrt haben. Ziviler Ungehorsam, Koordination von Protestaktionen, Kontakte mit Bewegungen in anderen L\u00e4ndern, Zusammenschluss in einem Antiglobalisierungsb\u00fcndnis, das Hilfe und Unterst\u00fctzung gegen die dem System h\u00f6rigen Beh\u00f6rden gew\u00e4hrleistet. Ein friedlicher Widerstand, der sich aus dem Bewusstsein speist, dass die Welt, wie sie sich der Great Reset vorstellt, nicht unsere Welt ist, da sie auf einer Ideologie des Todes, auf antihumanem und antichristlichem Denken beruht und sich ausschlie\u00dflich auf Waffengewalt oder Erpressung gegen diejenigen st\u00fctzt, die sich nicht auflehnen k\u00f6nnen.<br \/>\nSie vergessen, diese erb\u00e4rmlichen Diener der Neuen Ordnung, dass ihre Utopie, ja eine h\u00f6llische Dystopie, uns allen zuwider ist, eben weil sie nicht ber\u00fccksichtigt, dass wir nicht aus elektromagnetischen Schaltkreisen bestehen, sondern aus Fleisch und Blut, aus Leidenschaften, aus Zuneigung, aus Heldentaten und Gro\u00dfz\u00fcgigkeit. Weil wir Menschen sind, geschaffen nach dem Bild und Gleichnis Gottes, ausgestattet mit Intelligenz und freiem Willen. Aber die D\u00e4monen k\u00f6nnen das nicht verstehen: Deshalb werden sie kl\u00e4glich scheitern.<br \/>\nUnd damit dieser Tag, an dem Sie \u00f6ffentlich und mutig Ihren Widerstand gegen die drohende Tyrannei demonstrieren, nicht steril und ohne \u00fcbernat\u00fcrliches Licht bleibt, lade ich Sie alle ein, mit mir die Worte zu rezitieren, die der Herr uns gelehrt hat. Tun wir dies mit Inbrunst, mit einem Impuls der N\u00e4chstenliebe, indem wir den Schutz unseres Herrn und seiner Gottesmutter f\u00fcr uns alle, f\u00fcr unsere Familien, f\u00fcr unser Land und f\u00fcr die ganze Welt anrufen: Vater unser, der du bist im Himmel.\u2026<br \/>\n+ Erzbischof Carlo Maria Vigan\u00f2<br \/>\nRom, 9. Oktober 2021<\/p>\n<p>&nbsp;<\/p>\n","protected":false},"excerpt":{"rendered":"<p>Home\u00a0&gt;Religion\u00a0&gt;Kirchen &gt;Kirche-Politik &gt;Deep-Church Listenauswahl eines Beitrags (Artikel\/Datum, Seite\/Inhalt): Klicken oder scrollen Kirche gegen passives Wahlrecht\u00a0(25.8.2025) Papst: Politik oder Seelsorge?\u00a0(22.4.2025) Erzbischof Vignano: &#8222;Deep Church&#8220; in Analogie zum &#8222;Deep State&#8220; (12.10.2021) Wider die Heiligsprechung von Fridays For Future durch die evangelische Kirche &hellip; <a href=\"https:\/\/www.freiburg-schwarzwald.de\/blog\/religion\/kirchen\/deep-church\/\">Weiterlesen <span class=\"meta-nav\">&rarr;<\/span><\/a><\/p>\n","protected":false},"author":2,"featured_media":0,"parent":459,"menu_order":0,"comment_status":"closed","ping_status":"closed","template":"","meta":{"footnotes":""},"class_list":["post-95301","page","type-page","status-publish","hentry"],"_links":{"self":[{"href":"https:\/\/www.freiburg-schwarzwald.de\/blog\/wp-json\/wp\/v2\/pages\/95301","targetHints":{"allow":["GET"]}}],"collection":[{"href":"https:\/\/www.freiburg-schwarzwald.de\/blog\/wp-json\/wp\/v2\/pages"}],"about":[{"href":"https:\/\/www.freiburg-schwarzwald.de\/blog\/wp-json\/wp\/v2\/types\/page"}],"author":[{"embeddable":true,"href":"https:\/\/www.freiburg-schwarzwald.de\/blog\/wp-json\/wp\/v2\/users\/2"}],"replies":[{"embeddable":true,"href":"https:\/\/www.freiburg-schwarzwald.de\/blog\/wp-json\/wp\/v2\/comments?post=95301"}],"version-history":[{"count":5,"href":"https:\/\/www.freiburg-schwarzwald.de\/blog\/wp-json\/wp\/v2\/pages\/95301\/revisions"}],"predecessor-version":[{"id":138300,"href":"https:\/\/www.freiburg-schwarzwald.de\/blog\/wp-json\/wp\/v2\/pages\/95301\/revisions\/138300"}],"up":[{"embeddable":true,"href":"https:\/\/www.freiburg-schwarzwald.de\/blog\/wp-json\/wp\/v2\/pages\/459"}],"wp:attachment":[{"href":"https:\/\/www.freiburg-schwarzwald.de\/blog\/wp-json\/wp\/v2\/media?parent=95301"}],"curies":[{"name":"wp","href":"https:\/\/api.w.org\/{rel}","templated":true}]}}

<p><a href="https://www.freiburg-schwarzwald.de/blog">Home</a> &gt;<a title="Religion" href="https://www.freiburg-schwarzwald.de/blog/religion/">Religion</a> &gt;<a title="Kirchen" href="https://www.freiburg-schwarzwald.de/blog/religion/kirchen/">Kirchen</a> &gt;<a href="https://www.freiburg-schwarzwald.de/blog/religion/kirche-politik/">Kirche-Politik</a> &gt;Deep-Church</p>
<div id="attachment_95279" style="width: 649px" class="wp-caption alignnone"><a href="https://www.freiburg-schwarzwald.de/blog/wp-content/uploads/2021/10/muenster-mapping211013-pan.jpg"><img loading="lazy" decoding="async" aria-describedby="caption-attachment-95279" class="size-full wp-image-95279" src="https://www.freiburg-schwarzwald.de/blog/wp-content/uploads/2021/10/muenster-mapping211013-pan.jpg" alt="" width="639" height="406" srcset="https://www.freiburg-schwarzwald.de/blog/wp-content/uploads/2021/10/muenster-mapping211013-pan.jpg 639w, https://www.freiburg-schwarzwald.de/blog/wp-content/uploads/2021/10/muenster-mapping211013-pan-180x114.jpg 180w" sizes="auto, (max-width: 639px) 100vw, 639px" /></a><p id="caption-attachment-95279" class="wp-caption-text">Freiburg Münster Südseite: Mapping im Oktober 2021</p></div>
<ul>
<li><em>Listenauswahl eines Beitrags (Artikel/Datum, Seite/Inhalt): <span style="text-decoration: underline;">Klicken</span> oder scrollen</em></li>
<li><a href="https://www.freiburg-schwarzwald.de/blog/kirche-gegen-passives-wahlrecht/">Kirche gegen passives Wahlrecht</a> (25.8.2025)</li>
<li><a href="https://www.freiburg-schwarzwald.de/blog/papst-politik-oder-seelsorge/">Papst: Politik oder Seelsorge?</a> (22.4.2025)</li>
<li>Erzbischof Vignano: &#8222;Deep Church&#8220; in Analogie zum &#8222;Deep State&#8220; (12.10.2021)</li>
<li><a href="https://www.freiburg-schwarzwald.de/blog/religion/kirche-politik/">Wider die Heiligsprechung von Fridays For Future durch die evangelische Kirche</a> (2.10.2021)</li>
<li></li>
<li><a href="https://www.freiburg-schwarzwald.de/blog/engagement/zukunft/demokratie/staat/deep-state/">Deep-State</a></li>
<li><a href="https://www.freiburg-schwarzwald.de/blog/religion/kirche-politik/">Kirche-Politik</a></li>
<li><a href="https://www.freiburg-schwarzwald.de/blog/religion/kirche-staat/">Kirche-Staat</a></li>
</ul>
<p>&nbsp;</p>
<p>&nbsp;</p>
<p><strong>Erzbischof Vignano: &#8222;Deep Church&#8220; in Analogie zum &#8222;Deep State&#8220;</strong><br />
Analog zum „Deep State”, jenem teils steuerstaatsfinanzierten, teils von stinkreichen Globalisten alimentierten und jedenfalls munter wuchernden Geflecht aus Stiftungen, NGOs (bzw. GOs), metapolitischen Vorfeldorganisationen etc., das weit in die Universitäten, Kultureinrichtungen, Gewerkschaften und Verwaltungen hineinwächst, gebe es eine „Deep Church”, sagt Erzbischof Carlo Maria Viganò. Angesichts der Früchte, an denen wir die Früchtchen nach Matthäus 7:16 erkennen sollen, besteht daran kaum Zweifel. Auf dem Papststuhl sitzt als Nachfolger des Katechons Benedikt ein Mann, der versucht, den Vatikan nach dem Vorbild der protestantischen Kirche in eine NGO-artige Organisation zu verwandeln. Eigentlich ist das ein Job für den Antichristen. Aber was heißt eigentlich?<br />
&#8230; Alles vom 12.10.2021 bitte lesen auf<br />
<a href="https://www.klonovsky.de/acta-diurna/">https://www.klonovsky.de/acta-diurna/</a></p>
<p><strong>Textskript der Videobotschaft 9.10.2021 in Rom von Erzbischof Vignano:</strong><br />
Liebe Freunde,<br />
Sie haben sich heute in Rom, auf der Piazza del Popolo und auf vielen anderen Plätzen Italiens versammelt, während Hunderttausende von Menschen auf der ganzen Welt ihren Widerstand gegen die Errichtung einer globalen Tyrannei demonstrieren. Millionen von Bürgern aller Nationen haben unter dem ohrenbetäubenden Schweigen der Medien „Nein! Nein zum pandemischen Wahnsinn, nein zu den Einsperrungen, Ausgangssperren und aufgezwungenen Impfungen, nein zu den Gesundheitspässen und nein zu den Erpressungen einer totalitären Macht, die den Eliten hörig ist.<br />
&#8230;.<br />
Wir Italiener sind keine Rassisten! Im Namen der Nächstenliebe, die über Jahrhunderte hinweg einer der Stolz des christlichen Europas war, können wir diejenigen aufnehmen, die von ihren eigenen Ländern verfolgt und geächtet werden, aber wir können uns nicht unter dem Vorwand, sie aufzunehmen, für die Ausbeutung von Millionen von Migranten verantwortlich machen. Wir wissen, dass ihre Einwanderung nach Europa von den Eliten geplant wurde, um unsere zivile, kulturelle und religiöse Identität zu zerstören; sie dient den Eliten dazu, soziales Chaos zu schaffen, unterbezahlte Arbeitskräfte ins Land zu holen, Kriege unter den Armen zu schüren und die Länder, aus denen sie kommen, ihrer Jugend zu berauben.<br />
Um aus diesem Labyrinth herauszukommen, müssen wir uns mit Mut und Entschlossenheit wehren, so wie unsere Väter sich gegen die Diktaturen des letzten Jahrhunderts gewehrt haben. Ziviler Ungehorsam, Koordination von Protestaktionen, Kontakte mit Bewegungen in anderen Ländern, Zusammenschluss in einem Antiglobalisierungsbündnis, das Hilfe und Unterstützung gegen die dem System hörigen Behörden gewährleistet. Ein friedlicher Widerstand, der sich aus dem Bewusstsein speist, dass die Welt, wie sie sich der Great Reset vorstellt, nicht unsere Welt ist, da sie auf einer Ideologie des Todes, auf antihumanem und antichristlichem Denken beruht und sich ausschließlich auf Waffengewalt oder Erpressung gegen diejenigen stützt, die sich nicht auflehnen können.<br />
Sie vergessen, diese erbärmlichen Diener der Neuen Ordnung, dass ihre Utopie, ja eine höllische Dystopie, uns allen zuwider ist, eben weil sie nicht berücksichtigt, dass wir nicht aus elektromagnetischen Schaltkreisen bestehen, sondern aus Fleisch und Blut, aus Leidenschaften, aus Zuneigung, aus Heldentaten und Großzügigkeit. Weil wir Menschen sind, geschaffen nach dem Bild und Gleichnis Gottes, ausgestattet mit Intelligenz und freiem Willen. Aber die Dämonen können das nicht verstehen: Deshalb werden sie kläglich scheitern.<br />
Und damit dieser Tag, an dem Sie öffentlich und mutig Ihren Widerstand gegen die drohende Tyrannei demonstrieren, nicht steril und ohne übernatürliches Licht bleibt, lade ich Sie alle ein, mit mir die Worte zu rezitieren, die der Herr uns gelehrt hat. Tun wir dies mit Inbrunst, mit einem Impuls der Nächstenliebe, indem wir den Schutz unseres Herrn und seiner Gottesmutter für uns alle, für unsere Familien, für unser Land und für die ganze Welt anrufen: Vater unser, der du bist im Himmel.…<br />
+ Erzbischof Carlo Maria Viganò<br />
Rom, 9. Oktober 2021</p>
<p>&nbsp;</p>
