{"id":93699,"date":"2021-08-13T13:53:22","date_gmt":"2021-08-13T11:53:22","guid":{"rendered":"https:\/\/www.freiburg-schwarzwald.de\/blog\/?page_id=93699"},"modified":"2025-11-28T09:41:12","modified_gmt":"2025-11-28T08:41:12","slug":"eigentum","status":"publish","type":"page","link":"https:\/\/www.freiburg-schwarzwald.de\/blog\/business\/dienste\/immobilien\/eigentum\/","title":{"rendered":"Eigentum"},"content":{"rendered":"<p>Home &gt;<a title=\"Soziales\" href=\"https:\/\/www.freiburg-schwarzwald.de\/blog\/selbsthilfe\/soziales\/\">Soziales<\/a>\u00a0&gt;<a title=\"Dienste\" href=\"https:\/\/www.freiburg-schwarzwald.de\/blog\/business\/dienste\/\">Dienste<\/a>\u00a0&gt;<a title=\"Immobilien\" href=\"https:\/\/www.freiburg-schwarzwald.de\/blog\/business\/dienste\/immobilien\/\">Immobilien<\/a>\u00a0&gt;<a title=\"Wohnen\" href=\"https:\/\/www.freiburg-schwarzwald.de\/blog\/business\/dienste\/immobilien\/wohnen\/\">Wohnen<\/a>\u00a0&gt;<a title=\"Rechtsstaat\" href=\"https:\/\/www.freiburg-schwarzwald.de\/blog\/selbsthilfe\/soziales\/justiz\/rechtsstaat\/\">Rechtsstaat<\/a> &gt;<a href=\"https:\/\/www.freiburg-schwarzwald.de\/blog\/selbsthilfe\/soziales\/justiz\/rechtsstaat\/enteignung\/\">Enteignung<\/a> &gt;Eigentum<\/p>\n<div id=\"attachment_21435\" style=\"width: 629px\" class=\"wp-caption alignnone\"><img loading=\"lazy\" decoding=\"async\" aria-describedby=\"caption-attachment-21435\" class=\"size-full wp-image-21435\" src=\"https:\/\/www.freiburg-schwarzwald.de\/blog\/wp-content\/uploads\/2013\/02\/bugginger-ostt-pan101113.jpg\" alt=\"\" width=\"619\" height=\"217\" srcset=\"https:\/\/www.freiburg-schwarzwald.de\/blog\/wp-content\/uploads\/2013\/02\/bugginger-ostt-pan101113.jpg 619w, https:\/\/www.freiburg-schwarzwald.de\/blog\/wp-content\/uploads\/2013\/02\/bugginger-ostt-pan101113-180x63.jpg 180w\" sizes=\"auto, (max-width: 619px) 100vw, 619px\" \/><p id=\"caption-attachment-21435\" class=\"wp-caption-text\">Passivhochhaus Buggi 50 am 13.11.2010 in Weingarten: Tele-Blick nach Osten \u00fcber Freiburg und Dreisamtal hoch zum Schwarzwald<\/p><\/div>\n<p>&nbsp;<\/p>\n<ul>\n<li><em>Listenauswahl eines Beitrags (Artikel\/Datum, Seite\/Inhalt): <span style=\"text-decoration: underline;\">Klicken<\/span> oder scrollen<\/em><\/li>\n<li><a href=\"https:\/\/www.freiburg-schwarzwald.de\/blog\/business\/dienste\/immobilien\/wohnen\/wohneigentum\/\">Wohneigentumsquote 41,8 % in Deutschland: EU-Schlusslicht<\/a> (28.11.2025)<\/li>\n<li><a href=\"https:\/\/www.freiburg-schwarzwald.de\/blog\/selbsthilfe\/soziales\/justiz\/rechtsstaat\/enteignung\/\">David Rogers Webb: \u201eThe Great Taking\u201c \u2013 die gro\u00dfe Enteignung\u201d<\/a> (11.11.2025)<\/li>\n<li><a href=\"https:\/\/www.freiburg-schwarzwald.de\/blog\/engagement\/verbraucher\/steuern\/erbschaftssteuer\/\">Pl\u00fcnderideologie: Selbst der Kleinanleger geh\u00f6rt zum Kapitalismus<\/a>\u00a0(28.6.2025)<\/li>\n<li>Zum Eigentumsbegriff: Selbstzahler, Selbstpfl\u00fccker, Selbstabholer, Selbstschl\u00e4chter (7.6.2025)<\/li>\n<li><a href=\"https:\/\/www.freiburg-schwarzwald.de\/blog\/global\/weltwirtschaft\/\">Eigentum als Grundlage der Weltwirtschaft: F\u00e4llt die internationale Eigentumsgarantie?<\/a> (23.6.2024)<\/li>\n<li>Der Staat holt sich die H\u00e4user zur\u00fcck (7.8.2023)<\/li>\n<li>Treibt der Gutachterausschuss die Immobilienpreise in Freiburg? (6.6.2023)<\/li>\n<li>GEG: Eigentum der kleinen Leute z\u00e4hlt nicht mehr (6.5.2023)<\/li>\n<li><a href=\"https:\/\/www.freiburg-schwarzwald.de\/blog\/wohneigentumsbildung-nein\/\">Wohneigentumsbildung: Nein<\/a>\u00a0(14.3.2023)<\/li>\n<li><a href=\"https:\/\/www.freiburg-schwarzwald.de\/blog\/grundsteuer-und-enteignung\/\">Grundsteuer und Enteignung<\/a>\u00a0(28.2.2023)<\/li>\n<li><a href=\"https:\/\/www.freiburg-schwarzwald.de\/blog\/engagement\/vorschriften\/\">Vorschriften verhindern pers\u00f6nliches Engagement<\/a>\u00a0(22.2.2023)<\/li>\n<li><a href=\"https:\/\/www.freiburg-schwarzwald.de\/blog\/engagement\/zukunft\/demokratie\/regulierung\/\">Wie aus dem Wirtschaftswunder ein Verwaltungsskelett wird<\/a>\u00a0(17.2.2023)<\/li>\n<li><a href=\"https:\/\/www.freiburg-schwarzwald.de\/blog\/engagement\/verbraucher\/steuern\/erbschaftssteuer\/\">Erbschaftssteuer: Enteignung auf fiskal-b\u00fcrokratischem Wege<\/a> (9.12.2022)<\/li>\n<li><a href=\"https:\/\/www.freiburg-schwarzwald.de\/blog\/global\/globalisierung\/wef\/\">Keine Privatsph\u00e4re, kein Eigentum: Die WEF-Welt im Jahr 2030 &#8211;\u00a0<\/a>Podcast (21.9.2022)<\/li>\n<li><a href=\"https:\/\/www.freiburg-schwarzwald.de\/blog\/energie\/strom\/mieterstrom\/\">Mieterstrom und Alternativen<\/a>\u00a0(30.5.2022)<\/li>\n<li><a href=\"https:\/\/www.freiburg-schwarzwald.de\/blog\/eigene-wohnung-eigene-arbeit\/\">Eigene Wohnung \u2013 eigene Arbeit<\/a>\u00a0(9.5.2022)<\/li>\n<li>Nur 51 % der Deutschen wohnen im Eigentum &#8211; EU-Schlusslicht (13.8.2021)<\/li>\n<li><\/li>\n<li><a href=\"https:\/\/www.freiburg-schwarzwald.de\/blog\/selbsthilfe\/soziales\/justiz\/rechtsstaat\/enteignung\/\">Enteignung<\/a><\/li>\n<li><a href=\"https:\/\/www.freiburg-schwarzwald.de\/blog\/engagement\/verbraucher\/steuern\/erbschaftssteuer\/\">Erbschaftssteuer<\/a><\/li>\n<li><a href=\"https:\/\/www.freiburg-schwarzwald.de\/blog\/business\/dienste\/immobilien\/\">Immobilien<\/a><\/li>\n<li><a href=\"https:\/\/www.freiburg-schwarzwald.de\/blog\/engagement\/zukunft\/demokratie\/privateigentum\/\">Privateigentum<\/a><\/li>\n<li><a href=\"https:\/\/www.freiburg-schwarzwald.de\/blog\/engagement\/vorschriften\/\">Vorschriften<\/a><\/li>\n<li><a href=\"https:\/\/www.freiburg-schwarzwald.de\/blog\/business\/dienste\/immobilien\/wohnen\/wohneigentum\/\">Wohneigentum<\/a><\/li>\n<\/ul>\n<p>&nbsp;<\/p>\n<p><strong>Zum Eigentumsbegriff: Selbstzahler, Selbstpfl\u00fccker, Selbstabholer, Selbstschl\u00e4chter<\/strong><br \/>\n&#8230; zum erweiterten Eigentumsbegriff, der von den Linken bekanntlich propagiert und in den von ihnen gegr\u00fcndeten Staaten nolens volens realisiert wird (\u201eVolkseigentum geh\u00f6rt allen, also niemandem\u201d, pflegten wir in der Zone zu sagen, und so sahen beide, also das Volkseigentum und die Zone, am Ende auch aus).<br \/>\nRNZ+ Grossfamilien schw\u00e4rmen aus<br \/>\nWenn Selbstpfl\u00fccker f\u00fcr Erdbeer-Anbauer in Heidelberg zum Problem werden<br \/>\nhttps:\/\/www.rnz.de<br \/>\n.<br \/>\nDer \u201eSelbstpfl\u00fccker\u201d ist, zumal geborgen in seiner ausschw\u00e4rmenden Gro\u00dffamilie, das Gegenmodell zum Selbstzahler, aber er macht zugleich den Fremdpfl\u00fccker entbehrlich, dessen Tun sich \u00fcberfl\u00fcssigerweise zwischen die Erdbeere und deren Konsumenten schiebt. Selber pfl\u00fccken macht fett, sagt der Volksmund schlie\u00dflich quasi.<br \/>\nDen Typus Selbstpfl\u00fccker kennt man inzwischen auch aus der bunten Welt des uneinvernehmlichen Geschlechtsverkehrs zwecks Willkommensdankabstattung; manch Joggerin oder n\u00e4chtliche Flaneurin wei\u00df von ihrem versuchten oder vollendeten Gepfl\u00fccktwerden ein garstig Lied zu singen. Denkbar w\u00e4re empirisch gewiss auch die \u2013 allerdings total rassistische \u2013 Meldung: \u201eGro\u00dffamilien schw\u00e4rmen aus: Wenn Selbstabholer im Einzelhandel zum Problem werden\u201d. Besonders elanvolle Selbstabholer heben ganze Geldautomaten selbst ab. Auch Selbstschl\u00e4chter wurden neuerdings in deutschen Gauen gesichtet, bisweilen in Personalunion mit Selbstabholern.<br \/>\n&#8230;. Alles vom 8.6.2025 von <a href=\"https:\/\/www.freiburg-schwarzwald.de\/blog\/kultur\/dichter\/klonovsky\/\">Michael Klonovsky<\/a> bitte lesen auf<br \/>\n<a href=\"https:\/\/www.klonovsky.de\/2025\/06\/8-juni-2025\">https:\/\/www.klonovsky.de\/2025\/06\/8-juni-2025<\/a>\/<\/p>\n<p>&nbsp;<\/p>\n<p>&nbsp;<\/p>\n<p><strong>Der Staat holt sich die H\u00e4user zur\u00fcck<\/strong><br \/>\nDer Leserbrief eines Rentners vom 2.8.2023 in der Lokalzeitung G\u00e4ubote aus Herrenberg verbreitet sich derzeit in den sozialen Medien. Denn er bringt es mit klaren Worten auf den Punkt: Immer mehr B\u00fcrger sind verbittert dar\u00fcber, da\u00df von dem in der Nachkriegszeit seit dem Zusammenbruch m\u00fchsam erarbeiteten Wohlstand, wie z.B. dem eigenen Haus, f\u00fcr die eigenen Kinder <a href=\"https:\/\/www.freiburg-schwarzwald.de\/blog\/selbsthilfe\/soziales\/justiz\/rechtsstaat\/enteignung\/\">kaum etwas \u00fcbrig bleibt<\/a>: \u201eDas Fazit, der Staat holt sich die H\u00e4user zur\u00fcck, die fr\u00fcher mit viel Schwei\u00df gebaut wurden. Weil es sich keiner mehr leisten kann, ein Eigentum zu besitzen.\u201c<br \/>\n.<br \/>\n<a href=\"https:\/\/www.freiburg-schwarzwald.de\/blog\/wp-content\/uploads\/2023\/08\/staat-holt-haeusers.jpg\"><img loading=\"lazy\" decoding=\"async\" class=\"alignnone size-full wp-image-114456\" src=\"https:\/\/www.freiburg-schwarzwald.de\/blog\/wp-content\/uploads\/2023\/08\/staat-holt-haeusers.jpg\" alt=\"\" width=\"640\" height=\"729\" srcset=\"https:\/\/www.freiburg-schwarzwald.de\/blog\/wp-content\/uploads\/2023\/08\/staat-holt-haeusers.jpg 640w, https:\/\/www.freiburg-schwarzwald.de\/blog\/wp-content\/uploads\/2023\/08\/staat-holt-haeusers-562x640.jpg 562w, https:\/\/www.freiburg-schwarzwald.de\/blog\/wp-content\/uploads\/2023\/08\/staat-holt-haeusers-158x180.jpg 158w\" sizes=\"auto, (max-width: 640px) 100vw, 640px\" \/><\/a><\/p>\n<p>Dieser Leserbrief m\u00fcsste jedem Mitglied der <a href=\"https:\/\/www.freiburg-schwarzwald.de\/blog\/engagement\/zukunft\/demokratie\/ampel\/\">Ampel-Regierung<\/a> incl. <a href=\"https:\/\/www.freiburg-schwarzwald.de\/blog\/vereine\/partei\/cdu\/cdu-opposition\/\">CDU-Opposition<\/a> zur Pflichtlekt\u00fcre vorgelegt werden. Wahrscheinlich jedoch zwecklos. Schlie\u00dflich l\u00e4uft es ganz im Sinn von Klaus Schwab vom <a href=\"https:\/\/www.freiburg-schwarzwald.de\/blog\/global\/globalisierung\/wef\/\">WEF<\/a>: &#8222;Im Jahr 2030 werden Sie nichts besitzen und gl\u00fccklich sein&#8220;.<br \/>\n7.8.2023<\/p>\n<p>&nbsp;<\/p>\n<p><strong>Treibt der Gutachterausschuss die Immobilienpreise in Freiburg?<\/strong><br \/>\nGutachteraussch\u00fcsse sind selbstst\u00e4ndige Gremien, die durch Kaufpreissammlungen und Marktberichte f\u00fcr mehr Transparenz und Kontrolle auf dem Immobilienmarkt sorgen sollen. Aber tut dies das Freiburger Gremium wirklich? Der VBU macht ein gro\u00dfes Fragezeichen.<br \/>\n&#8230; Alles vom 6.6.2023 bitte lesen auf<br \/>\n<a href=\"https:\/\/www.badische-zeitung.de\/treibt-der-gutachterausschuss-die-immobilienpreise-in-freiburg--266240261.html\">https:\/\/www.badische-zeitung.de\/treibt-der-gutachterausschuss-die-immobilienpreise-in-freiburg&#8211;266240261.html<\/a><\/p>\n<p>Einige Kommentare:<br \/>\nKritik auf breiter Front auch von den Eigent\u00fcmern und den Mietern, Wohnen wird nicht nur energetisch zum absoluten Luxus: Vergleicht man die Bodenrichtwerte in Stuttgart oder M\u00fcnchen &#8211; auch kein g\u00fcnstiges Pflaster, Herr Sprenker &#8211; mit denen von Freiburg kann man sich hier im St\u00e4dtle angesichts der astronomisch hohen Werte nur verwundert die Augen reiben (zumal hier auch der Hebesatz extrem hoch ist): Allein im St\u00fchlinger reicht der Wert von ca. 800 Euro im Metzgergr\u00fcn bis zu rund 1.600 Euro und mehr f\u00fcr Grundst\u00fccke nur wenige Hundert Meter weiter &#8230; Die Besetzung und die Kontrolle der Arbeit dieses Gutachterausschusses h\u00e4tten sofort nach der ersten Kritik von den entsprechenden Verantwortlichen korrigiert werden m\u00fcssen (aber auch die Stadt profitiert von h\u00f6heren, dann aber auch noch tragbaren (?) Steuern). So bleibt den Eigent\u00fcmern und Mietern nur der unbedingte Widerspruch gegen die neuen Grundsteuerbescheide. <a href=\"http:\/\/www.chilli-freiburg.de\/specials\/business-im-breisgau\/freiburg-haelt-am-hoechsten-hebesatz-fest-gutachterausschuss-veroeffentlicht-neue-bodenrichtwerte\/\">http:\/\/www.chilli-freiburg.de\/specials\/business-im-breisgau\/freiburg-haelt-am-hoechsten-hebesatz-fest-gutachterausschuss-veroeffentlicht-neue-bodenrichtwerte\/<\/a><br \/>\n6.6.2023, A.M.<br \/>\n.<br \/>\nSorry, alles Quatsch. Die niedrigen Zinsen ( und zuwenig Angebot ) haben die Gesamtpreise getrieben. Der Gutachterausschuss sammelt die Kaufpreise und rechnet in seinem schwarzen Loch die Geb\u00e4udepreise nach bestimmtem Schema ( nicht ver\u00e4ndert ) heraus: \u00fcbrig bleiben die Grundst\u00fcckspreise &#8211; aha: gestiegen.<br \/>\nUnd wer profitiert davon ? Nein, nicht die Bautr\u00e4ger und Investoren. Am ehesten die Stadt, das Finanzamt und die Erbbaurechtsgeber. U.K.<br \/>\n.<br \/>\nBei den Bodenrichtwerten haben die Gutachteraussch\u00fcsse allesamt Dreck am Stecken. In Freiburg gab es einen Fall, da wurde einfach summarisch verfahren und Grundst\u00fccke mit unterschiedlichen Geschossfl\u00e4chenzahlen zusammengefasst. Die Crux ist, dass die Beschl\u00fcsse einem vorgesetzt werden und die Bewertungskriterien intransparent sind. Es gibt auch keine \u00dcberpr\u00fcfungsm\u00f6glichkeiten. Es w\u00fcrde mich nicht wundern, wenn diese Verfahrensweise mit unserer Grundordnung unvereinbar ist. W.P.<br \/>\n.<br \/>\nAha, Herr K., und deswegen sind die Bodenrichtwerte in Herdern auch niedriger als im St\u00fchlinger, weil in Herdern die Kaufpreise niedriger sind? Wohl kaum &#8230; In die Bewertung flie\u00dfen mehrere Faktoren ein, u. a. auch die blo\u00dfe N\u00e4he zum Stadtzentrum und der zentralen Infrastruktur (und dabei bleibt die niedrigere Lebensqualit\u00e4t durch L\u00e4rm, Sicherheit etc. in letzterem Viertel v\u00f6llig unber\u00fccksichtigt). Der Bahnhof wird aber z.B. von der Gesamtstadt benutzt, die N\u00e4he zu ihm kann also kein Argument f\u00fcr die h\u00f6heren Bodenrichtwerte im \u00e4rmeren St\u00fchlinger sein. Und im Stadt-Zentrum wurde diese lediglich gesch\u00e4tzt &#8230; Viele Gesch\u00e4fte stehen in der Innenstadt jetzt schon leer, die extrem hohen Werte von z.B. 20.000 Euro (KaJo) wird die Lage noch weiter versch\u00e4rfen. Der B\u00fcrger hat bei der Grundsteuer nicht nur die Arbeit der Kommune \u00fcbernehmen m\u00fcssen, er wird auch noch v\u00f6llig ungerecht besteuert (w\u00e4hrend andere entlastet werden). A.M.<br \/>\n.<br \/>\nEndlich! Was k\u00f6nnte wohl Treiber f\u00fcr h\u00f6here Preise sein? Die Wohnungsnot, die es nicht gibt? Die Anzahl der Verk\u00e4ufe wenn kaum Verk\u00e4ufe in Million\u00e4rsvierteln stattfinden? Hier wurden die Nutznie\u00dfer zu den H\u00fctern der Sache gemacht von der sie leben. Irgendwie kommt mir das vor wie bei einer Versteigerung. Das H\u00f6chstgebot bekommt das dreifache H\u00e4mmerchen auf edlem Holz. Nehmen wir die Stadt als Erbbaurechtsgeber, die auch Vertreter im Ausschuss hat. Was h\u00e4tte sie davon, wenn die Bodenrichtwerte sinken? Hat es das in den letzten 60-70 Jahren denn schon einmal gegeben? Gab es nie Gr\u00fcnde (nasse Keller in einem Viertel etc.), die zumindest erahnen lie\u00dfen, dass der Bodenwert abnimmt? Wer sich die Bodenrichtwerte in den Freiburger Vierteln anschaut l\u00e4uft Gefahr vor lauter Kopfsch\u00fctteln eine schwere Gehirnersch\u00fctterung zu bekommen. Und der Oberhammer ist, dass das Land BW darauf auch noch die Grundsteuer setzt.Ende Kommentare. G.R.<\/p>\n<p>Bodenrichtwerte bestimmen Grundst\u00fcckspreise: Gutachterausschuss<br \/>\nMit Recht kritisiert die &#8222;Vereinigung Badischer Unternehmen und Verb\u00e4nde&#8220; die weitgehende Intransparenz rund um den Gutachterausschuss: Wer dort mit welcher Qualifikation und Legitimation und mit welchem (Eigen-)Interesse seit wie vielen Amtsperioden t\u00e4tig ist, bleibt der \u00d6ffentlichkeit verborgen, ebenso wie und nach welchen Kriterien die Auswertung der Kaufpreise vorgenommen wird und die Richtwerte zustande kommen. Auch wenn die Arbeit des Ausschusses notwendig und verdienstvoll ist, so darf doch unterstellt werden, dass alle Mitglieder des Gremiums an hohen und weiter steigenden Bodenpreisen ein Interesse haben. Das ist schon bisher mehr als \u00e4rgerlich und widerspricht der Forderung nach transparenten und fairen Entscheidungsgrundlagen und -verfahren \u00f6ffentlicher Institutionen. Die kritisierte Intransparenz erh\u00e4lt aktuell eine ungleich gr\u00f6\u00dfere und auch allgemeinpolitische Bedeutung, da sich das baden-w\u00fcrttembergische Verfahren zur Ermittlung der (neuen) Grundsteuer ganz ma\u00dfgeblich auf die aktuellen Bodenrichtwerte st\u00fctzt. Damit sind nahezu alle B\u00fcrger als Grundeigent\u00fcmer direkt oder als Mieter indirekt betroffen. Man darf gespannt sein, ob die bisherige Art und Weise der Bodenrichtwertermittlung in Baden-W\u00fcrttemberg &#8222;nach Gutsherrenart im Hinterzimmer&#8220; vor Gericht Bestand haben wird. Ein besser durch Methoden und Daten abgesichertes Verfahren, mit dem durch ein tats\u00e4chlich unabh\u00e4ngiges externes Gremium Bodenrichtwerte transparent und fair ermittelt werden, wie dies etwa f\u00fcr die Ermittlung der orts\u00fcblichen Vergleichsmiete beim qualifizierten Mietspiegel der Fall ist, ist das Mindeste, was Steuerzahler(innen) erwarten k\u00f6nnen und fordern sollten.<br \/>\nGero Becker, Freiburg, 28.6.2023<br \/>\n<a href=\"https:\/\/www.badische-zeitung.de\/nahezu-alle-buerger-direkt-oder-indirekt-betroffen--270887139.html\">https:\/\/www.badische-zeitung.de\/nahezu-alle-buerger-direkt-oder-indirekt-betroffen&#8211;270887139.html<\/a><br \/>\nEnde Kommentare<\/p>\n<p>&nbsp;<\/p>\n<p>&nbsp;<\/p>\n<p><strong><a href=\"https:\/\/www.freiburg-schwarzwald.de\/blog\/business\/dienste\/immobilien\/geg\/\">GEG<\/a>: Eigentum der kleinen Leute z\u00e4hlt nicht mehr<\/strong><br \/>\n\u201eM\u00fchsam erworbenes Eigentum der kleinen Leute z\u00e4hlt nicht mehr, jeder Quadratmeter<br \/>\nWohnk\u00fcche wird ihnen vorgerechnet. Der Wunsch nach Heimat wird von der gr\u00fcnen<br \/>\nW\u00e4rmewendeideologie zerschlagen; klar: Damit konnten Habeck und Baerbock noch nie was anfangen. Und so werden Menschen und ihr Leben zerst\u00f6rt. Ihre Altersvorsorge, ihr Eigentum, ihr Stolz.\u201c<br \/>\nRoland Tichy, Chefredakteur, auf \u201eTichys Einblick\u201c am 6. Mai 2023<br \/>\n<a href=\"https:\/\/www.tichyseinblick.de\">https:\/\/www.tichyseinblick.de\u00a0<\/a><\/p>\n<p>&nbsp;<\/p>\n<p><strong>Nur 51 % der Deutschen wohnen im Eigentum &#8211; EU-Schlusslicht<br \/>\nWarum hassen die Parteien das Eigenheim?<\/strong><br \/>\n<strong>Privates Wohneigentum sinkt, Mietpreise steigen<\/strong><br \/>\nDer Immobilienbesitzer gilt auch hierzulande als Hai; der Mieter als Opferlamm und der Staat spielt sich als Messias auf. Das Ergebnis dieses seit Jahrzehnten einstudierten Rollenspiels k\u00f6nnte niederschmetternder nicht sein: Das private Wohneigentum schrumpft, die Mietpreise steigen.<br \/>\nDie Wohneigentumsquote, also jene Zahl, die Auskunft \u00fcber das Verh\u00e4ltnis von Mietern vs. Eigent\u00fcmern gibt, ist die niedrigste der westlichen Welt. Minus vier Prozent allein seit 2010. Deutschland hat sich vom Rest der Welt regelrecht entkoppelt:<br \/>\n&#8211; In den meisten ehemaligen Ostblockstaaten, von Rum\u00e4nien bis Ungarn, geh\u00f6ren 70 bis 90 Prozent der Wohnungen und H\u00e4user den Menschen, die darin wohnen. Freiheit und Eigentum werden als Zwillingsbr\u00fcder erlebt.<br \/>\n&#8211; In den USA ist die Homeowner Association die gro\u00dfe politische Br\u00fccke, die Republikaner und Demokraten miteinander verbindet. Pr\u00e4sident Bill Clinton: &#8222;Der Besitz von Hauseigentum ist der amerikanische Traum. \u201c<br \/>\nDer Prozentsatz der Amerikaner, die im eigenen Haus wohnten, stieg von 64 Prozent unter Clinton auf 69 Prozent unter George W. Bush. &#8230;<br \/>\n&#8211; Auch in Gro\u00dfbritannien und Frankreich, in Italien sowieso, ist die Mehrzahl der Menschen Besitzer des eigenen Wohnraums. Vor allem deshalb stehen viele Nationen in der Verm\u00f6gensstatistik deutlich besser da als die Deutschen.<br \/>\nHierzulande besitzen nur 51,1 Prozent der Menschen einen Rechtstitel an Wohnraum, die andere H\u00e4lfte wohnt zur Miete. Am geringsten ist die Eigent\u00fcmerschaft dort ausgepr\u00e4gt, wo die Kanzlerin herkommt, in Mecklenburg-Vorpommern; die Eigentumsquote betr\u00e4gt hier lediglich 41,1 Prozent. Das Thema hatte f\u00fcr sie zu keinem Zeitpunkt Priorit\u00e4t. Als Beitrag zur Haushaltssanierung strich Merkel kurzerhand ab 2006 die Eigenheimzulage.<br \/>\n&#8230;<br \/>\nDoch die Wurzel des \u00dcbels reicht \u00fcber Merkel hinaus. Die deutsche Politik mag es nicht, wenn Menschen in ihren eigenen vier W\u00e4nden leben:<br \/>\n&#8211; Die Gr\u00fcnen st\u00f6rt, dass daf\u00fcr Ackerland in Bauland verwandelt werden muss. Der Regen soll in der Erde versickern und nicht gegen Wintergarten oder Veranda trommeln.<br \/>\n&#8211; SPD und CDU sehen den B\u00fcrger lieber als Mieter, den sie mit Schutzgesetzen und Mietgeldzusch\u00fcssen bet\u00fctteln d\u00fcrfen. Der B\u00fcrger soll alimentiert, nicht befreit werden.<br \/>\n&#8211; Die Linkspartei will am liebsten die privaten Immobilienkonzerne verstaatlichen, wor\u00fcber in Berlin am Tag der Bundestagswahl abgestimmt wird. Das Vorbild dieser Initiative ist das kommunistisch regierte Havanna, wo Staatsbesitz und Mietpreisbremse die Bausubstanz der Stadt gr\u00fcndlich ruiniert haben.<br \/>\n&#8230;<br \/>\nAber vielleicht ergibt sich ja noch die M\u00f6glichkeit zur inhaltlichen Debatte. Eine \u201eGesellschaft der Wohnungseigent\u00fcmer\u201c w\u00e4re nach all den apokalyptischen Phantasien von Klimasch\u00fctzern und Pandemiebek\u00e4mpfern ein politischer Traum f\u00fcr Millionen Menschen in der Mitte der Gesellschaft. Ein Traum, f\u00fcr den es sich wom\u00f6glich lohnt, nicht nur zur Arbeit, sondern auch zur Wahl zu gehen.<br \/>\n&#8230; Alles vom 13.8.2021 von Gabor Steinhart bitte lesen auf<br \/>\n<a href=\"https:\/\/news.gaborsteingart.com\/online.php?u=FFinV7419246\">https:\/\/news.gaborsteingart.com\/online.php?u=FFinV7419246<\/a><\/p>\n","protected":false},"excerpt":{"rendered":"<p>Home &gt;Soziales\u00a0&gt;Dienste\u00a0&gt;Immobilien\u00a0&gt;Wohnen\u00a0&gt;Rechtsstaat &gt;Enteignung &gt;Eigentum &nbsp; Listenauswahl eines Beitrags (Artikel\/Datum, Seite\/Inhalt): Klicken oder scrollen Wohneigentumsquote 41,8 % in Deutschland: EU-Schlusslicht (28.11.2025) David Rogers Webb: \u201eThe Great Taking\u201c \u2013 die gro\u00dfe Enteignung\u201d (11.11.2025) Pl\u00fcnderideologie: Selbst der Kleinanleger geh\u00f6rt zum Kapitalismus\u00a0(28.6.2025) Zum Eigentumsbegriff: &hellip; <a href=\"https:\/\/www.freiburg-schwarzwald.de\/blog\/business\/dienste\/immobilien\/eigentum\/\">Weiterlesen <span class=\"meta-nav\">&rarr;<\/span><\/a><\/p>\n","protected":false},"author":2,"featured_media":0,"parent":957,"menu_order":0,"comment_status":"closed","ping_status":"closed","template":"","meta":{"footnotes":""},"class_list":["post-93699","page","type-page","status-publish","hentry"],"_links":{"self":[{"href":"https:\/\/www.freiburg-schwarzwald.de\/blog\/wp-json\/wp\/v2\/pages\/93699","targetHints":{"allow":["GET"]}}],"collection":[{"href":"https:\/\/www.freiburg-schwarzwald.de\/blog\/wp-json\/wp\/v2\/pages"}],"about":[{"href":"https:\/\/www.freiburg-schwarzwald.de\/blog\/wp-json\/wp\/v2\/types\/page"}],"author":[{"embeddable":true,"href":"https:\/\/www.freiburg-schwarzwald.de\/blog\/wp-json\/wp\/v2\/users\/2"}],"replies":[{"embeddable":true,"href":"https:\/\/www.freiburg-schwarzwald.de\/blog\/wp-json\/wp\/v2\/comments?post=93699"}],"version-history":[{"count":5,"href":"https:\/\/www.freiburg-schwarzwald.de\/blog\/wp-json\/wp\/v2\/pages\/93699\/revisions"}],"predecessor-version":[{"id":142180,"href":"https:\/\/www.freiburg-schwarzwald.de\/blog\/wp-json\/wp\/v2\/pages\/93699\/revisions\/142180"}],"up":[{"embeddable":true,"href":"https:\/\/www.freiburg-schwarzwald.de\/blog\/wp-json\/wp\/v2\/pages\/957"}],"wp:attachment":[{"href":"https:\/\/www.freiburg-schwarzwald.de\/blog\/wp-json\/wp\/v2\/media?parent=93699"}],"curies":[{"name":"wp","href":"https:\/\/api.w.org\/{rel}","templated":true}]}}