{"id":91798,"date":"2021-06-23T20:22:16","date_gmt":"2021-06-23T18:22:16","guid":{"rendered":"https:\/\/www.freiburg-schwarzwald.de\/blog\/?page_id=91798"},"modified":"2026-03-17T16:08:30","modified_gmt":"2026-03-17T15:08:30","slug":"elitenkritik","status":"publish","type":"page","link":"https:\/\/www.freiburg-schwarzwald.de\/blog\/engagement\/zukunft\/demokratie\/elitenkritik\/","title":{"rendered":"Elitenkritik"},"content":{"rendered":"<p><a href=\"https:\/\/freiburg-schwarzwald.de\/blog\">Home<\/a>\u00a0&gt;<a title=\"Engagement\" href=\"https:\/\/www.freiburg-schwarzwald.de\/blog\/engagement\/\">Engagement<\/a>\u00a0&gt;<a title=\"Zukunft\" href=\"https:\/\/www.freiburg-schwarzwald.de\/blog\/engagement\/zukunft\/\">Zukunft<\/a>\u00a0&gt;<a title=\"Demokratie\" href=\"https:\/\/www.freiburg-schwarzwald.de\/blog\/engagement\/zukunft\/demokratie\/\">Demokratie<\/a> &gt;<a title=\"Deutschland\" href=\"https:\/\/www.freiburg-schwarzwald.de\/blog\/global\/deutschland\/\">Deutschland<\/a>\u00a0&gt;<a href=\"https:\/\/www.freiburg-schwarzwald.de\/blog\/global\/deutschland\/gesellschaft\/\">Gesellschaft<\/a> &gt;Elitenkritik<\/p>\n<div id=\"attachment_91800\" style=\"width: 650px\" class=\"wp-caption alignnone\"><a href=\"https:\/\/www.freiburg-schwarzwald.de\/blog\/wp-content\/uploads\/2021\/06\/freiburg-dreisam-picknick-pan210617.jpg\"><img loading=\"lazy\" decoding=\"async\" aria-describedby=\"caption-attachment-91800\" class=\"size-full wp-image-91800\" src=\"https:\/\/www.freiburg-schwarzwald.de\/blog\/wp-content\/uploads\/2021\/06\/freiburg-dreisam-picknick-pan210617.jpg\" alt=\"\" width=\"640\" height=\"305\" srcset=\"https:\/\/www.freiburg-schwarzwald.de\/blog\/wp-content\/uploads\/2021\/06\/freiburg-dreisam-picknick-pan210617.jpg 640w, https:\/\/www.freiburg-schwarzwald.de\/blog\/wp-content\/uploads\/2021\/06\/freiburg-dreisam-picknick-pan210617-180x86.jpg 180w\" sizes=\"auto, (max-width: 640px) 100vw, 640px\" \/><\/a><p id=\"caption-attachment-91800\" class=\"wp-caption-text\">Familienpicknick an der renaturierten Dreisam in Freiburg am 17.6.2021<\/p><\/div>\n<ul>\n<li><em>Listenauswahl eines Beitrags: Bitte anklicken oder runterscrollen<\/em><\/li>\n<li><a href=\"https:\/\/www.freiburg-schwarzwald.de\/blog\/habermas-96-jaehrig-verstorben\/\">Habermas 96-j\u00e4hrig gestorben<\/a>\u00a0(17.3.2026)<\/li>\n<li><a href=\"https:\/\/www.freiburg-schwarzwald.de\/blog\/niedergang-wirtschaft-kritik\/\">Niedergang: Wirtschaft, Kritik<\/a>\u00a0(18.8.2025)<\/li>\n<li><a href=\"https:\/\/www.freiburg-schwarzwald.de\/blog\/business\/volkswirtschaft\/oekonomie\/\">Warum zerbricht dieses Land? Der Kampf gegen die Realit\u00e4t<\/a>\u00a0(17.8.2025)<\/li>\n<li><a href=\"https:\/\/www.freiburg-schwarzwald.de\/blog\/kultur\/medien\/kritik\/\">Kritik und Majest\u00e4tsbeleidigung<\/a>\u00a0(7.1.2025)<\/li>\n<li><a href=\"https:\/\/www.freiburg-schwarzwald.de\/blog\/global\/deutschland\/gesellschaft\/establishment\/\">Deutschland schaut auf Sylt \u2013 zur Ablenkung<\/a> (26,5,2024)<\/li>\n<li><a href=\"https:\/\/www.freiburg-schwarzwald.de\/blog\/engagement\/zukunft\/demokratie\/elitenwechsel\/\">Elitenwechsel in totalit\u00e4ren wie demokratischen Systemen<\/a>\u00a0(21.7.2023)<\/li>\n<li><a href=\"https:\/\/www.freiburg-schwarzwald.de\/blog\/religion\/kirche-politik\/\">Peter Hahne Ehrendoktor:\u00a0 \u201eHolt Gott zur\u00fcck in die Politik\u201c<\/a>\u00a0(1.10.2022)<\/li>\n<li><a href=\"https:\/\/www.freiburg-schwarzwald.de\/blog\/engagement\/zukunft\/demokratie\/staat\/\">Eine politisch mediale Elite macht sich den Staat zur Beute<\/a>\u00a0(23.9.2022)<\/li>\n<li><a href=\"https:\/\/www.freiburg-schwarzwald.de\/blog\/engagiert-kritische-alte-gesucht\/\">Engagiert kritische Alte gesucht<\/a>\u00a0(20.9.2022)<\/li>\n<li><a href=\"https:\/\/www.freiburg-schwarzwald.de\/blog\/gleichheit-herz-statt-spaltung\/\">Gleichheit + Herz statt Spaltung<\/a>\u00a0(26.8.2021)<\/li>\n<li><a href=\"https:\/\/www.freiburg-schwarzwald.de\/blog\/ichbinhanna-bildungsprekariat\/\">IchBinHanna \u2013 Bildungsprekariat<\/a>\u00a0(1.7.2021)<\/li>\n<li>Carolin Emke: Kritik an Juden ist antisemitisch, an Klimaforschern auch (18.6.2021)<\/li>\n<li><\/li>\n<li><a href=\"https:\/\/www.freiburg-schwarzwald.de\/blog\/engagement\/zukunft\/demokratie\/elitenwechsel\/\">Elitenwechsel<\/a><\/li>\n<li><a href=\"https:\/\/www.freiburg-schwarzwald.de\/blog\/kultur\/medien\/kritik\/\">Kritik<\/a><\/li>\n<li><a href=\"https:\/\/www.freiburg-schwarzwald.de\/blog\/business\/volkswirtschaft\/oekonomie\/\">Oekonomie<\/a><\/li>\n<li><a href=\"https:\/\/www.freiburg-schwarzwald.de\/blog\/engagement\/zukunft\/demokratie\/staat\/\">Staat<\/a><\/li>\n<\/ul>\n<p><strong>Elitenkritik: Kritik an Eliten\u00a0 oder\u00a0 Kritik der Eliten<\/strong><\/p>\n<p>&nbsp;<\/p>\n<p><strong>Carolin Emke: Kritik an Juden ist antisemitisch, an Klimaforschern auch<\/strong><br \/>\n<strong>Wenn Hohepriester Elitenkritik f\u00fcr eine ganz schlechte Sache halten<\/strong><br \/>\nDie Debatte um Carolin Emckes Verwendung des Wortes &#8222;Juden&#8220; bei\u00dft sich an einer Nebenfrage fest. Auch ohne diesen Begriff w\u00e4re ihre Rede autorit\u00e4r und antiaufkl\u00e4rerisch gewesen. Damit passt sie allerdings gut in die Zeit<br \/>\n&#8230;<br \/>\nDie Passage, um die es geht, lautet:<br \/>\n<em>&#8222;Die radikale Wissenschaftsfeindlichkeit, die zynische Ausbeutung sozialer Unsicherheit, die populistische Mobilisierung und die Bereitschaft zu Ressentiment und Gewalt werden bleiben. Es wird sicher wieder von \u201aElite\u2019 gesprochen werden und vermutlich werden es dann nicht die \u201aJuden\u2019 und \u201aKosmopoliten\u2019, nicht die \u201aFeministinnen\u2019 und \u201aVirolog*Innen\u2019 sein, vor denen gewarnt wird, sondern die Klimaforscher*Innen.\u201c<br \/>\n<\/em><br \/>\nDer Kontext, in dem bekanntlich alles zu sehen ist, gibt leider nicht her, wer radikaler Wissenschaftsfeind ist, zynisch ausbeutet, mobilisiert, von Elite in Anf\u00fchrungszeichen spricht und vor weiteren teils gegenderten, teils ungegenderten Personengruppen warnt. Ressentiment, Gewalt, Sprechen und Warnen \u2013 alles sehr verschiedene Dinge \u2013 flie\u00dfen in dieser Passivkonstruktion zu einem einzigen Sulz ineinander.<br \/>\nDie Kritik an Emcke und dem zuh\u00f6renden Spitzenpaar Annalena Baerbock und Robert Habeck entz\u00fcndete sich bekanntlich daran, dass ein ungenannter Feind Elitenkritik \u00fcben wird, dann aber nicht wie fr\u00fcher vor Juden und Kosmopoliten warnen will, sondern vor Klimaforschern. <em><strong>Der Satz f\u00e4delt also Juden, Kosmopoliten und Klimaforscher auf die gleiche Schnur<\/strong><\/em>. Er vergleicht nicht, er sagt nicht, <a href=\"https:\/\/www.freiburg-schwarzwald.de\/blog\/natur\/klima\/klima-forschung\/klimawissenschaft\/\">Klimaforscher<\/a> w\u00fcrden heute so verfolgt wie Juden fr\u00fcher, suggeriert aber, diejenigen, die heute etwas gegen Klimaforscher vorbringen w\u00fcrden, \u00e4hnelten den fr\u00fcheren Judenfeinden. Was Emcke sagt, suggeriert also, r\u00fchrt zusammen, reiht Signalw\u00f6rter auf. Eine deutlich die Judenverfolgung bagatellisierende Aussage gibt es trotzdem nicht, und zwar aus einem Grund: Dem Satz fehlt von vornherein jede deutliche Aussage. Seine Satzglieder h\u00e4ngen schief aneinander wie die Waggons eines entgleisten Zuges. Das macht es den wohlmeinenden Exegeten leicht, Carolin Emcke gegen den Vorwurf des rhetorischen Spieltricks zu verteidigen. Jedenfalls kostet es weniger M\u00fche, als in Maa\u00dfens \u201aGlobalisten\u2019 Spurenelemente von Antisemitismus nachzuweisen. Diejenigen aus Medien- und Politikbetrieb, die sich gerade darum bem\u00fchten, den CDU-Politiker zum Kryptoantisemiten zu machen, und sich jetzt dar\u00fcber beklagen, Emckes Wort w\u00fcrde aus dem Kontext gerissen, erinnern ein bisschen an Capitain Renault in \u201eCasablanca\u201c, der in seinem Stammcasino ausruft, als die Razzia beginnt: \u201eIch stelle fest, hier wird Gl\u00fccksspiel betrieben. Ich bin entsetzt, schockiert\u201c, w\u00e4hrend er sich schnell seine Jetons in die Tasche stopft. Auch ohne Verwendung des Wortes \u201aJuden\u2019 w\u00e4re Emckes Satz ein intellektueller Unfall.<br \/>\n&#8230;.<br \/>\nDie Benutzung des Signalworts \u201aJuden\u2019 ist da nur noch eine Extrazutat. Wer konstruierte Gebilde wie die Wissenschaft oder den Feminismus kritisiert, aber auch und vor allem, wer einzelne Vertreter der linksmoralischen Kaste nicht ohne weiteres als Priester anerkennt, soll mit diesem rhetorischen Trick auf eine moralische Stufe mit Antisemiten gedr\u00fcckt werden. Das verk\u00fcndet Emcke wie gesagt nicht explizit, weil explizites Reden nicht ihre Sache ist. Aber sie wei\u00df wie eine H\u00fctchenspielerin genau, welchen Subtext sie hin und her bewegt. Sie benutzt die gleiche Methode wie k\u00fcrzlich die Vorsitzende der Amadeo Antonio-Stiftung Anetta Kahane, die vor der Bundespressekonferenz verk\u00fcndete, Kritik beispielsweise an Bill Gates sei \u201eVerschw\u00f6rungstheorie\u201c und \u201estrukturell antisemitisch\u201c; ihr Zirkelschluss lautete: Kritik an Gates ist verschw\u00f6rungstheoretisch, Antisemitismus ist im Kern eine Verschw\u00f6rungstheorie (was tats\u00e4chlich zutrifft), also ist jeder, der etwas gegen den Microsoft-Gr\u00fcnder vorbringt, ein abgeleiteter Antisemit.<br \/>\nEs dient der Klarheit des Denkens enorm, sich das Kategorienverh\u00e4ltnis bewusst zu machen, am besten mit dem Lehrsatz: Alle Dackel sind Hunde, aber nicht alle Hunde sind Dackel. Es gibt Verschw\u00f6rungstheorien \u00fcber und zu Bill Gates \u2013 aber l\u00e4ngst nicht jede Kritik an ihm ist eine Verschw\u00f6rungstheorie. Es gibt eine Menge antisemitischer Aussagen \u00fcber George Soros. Aber nicht jede Kritik an Soros ist antisemitisch. Es finden sich auch allgemein verschw\u00f6rungstheoretische und antisemitische T\u00f6ne in \u00c4u\u00dferungen gegen Eliten. Das macht aber noch lange nicht jede Elitenkritik zu etwas Verschw\u00f6rerischem und Antisemitischem. Es kommt auf die Kritik an.<br \/>\nDie Ansicht, dass Eliten Kritik an sich ertragen m\u00fcssen, ist gerade eine Frucht der Aufkl\u00e4rung. Das gilt auch, wenn Elitenpositionen heute im Westen \u00fcberwiegend linksmoralisch besetzt sind. Gates und Soros sind ohne Zweifel Personen, die nicht nur viel Geld in ihren H\u00e4nden konzentrieren, sondern auch ungew\u00f6hnlich viel Macht. Dazu kommt, dass sie kein durch Wahlen gewonnenes Mandat besitzen. Kritik an M\u00e4chtigen ist das Kennzeichen offener Gesellschaften. Macht ohne Mandat eher nicht.<br \/>\nIn ihrer eingespielten Rede zum Gr\u00fcnen-Parteitag behauptet Emcke, Aufkl\u00e4rung und Rationalit\u00e4t zu verteidigen. Tats\u00e4chlich betreibt sie das exakte Gegenteil: Sie versucht, eine Funktionselite von Wissenschaftlern zu sakralisieren und die Kritik an ihr zu verketzern.<br \/>\n&#8230;.<br \/>\n\u00dcber das Klima im Land sagt es sehr viel, dass sich das Kommentariat an der Nebenfrage festbei\u00dft, ob die Aufreihung von \u201aJuden\u2019 in Emckes Rede vertretbar, antisemitsmusverharmlosend oder sogar antisemitisch war, und dabei die zentrale Frage \u00fcbersieht, willentlich oder aus Unverm\u00f6gen, dass ihre Botschaften antiaufkl\u00e4rerisch und autorit\u00e4r sind. Und dass sie es auch ohne das Wort \u201aJuden\u2019 w\u00e4ren<br \/>\n&#8230; Alles vom 18.6.2021 von AlexanderWendt bitte lesen auf<br \/>\n<a href=\"https:\/\/www.tichyseinblick.de\/meinungen\/carolin-emcke-elitenkritik\/\">https:\/\/www.tichyseinblick.de\/meinungen\/carolin-emcke-elitenkritik\/<\/a><br \/>\n&#8230;<br \/>\nEinige Kommentare:<br \/>\n<strong>Gr\u00fcnlinke Elite dominiert die geistige Elite<\/strong><br \/>\nNachdem die wahre geistige Elite, die noch zu dieser scharfen Logik f\u00e4hig ist, von einer selbst ernannten Elite lautstark und erfolgreich diffamiert wird, sehe ich so gut, wie keine Chance die Dekadenz unserer historisch gewachsenen Werte zu verhindern. Es kommt, wie es kommen muss, erst wenn alles in Tr\u00fcmmern liegt, weil sich die Pseudo-Elite sich selbst zerfleischt, nachdem der Feind der Antifa nicht mehr existent scheint, wird man sich besinnen und erkennen, was verloren ging.<br \/>\n18.6.2021, J.W.<\/p>\n<p><strong>Geistige Elite schweigt<\/strong><br \/>\nEs gibt eine berechtigte Angst: Die Angst vor dem Schweigen derer, die wissen, wo die Reise endet, wenn despotistische, dumpf-eitle Propheten die F\u00fchrung \u00fcberlassen wird. Es ist immer wieder die Feigheit, die durch Unterlassen das zuk\u00fcnftige Grauen hervorbringt.<br \/>\n18.6.2021, G.F.<\/p>\n<p>Allein die Lekt\u00fcre dieses tollen Artikels, der den selbsternannten \u201eEliten\u201c schonungslos den Spiegel vorh\u00e4lt, bringt mir viel mehr, als f\u00fcnf Stunden Baerbock-Geschwurbel oder Restle-Propaganda. Ohne TE w\u00e4re die Medienlandschaft so viel \u00e4rmer. Viele Aspekte sind bemerkenswert, z. B. die unfassbare Ansage Baerbocks, dass Politik nicht fragen solle, \u201eob das geht\u201c, sondern einfach mal machen solle (so wie von Merkel praktiziert bei Einwanderungs- und Energiepolitik, mit \u00fcblen Konsequenzen). Rausgreifen m\u00f6chte ich Emckes Gerede \u00fcber den \u201eZusammenhang von Demokratie und Wahrheit\u201c. Denn in meinem Kopf spielte sich sofort eine Assoziation ab, wie sie bei vielen medial dressierten B\u00fcrgern ablaufen d\u00fcrfte:<br \/>\nDemokratie = linksgr\u00fcne Haltung = Wahrheit<br \/>\nLinksgr\u00fcne stehen f\u00fcr funktionierende Demokratie, sie verteidigen sie gegen Angriffe von \u201erechts\u201c. Demokrat ist, wer Blockparteien w\u00e4hlt. Nur Linksgr\u00fcne kennen und sagen die Wahrheit, nur ihnen kann man vertrauen. Schlimm, wie automatisch solche Denkmuster sogar bei mir als TE- und Achse-Leser<br \/>\n18.6.2021, Lot<\/p>\n<p><strong>&#8230;. die selbsternannte linke Elite ist unkritisierbar<\/strong><br \/>\nAm Elitenbegriff w\u00e4re das Missverst\u00e4ndnis zu kl\u00e4ren, dass mit der kritisierten Elite keine qualitativ wahre Elite gemeint ist, sondern das, was sich selbsternannt f\u00fcr Elite h\u00e4lt. Ich sehe in diesem D\u00fcnkel eine Fortsetzung der Tradition deutschen \u00dcberheblichkeitsgebarens, an dem schon wieder die ganze Welt genesen soll. Wenn sie doch endlich mit offenen Augen und elitegem\u00e4\u00dfem Verstand begreifen w\u00fcrden, dass sie letztendlich damit niemanden gl\u00fccklich machen, allenfalls h\u00e4sslichen Mitmenschen ein \u201emoralisches\u201c Alibi verschaffen f\u00fcr das \u00d6ffnen ihrer Ventile, womit sie auf andere Menschen losgehen.<br \/>\n18.6.2021, H.W.<\/p>\n<p><strong>Elite sichert ihrer totalit\u00e4re Meinungshoheit<\/strong><br \/>\nHervorragende Analyse, Herr Wendt. Einer sich selbst zur Elite erkl\u00e4renden Gruppe geht es um Erhalt und Sicherung ihrer totalit\u00e4ren Meinungshoheit. \u201eWer selber denkt, der denkt verkehrt\u201c, lautet das neue Motto dieser selbsternannten Priester der einheitlichen, vereinheitlichten Meinung. Das Volk soll ihnen gl\u00e4ubig folgen. Wer selber denkt, wird zum Verschw\u00f6rungstheoretiker. Es geht schlie\u00dflich um Glauben und nicht um \u00fcberpr\u00fcfbares Wissen. Die hart erk\u00e4mpften, freiheitlich demokratischen Rechte der Aufkl\u00e4rung sollen ausgehebelt, r\u00fcckg\u00e4ngig gemacht werden.<br \/>\n18.6.2021, Hof<br \/>\n.<br \/>\n<strong>Hypermoralisten oder Neo-Jakobiner<\/strong><br \/>\nDas Grundproblem dieser Art von Linken, die man lieber Hypermoralisten oder Neo-Jakobiner nennen sollte, ist, dass sie extreme Idealisten sind und das F\u00fchlen \u00fcber die Vernunft stellen. F\u00fcr sie ist richtig und wahr, was bei ihnen gute Gef\u00fchle ausl\u00f6st (Fl\u00fcchtlingskrise, Helfersyndrom). \u00dcber die wahren Hintergr\u00fcnde realer Mi\u00dfst\u00e4nde darf nicht gesprochen werden, sobald dadaurch die guten Gef\u00fchle verletzt werden oder beliebte Feindbilder sich als tr\u00fcgerisch herausstellen.<br \/>\nSo ist nat\u00fcrlich beim Thema Wohnen an den immer h\u00f6heren Kosten der \u201eMiethai\u201c oder generell der Kapitalismus schuld, nie die Nullzinspolitik der EZB oder die immer teureren Bauvorschriften der Politik. Von Wohnraummangel durch Bev\u00f6lkerungswachstum (Migranten\/Fl\u00fcchtlinge) ganz zu schweigen. Das im Schnitt niedrigere Verm\u00f6gen der Deutschen in ihrem ach so reichen Land gegen\u00fcber den Bewohnern offiziell \u00e4rmerer Staaten wie Griechenland oder Italien wird in diesem Bezug lieber nicht erw\u00e4hnt. Es k\u00f6nnte ja der Eindruck entstehen, dass die deutsche Politik die \u00fcppigen Steuergelder der Deutschen mi\u00dfbraucht, um L\u00f6cher der heiligen Institution EU zu stopfen bzw. der offiziell \u00e4rmeren Staaten mit ihren reicheren B\u00fcrgern. Nur zwei Beispiele von vielen.<br \/>\nAlso wird verzerrt, vertuscht und abgelenkt, wo es nur geht. Spricht jemand doch die unangenehme Wahrheit aus, kommen Diffamierung und Cancel Culture zum Tragen. Damit kommt man immer durch. Das wird sich auch nicht \u00e4ndern, solange diese Leute an der Macht sind. Und freiwillig werden sie davon nicht ablassen, warum auch? So war es immer mit der Macht.<br \/>\n18.6.2021, Jan<\/p>\n<p><strong>Zentrale Aussage. Wer Gr\u00fcnlinks kritisiert, ist Antisemit<\/strong><br \/>\n\u201eWer konstruierte Gebilde wie die Wissenschaft oder den Feminismus kritisiert, aber auch und vor allem, wer einzelne Vertreter der linksmoralischen Kaste nicht ohne weiteres als Priester anerkennt, soll mit diesem rhetorischen Trick auf eine moralische Stufe mit Antisemiten gedr\u00fcckt werden.\u201c<br \/>\nSolcherlei Mobbing geh\u00f6rt zum strukturellen, linksgr\u00fcnen Handlungsschema \u201eDiffamieren und Stigmatisieren\u201c.<br \/>\n18.6.2021, St.B.<\/p>\n<p>Frau Emckes Einlassungen sind nicht deshalb verkehrt, weil sie das Wort Jude gebraucht. Sie sind verkehrt, weil sie in Elitenkritik nichts sieht als \u201eradikale Wissenschaftsfeindlichkeit, \u2026 zynische Ausbeutung sozialer Unsicherheit, \u2026 populistische Mobilisierung und die Bereitschaft zu Ressentiment und Gewalt\u2026\u201c<br \/>\nIch, als Elitenkritiker, sehe die von ihr beschriebenen Attit\u00fcden viel eher auf Seiten der sogenannten Eliten, zu denen sie spricht.<br \/>\n18.6.021, M.S.<\/p>\n<p>Frau Dr. Emcke ist zu intelligent, dass sie nicht w\u00fcsste, was sie zum Ausdruck bringen will.\u201eIn unserer Gesellschaft breitet sich eine wirklich fiese Selbstgerechtigkeit ideologisch aufgeladener und in moralischer Selbsterh\u00f6hung verirrter Menschen aus, die enormen gesellschaftlichen Sprengstoff birgt.<br \/>\nSie fordern zwar das Akzeptieren, ja sogar den F\u00fchrungsanspruch ihrer eigenen Position, sind gegen\u00fcber anderen Meinungen und Einstellungen aber entsetzlich unfrei und verkrampft.\u201c Ein treffender Kommentar aus der Braunschweiger Zeitung zur \u201eheldenhaften \u201c Greenpeace-Bruchpilotenaktion, der auch auf das allgemeine politische Klima im Jahre 16 Merkels anzuwenden ist. Es wird wirklich gef\u00e4hrlich.<br \/>\n18.6.2021, Les<\/p>\n<p><strong>Parallelen zur beginnenden Judenverfolgung?<\/strong><br \/>\nAuch mir dr\u00e4ngen sich in der heutigen politischen Atmosph\u00e4re Parallelen zur beginnenden Judenverfolgung vor und zu Beginn der der Nazi-Herrschaft auf: Ablehnung von Personen aufgrund ihrer Gruppenzugeh\u00f6rigkeit, Kontaktschuld, Konformismus, Schweigen aus Furcht vor Aussto\u00dfung, Boykotte und Cancel Culture\u2026 Wir haben es mit den gleichen oder jedenfalls sehr \u00e4hnlichen psychischen Mechanismen zu tun, etwa der Mobilisierung des Ekelgef\u00fchls im politischen Kampf. Der Hinweis auf diese Parallelen ist keine \u201eVerharmlosung des Holocausts\u201c. Er ist vielmehr eine Warnung, wie gef\u00e4hrlich der Gebrauch dieser psychischen Mechanismen ist. Im \u00fcbrigen f\u00e4ngt Judenfeindlichkeit nicht erst mit der Judenvernichtung an.<br \/>\n18.6.2021, M.S.<br \/>\n.<br \/>\n<strong>Wir befinden uns in einem Wettlauf:<\/strong><br \/>\n\u00dcbernehmen Leute wie Emcke endg\u00fcltig die Macht in Deutschland oder fliegt der Laden vorher durch exzessives Gelddrucken der Notenbanken auseinander?<br \/>\nFakt ist leider, \u201eder Westen\u201c hat fertig. Abgewirtschaftet, in sp\u00e4tr\u00f6mischer Dekadenz versunken\u2026..<br \/>\n18.6.2021, Par<br \/>\nEnde Kommentare<\/p>\n<p>&nbsp;<\/p>\n","protected":false},"excerpt":{"rendered":"<p>Home\u00a0&gt;Engagement\u00a0&gt;Zukunft\u00a0&gt;Demokratie &gt;Deutschland\u00a0&gt;Gesellschaft &gt;Elitenkritik Listenauswahl eines Beitrags: Bitte anklicken oder runterscrollen Habermas 96-j\u00e4hrig gestorben\u00a0(17.3.2026) Niedergang: Wirtschaft, Kritik\u00a0(18.8.2025) Warum zerbricht dieses Land? Der Kampf gegen die Realit\u00e4t\u00a0(17.8.2025) Kritik und Majest\u00e4tsbeleidigung\u00a0(7.1.2025) Deutschland schaut auf Sylt \u2013 zur Ablenkung (26,5,2024) Elitenwechsel in totalit\u00e4ren wie &hellip; <a href=\"https:\/\/www.freiburg-schwarzwald.de\/blog\/engagement\/zukunft\/demokratie\/elitenkritik\/\">Weiterlesen <span class=\"meta-nav\">&rarr;<\/span><\/a><\/p>\n","protected":false},"author":2,"featured_media":0,"parent":21084,"menu_order":0,"comment_status":"closed","ping_status":"closed","template":"","meta":{"footnotes":""},"class_list":["post-91798","page","type-page","status-publish","hentry"],"_links":{"self":[{"href":"https:\/\/www.freiburg-schwarzwald.de\/blog\/wp-json\/wp\/v2\/pages\/91798","targetHints":{"allow":["GET"]}}],"collection":[{"href":"https:\/\/www.freiburg-schwarzwald.de\/blog\/wp-json\/wp\/v2\/pages"}],"about":[{"href":"https:\/\/www.freiburg-schwarzwald.de\/blog\/wp-json\/wp\/v2\/types\/page"}],"author":[{"embeddable":true,"href":"https:\/\/www.freiburg-schwarzwald.de\/blog\/wp-json\/wp\/v2\/users\/2"}],"replies":[{"embeddable":true,"href":"https:\/\/www.freiburg-schwarzwald.de\/blog\/wp-json\/wp\/v2\/comments?post=91798"}],"version-history":[{"count":5,"href":"https:\/\/www.freiburg-schwarzwald.de\/blog\/wp-json\/wp\/v2\/pages\/91798\/revisions"}],"predecessor-version":[{"id":146843,"href":"https:\/\/www.freiburg-schwarzwald.de\/blog\/wp-json\/wp\/v2\/pages\/91798\/revisions\/146843"}],"up":[{"embeddable":true,"href":"https:\/\/www.freiburg-schwarzwald.de\/blog\/wp-json\/wp\/v2\/pages\/21084"}],"wp:attachment":[{"href":"https:\/\/www.freiburg-schwarzwald.de\/blog\/wp-json\/wp\/v2\/media?parent=91798"}],"curies":[{"name":"wp","href":"https:\/\/api.w.org\/{rel}","templated":true}]}}