{"id":91678,"date":"2021-06-20T16:51:44","date_gmt":"2021-06-20T14:51:44","guid":{"rendered":"https:\/\/www.freiburg-schwarzwald.de\/blog\/?page_id=91678"},"modified":"2023-10-27T16:22:50","modified_gmt":"2023-10-27T14:22:50","slug":"wohlfahrt","status":"publish","type":"page","link":"https:\/\/www.freiburg-schwarzwald.de\/blog\/selbsthilfe\/soziales\/wohlfahrt\/","title":{"rendered":"Wohlfahrt"},"content":{"rendered":"<p><a href=\"https:\/\/freiburg-schwarzwald.de\/blog\">Home<\/a>\u00a0&gt;<a title=\"Engagement\" href=\"https:\/\/www.freiburg-schwarzwald.de\/blog\/engagement\/\">Engagement<\/a>\u00a0&gt;<a title=\"Zukunft\" href=\"https:\/\/www.freiburg-schwarzwald.de\/blog\/engagement\/zukunft\/\">Zukunft<\/a>\u00a0&gt;<a title=\"Demokratie\" href=\"https:\/\/www.freiburg-schwarzwald.de\/blog\/engagement\/zukunft\/demokratie\/\">Demokratie<\/a> &gt;<a title=\"Deutschland\" href=\"https:\/\/www.freiburg-schwarzwald.de\/blog\/global\/deutschland\/\">Deutschland<\/a>\u00a0&gt;<a title=\"Gesellschaft\" href=\"https:\/\/www.freiburg-schwarzwald.de\/blog\/global\/deutschland\/gesellschaft\/\">Gesellschaft\u00a0<\/a> &gt;Wohlfahrt<\/p>\n<div id=\"attachment_91680\" style=\"width: 649px\" class=\"wp-caption alignnone\"><a href=\"https:\/\/www.freiburg-schwarzwald.de\/blog\/wp-content\/uploads\/2021\/06\/smartphone-schaukel-pan210606.jpg\"><img loading=\"lazy\" decoding=\"async\" aria-describedby=\"caption-attachment-91680\" class=\"size-full wp-image-91680\" src=\"https:\/\/www.freiburg-schwarzwald.de\/blog\/wp-content\/uploads\/2021\/06\/smartphone-schaukel-pan210606.jpg\" alt=\"\" width=\"639\" height=\"314\" srcset=\"https:\/\/www.freiburg-schwarzwald.de\/blog\/wp-content\/uploads\/2021\/06\/smartphone-schaukel-pan210606.jpg 639w, https:\/\/www.freiburg-schwarzwald.de\/blog\/wp-content\/uploads\/2021\/06\/smartphone-schaukel-pan210606-180x88.jpg 180w\" sizes=\"auto, (max-width: 639px) 100vw, 639px\" \/><\/a><p id=\"caption-attachment-91680\" class=\"wp-caption-text\">Zwei Handys, eine Beziehung in einer Schaukel am 6.6.2021<\/p><\/div>\n<ul>\n<li><a href=\"https:\/\/www.freiburg-schwarzwald.de\/blog\/880-mrd-euro-steuereinnahmen\/\">880 Mrd Euro Steuereinnahmen<\/a>\u00a0(7.1.2023)<\/li>\n<li>Carsten Linnemann fordert: Obergrenze f\u00fcr Sozialstaat (9.6.2021)<\/li>\n<li>Der Wohlfahrtsstaat ist eine tragische Figur\u00a0(8.6.2021)<\/li>\n<li><a href=\"https:\/\/www.freiburg-schwarzwald.de\/blog\/global\/deutschland\/akademikerschwemme\/\">Linke, Liberale, Rechte werden gebraucht \u2013 eine neue Sorte f\u00e4llt raus<\/a>\u00a0(5.4.2021)<\/li>\n<li><a href=\"https:\/\/www.freiburg-schwarzwald.de\/blog\/global\/eu\/eu-sozialpolitik\/\">EU-Sozialpolitik garantiert Sozialabbau<\/a>\u00a0(5.3.2021)<\/li>\n<li><a href=\"https:\/\/www.freiburg-schwarzwald.de\/blog\/global\/deutschland\/steuerzahler\/\">Steuerzahler und Steuergeldempf\u00e4nger<\/a>\u00a0(2.1.2021)<\/li>\n<li><a href=\"https:\/\/www.freiburg-schwarzwald.de\/blog\/machbarkeitswahn-auch-in-2021\/\">Machbarkeitswahn auch in 2021<\/a>\u00a0(27.12.2020)<\/li>\n<li>Staatsquote in Deutschland seit 2020 \u00fcber 50% (15.12.2020)<\/li>\n<li><a href=\"https:\/\/www.freiburg-schwarzwald.de\/blog\/gehaltsverzicht-zum-lockdown\/\">Gehaltsverzicht zum Lockdown?<\/a>\u00a0(14.12.2020)<\/li>\n<li><a href=\"https:\/\/www.freiburg-schwarzwald.de\/blog\/sprachregime-der-anywheres\/\">Sprachregime der Anywheres<\/a>\u00a0(27.10.2020)<\/li>\n<li><a title=\"Fahrraddemo contra Steuerzahler?\" href=\"https:\/\/www.freiburg-schwarzwald.de\/blog\/fahrraddemo-contra-steuerzahler\/\">Fahrraddemo contra Steuerzahler?<\/a>\u00a0(15.10.2020)<\/li>\n<li><a title=\"Sichere und Unsichere\" href=\"https:\/\/www.freiburg-schwarzwald.de\/blog\/sichere-und-unsichere\/\">Sichere und Unsichere \u2013 Zweiklassengesellschaft nach Corona<\/a>\u00a0(26.4.2020)<\/li>\n<li><a title=\"Mittelstand\" href=\"https:\/\/www.freiburg-schwarzwald.de\/blog\/business\/industrie\/mittelstand\/\">Droht eine Revolution der Mittelschicht?<\/a>\u00a0(20.3.2020)<\/li>\n<li><a title=\"Kampf der zwei Mittelschichten\" href=\"https:\/\/www.freiburg-schwarzwald.de\/blog\/spaltung-kampf-der-zwei-mittelschichten\/\">Kampf der zwei Mittelschichten\u00a0<\/a>(19.3.2020)<\/li>\n<li><a href=\"https:\/\/www.freiburg-schwarzwald.de\/blog\/global\/deutschland\/gesellschaft\/anywheres\/\">15 Mio Nettosteuerzahler tragen die 83 Mio Einwohner Deutschlands<\/a>\u00a0(15.5.2019)<\/li>\n<li><a title=\"Spaltung\" href=\"https:\/\/www.freiburg-schwarzwald.de\/blog\/global\/deutschland\/spaltung\/\">Anywheres mit \u201ctragbaren Identit\u00e4ten\u201d und Somewheres<\/a>\u00a0 (7.6.2019)<\/li>\n<li><a href=\"https:\/\/www.freiburg-schwarzwald.de\/blog\/collier-metropolen-und-provinz\/\">https:\/\/www.freiburg-schwarzwald.de\/blog\/collier-metropolen-und-<\/a><\/li>\n<li><\/li>\n<li><a href=\"https:\/\/www.freiburg-schwarzwald.de\/blog\/global\/deutschland\/akademikerschwemme\/\">Akademikerschwemme<\/a><\/li>\n<li><a href=\"https:\/\/www.freiburg-schwarzwald.de\/blog\/global\/deutschland\/gesellschaft\/anywheres\/\">Anywheres<\/a><\/li>\n<li><a href=\"https:\/\/www.freiburg-schwarzwald.de\/blog\/kultur\/kulturverlust\/dekadenz\/\">Dekadenz<\/a><\/li>\n<li><a title=\"Deutsche-Kultur\" href=\"https:\/\/www.freiburg-schwarzwald.de\/blog\/global\/deutschland\/deutsche-kultur\/\">Deutsche-Kultur<\/a><\/li>\n<li><a title=\"Deutschland-Hoffnung\" href=\"https:\/\/www.freiburg-schwarzwald.de\/blog\/global\/deutschland\/deutschland-hoffnung\/\">Deutschland-Hoffnung<\/a><\/li>\n<li><a title=\"Eliten\" href=\"https:\/\/www.freiburg-schwarzwald.de\/blog\/engagement\/zukunft\/demokratie\/eliten\/\">Eliten<\/a><\/li>\n<li><a title=\"Europa-Leitkultur\" href=\"https:\/\/www.freiburg-schwarzwald.de\/blog\/kultur\/europa-leitkultur\/\">Europa-Leitkultur<\/a><\/li>\n<li><a href=\"https:\/\/www.freiburg-schwarzwald.de\/blog\/global\/eu\/eu-sozialpolitik\/\">EU-Sozialpolitik<\/a><\/li>\n<li><a href=\"https:\/\/www.freiburg-schwarzwald.de\/blog\/engagement\/zukunft\/demokratie\/freie-marktwirtschaft\/\">Freie Marktwirtschaft<\/a><\/li>\n<li><a title=\"Gesellschaft\" href=\"https:\/\/www.freiburg-schwarzwald.de\/blog\/global\/deutschland\/gesellschaft\/\">Gesellschaft<\/a><\/li>\n<li><a title=\"Integration\" href=\"https:\/\/www.freiburg-schwarzwald.de\/blog\/global\/integration\/\">Integration<\/a><\/li>\n<li><a title=\"Interkulturelle-Oeffnung\" href=\"https:\/\/www.freiburg-schwarzwald.de\/blog\/global\/integration\/interkulturelle-oeffnung\/\">Interkulturelle \u00d6ffnung<\/a><\/li>\n<li><a title=\"Mainstream\" href=\"https:\/\/www.freiburg-schwarzwald.de\/blog\/kultur\/medien\/mainstream\/\">Mainstream<\/a><\/li>\n<li><a title=\"Migrationshintergrund\" href=\"https:\/\/www.freiburg-schwarzwald.de\/blog\/global\/migration\/migrationshintergrund\/\">Migrationshintergrund<\/a><\/li>\n<li><a title=\"Mittelschicht\" href=\"https:\/\/www.freiburg-schwarzwald.de\/blog\/engagement\/zukunft\/demokratie\/mittelschicht\/\">Mittelschicht<\/a><\/li>\n<li><a title=\"Multikulti\" href=\"https:\/\/www.freiburg-schwarzwald.de\/blog\/kultur\/leitkultur\/multikulti\/\">Multikulti<\/a><\/li>\n<li><a title=\"Nationalstolz\" href=\"https:\/\/www.freiburg-schwarzwald.de\/blog\/engagement\/zukunft\/demokratie\/nationalstolz\/\">Nationalstolz<\/a><\/li>\n<li><a title=\"Parallelgesellschaft\" href=\"https:\/\/www.freiburg-schwarzwald.de\/blog\/global\/integration\/parallelgesellschaft\/\">Parallelgesellschaft<\/a><\/li>\n<li><a href=\"https:\/\/www.freiburg-schwarzwald.de\/blog\/engagement\/zukunft\/demokratie\/privateigentum\/\">Privateigentum<\/a><\/li>\n<li><a title=\"Parallelkultur\" href=\"https:\/\/www.freiburg-schwarzwald.de\/blog\/global\/integration\/parallelkultur\/\">Parallelkulturen<\/a><\/li>\n<li><a title=\"Patriotismus\" href=\"https:\/\/www.freiburg-schwarzwald.de\/blog\/engagement\/zukunft\/demokratie\/patriotismus\/\">Patriotismus<\/a><\/li>\n<li><a title=\"Spaltung\" href=\"https:\/\/www.freiburg-schwarzwald.de\/blog\/global\/deutschland\/spaltung\/\">Spaltung<\/a><\/li>\n<li><a href=\"https:\/\/www.freiburg-schwarzwald.de\/blog\/global\/deutschland\/steuerzahler\/\">Steuerzahler<\/a><\/li>\n<li><a href=\"https:\/\/www.freiburg-schwarzwald.de\/blog\/selbsthilfe\/soziales\/wohlstand\/\">Wohlstand<\/a><\/li>\n<\/ul>\n<p>&nbsp;<\/p>\n<p><strong>Carsten Linnemann fordert: Obergrenze f\u00fcr Sozialstaat<\/strong><br \/>\nCarsten Linnemann versteht sich als Vertreter einer aussterbenden Spezies in diesem Land: Er ist Marktwirtschaftler. Im Morning Briefing Podcast analysiert er die Lage wie folgt:<br \/>\n&#8222;Ich glaube, dass dieses Land nach links gerutscht ist und die Staatsgl\u00e4ubigkeit gestiegen ist. Es ist eine unserer gr\u00f6\u00dften Herausforderungen, wie wir die soziale Marktwirtschaft verteidigen&#8220;<br \/>\nDer Sozialstaat, so Linnemann, ist kein f\u00fcrsorgender mehr, sondern ein \u00fcbergriffiger. Er begl\u00fcckt Menschen \u2013 wie seine Mutter \u2013 die gar nicht begl\u00fcckt werden m\u00f6chten. Linnemann sagt:<br \/>\n&#8222;Wahlkampfgeschenke oder Rentenbonbons, mit denen wir aus taktischen Erw\u00e4gungen Stimmen bekommen wollen. Damit muss Schluss sein. \u201c<br \/>\nEr w\u00fcnscht sich eine gesetzlich fixierte Obergrenze f\u00fcr alle Sozialausgaben:<br \/>\n&#8222;Wir m\u00fcssen uns selbst Schranken schaffen. Die erfolgreichste Schranke, die die Union geschaffen hat, war die schwarze Null. Das war eine der besten Erfindungen. Das br\u00e4uchten wir auch im Sozialversicherungsbereich.&#8220;<br \/>\n&#8230; Alles vom 7.6.2021 von Gabor Steinhart bitte lesen auf<br \/>\n<a href=\"https:\/\/news.gaborsteingart.com\/online.php?u=FFinV7417406\">https:\/\/news.gaborsteingart.com\/online.php?u=FFinV7417406<\/a><br \/>\n<a href=\"https:\/\/www.thepioneer.de\/originals\/steingarts-morning-briefing\/podcasts\">https:\/\/www.thepioneer.de\/originals\/steingarts-morning-briefing\/podcasts<\/a><\/p>\n<p>&nbsp;<\/p>\n<p><strong>Der Wohlfahrtsstaat ist eine tragische Figur<\/strong><br \/>\nDer Einfluss der griechischen Trag\u00f6die auf die kulturelle Entwicklung des Abendlandes ist kaum zu \u00fcbersch\u00e4tzen. Manche meinen \u2013 und das scheint plausibel \u2013, in ihr liege der Keim der Demokratie und damit das europ\u00e4ische Grundverst\u00e4ndnis von der Beziehung zwischen Staat und Individuum. Ohne die Trag\u00f6die w\u00e4re m\u00f6glicherweise alles ganz anders gekommen.<br \/>\nDas griechische Drama lebt vom Pathos. Das Pathos bezeichnet jenen Schmerz, den der unl\u00f6sbare, tragische Konflikt der Figur beim Zuschauer ausl\u00f6st, jenes Durchleben von Ach und Weh, von Schrecken und R\u00fchrung, das schliesslich zur L\u00e4uterung seiner eigenen Seele f\u00fchren soll.<br \/>\nDie Unzufriedenheit muss immer regieren<br \/>\nDas Pathos ist ein zeitloses Stilmittel in allen Formen der Kommunikation, auch und vor allem jenseits des Theaters. Goethe pr\u00e4gte 1827 im Austausch mit Eckermann den sp\u00f6ttischen Begriff der Lazarettpoesie. \u00abDie Poeten\u00bb, meinte er, \u00abschreiben alle, als w\u00e4ren sie krank und die ganze Welt ein Lazarett. Alle sprechen sie von dem Leiden und Jammer der Erde (.\u2005.\u2005.) und unzufrieden wie schon alle sind, hetzt einer den anderen in noch gr\u00f6ssere Unzufriedenheit hinein.\u00bb<br \/>\nDas Pathos ist ein zeitloses Stilmittel in allen Formen der Kommunikation, auch und vor allem jenseits des Theaters. Goethe pr\u00e4gte 1827 im Austausch mit Eckermann den sp\u00f6ttischen Begriff der Lazarettpoesie. \u00abDie Poeten\u00bb, meinte er, \u00abschreiben alle, als w\u00e4ren sie krank und die ganze Welt ein Lazarett. Alle sprechen sie von dem Leiden und Jammer der Erde (.\u2005.\u2005.) und unzufrieden wie schon alle sind, hetzt einer den anderen in noch gr\u00f6ssere Unzufriedenheit hinein.\u00bb<br \/>\nDas Pathos ist ein zeitloses Stilmittel in allen Formen der Kommunikation, auch und vor allem jenseits des Theaters. Goethe pr\u00e4gte 1827 im Austausch mit Eckermann den sp\u00f6ttischen Begriff der Lazarettpoesie. \u00abDie Poeten\u00bb, meinte er, \u00abschreiben alle, als w\u00e4ren sie krank und die ganze Welt ein Lazarett. Alle sprechen sie von dem Leiden und Jammer der Erde (.\u2005.\u2005.) und unzufrieden wie schon alle sind, hetzt einer den anderen in noch gr\u00f6ssere Unzufriedenheit hinein.\u00bb<br \/>\nEs sind fast immer Leute in privilegierten Positionen, zumeist Akademiker, die das Leid der Schwachen und Diskriminierten aus eigener Erfahrung nicht kennen, es aber umso leidenschaftlicher beklagen und Massnahmen sowie weitere Privilegien einfordern, f\u00fcr die andere zahlen sollen.<\/p>\n<p>Alle Wohlt\u00e4ter brauchen ihre \u00abSchw\u00e4chsten<br \/>\nDas Kultivieren der ewigw\u00e4hrenden Unzufriedenheit ist ein lukratives Gesch\u00e4ft f\u00fcr die Sozialindustrie. Auf diese Weise l\u00e4sst sich laufend neuer \u00abHandlungsbedarf\u00bb f\u00fcr den Staat und seine zugewandten Orte ableiten, sei es, um grassierenden Rassismus in Schulb\u00fcchern zu bek\u00e4mpfen, um die Menschenrechte mit einem \u00abnationalen Menschenrechtsinstitut\u00bb zu st\u00e4rken, um die Frauen zu f\u00f6rdern, um die Fr\u00fchf\u00f6rderung auszubauen oder ganz grunds\u00e4tzlich um \u00absoziale Gerechtigkeit\u00bb herzustellen, was auch immer man gerade darunter versteht.<br \/>\nDeshalb darf der Wohlfahrtsstaat nie vollkommen sein, nie das erreichen, wof\u00fcr er angetreten ist zu k\u00e4mpfen. Er muss immer mangelhaft bleiben. Nur so kann ihn die wachsende Schar von selbsternannten Anw\u00e4lten der \u00abSchw\u00e4chsten\u00bb laufend ausbauen. Oder anders gesagt: Ohne die \u00abSchw\u00e4chsten\u00bb w\u00e4ren all die Wohlt\u00e4ter arbeitslos.<br \/>\nUnd so gibt der Wohlfahrtsstaat selber eine tragische Figur ab. Wie sehr man sich auch anstrengt, wie sehr man die Staatsquote auch nach oben treibt \u2013 es ist nie genug und nie hinreichend, und w\u00e4re es anders, w\u00e4re es auch nicht recht. Und so kann man nur hoffen, dass die angeblich so gerechte fortw\u00e4hrende Umverteilung nicht dereinst selber zur wahrhaften Trag\u00f6die f\u00fcr alle wird<br \/>\n8.6.2021, Eric Gujer, <a href=\"https:\/\/www.nzz.de\">https:\/\/www.nzz.de<\/a><\/p>\n","protected":false},"excerpt":{"rendered":"<p>Home\u00a0&gt;Engagement\u00a0&gt;Zukunft\u00a0&gt;Demokratie &gt;Deutschland\u00a0&gt;Gesellschaft\u00a0 &gt;Wohlfahrt 880 Mrd Euro Steuereinnahmen\u00a0(7.1.2023) Carsten Linnemann fordert: Obergrenze f\u00fcr Sozialstaat (9.6.2021) Der Wohlfahrtsstaat ist eine tragische Figur\u00a0(8.6.2021) Linke, Liberale, Rechte werden gebraucht \u2013 eine neue Sorte f\u00e4llt raus\u00a0(5.4.2021) EU-Sozialpolitik garantiert Sozialabbau\u00a0(5.3.2021) Steuerzahler und Steuergeldempf\u00e4nger\u00a0(2.1.2021) Machbarkeitswahn auch in &hellip; <a href=\"https:\/\/www.freiburg-schwarzwald.de\/blog\/selbsthilfe\/soziales\/wohlfahrt\/\">Weiterlesen <span class=\"meta-nav\">&rarr;<\/span><\/a><\/p>\n","protected":false},"author":2,"featured_media":0,"parent":42,"menu_order":0,"comment_status":"closed","ping_status":"closed","template":"","meta":{"footnotes":""},"class_list":["post-91678","page","type-page","status-publish","hentry"],"_links":{"self":[{"href":"https:\/\/www.freiburg-schwarzwald.de\/blog\/wp-json\/wp\/v2\/pages\/91678","targetHints":{"allow":["GET"]}}],"collection":[{"href":"https:\/\/www.freiburg-schwarzwald.de\/blog\/wp-json\/wp\/v2\/pages"}],"about":[{"href":"https:\/\/www.freiburg-schwarzwald.de\/blog\/wp-json\/wp\/v2\/types\/page"}],"author":[{"embeddable":true,"href":"https:\/\/www.freiburg-schwarzwald.de\/blog\/wp-json\/wp\/v2\/users\/2"}],"replies":[{"embeddable":true,"href":"https:\/\/www.freiburg-schwarzwald.de\/blog\/wp-json\/wp\/v2\/comments?post=91678"}],"version-history":[{"count":6,"href":"https:\/\/www.freiburg-schwarzwald.de\/blog\/wp-json\/wp\/v2\/pages\/91678\/revisions"}],"predecessor-version":[{"id":116580,"href":"https:\/\/www.freiburg-schwarzwald.de\/blog\/wp-json\/wp\/v2\/pages\/91678\/revisions\/116580"}],"up":[{"embeddable":true,"href":"https:\/\/www.freiburg-schwarzwald.de\/blog\/wp-json\/wp\/v2\/pages\/42"}],"wp:attachment":[{"href":"https:\/\/www.freiburg-schwarzwald.de\/blog\/wp-json\/wp\/v2\/media?parent=91678"}],"curies":[{"name":"wp","href":"https:\/\/api.w.org\/{rel}","templated":true}]}}