{"id":86260,"date":"2020-12-28T16:21:22","date_gmt":"2020-12-28T15:21:22","guid":{"rendered":"https:\/\/www.freiburg-schwarzwald.de\/blog\/?page_id=86260"},"modified":"2023-03-08T12:58:13","modified_gmt":"2023-03-08T11:58:13","slug":"pessimismus","status":"publish","type":"page","link":"https:\/\/www.freiburg-schwarzwald.de\/blog\/engagement\/zukunft\/pessimismus\/","title":{"rendered":"Pessimismus"},"content":{"rendered":"<p>d<\/p>\n<div id=\"attachment_84882\" style=\"width: 647px\" class=\"wp-caption alignnone\"><a href=\"https:\/\/www.freiburg-schwarzwald.de\/blog\/wp-content\/uploads\/2020\/11\/ermaechtigungsgesetz-berlin20201118pan.jpg\"><img loading=\"lazy\" decoding=\"async\" aria-describedby=\"caption-attachment-84882\" class=\"size-full wp-image-84882\" src=\"https:\/\/www.freiburg-schwarzwald.de\/blog\/wp-content\/uploads\/2020\/11\/ermaechtigungsgesetz-berlin20201118pan.jpg\" alt=\"\" width=\"637\" height=\"332\" srcset=\"https:\/\/www.freiburg-schwarzwald.de\/blog\/wp-content\/uploads\/2020\/11\/ermaechtigungsgesetz-berlin20201118pan.jpg 637w, https:\/\/www.freiburg-schwarzwald.de\/blog\/wp-content\/uploads\/2020\/11\/ermaechtigungsgesetz-berlin20201118pan-180x94.jpg 180w\" sizes=\"auto, (max-width: 637px) 100vw, 637px\" \/><\/a><p id=\"caption-attachment-84882\" class=\"wp-caption-text\">Wasserwerfer gegen friedlich gegen das Corona-&#8222;Erm\u00e4chtigungsgesetz&#8220; demonstrierende B\u00fcrger am 18.11.2020 in Berlin<\/p><\/div>\n<p>&nbsp;<\/p>\n<ul>\n<li><a href=\"https:\/\/www.freiburg-schwarzwald.de\/blog\/entcoronifizierung-undenkbar\/\">Entcoronifizierung \u2013 undenkbar?<\/a>\u00a0(8.3.2023)<\/li>\n<li><a href=\"https:\/\/www.freiburg-schwarzwald.de\/blog\/engagement\/zukunft\/demokratie\/demokratieabbau\/\">Reitschuster: \u201eIch f\u00fcrchte einen dramatischen politischen Zerfall\u201c<\/a>\u00a0(23.10.2022)<\/li>\n<li>Optmismus oder Pessimismus: Merz neuer Kanzler ab April 2023? (7.9.2022)<\/li>\n<li><a href=\"https:\/\/www.freiburg-schwarzwald.de\/blog\/kultur\/denker\/\">Ohne Sicherheitsgurt: Der Publizist Michael Klonovsky wird sechzig<\/a>\u00a0(19.8.2022)<\/li>\n<li><a href=\"https:\/\/www.freiburg-schwarzwald.de\/blog\/fuenf-lehren-nach-corona-ende\/\">F\u00fcnf Lehren nach Corona-Ende<\/a>\u00a0(3.2.2022)<\/li>\n<li>Pessimismus D &#8211; B\u00e4rbel Bohley DDR &#8211; Deutschland und Russland (11.5.2021)<\/li>\n<li><a href=\"https:\/\/www.freiburg-schwarzwald.de\/blog\/selbsthilfe\/psyche\/wahn\/\">Die Herrschaft der Angst \u2013 und wie sie gebrochen werden kann<\/a>\u00a0(9.5.2021)<\/li>\n<li><a href=\"https:\/\/www.freiburg-schwarzwald.de\/blog\/optimismus-ohne-pandemie\/\">Optimismus \u2013 ohne Pandemie<\/a>\u00a0(3.4.2021)<\/li>\n<li><a href=\"https:\/\/www.freiburg-schwarzwald.de\/blog\/machbarkeitswahn-auch-in-2021\/\">Machbarkeitswahn auch in 2021<\/a>\u00a0(27.12.2020)<\/li>\n<li><a href=\"https:\/\/www.freiburg-schwarzwald.de\/blog\/engagement\/buergerinitiativen\/protest\/\">Corona-Protest-Songs von Eric Clapton und Van Morrison<\/a>\u00a0(27.12.2020)<\/li>\n<li><a href=\"https:\/\/www.freiburg-schwarzwald.de\/blog\/business\/gesund\/corona-virus\/corona-grundrechte\/\">500 Euro Bu\u00dfgeld f\u00fcr Heimfahrt mit Enkeln um 23 Uhr<\/a> (23.12.2020)<\/li>\n<li><a href=\"https:\/\/www.freiburg-schwarzwald.de\/blog\/selbsthilfe\/krise\/gewalt\/linke-gewalt\/\">BKA: Von 300 Gewaltstraftaten zu Corona sind 160 links motiviert<\/a> (22.12.2020)<\/li>\n<li><\/li>\n<li><a href=\"https:\/\/www.freiburg-schwarzwald.de\/blog\/business\/gesund\/corona-virus\/corona-abendland\/\">Corona-Abendland<\/a><\/li>\n<li><a href=\"https:\/\/www.freiburg-schwarzwald.de\/blog\/engagement\/zukunft\/demokratie\/demokratieabbau\/\">Demokratieabbau<\/a><\/li>\n<li><a href=\"https:\/\/www.freiburg-schwarzwald.de\/blog\/kultur\/denker\/\">Denker<\/a><\/li>\n<li><a href=\"https:\/\/www.freiburg-schwarzwald.de\/blog\/engagement\/buergerinitiativen\/protest\/\">Protest<\/a><\/li>\n<\/ul>\n<p>&nbsp;<\/p>\n<p><strong>Optimismus oder Pessimismus: Merz neuer Kanzler ab April 2023?<\/strong><br \/>\nstellen Sie sich vor: Es ist April 2023. Und Friedrich Merz (CDU) wird zum Bundeskanzler gew\u00e4hlt. Statt dem \u201eKampf gegen Rechts\u201c und dem Umbau der Gesellschaft f\u00fcr eine leuchtende Zukunft steht Schadensbegrenzung im Vordergrund. Ob ich durchgedreht bin oder zu viel getrunken habe, werden Sie mich nun vielleicht fragen. Nein, ich gebe nur ein Szenario wieder, das mir ein Berlin-Insider mit besten Dr\u00e4hten so geschildert hat. Wohl gemerkt nicht als Prognose \u2013 sondern als m\u00f6gliches Szenario. In diesem werde es zwar keine 180-Grad-Wende geben, aber die schlimmsten Ausw\u00fcchse von Rot-Gr\u00fcn, die wir derzeit erleben, die k\u00f6nnten recht schnell abgeflacht werden.<br \/>\nEin sch\u00f6nes Szenario? Bedingt. Denn sein Eintritt setzt voraus, dass die Ampel-Koalition das Land noch heftiger gegen die Wand f\u00e4hrt, als es ihr bisher schon gelungen ist. Nat\u00fcrlich nur dank \u00e4u\u00dfert massiver, tatkr\u00e4ftiger und vor allem jahrelanger Hilfe von Angela Merkel. Die hat im schwarzen Schafspelz bereits gr\u00fcne Ideologie zum faktischen politischen Monopol gemacht \u2013 auf dessen Kritik die maximale Diffamierung und Ausgrenzung steht. Sollte es Rot-Gr\u00fcn-Gelb gelingen, sich mit etwas Fortune durch den Winter zu mogeln, w\u00e4re das zwar einerseits eine kurzfristige Erleichterung. L\u00e4ngerfristig w\u00fcrde unser Land dadurch aber noch schneller auf den Abgrund zurasen. Ein Dilemma, aus dem es keinen Ausweg gibt. Ich bedaure au\u00dferordentlich, dass ich nicht den Optimismus meines gesch\u00e4tzten Kollegen Klaus Kelle teilen kann, der \u00fcberzeugt ist: Alles wird gut.<br \/>\n&#8230; Alles vom 7.9.2022 von Boris Reitschuster bitte lesen auf<br \/>\n<a href=\"https:\/\/www.reitschuster.de\">https:\/\/www.reitschuster.de<\/a><\/p>\n<p>&nbsp;<\/p>\n<p><strong>Pessimismus D &#8211; B\u00e4rbel Bohley DDR &#8211; Deutschland und Russland<\/strong><br \/>\nIch muss es ganz deutlich sagen: Das ist schon jetzt nicht mehr die alte Bundesrepublik, f\u00fcr die ich mit Herz und Seele stand. Die Beimischung von Elementen aus der <a href=\"https:\/\/www.freiburg-schwarzwald.de\/blog\/global\/deutschland\/ddr2-0\/\">DDR<\/a> ist unfassbar. Und sie geschieht sehr geschickt. Wir erleben genau das, wovor die gro\u00dfe B\u00fcrgerrechtlerin <a href=\"https:\/\/www.freiburg-schwarzwald.de\/blog\/baerbel-bohley-prophezeiung\/\">B\u00e4rbel Bohley<\/a> 1991 im Gespr\u00e4ch mit Chaim Noll gewarnt hat. Auch wenn ich ihr Zitat schon oft auff\u00fchrte, halte ich es f\u00fcr so immens wichtig, dass ich es hier wiederhole:<br \/>\n<em>\u201eAlle diese Untersuchungen, die gr\u00fcndliche Erforschung der Stasi-Strukturen, der Methoden, mit denen sie gearbeitet haben und immer noch arbeiten, all das wird in die falschen H\u00e4nde geraten. Man wird diese Strukturen genauestens untersuchen \u2013 um sie dann zu \u00fcbernehmen. Man wird sie ein wenig adaptieren, damit sie zu einer freien westlichen Gesellschaft passen. Man wird die St\u00f6rer auch nicht unbedingt verhaften. Es gibt feinere M\u00f6glichkeiten, jemanden unsch\u00e4dlich zu machen. Aber die geheimen Verbote, das Beobachten, der Argwohn, die Angst, das Isolieren und Ausgrenzen, das Brandmarken und Mundtotmachen derer, die sich nicht anpassen \u2013 das wird wiederkommen, glaubt mir. Man wird Einrichtungen schaffen, die viel effektiver arbeiten, viel feiner als die Stasi. Auch das st\u00e4ndige L\u00fcgen wird wiederkommen, die Desinformation, der Nebel, in dem alles seine Kontur verliert.\u201c<\/em><\/p>\n<p>Bitte verzeihen Sie mir meinen Pessimismus. Ich hoffe sehr, mich damit zu irren. Und sicher bin ich auch etwas voreingenommen. Die Zahl an Attacken und Angriffen unter der G\u00fcrtellinie hat ein Ausma\u00df angenommen, das ich noch vor kurzem f\u00fcr unm\u00f6glich gehalten habe. Und so hart ich im Nehmen bin \u2013 es w\u00e4re unverantwortlich, in dieser Situation nicht auch an Alternativen zu denken. Im Sinne von L\u00e4ndern, die nicht dem totalit\u00e4ren Denken verfallen sind und eine Immunit\u00e4t dagegen aus ihrer Geschichte heraus entwickelt haben. Wie etwa die meisten osteurop\u00e4ischen Staaten.<br \/>\n.<br \/>\nBesonders interessant ist, wie die Menschen in Russland und der Ukraine ganz andere Schlussfolgerungen aus ihrer <a href=\"https:\/\/www.freiburg-schwarzwald.de\/blog\/engagement\/zukunft\/demokratie\/totalitarismus\/\">totalit\u00e4ren Vergangenheit<\/a> gezogen haben. Was heute in Deutschland \u2018normal\u2018 geworden ist, habe ich mir nicht vorstellen k\u00f6nnen. Eine russischst\u00e4mmige Psychologin hat dazu einen der besten Texte geschrieben, den ich vor langer Zeit gelesen habe, der mich tief bewegt hat und den ich Ihnen w\u00e4rmstens empfehle.<br \/>\n<a href=\"https:\/\/reitschuster.de\/post\/deutschland-und-russland-totalitaere-demokratie-und-freiheitliche-autokratie\/\">https:\/\/reitschuster.de\/post\/deutschland-und-russland-totalitaere-demokratie-und-freiheitliche-autokratie\/<\/a><br \/>\nIhr bitteres Fazit: \u201eWas aber heute in Deutschland \u201anormal\u2018 geworden ist und auf unabsehbare Zeit wohl so bleiben wird, habe ich mir nicht vorstellen k\u00f6nnen. Es sind Ma\u00dfnahmen eines lupenreinen totalit\u00e4ren Staates, welch \u201agute\u2018 Absicht er damit auch immer verfolgen m\u00f6ge. In Russland w\u00e4ren diese Einschr\u00e4nkungen als Lehre aus der totalit\u00e4ren Sowjetzeit schlicht undenkbar.<br \/>\nWas f\u00fcr ein Paradoxon \u2013 totalit\u00e4re Demokratien und freiheitliche Autokratien! Aber wir sind die Guten, vertraut uns!\u201c<br \/>\n11.5.2021 Wochenbiefing von <a href=\"https:\/\/www.reitschuster.de\">https:\/\/www.reitschuster.de<\/a><\/p>\n<p>&nbsp;<\/p>\n","protected":false},"excerpt":{"rendered":"<p>d &nbsp; Entcoronifizierung \u2013 undenkbar?\u00a0(8.3.2023) Reitschuster: \u201eIch f\u00fcrchte einen dramatischen politischen Zerfall\u201c\u00a0(23.10.2022) Optmismus oder Pessimismus: Merz neuer Kanzler ab April 2023? (7.9.2022) Ohne Sicherheitsgurt: Der Publizist Michael Klonovsky wird sechzig\u00a0(19.8.2022) F\u00fcnf Lehren nach Corona-Ende\u00a0(3.2.2022) Pessimismus D &#8211; B\u00e4rbel Bohley DDR &hellip; <a href=\"https:\/\/www.freiburg-schwarzwald.de\/blog\/engagement\/zukunft\/pessimismus\/\">Weiterlesen <span class=\"meta-nav\">&rarr;<\/span><\/a><\/p>\n","protected":false},"author":2,"featured_media":0,"parent":2250,"menu_order":0,"comment_status":"closed","ping_status":"closed","template":"","meta":{"footnotes":""},"class_list":["post-86260","page","type-page","status-publish","hentry"],"_links":{"self":[{"href":"https:\/\/www.freiburg-schwarzwald.de\/blog\/wp-json\/wp\/v2\/pages\/86260","targetHints":{"allow":["GET"]}}],"collection":[{"href":"https:\/\/www.freiburg-schwarzwald.de\/blog\/wp-json\/wp\/v2\/pages"}],"about":[{"href":"https:\/\/www.freiburg-schwarzwald.de\/blog\/wp-json\/wp\/v2\/types\/page"}],"author":[{"embeddable":true,"href":"https:\/\/www.freiburg-schwarzwald.de\/blog\/wp-json\/wp\/v2\/users\/2"}],"replies":[{"embeddable":true,"href":"https:\/\/www.freiburg-schwarzwald.de\/blog\/wp-json\/wp\/v2\/comments?post=86260"}],"version-history":[{"count":5,"href":"https:\/\/www.freiburg-schwarzwald.de\/blog\/wp-json\/wp\/v2\/pages\/86260\/revisions"}],"predecessor-version":[{"id":110461,"href":"https:\/\/www.freiburg-schwarzwald.de\/blog\/wp-json\/wp\/v2\/pages\/86260\/revisions\/110461"}],"up":[{"embeddable":true,"href":"https:\/\/www.freiburg-schwarzwald.de\/blog\/wp-json\/wp\/v2\/pages\/2250"}],"wp:attachment":[{"href":"https:\/\/www.freiburg-schwarzwald.de\/blog\/wp-json\/wp\/v2\/media?parent=86260"}],"curies":[{"name":"wp","href":"https:\/\/api.w.org\/{rel}","templated":true}]}}

<p>d</p>
<div id="attachment_84882" style="width: 647px" class="wp-caption alignnone"><a href="https://www.freiburg-schwarzwald.de/blog/wp-content/uploads/2020/11/ermaechtigungsgesetz-berlin20201118pan.jpg"><img loading="lazy" decoding="async" aria-describedby="caption-attachment-84882" class="size-full wp-image-84882" src="https://www.freiburg-schwarzwald.de/blog/wp-content/uploads/2020/11/ermaechtigungsgesetz-berlin20201118pan.jpg" alt="" width="637" height="332" srcset="https://www.freiburg-schwarzwald.de/blog/wp-content/uploads/2020/11/ermaechtigungsgesetz-berlin20201118pan.jpg 637w, https://www.freiburg-schwarzwald.de/blog/wp-content/uploads/2020/11/ermaechtigungsgesetz-berlin20201118pan-180x94.jpg 180w" sizes="auto, (max-width: 637px) 100vw, 637px" /></a><p id="caption-attachment-84882" class="wp-caption-text">Wasserwerfer gegen friedlich gegen das Corona-&#8222;Ermächtigungsgesetz&#8220; demonstrierende Bürger am 18.11.2020 in Berlin</p></div>
<p>&nbsp;</p>
<ul>
<li><a href="https://www.freiburg-schwarzwald.de/blog/entcoronifizierung-undenkbar/">Entcoronifizierung – undenkbar?</a> (8.3.2023)</li>
<li><a href="https://www.freiburg-schwarzwald.de/blog/engagement/zukunft/demokratie/demokratieabbau/">Reitschuster: „Ich fürchte einen dramatischen politischen Zerfall“</a> (23.10.2022)</li>
<li>Optmismus oder Pessimismus: Merz neuer Kanzler ab April 2023? (7.9.2022)</li>
<li><a href="https://www.freiburg-schwarzwald.de/blog/kultur/denker/">Ohne Sicherheitsgurt: Der Publizist Michael Klonovsky wird sechzig</a> (19.8.2022)</li>
<li><a href="https://www.freiburg-schwarzwald.de/blog/fuenf-lehren-nach-corona-ende/">Fünf Lehren nach Corona-Ende</a> (3.2.2022)</li>
<li>Pessimismus D &#8211; Bärbel Bohley DDR &#8211; Deutschland und Russland (11.5.2021)</li>
<li><a href="https://www.freiburg-schwarzwald.de/blog/selbsthilfe/psyche/wahn/">Die Herrschaft der Angst – und wie sie gebrochen werden kann</a> (9.5.2021)</li>
<li><a href="https://www.freiburg-schwarzwald.de/blog/optimismus-ohne-pandemie/">Optimismus – ohne Pandemie</a> (3.4.2021)</li>
<li><a href="https://www.freiburg-schwarzwald.de/blog/machbarkeitswahn-auch-in-2021/">Machbarkeitswahn auch in 2021</a> (27.12.2020)</li>
<li><a href="https://www.freiburg-schwarzwald.de/blog/engagement/buergerinitiativen/protest/">Corona-Protest-Songs von Eric Clapton und Van Morrison</a> (27.12.2020)</li>
<li><a href="https://www.freiburg-schwarzwald.de/blog/business/gesund/corona-virus/corona-grundrechte/">500 Euro Bußgeld für Heimfahrt mit Enkeln um 23 Uhr</a> (23.12.2020)</li>
<li><a href="https://www.freiburg-schwarzwald.de/blog/selbsthilfe/krise/gewalt/linke-gewalt/">BKA: Von 300 Gewaltstraftaten zu Corona sind 160 links motiviert</a> (22.12.2020)</li>
<li></li>
<li><a href="https://www.freiburg-schwarzwald.de/blog/business/gesund/corona-virus/corona-abendland/">Corona-Abendland</a></li>
<li><a href="https://www.freiburg-schwarzwald.de/blog/engagement/zukunft/demokratie/demokratieabbau/">Demokratieabbau</a></li>
<li><a href="https://www.freiburg-schwarzwald.de/blog/kultur/denker/">Denker</a></li>
<li><a href="https://www.freiburg-schwarzwald.de/blog/engagement/buergerinitiativen/protest/">Protest</a></li>
</ul>
<p>&nbsp;</p>
<p><strong>Optimismus oder Pessimismus: Merz neuer Kanzler ab April 2023?</strong><br />
stellen Sie sich vor: Es ist April 2023. Und Friedrich Merz (CDU) wird zum Bundeskanzler gewählt. Statt dem „Kampf gegen Rechts“ und dem Umbau der Gesellschaft für eine leuchtende Zukunft steht Schadensbegrenzung im Vordergrund. Ob ich durchgedreht bin oder zu viel getrunken habe, werden Sie mich nun vielleicht fragen. Nein, ich gebe nur ein Szenario wieder, das mir ein Berlin-Insider mit besten Drähten so geschildert hat. Wohl gemerkt nicht als Prognose – sondern als mögliches Szenario. In diesem werde es zwar keine 180-Grad-Wende geben, aber die schlimmsten Auswüchse von Rot-Grün, die wir derzeit erleben, die könnten recht schnell abgeflacht werden.<br />
Ein schönes Szenario? Bedingt. Denn sein Eintritt setzt voraus, dass die Ampel-Koalition das Land noch heftiger gegen die Wand fährt, als es ihr bisher schon gelungen ist. Natürlich nur dank äußert massiver, tatkräftiger und vor allem jahrelanger Hilfe von Angela Merkel. Die hat im schwarzen Schafspelz bereits grüne Ideologie zum faktischen politischen Monopol gemacht – auf dessen Kritik die maximale Diffamierung und Ausgrenzung steht. Sollte es Rot-Grün-Gelb gelingen, sich mit etwas Fortune durch den Winter zu mogeln, wäre das zwar einerseits eine kurzfristige Erleichterung. Längerfristig würde unser Land dadurch aber noch schneller auf den Abgrund zurasen. Ein Dilemma, aus dem es keinen Ausweg gibt. Ich bedaure außerordentlich, dass ich nicht den Optimismus meines geschätzten Kollegen Klaus Kelle teilen kann, der überzeugt ist: Alles wird gut.<br />
&#8230; Alles vom 7.9.2022 von Boris Reitschuster bitte lesen auf<br />
<a href="https://www.reitschuster.de">https://www.reitschuster.de</a></p>
<p>&nbsp;</p>
<p><strong>Pessimismus D &#8211; Bärbel Bohley DDR &#8211; Deutschland und Russland</strong><br />
Ich muss es ganz deutlich sagen: Das ist schon jetzt nicht mehr die alte Bundesrepublik, für die ich mit Herz und Seele stand. Die Beimischung von Elementen aus der <a href="https://www.freiburg-schwarzwald.de/blog/global/deutschland/ddr2-0/">DDR</a> ist unfassbar. Und sie geschieht sehr geschickt. Wir erleben genau das, wovor die große Bürgerrechtlerin <a href="https://www.freiburg-schwarzwald.de/blog/baerbel-bohley-prophezeiung/">Bärbel Bohley</a> 1991 im Gespräch mit Chaim Noll gewarnt hat. Auch wenn ich ihr Zitat schon oft aufführte, halte ich es für so immens wichtig, dass ich es hier wiederhole:<br />
<em>„Alle diese Untersuchungen, die gründliche Erforschung der Stasi-Strukturen, der Methoden, mit denen sie gearbeitet haben und immer noch arbeiten, all das wird in die falschen Hände geraten. Man wird diese Strukturen genauestens untersuchen – um sie dann zu übernehmen. Man wird sie ein wenig adaptieren, damit sie zu einer freien westlichen Gesellschaft passen. Man wird die Störer auch nicht unbedingt verhaften. Es gibt feinere Möglichkeiten, jemanden unschädlich zu machen. Aber die geheimen Verbote, das Beobachten, der Argwohn, die Angst, das Isolieren und Ausgrenzen, das Brandmarken und Mundtotmachen derer, die sich nicht anpassen – das wird wiederkommen, glaubt mir. Man wird Einrichtungen schaffen, die viel effektiver arbeiten, viel feiner als die Stasi. Auch das ständige Lügen wird wiederkommen, die Desinformation, der Nebel, in dem alles seine Kontur verliert.“</em></p>
<p>Bitte verzeihen Sie mir meinen Pessimismus. Ich hoffe sehr, mich damit zu irren. Und sicher bin ich auch etwas voreingenommen. Die Zahl an Attacken und Angriffen unter der Gürtellinie hat ein Ausmaß angenommen, das ich noch vor kurzem für unmöglich gehalten habe. Und so hart ich im Nehmen bin – es wäre unverantwortlich, in dieser Situation nicht auch an Alternativen zu denken. Im Sinne von Ländern, die nicht dem totalitären Denken verfallen sind und eine Immunität dagegen aus ihrer Geschichte heraus entwickelt haben. Wie etwa die meisten osteuropäischen Staaten.<br />
.<br />
Besonders interessant ist, wie die Menschen in Russland und der Ukraine ganz andere Schlussfolgerungen aus ihrer <a href="https://www.freiburg-schwarzwald.de/blog/engagement/zukunft/demokratie/totalitarismus/">totalitären Vergangenheit</a> gezogen haben. Was heute in Deutschland ‘normal‘ geworden ist, habe ich mir nicht vorstellen können. Eine russischstämmige Psychologin hat dazu einen der besten Texte geschrieben, den ich vor langer Zeit gelesen habe, der mich tief bewegt hat und den ich Ihnen wärmstens empfehle.<br />
<a href="https://reitschuster.de/post/deutschland-und-russland-totalitaere-demokratie-und-freiheitliche-autokratie/">https://reitschuster.de/post/deutschland-und-russland-totalitaere-demokratie-und-freiheitliche-autokratie/</a><br />
Ihr bitteres Fazit: „Was aber heute in Deutschland ‚normal‘ geworden ist und auf unabsehbare Zeit wohl so bleiben wird, habe ich mir nicht vorstellen können. Es sind Maßnahmen eines lupenreinen totalitären Staates, welch ‚gute‘ Absicht er damit auch immer verfolgen möge. In Russland wären diese Einschränkungen als Lehre aus der totalitären Sowjetzeit schlicht undenkbar.<br />
Was für ein Paradoxon – totalitäre Demokratien und freiheitliche Autokratien! Aber wir sind die Guten, vertraut uns!“<br />
11.5.2021 Wochenbiefing von <a href="https://www.reitschuster.de">https://www.reitschuster.de</a></p>
<p>&nbsp;</p>

<p>d &nbsp; Entcoronifizierung – undenkbar? (8.3.2023) Reitschuster: „Ich fürchte einen dramatischen politischen Zerfall“ (23.10.2022) Optmismus oder Pessimismus: Merz neuer Kanzler ab April 2023? (7.9.2022) Ohne Sicherheitsgurt: Der Publizist Michael Klonovsky wird sechzig (19.8.2022) Fünf Lehren nach Corona-Ende (3.2.2022) Pessimismus D &#8211; Bärbel Bohley DDR &hellip; <a href="https://www.freiburg-schwarzwald.de/blog/engagement/zukunft/pessimismus/">Weiterlesen <span class="meta-nav">&rarr;</span></a></p>
