{"id":85160,"date":"2020-11-27T10:25:36","date_gmt":"2020-11-27T09:25:36","guid":{"rendered":"https:\/\/www.freiburg-schwarzwald.de\/blog\/?page_id=85160"},"modified":"2020-11-27T17:08:50","modified_gmt":"2020-11-27T16:08:50","slug":"oekozid","status":"publish","type":"page","link":"https:\/\/www.freiburg-schwarzwald.de\/blog\/natur\/klima\/oekozid\/","title":{"rendered":"\u00d6kozid"},"content":{"rendered":"<p>dd<\/p>\n<div id=\"attachment_85107\" style=\"width: 651px\" class=\"wp-caption alignnone\"><a href=\"https:\/\/www.freiburg-schwarzwald.de\/blog\/wp-content\/uploads\/2020\/11\/kaiserstuhl-reben-herbst-pan202010.jpg\"><img loading=\"lazy\" decoding=\"async\" aria-describedby=\"caption-attachment-85107\" class=\"size-full wp-image-85107\" src=\"https:\/\/www.freiburg-schwarzwald.de\/blog\/wp-content\/uploads\/2020\/11\/kaiserstuhl-reben-herbst-pan202010.jpg\" alt=\"\" width=\"641\" height=\"323\" srcset=\"https:\/\/www.freiburg-schwarzwald.de\/blog\/wp-content\/uploads\/2020\/11\/kaiserstuhl-reben-herbst-pan202010.jpg 641w, https:\/\/www.freiburg-schwarzwald.de\/blog\/wp-content\/uploads\/2020\/11\/kaiserstuhl-reben-herbst-pan202010-180x91.jpg 180w\" sizes=\"auto, (max-width: 641px) 100vw, 641px\" \/><\/a><p id=\"caption-attachment-85107\" class=\"wp-caption-text\">Reben in herbstlichen Farben im Kaiserstuhl bei Freiburg im Oktober 2020<\/p><\/div>\n<ul>\n<li><a href=\"https:\/\/www.freiburg-schwarzwald.de\/blog\/oekozid-film-ard-angst-schuld\/\">\u00d6kozid-Film: ARD Angst Schuld<\/a> (27.11.2020)<\/li>\n<li>Georg Restle, der \u00bb\u00d6kozid\u00ab und die J\u00fcdische Allgemeine (26.11.2020)<\/li>\n<li>\u00d6kozid-Film: Wie die ARD den Hunger nach Moral stillt (20.11.2020)<\/li>\n<li>TV-Drama \u00d6kozid: Das verlogene Tribunal \/17.11.2020)<\/li>\n<li>Merkel sollte in Film wie ein Nazi vor Gericht stehen &#8211; Verst\u00f6rendes Szenario in \u201e\u00d6kozid\u201c (9.11.2020)<\/li>\n<li><\/li>\n<\/ul>\n<p>&nbsp;<\/p>\n<p><strong>\u00d6kozid, Genozid und Ethnozid &#8211; verwandte Begriffe<\/strong><br \/>\n\u00d6kozid definiert die UN als \u201eumfangreicher Verlust, Besch\u00e4digung oder Zerst\u00f6rung von \u00d6kosystemen eines bestimmten Gebiets, so dass die friedliche Wohlfahrt (enjoyment) der Einwohner stark beeintr\u00e4chtigt wird\u201c.<br \/>\n.<br \/>\n\u00d6kozid lehnt sich an die Begriffe Genizid und Ethnizid an.<br \/>\nGenozid: Ausrottung einer Ethnie oder eines Volkes.<br \/>\nEthnozid als Zerst\u00f6rung der kulturellen Eigenst\u00e4ndigkeit eines Volkes<br \/>\n&#8212;&#8212;&#8212;&#8212;&#8212;&#8212;&#8212;&#8212;&#8212;&#8212;&#8212;&#8212;&#8212;&#8212;-<\/p>\n<p>&nbsp;<\/p>\n<p><strong>Georg Restle, der \u00bb\u00d6kozid\u00ab und die J\u00fcdische Allgemeine<\/strong><br \/>\nOb Georg Restle ein <a href=\"https:\/\/www.freiburg-schwarzwald.de\/blog\/religion\/juden\/antisemitismus\/\">Antisemit<\/a> ist? Wer wei\u00df das schon. Dass er nicht zimperlich ist, wenn es um j\u00fcdische Themen geht, ist offenkundig.<br \/>\nEine journalistisch wie \u00e4sthetisch im Zweifel ziemlich trostlose ARD-Themenwoche gipfelte Mitte November als \u00bbHighlight\u00ab in einem angeblichen Spielfilm, \u00bb\u00d6kozid\u00ab, bei dem es sich im Grunde genommen um die Verfilmung eine der g\u00e4ngigen \u00d6kobu\u00dfpredigten handelte, mit denen sich die Privilegierten der Meinungselite ihren Wohlstand garnieren<br \/>\n&#8230;<br \/>\nGeorg Restle jedoch \u00e4rgert sich \u00fcber diese Kritik und postete umgehend auf Twitter, nat\u00fcrlich umjubelt von \u00bblinken\u00ab Freunden in den Medien, dass dieser Text der J\u00fcdischen Allgemeinen \u00bbperfide\u00ab ist.<br \/>\n<em>Georg Restle @georgrestle <\/em><br \/>\n<em>Die #NuernbergerProzesse gelten als Geburtsstunde des V\u00f6lkerstrafrechts. Heute geht es darum, ob auch Umweltverbrechen verfolgbare Verbrechen gegen die Menschlichkeit sein k\u00f6nnen. Das thematisiert #oekozid. Vorwurf der Holocaustverharmlosung ist so perfide wie falsch. @ARD_Presse 7:14 nachm. \u00b7 <\/em><br \/>\n<em>20. Nov. 2020\u00b7Twitter for iPad<\/em><br \/>\n&#8230;<br \/>\n\u00bbDass der ARD-Redaktionsleiter uns Juden nun vorwirft, wir seien \u203aperfide\u2039, weil wir den Begriff \u203a\u00d6kozid\u2039 und die Holocaustverharmlosung kritisieren, ist ungeheuerlich und macht uns rat- und sprachlos\u00ab, so der Online-CvD der J\u00fcdischen Allgemeinen, Philipp Peyman Engel, zu Restles Kritik. In der ziemlich linken Medienbubble auf Twitter hat das jedoch nur wenige Leute irritiert oder gar davon abgehalten, mit einem Herzchen oder Retweet ihr \u00bbJawoll\u00ab dazuzugr\u00f6len. Der linke Antiamerikanismus hat stets auch einen Drall ins Antizionistische und in den Antisemitismus.<br \/>\n&#8230; Alles vom 26.11.2020 von Ulf Poschardt bitte lesen auf<br \/>\n<a href=\"https:\/\/www.juedische-allgemeine.de\/kultur\/georg-restle-der-oekozid-und-die-juedische-allgemeine\/\">https:\/\/www.juedische-allgemeine.de\/kultur\/georg-restle-der-oekozid-und-die-juedische-allgemeine\/<\/a><br \/>\n.<\/p>\n<p><strong>TV-Drama \u00d6kozid: Das verlogene Tribunal<\/strong><br \/>\nDieser ARD-Film ist juristischer und politischer Unsinn<br \/>\n&#8230; Alles vom 17.11.2020 von Alan Posener bitte lesen auf<br \/>\n<a href=\"https:\/\/www.welt.de\/kultur\/plus220038776\/TV-Drama-Oekozid-Das-verlogene-Tribunal.html\">https:\/\/www.welt.de\/kultur\/plus220038776\/TV-Drama-Oekozid-Das-verlogene-Tribunal.html<\/a><\/p>\n<p>&#8211;<\/p>\n<p><strong>\u00d6kozid-Film: Wie die ARD den Hunger nach Moral stillt<\/strong><br \/>\n<strong>Wer ist Schuld an der Klimakrise?<\/strong><br \/>\n<em>Das ARD-Drama \u201e\u00d6kozid\u201c stellt die Kanzlerin als Klimas\u00fcnderin vor Gericht. Am Ende verl\u00e4sst sie die B\u00fchne, aber als Heldin. Der Dramaturg Bernd Stegemann \u00fcber ein Tendenzdrama, das an moralischer Br\u00e4sigkeit kaum zu \u00fcberbieten ist.<\/em><br \/>\nAndres Veiel ist ein ber\u00fchmter Dokumentarfilmer. Nun hat er sich an einem Dokumentarfilm \u00fcber eine Klima-Klage im Jahr 2034 versucht. \u201e\u00d6kozid\u201c, das am Mittwoch zur Primetime in der ARD ausgestrahlt wurde, zeigt, wie 31 Staaten des globalen S\u00fcdens Deutschland vor einem Weltgerichtshof verklagen. Gegenstand des Prozesses ist das deutsche Versagen in der Klimapolitik und eine Mitschuld an den katastrophalen Auswirkungen des Klimawandels vor allem f\u00fcr die S\u00fcdhalbkugel.<br \/>\n&#8230;. Alles vom 20.11.2020 bitte lesen auf<br \/>\n<a href=\"https:\/\/www.cicero.de\/kultur\/themenabend-klimakrise-ard-oekozid-merkel-tendenzdrama\">https:\/\/www.cicero.de\/kultur\/themenabend-klimakrise-ard-oekozid-merkel-tendenzdrama<\/a><\/p>\n<p>&#8211; &#8211; &#8211; &#8211; &#8211;<\/p>\n<p><strong>Merkel sollte in Film wie ein Nazi vor Gericht stehen &#8211; Verst\u00f6rendes Szenario in \u201e\u00d6kozid\u201c<\/strong><br \/>\nARD-Spielfilm-Premiere, die es in sich hat! Ein Science-Fiction-Film, der Mittwoch um 20.15 Uhr in der ARD lief, tr\u00e4gt den provokanten Namen \u201e\u00d6kozid\u201c und spielt im Jahr 2034. In diesem Jahr \u2013 so wird suggeriert \u2013 findet die juristische Aufarbeitung der Klima-Krise statt. Denn die Klimakatastrophe hat dramatische Spuren, wie D\u00fcrre und Hochwasser hinterlassen. Die Lebensgrundlage von Millionen Menschen wurde vernichtet \u2013 so die Fiktion.<br \/>\nBrisant: Offenbar hatten die beiden \u201e\u00d6kozid\u201d-Drehbuch-Autoren zun\u00e4chst ein besonders makabres Szenario vor Augen. Bundeskanzlerin Angela Merkel sollte demnach wie die Nazis in N\u00fcrnberg vor Gericht gestellt werden! &#8230; Alles vom 19.11.2020 bitte lesen auf<br \/>\n<a href=\"https:\/\/www.bild.de\/politik\/inland\/politik-inland\/verstoerendes-szenario-fuer-oekozid-ard-film-wollte-merkel-wie-nazis-in-nuernber-74021346.bild.html\">https:\/\/www.bild.de\/politik\/inland\/politik-inland\/verstoerendes-szenario-fuer-oekozid-ard-film-wollte-merkel-wie-nazis-in-nuernber-74021346.bild.html<\/a><\/p>\n","protected":false},"excerpt":{"rendered":"<p>dd \u00d6kozid-Film: ARD Angst Schuld (27.11.2020) Georg Restle, der \u00bb\u00d6kozid\u00ab und die J\u00fcdische Allgemeine (26.11.2020) \u00d6kozid-Film: Wie die ARD den Hunger nach Moral stillt (20.11.2020) TV-Drama \u00d6kozid: Das verlogene Tribunal \/17.11.2020) Merkel sollte in Film wie ein Nazi vor Gericht &hellip; <a href=\"https:\/\/www.freiburg-schwarzwald.de\/blog\/natur\/klima\/oekozid\/\">Weiterlesen <span class=\"meta-nav\">&rarr;<\/span><\/a><\/p>\n","protected":false},"author":2,"featured_media":0,"parent":503,"menu_order":0,"comment_status":"closed","ping_status":"closed","template":"","meta":{"footnotes":""},"class_list":["post-85160","page","type-page","status-publish","hentry"],"_links":{"self":[{"href":"https:\/\/www.freiburg-schwarzwald.de\/blog\/wp-json\/wp\/v2\/pages\/85160","targetHints":{"allow":["GET"]}}],"collection":[{"href":"https:\/\/www.freiburg-schwarzwald.de\/blog\/wp-json\/wp\/v2\/pages"}],"about":[{"href":"https:\/\/www.freiburg-schwarzwald.de\/blog\/wp-json\/wp\/v2\/types\/page"}],"author":[{"embeddable":true,"href":"https:\/\/www.freiburg-schwarzwald.de\/blog\/wp-json\/wp\/v2\/users\/2"}],"replies":[{"embeddable":true,"href":"https:\/\/www.freiburg-schwarzwald.de\/blog\/wp-json\/wp\/v2\/comments?post=85160"}],"version-history":[{"count":5,"href":"https:\/\/www.freiburg-schwarzwald.de\/blog\/wp-json\/wp\/v2\/pages\/85160\/revisions"}],"predecessor-version":[{"id":85180,"href":"https:\/\/www.freiburg-schwarzwald.de\/blog\/wp-json\/wp\/v2\/pages\/85160\/revisions\/85180"}],"up":[{"embeddable":true,"href":"https:\/\/www.freiburg-schwarzwald.de\/blog\/wp-json\/wp\/v2\/pages\/503"}],"wp:attachment":[{"href":"https:\/\/www.freiburg-schwarzwald.de\/blog\/wp-json\/wp\/v2\/media?parent=85160"}],"curies":[{"name":"wp","href":"https:\/\/api.w.org\/{rel}","templated":true}]}}

Ökozid

<p>dd</p>
<div id="attachment_85107" style="width: 651px" class="wp-caption alignnone"><a href="https://www.freiburg-schwarzwald.de/blog/wp-content/uploads/2020/11/kaiserstuhl-reben-herbst-pan202010.jpg"><img loading="lazy" decoding="async" aria-describedby="caption-attachment-85107" class="size-full wp-image-85107" src="https://www.freiburg-schwarzwald.de/blog/wp-content/uploads/2020/11/kaiserstuhl-reben-herbst-pan202010.jpg" alt="" width="641" height="323" srcset="https://www.freiburg-schwarzwald.de/blog/wp-content/uploads/2020/11/kaiserstuhl-reben-herbst-pan202010.jpg 641w, https://www.freiburg-schwarzwald.de/blog/wp-content/uploads/2020/11/kaiserstuhl-reben-herbst-pan202010-180x91.jpg 180w" sizes="auto, (max-width: 641px) 100vw, 641px" /></a><p id="caption-attachment-85107" class="wp-caption-text">Reben in herbstlichen Farben im Kaiserstuhl bei Freiburg im Oktober 2020</p></div>
<ul>
<li><a href="https://www.freiburg-schwarzwald.de/blog/oekozid-film-ard-angst-schuld/">Ökozid-Film: ARD Angst Schuld</a> (27.11.2020)</li>
<li>Georg Restle, der »Ökozid« und die Jüdische Allgemeine (26.11.2020)</li>
<li>Ökozid-Film: Wie die ARD den Hunger nach Moral stillt (20.11.2020)</li>
<li>TV-Drama Ökozid: Das verlogene Tribunal /17.11.2020)</li>
<li>Merkel sollte in Film wie ein Nazi vor Gericht stehen &#8211; Verstörendes Szenario in „Ökozid“ (9.11.2020)</li>
<li></li>
</ul>
<p>&nbsp;</p>
<p><strong>Ökozid, Genozid und Ethnozid &#8211; verwandte Begriffe</strong><br />
Ökozid definiert die UN als „umfangreicher Verlust, Beschädigung oder Zerstörung von Ökosystemen eines bestimmten Gebiets, so dass die friedliche Wohlfahrt (enjoyment) der Einwohner stark beeinträchtigt wird“.<br />
.<br />
Ökozid lehnt sich an die Begriffe Genizid und Ethnizid an.<br />
Genozid: Ausrottung einer Ethnie oder eines Volkes.<br />
Ethnozid als Zerstörung der kulturellen Eigenständigkeit eines Volkes<br />
&#8212;&#8212;&#8212;&#8212;&#8212;&#8212;&#8212;&#8212;&#8212;&#8212;&#8212;&#8212;&#8212;&#8212;-</p>
<p>&nbsp;</p>
<p><strong>Georg Restle, der »Ökozid« und die Jüdische Allgemeine</strong><br />
Ob Georg Restle ein <a href="https://www.freiburg-schwarzwald.de/blog/religion/juden/antisemitismus/">Antisemit</a> ist? Wer weiß das schon. Dass er nicht zimperlich ist, wenn es um jüdische Themen geht, ist offenkundig.<br />
Eine journalistisch wie ästhetisch im Zweifel ziemlich trostlose ARD-Themenwoche gipfelte Mitte November als »Highlight« in einem angeblichen Spielfilm, »Ökozid«, bei dem es sich im Grunde genommen um die Verfilmung eine der gängigen Ökobußpredigten handelte, mit denen sich die Privilegierten der Meinungselite ihren Wohlstand garnieren<br />
&#8230;<br />
Georg Restle jedoch ärgert sich über diese Kritik und postete umgehend auf Twitter, natürlich umjubelt von »linken« Freunden in den Medien, dass dieser Text der Jüdischen Allgemeinen »perfide« ist.<br />
<em>Georg Restle @georgrestle </em><br />
<em>Die #NuernbergerProzesse gelten als Geburtsstunde des Völkerstrafrechts. Heute geht es darum, ob auch Umweltverbrechen verfolgbare Verbrechen gegen die Menschlichkeit sein können. Das thematisiert #oekozid. Vorwurf der Holocaustverharmlosung ist so perfide wie falsch. @ARD_Presse 7:14 nachm. · </em><br />
<em>20. Nov. 2020·Twitter for iPad</em><br />
&#8230;<br />
»Dass der ARD-Redaktionsleiter uns Juden nun vorwirft, wir seien ›perfide‹, weil wir den Begriff ›Ökozid‹ und die Holocaustverharmlosung kritisieren, ist ungeheuerlich und macht uns rat- und sprachlos«, so der Online-CvD der Jüdischen Allgemeinen, Philipp Peyman Engel, zu Restles Kritik. In der ziemlich linken Medienbubble auf Twitter hat das jedoch nur wenige Leute irritiert oder gar davon abgehalten, mit einem Herzchen oder Retweet ihr »Jawoll« dazuzugrölen. Der linke Antiamerikanismus hat stets auch einen Drall ins Antizionistische und in den Antisemitismus.<br />
&#8230; Alles vom 26.11.2020 von Ulf Poschardt bitte lesen auf<br />
<a href="https://www.juedische-allgemeine.de/kultur/georg-restle-der-oekozid-und-die-juedische-allgemeine/">https://www.juedische-allgemeine.de/kultur/georg-restle-der-oekozid-und-die-juedische-allgemeine/</a><br />
.</p>
<p><strong>TV-Drama Ökozid: Das verlogene Tribunal</strong><br />
Dieser ARD-Film ist juristischer und politischer Unsinn<br />
&#8230; Alles vom 17.11.2020 von Alan Posener bitte lesen auf<br />
<a href="https://www.welt.de/kultur/plus220038776/TV-Drama-Oekozid-Das-verlogene-Tribunal.html">https://www.welt.de/kultur/plus220038776/TV-Drama-Oekozid-Das-verlogene-Tribunal.html</a></p>
<p>&#8211;</p>
<p><strong>Ökozid-Film: Wie die ARD den Hunger nach Moral stillt</strong><br />
<strong>Wer ist Schuld an der Klimakrise?</strong><br />
<em>Das ARD-Drama „Ökozid“ stellt die Kanzlerin als Klimasünderin vor Gericht. Am Ende verlässt sie die Bühne, aber als Heldin. Der Dramaturg Bernd Stegemann über ein Tendenzdrama, das an moralischer Bräsigkeit kaum zu überbieten ist.</em><br />
Andres Veiel ist ein berühmter Dokumentarfilmer. Nun hat er sich an einem Dokumentarfilm über eine Klima-Klage im Jahr 2034 versucht. „Ökozid“, das am Mittwoch zur Primetime in der ARD ausgestrahlt wurde, zeigt, wie 31 Staaten des globalen Südens Deutschland vor einem Weltgerichtshof verklagen. Gegenstand des Prozesses ist das deutsche Versagen in der Klimapolitik und eine Mitschuld an den katastrophalen Auswirkungen des Klimawandels vor allem für die Südhalbkugel.<br />
&#8230;. Alles vom 20.11.2020 bitte lesen auf<br />
<a href="https://www.cicero.de/kultur/themenabend-klimakrise-ard-oekozid-merkel-tendenzdrama">https://www.cicero.de/kultur/themenabend-klimakrise-ard-oekozid-merkel-tendenzdrama</a></p>
<p>&#8211; &#8211; &#8211; &#8211; &#8211;</p>
<p><strong>Merkel sollte in Film wie ein Nazi vor Gericht stehen &#8211; Verstörendes Szenario in „Ökozid“</strong><br />
ARD-Spielfilm-Premiere, die es in sich hat! Ein Science-Fiction-Film, der Mittwoch um 20.15 Uhr in der ARD lief, trägt den provokanten Namen „Ökozid“ und spielt im Jahr 2034. In diesem Jahr – so wird suggeriert – findet die juristische Aufarbeitung der Klima-Krise statt. Denn die Klimakatastrophe hat dramatische Spuren, wie Dürre und Hochwasser hinterlassen. Die Lebensgrundlage von Millionen Menschen wurde vernichtet – so die Fiktion.<br />
Brisant: Offenbar hatten die beiden „Ökozid”-Drehbuch-Autoren zunächst ein besonders makabres Szenario vor Augen. Bundeskanzlerin Angela Merkel sollte demnach wie die Nazis in Nürnberg vor Gericht gestellt werden! &#8230; Alles vom 19.11.2020 bitte lesen auf<br />
<a href="https://www.bild.de/politik/inland/politik-inland/verstoerendes-szenario-fuer-oekozid-ard-film-wollte-merkel-wie-nazis-in-nuernber-74021346.bild.html">https://www.bild.de/politik/inland/politik-inland/verstoerendes-szenario-fuer-oekozid-ard-film-wollte-merkel-wie-nazis-in-nuernber-74021346.bild.html</a></p>

<p>dd Ökozid-Film: ARD Angst Schuld (27.11.2020) Georg Restle, der »Ökozid« und die Jüdische Allgemeine (26.11.2020) Ökozid-Film: Wie die ARD den Hunger nach Moral stillt (20.11.2020) TV-Drama Ökozid: Das verlogene Tribunal /17.11.2020) Merkel sollte in Film wie ein Nazi vor Gericht &hellip; <a href="https://www.freiburg-schwarzwald.de/blog/natur/klima/oekozid/">Weiterlesen <span class="meta-nav">&rarr;</span></a></p>
