{"id":76284,"date":"2019-11-25T15:20:43","date_gmt":"2019-11-25T14:20:43","guid":{"rendered":"https:\/\/www.freiburg-schwarzwald.de\/blog\/?page_id=76284"},"modified":"2026-02-04T21:55:17","modified_gmt":"2026-02-04T20:55:17","slug":"attental","status":"publish","type":"page","link":"https:\/\/www.freiburg-schwarzwald.de\/blog\/regio\/orte\/stegen\/attental\/","title":{"rendered":"Attental"},"content":{"rendered":"<p><a href=\"https:\/\/www.freiburg-schwarzwald.de\/blog\">Home<\/a>\u00a0&gt;<a title=\"Regio\" href=\"https:\/\/www.freiburg-schwarzwald.de\/blog\/regio\/\">Regio<\/a>\u00a0&gt;<a title=\"Orte\" href=\"https:\/\/www.freiburg-schwarzwald.de\/blog\/regio\/orte\/\">Orte<\/a>&gt;<a title=\"Stegen\" href=\"https:\/\/www.freiburg-schwarzwald.de\/blog\/regio\/orte\/stegen\/\">Stegen<\/a>\u00a0&gt;Attental<\/p>\n<div id=\"attachment_62967\" style=\"width: 648px\" class=\"wp-caption alignnone\"><a href=\"https:\/\/www.freiburg-schwarzwald.de\/blog\/kultur\/internet\/kommunikation\/sonnenblumen1vezelia-pan161003\/\" rel=\"attachment wp-att-62967\"><img loading=\"lazy\" decoding=\"async\" aria-describedby=\"caption-attachment-62967\" class=\"size-full wp-image-62967\" src=\"https:\/\/www.freiburg-schwarzwald.de\/blog\/wp-content\/uploads\/2016\/10\/sonnenblumen1vezelia-pan161003.jpg\" alt=\"Sonnenblumen und Vezelia im Dreisamtal bei Freiburg am 3.10.2016\" width=\"638\" height=\"270\" srcset=\"https:\/\/www.freiburg-schwarzwald.de\/blog\/wp-content\/uploads\/2016\/10\/sonnenblumen1vezelia-pan161003.jpg 638w, https:\/\/www.freiburg-schwarzwald.de\/blog\/wp-content\/uploads\/2016\/10\/sonnenblumen1vezelia-pan161003-180x76.jpg 180w\" sizes=\"auto, (max-width: 638px) 100vw, 638px\" \/><\/a><p id=\"caption-attachment-62967\" class=\"wp-caption-text\">Sonnenblumen und Vezelia im Dreisamtal bei Freiburg am 3.10.2016<\/p><\/div>\n<p>Die Seitent\u00e4ler des Dreisamtals im Uhrzeigersinn von Freiburg-Ebnet bis FR-Littenweiler::<br \/>\nWelchental, Attental, Wittental, <a title=\"Eschbach\" href=\"https:\/\/www.freiburg-schwarzwald.de\/blog\/regio\/orte\/eschbach\/\">Eschbachtal<\/a>, <a title=\"Rechtenbach\" href=\"https:\/\/www.freiburg-schwarzwald.de\/blog\/regio\/orte\/stegen\/rechtenbach\/\">Rechtenbach<\/a>\u00a0(Gemeinde Stegen), Ibental, Wagensteigtal, H\u00f6llental, Weilersbach, <a title=\"Zastler\" href=\"https:\/\/www.freiburg-schwarzwald.de\/blog\/regio\/orte\/oberried\/zastler\/\">Zastlertal<\/a>, <a title=\"StWilhelm\" href=\"https:\/\/www.freiburg-schwarzwald.de\/blog\/regio\/orte\/oberried\/stwilhelm\/\">St.Wilhelmertal<\/a>, <a title=\"Geroldstal\" href=\"https:\/\/www.freiburg-schwarzwald.de\/blog\/regio\/orte\/oberried\/geroldstal\/\">Geroldstal<\/a>, <a title=\"Dietenbach\" href=\"https:\/\/www.freiburg-schwarzwald.de\/blog\/regio\/orte\/kirchzarten\/dietenbach\/\">Dietenbach<\/a>, Engenbach, <a title=\"Neuhaeuser\" href=\"https:\/\/www.freiburg-schwarzwald.de\/blog\/regio\/orte\/neuhaeuser\/\">Neuh\u00e4user<\/a>, Fischbach,\u00a0<a title=\"Kappel\" href=\"https:\/\/www.freiburg-schwarzwald.de\/blog\/regio\/freiburg\/kappel\/\">Kappler Tal<\/a><\/p>\n<p>&nbsp;<\/p>\n<p>&nbsp;<\/p>\n<ul>\n<li><em>Listenauswahl eines Beitrags (Artikel\/Datum, Seite\/Inhalt):\u00a0<span style=\"text-decoration: underline;\">Klicken<\/span>\u00a0oder scrollen<\/em><\/li>\n<li><a href=\"https:\/\/www.freiburg-schwarzwald.de\/blog\/energie\/wind\/windkraft-schwarzwald\/\">Der Mythos vom \u201eB\u00fcrgerwindpark Brombeerkopf\u201c<\/a>\u00a0(4.2.2025)<\/li>\n<li><a href=\"https:\/\/www.freiburg-schwarzwald.de\/blog\/wittental\/\">Baldenweger Villa \u2013 Forstentomologie Uni FR \u2013 Offene T\u00fcr 22.3.2025<\/a> (22.3.2025)<\/li>\n<li>Rauferhof: Vollerwerbslandwirtschaft mit Ferienwohnung (20.11.2019)<\/li>\n<li><\/li>\n<li><strong><a href=\"https:\/\/www.freiburg-schwarzwald.de\/littenweiler\/attental.htm\">https:\/\/www.freiburg-schwarzwald.de\/littenweiler\/attental.htm<\/a>\u00a0 &gt;Archivseite Attental<\/strong><\/li>\n<\/ul>\n<ul>\n<li><span style=\"font-family: Arial; font-size: small;\"><a href=\"https:\/\/www.freiburg-schwarzwald.de\/littenweiler\/verkehr3.htm#L%20133%20zwischen%20Stegen%20und%20Ebnet%20am%202.5.2005%20freigegeben\">L 133 zwischen Stegen und Ebnet am 2.5.2005 endlich freigegeben<\/a>\u00a0&gt;Verkehr3 (9.5.2005)<\/span><\/li>\n<li><a title=\"Bauernhof\" href=\"https:\/\/www.freiburg-schwarzwald.de\/blog\/bauernhof\/\">Bauernhof<\/a><\/li>\n<li><span style=\"font-family: Arial; font-size: small;\"><a href=\"https:\/\/www.freiburg-schwarzwald.de\/attental5.htm\">Bauernh\u00f6fe: Fewo, Hofladen und Hofladen im Attental<\/a>\u00a0&gt;Attental5<\/span><\/li>\n<li><span style=\"font-family: Arial; font-size: small;\"><a href=\"https:\/\/www.freiburg-schwarzwald.de\/littenweiler\/schlangenkapelle.htm\">Schlangenkapelle zwischen Atten- und Wittental<\/a>\u00a0&gt;Schlangenkapelle<\/span><\/li>\n<li><span style=\"font-family: Arial; font-size: small;\"><a href=\"https:\/\/www.freiburg-schwarzwald.de\/littenweiler\/stegen.htm\">Gemeinde Stegen<\/a>\u00a0&gt;Stegen<\/span><\/li>\n<li><span style=\"font-family: Arial; font-size: small;\"><a href=\"https:\/\/www.freiburg-schwarzwald.de\/stegen5.htm#Scherer-Hof%20im%20Attental\">Scherer-Hof<\/a>\u00a0&gt;Stegen5<\/span><\/li>\n<li><a href=\"https:\/\/www.freiburg-schwarzwald.de\/blog\/wittental\/\">Wittental<\/a><\/li>\n<li><span style=\"font-family: Arial; font-size: small;\"><a href=\"https:\/\/www.freiburg-schwarzwald.de\/littenweiler\/wittental.htm\">Stegen-Wittental<\/a> &gt;Wittental (Archivseite)<\/span><\/li>\n<li><span style=\"font-family: Arial; font-size: small;\"><a href=\"https:\/\/www.freiburg-schwarzwald.de\/littenweiler\/ebnet\/index.htm\">Ebnet<\/a>\u00a0&gt;Ebnet<\/span><\/li>\n<li><span style=\"font-family: Arial; font-size: small;\"><a href=\"https:\/\/www.freiburg-schwarzwald.de\/littenweiler\/blicke-auf-kirchzarten.htm#Blick%20vom%C2%A0Attental\">Vom Attental ins Dreisamtal<\/a>\u00a0&gt;Blicke-auf-Kirchzarten<\/span><\/li>\n<li><span style=\"font-family: Arial; font-size: small;\"><a href=\"https:\/\/www.freiburg-schwarzwald.de\/littenweiler\/attental.htm#Waldcaf%C3%A9%20Faller%20im%20Attental\">Waldcafe Faller<\/a><\/span><\/li>\n<\/ul>\n<ul>\n<li><strong><a href=\"https:\/\/www.freiburg-schwarzwald.de\/attental5.htm\">https:\/\/www.freiburg-schwarzwald.de\/attental5.htm<\/a> &gt;Bauernh\u00f6fe im Attental (Archivseite)<\/strong><\/li>\n<li><span style=\"font-family: Arial; font-size: small;\"><a href=\"https:\/\/www.freiburg-schwarzwald.de\/attental5.htm#Albrechtenhof%20in%20Attental\">Albrechtshof in Attental<\/a><\/span><\/li>\n<li><span style=\"font-family: Arial; font-size: small;\"><a href=\"https:\/\/www.freiburg-schwarzwald.de\/attental5.htm#Bankscherhof%20in%20Attental\">Bankscherhof in Attental<\/a><\/span><\/li>\n<li><span style=\"font-family: Arial; font-size: small;\"><a title=\"Breitehof\" href=\"https:\/\/www.freiburg-schwarzwald.de\/blog\/bauernhof\/breitehof\/\">Breitehof in Stegen-Attental<\/a>\u00a0<\/span><\/li>\n<li><span style=\"font-family: Arial; font-size: small;\"><a href=\"https:\/\/www.freiburg-schwarzwald.de\/attental5.htm#Brosih%C3%A4usle%20im%20Attental\">Brosih\u00e4usle im Attental<\/a><\/span><\/li>\n<li><span style=\"font-family: Arial; font-size: small;\"><a href=\"https:\/\/www.freiburg-schwarzwald.de\/attental5.htm#Duffner-Hof%20(Uhrenh%C3%A4usle)\">Duffner-Hof (Uhrenh\u00e4usle<\/a>)<\/span><\/li>\n<li><span style=\"font-family: Arial; font-size: small;\"><a href=\"https:\/\/www.freiburg-schwarzwald.de\/littenweiler\/attental.htm#Waldcaf%C3%A9%20Faller%20im%20Attental\">Faller &#8211; Cafe<\/a>\u00a0&gt;Attental<\/span><\/li>\n<li><span style=\"font-family: Arial; font-size: small;\"><a href=\"https:\/\/www.freiburg-schwarzwald.de\/attental5.htm#Henslehof%20in%20Attental\">Henslehof in Attental<\/a><\/span><\/li>\n<li><span style=\"font-family: Arial; font-size: small;\"><a href=\"https:\/\/www.freiburg-schwarzwald.de\/littenweiler\/attental.htm\">Hugenhof (Sumserhof) in Attental<\/a>\u00a0&gt;Attental<\/span><\/li>\n<li><span style=\"font-family: Arial; font-size: small;\"><a href=\"https:\/\/www.freiburg-schwarzwald.de\/attental5.htm#Rauferhof%20in%20Attental\">Rauferhof in Attental<\/a><\/span><\/li>\n<li><span style=\"font-family: Arial; font-size: small;\"><a href=\"https:\/\/www.freiburg-schwarzwald.de\/attental5.htm#Scherer-Hof%20im%20Attental\">Scherer-Hof im Attental<\/a><\/span><\/li>\n<li><span style=\"font-family: Arial; font-size: small;\"><a href=\"https:\/\/www.freiburg-schwarzwald.de\/attental5.htm#Schuhmathis%20(Schw%C3%A4hrs%20H%C3%A4usle)%20am%20Eingang%20zum%20Attental\">Schuhmathis (Schw\u00e4hrs H\u00e4usle) am Eingang zum Attental<\/a><\/span><\/li>\n<li><span style=\"font-family: Arial;\"><a href=\"https:\/\/www.freiburg-schwarzwald.de\/attental5.htm#Sumserhof%20(fr%C3%BCher%20Hugenhof)%20in%20Attental\"><span style=\"font-size: small;\">Sumserhof (fr\u00fcher Hugenhof) in Attental<\/span><\/a><\/span><\/li>\n<li><span style=\"font-family: Arial; font-size: small;\"><a href=\"https:\/\/www.freiburg-schwarzwald.de\/attental5.htm#Sumserhofh%C3%A4usle\">Sumserhofh\u00e4usle<\/a><\/span><\/li>\n<li><span style=\"font-family: Arial; font-size: small;\"><a href=\"https:\/\/www.freiburg-schwarzwald.de\/attental5.htm#Vogt-Hof\">Vogt-Hof<\/a><\/span><\/li>\n<\/ul>\n<p>&nbsp;<\/p>\n<p><strong>Rauferhof: Vollerwerbslandwirts<\/strong><strong>chaft mit Ferienwohnung<\/strong><\/p>\n<p><em>\u201eBringen Sie Gummistiefel mit und gen\u00fcgend Zeit\u201c, empfiehlt mir Martina Lipphardt munter am Telefon. Nun bin ich wirklich gespannt, was auf ich zukommt. Das kleine Landstr\u00e4\u00dfchen f\u00fchrt ins hintere Attental. Am Hang gelegen, eingebettet zwischen Wiesen und Obstb\u00e4umen, empf\u00e4ngt der sch\u00f6ne Rauferhof seine Besucher.<\/em><\/p>\n<p>Landwirtschaft wird hier seit nahezu 500 Jahren betrieben, mittlerweile bereits in der 5. Generation. Der urspr\u00fcngliche Eindachhof fi el 1869 einem verheerenden Brand zum Opfer. 1870 wurde auf der gegen\u00fcberliegenden Stra\u00dfenseite, im vorder\u00f6sterreichischen Baustil \u2013 Wohnhaus und Stallungen getrennt &#8211; der Rauferhof errichtet, so wie er noch heute zu bewundern ist. Das L\u00e4uten der entz\u00fcckenden kleinen Hofkapelle erinnert noch immer t\u00e4glich um 12.00 Uhr an die Mittagszeit und um 18.00 Uhr an das Abendgebet.<\/p>\n<p>Wilhelm Raufer ist Landwirt im Haupterwerb. Dies bedeutet eine Menge m\u00fchevolle Arbeit rund ums Jahr. Lebensgef\u00e4hrtin Martina Lipphardt hat die Belegung der Ferienwohnungen im Blick, beantwortet Mailanfragen und k\u00fcmmert sich um sonstige B\u00fcrot\u00e4tigkeiten rund um den Hof. Zus\u00e4tzlich unterst\u00fctzt sie Wilhelm Raufer bei der t\u00e4glichen Arbeit auf dem Hof. Neben Katzen, Hofh\u00fcndin Asti, H\u00fchnern sowie zwei Schweinen f\u00fcr den Eigenbedarf, leben 15 Milchk\u00fche der Rasse Vorderw\u00e4lder auf dem Hof. Einige K\u00e4lber zur Nachzucht tummeln sich auf den nahen Wiesen, elf Jungrinder verbringen die Sommer am Feldberg und teilen sich dort die Weiden mit den vierbeinigen Kollegen befreundeter H\u00f6fe.<br \/>\nDer Rauferhof ist Mitglied der Weidegemeinschaft St. Wilhelm, wie u.a. auch der Hinterbauernhof im Steurental und der Ruhbauernhof in Dietenbach. Die Tiere werden jedoch nicht zu Fu\u00df zum Ziel begleitet, vielmehr erfolgt der Transport zur Sommerfrische am Feldberg auf motorisierte Art und Weise. Mitte Oktober werden die Tiere zur\u00fcck auf den heimischen Hof geholt. Monja, Emma und ihre Kolleginnen verbleiben am Hof, d\u00fcrfen jedoch einen Gro\u00dfteil des Jahres t\u00e4glich frisches Gr\u00fcn auf den Weiden des Rauferhofes genie\u00dfen.<\/p>\n<p>Mein Besuch auf dem Rauferhof f\u00e4llt in die Melkzeit, also stiefeln wir Richtung Weiden, um die K\u00fche dort abzuholen. Der lange Weg bergauf, f\u00fchrt durch ein kleines, im Sommer Schatten spendendes, W\u00e4ldchen. Oben angekommen erwartet uns ein spektakul\u00e4rer Weitblick und, was f\u00fcr die vierbeinigen Damen sicher weitaus verlockender ist, gro\u00dfe, schmackhafte Kr\u00e4uterwiesen. Die behornten M\u00e4dels ben\u00f6tigen doch eine gewisse Fitness f\u00fcr ihren t\u00e4glichen Weidegang, was der gesundheitlichen Verfassung der Tiere jedoch durchaus entgegenkommt. Mira ist die \u00e4lteste im Bunde. Lange war sie die Leitkuh. Die F\u00fchrungsaufgaben hat sie mittlerweile an die j\u00fcngere Generation abgegeben, sie nimmt es mit Gelassenheit. Alles geht seinen gewohnten Gang. Zur\u00fcck im Stall, erwartet die K\u00fche zus\u00e4tzlich duftendes Heu und auch etwas Kraftfutter. Es wird betriebsam, jedoch keineswegs hektisch, im Stall zur Melkzeit. Jeder Handgriff sitzt und die K\u00fche stehen geduldig und m\u00fcmmeln vor sich hin.\u201eWollen Sie es auch mal versuchen?\u201c, kommt die aufmunternde Frage unter einem gro\u00dfen Kuhk\u00f6rper hervor. Wilhelm Raufer sieht mich erwartungsvoll an. Mit viel Engagement und Herzblut<br \/>\n.<br \/>\nEinen landwirtschaftlichen Betrieb im Vollerwerb zu f\u00fchren, bedeutet t\u00e4glich 12 Stunden m\u00fchevolle Arbeit, 7 Tage die Woche. Die oftmals fehlende Wertsch\u00e4tzung, das Ringen mit zahlreichen Vorurteilen und nicht selten auch beh\u00f6rdliche H\u00fcrden, zeigen sich als zus\u00e4tzliche Belastung. Andererseits erm\u00f6glicht dieser Beruf jedoch ein Leben mit und in der Natur, im Lauf der Jahreszeiten, mit seinen Frauen und auch wundersch\u00f6nen Seiten und auch mit dem Wissen, einen wichtigen Beitrag zu leisten, zur Erhaltung des f\u00fcr den Schwarzwald so typischen Landschaftsbildes. \u201eIch liebe und lebe meinen Beruf mit sehr viel Herzblut. Anders k\u00f6nnte ich die Energie hierf\u00fcr ja auch nicht aufbringen\u201c, so Wilhelm Raufer mit seinem sympathischen L\u00e4cheln. Und dann traue ich mich doch noch ans Melken. Nach einigen Versuchen und mit gro\u00dfem Staunen \u00fcber die Geduld der Dame, klappt die Sache und ich freue mich wie ein kleines Kind. Es ist ein sch\u00f6nes Gef\u00fchl und ich bekomme eine winzige Ahnung, was Landwirtschaft bedeutet.<br \/>\n.<br \/>\nDie Wei\u00dftanne hat auf dem Rauferhof eine lange Tradition Neben 20 Hektar landwirtschaftlichen Fl\u00e4chen, besitzt der Hof auch 60 Hektar Wald. Dieser wird vor allem von der Tanne gepr\u00e4gt. Auch beim Wiederaufbau des Hofes im Jahre 1870, wurde jede Menge Tannenholz aus dem eigenen Wald verbaut. Wilhelm Raufer und Martina Lipphardt f\u00fchrten diese Tradition nun weiter. Im Herbst 2015 begannen die beiden mit der Planung einer Ferienwohnung. Hier durfte vor allem Wei\u00dftanne aus dem eigenen Wald die Hauptrolle spielen. Mit Christian Dilger, Zimmerermeister und Bautechniker aus Oberried, hatten sie einen Praktiker gefunden, der die Tanne perfekt in Szene setzen konnte. Vom Bodenbelag bis zu den Balken, \u00fcberall findet sich das heimische Holz wieder, verstr\u00f6mt hier seinen herrlichen Duft und verleiht den R\u00e4umlichkeiten ein sehr warmes Wohl- und Wohngef\u00fchl. Zum Einsatz kamen nahezu 65 m\u00b3 aus dem eigenen Wald und die Investition hat sich sichtlich gelohnt. Mit viel Liebe zum Detail, im Ausbau und auch in der stilvollen Einrichtung, wurde etwas Besonderes f\u00fcr gro\u00dfe und kleine Ferieng\u00e4ste erschaffen.<br \/>\n.<br \/>\nSeit Fr\u00fchjahr 2019 konnten bereits einige G\u00e4ste die heimelige Atmosph\u00e4re genie\u00dfen, welches das Tannenholz verbreitet. Selbst Fr\u00e4nzi Kleeb, B\u00fcrgermeisterin von Stegen, lie\u00df es sich nicht nehmen der Familie zu diesem gelungenen Pojekt zu gratulieren, Susanne Dreher-Z\u00e4hringer \u00fcberbrachte Gl\u00fcckw\u00fcnsche vom \u201eForum Wei\u00dftanne\u201c, im Gep\u00e4ck auch das eigens f\u00fcr diese Zwecke entworfene \u201eTannenschild\u201c, das am Eingang angebracht, gleich allen Besuchern vor Augen f\u00fchrt, aus welchem Holz diese Ferienwohnung \u201cgeschnitzt\u201c ist. Die Tanne ist deutschlandweit nur mit 1,7 % vertreten. Hier im Schwarzwald aber ist sie die Charakterbaumart schlechthin und weit verbreitet. Sie zeichnet sich durch ihre Harzfreiheit und ihre edle Optik aus und ist geradezu pr\u00e4destiniert f\u00fcr den \u00f6kologischen Hausbau. N\u00e4here Info\u00b4s zur Tanne unter <a href=\"https:\/\/www.weisstanne.info\">https:\/\/www.weisstanne.info<\/a><br \/>\n.<br \/>\nUnd was ist eigentlich mit Urlaub? Mal eben spontan \u00fcbers Wochenende alles hinter sich lassen? Das ist nicht m\u00f6glich. Ein Urlaub muss weit im Voraus geplant und gut organisiert werden. F\u00fcr den Rauferhof sind es Freunde und Bekannte des Paares, allen voran Wilhelm Raufers Schwester, welche gerne einspringen und somit den Beiden kostbare freie Zeit erm\u00f6glichen. \u201eWenn wir den Hof in guten H\u00e4nden wissen, dann k\u00f6nnen wir unsere gemeinsame freie Zeit entspannt genie\u00dfen\u201c, so Martina Lipphardt.<br \/>\nInformationen rund um den Hof und zu den Ferienwohnungen finden sich auf der sch\u00f6nen Website des Rauferhofes.<\/p>\n<p>Rauferhof, Wilhelm Raufer und Martina Lipphardt,<br \/>\nAttentalstra\u00dfe 1, in Stegen,<br \/>\nTel.: 07661 \/ 6 10 94.<br \/>\n<a href=\"https:\/\/www.rauferhof.de\">https:\/\/www.rauferhof.de<\/a><\/p>\n<p>20.11.2019, Christine van Herk, <a href=\"https:\/\/www.dreisamtaeler.de\">https:\/\/www.dreisamtaeler.de<\/a><\/p>\n<p>Weitere Infos zum Rauferhof:<br \/>\n<a href=\"https:\/\/www.freiburg-schwarzwald.de\/attental5.htm#Rauferhof%20in%20Attental\">https:\/\/www.freiburg-schwarzwald.de\/attental5.htm#Rauferhof%20in%20Attental<\/a><\/p>\n<p>&nbsp;<\/p>\n<div id=\"attachment_126117\" style=\"width: 647px\" class=\"wp-caption alignnone\"><a href=\"https:\/\/www.freiburg-schwarzwald.de\/blog\/wp-content\/uploads\/2024\/08\/storch-attental-freiburg-pan240811.jpg\"><img loading=\"lazy\" decoding=\"async\" aria-describedby=\"caption-attachment-126117\" class=\"size-full wp-image-126117\" src=\"https:\/\/www.freiburg-schwarzwald.de\/blog\/wp-content\/uploads\/2024\/08\/storch-attental-freiburg-pan240811.jpg\" alt=\"\" width=\"637\" height=\"357\" srcset=\"https:\/\/www.freiburg-schwarzwald.de\/blog\/wp-content\/uploads\/2024\/08\/storch-attental-freiburg-pan240811.jpg 637w, https:\/\/www.freiburg-schwarzwald.de\/blog\/wp-content\/uploads\/2024\/08\/storch-attental-freiburg-pan240811-180x101.jpg 180w\" sizes=\"auto, (max-width: 637px) 100vw, 637px\" \/><\/a><p id=\"caption-attachment-126117\" class=\"wp-caption-text\">St\u00f6rche beim Attental nahe Freiburg am 11.8.2024<\/p><\/div>\n","protected":false},"excerpt":{"rendered":"<p>Home\u00a0&gt;Regio\u00a0&gt;Orte&gt;Stegen\u00a0&gt;Attental Die Seitent\u00e4ler des Dreisamtals im Uhrzeigersinn von Freiburg-Ebnet bis FR-Littenweiler:: Welchental, Attental, Wittental, Eschbachtal, Rechtenbach\u00a0(Gemeinde Stegen), Ibental, Wagensteigtal, H\u00f6llental, Weilersbach, Zastlertal, St.Wilhelmertal, Geroldstal, Dietenbach, Engenbach, Neuh\u00e4user, Fischbach,\u00a0Kappler Tal &nbsp; &nbsp; Listenauswahl eines Beitrags (Artikel\/Datum, Seite\/Inhalt):\u00a0Klicken\u00a0oder scrollen Der Mythos vom &hellip; <a href=\"https:\/\/www.freiburg-schwarzwald.de\/blog\/regio\/orte\/stegen\/attental\/\">Weiterlesen <span class=\"meta-nav\">&rarr;<\/span><\/a><\/p>\n","protected":false},"author":2,"featured_media":0,"parent":1583,"menu_order":0,"comment_status":"open","ping_status":"closed","template":"","meta":{"footnotes":""},"class_list":["post-76284","page","type-page","status-publish","hentry"],"_links":{"self":[{"href":"https:\/\/www.freiburg-schwarzwald.de\/blog\/wp-json\/wp\/v2\/pages\/76284","targetHints":{"allow":["GET"]}}],"collection":[{"href":"https:\/\/www.freiburg-schwarzwald.de\/blog\/wp-json\/wp\/v2\/pages"}],"about":[{"href":"https:\/\/www.freiburg-schwarzwald.de\/blog\/wp-json\/wp\/v2\/types\/page"}],"author":[{"embeddable":true,"href":"https:\/\/www.freiburg-schwarzwald.de\/blog\/wp-json\/wp\/v2\/users\/2"}],"replies":[{"embeddable":true,"href":"https:\/\/www.freiburg-schwarzwald.de\/blog\/wp-json\/wp\/v2\/comments?post=76284"}],"version-history":[{"count":5,"href":"https:\/\/www.freiburg-schwarzwald.de\/blog\/wp-json\/wp\/v2\/pages\/76284\/revisions"}],"predecessor-version":[{"id":145362,"href":"https:\/\/www.freiburg-schwarzwald.de\/blog\/wp-json\/wp\/v2\/pages\/76284\/revisions\/145362"}],"up":[{"embeddable":true,"href":"https:\/\/www.freiburg-schwarzwald.de\/blog\/wp-json\/wp\/v2\/pages\/1583"}],"wp:attachment":[{"href":"https:\/\/www.freiburg-schwarzwald.de\/blog\/wp-json\/wp\/v2\/media?parent=76284"}],"curies":[{"name":"wp","href":"https:\/\/api.w.org\/{rel}","templated":true}]}}