{"id":72407,"date":"2019-05-17T17:13:50","date_gmt":"2019-05-17T15:13:50","guid":{"rendered":"https:\/\/www.freiburg-schwarzwald.de\/blog\/?page_id=72407"},"modified":"2021-01-17T19:19:37","modified_gmt":"2021-01-17T18:19:37","slug":"migration-flugzeug","status":"publish","type":"page","link":"https:\/\/www.freiburg-schwarzwald.de\/blog\/global\/migration\/migration-flugzeug\/","title":{"rendered":"Migration-Flugzeug"},"content":{"rendered":"<p><a href=\"https:\/\/www.freiburg-schwarzwald.de\/blog\">Home<\/a>\u00a0&gt;<a title=\"Global\" href=\"https:\/\/www.freiburg-schwarzwald.de\/blog\/global\/\">Global<\/a>\u00a0&gt;<a title=\"Integration\" href=\"https:\/\/www.freiburg-schwarzwald.de\/blog\/global\/integration\/\">Integration<\/a>\u00a0&gt;<a title=\"Fluechtlinge\" href=\"https:\/\/www.freiburg-schwarzwald.de\/blog\/global\/integration\/fluechtlinge\/\">Fluechtlinge<\/a>\u00a0&gt;<a title=\"Migration\" href=\"https:\/\/www.freiburg-schwarzwald.de\/blog\/global\/migration\/\">Migration<\/a>\u00a0\u2013 Migration-Flugzeug<\/p>\n<div id=\"attachment_70760\" style=\"width: 651px\" class=\"wp-caption alignnone\"><a href=\"https:\/\/www.freiburg-schwarzwald.de\/blog\/business\/rezession\/schwarzwald-berge2019pan\/\" rel=\"attachment wp-att-70760\"><img loading=\"lazy\" decoding=\"async\" aria-describedby=\"caption-attachment-70760\" class=\"size-full wp-image-70760\" src=\"https:\/\/www.freiburg-schwarzwald.de\/blog\/wp-content\/uploads\/2019\/02\/schwarzwald-berge2019pan.jpg\" alt=\"Blick vom Feldberg nach S\u00fcden \u00fcber die Schwarzwald-Berge im Januar 2019\" width=\"641\" height=\"272\" srcset=\"https:\/\/www.freiburg-schwarzwald.de\/blog\/wp-content\/uploads\/2019\/02\/schwarzwald-berge2019pan.jpg 641w, https:\/\/www.freiburg-schwarzwald.de\/blog\/wp-content\/uploads\/2019\/02\/schwarzwald-berge2019pan-180x76.jpg 180w, https:\/\/www.freiburg-schwarzwald.de\/blog\/wp-content\/uploads\/2019\/02\/schwarzwald-berge2019pan-640x271.jpg 640w\" sizes=\"auto, (max-width: 641px) 100vw, 641px\" \/><\/a><p id=\"caption-attachment-70760\" class=\"wp-caption-text\">Blick vom Feldberg nach S\u00fcden \u00fcber die Schwarzwald-Berge im Januar 2019<\/p><\/div>\n<ul>\n<li><a href=\"https:\/\/www.freiburg-schwarzwald.de\/blog\/business\/gesund\/corona-virus\/corona-migration\/\">Trotz drei Lockdowns \u00fcber 100.000 neue Migranten in 2020<\/a>\u00a0(18.1.2021)<\/li>\n<li><a title=\"WDR\" href=\"https:\/\/www.freiburg-schwarzwald.de\/blog\/kultur\/medien\/wdr\/\">Arabischer WDR-Kanal wirbt Migranten nach D\u00fcsseldorf an<\/a> (23.1.2020)<\/li>\n<li><a title=\"EU-Afrika\" href=\"https:\/\/www.freiburg-schwarzwald.de\/blog\/global\/eu\/eu-afrika\/\">EU-Parlaments-Entschlie\u00dfung f\u00fcr Menschen afrikanischer Abstammung: Kritik<\/a>\u00a0(20.12.2019)<\/li>\n<li>Massenzuwanderung auch 2018 \u00fcber weiterhin offene Grenzen (29.6.2019)<\/li>\n<li>Ein Drittel der Migranten kommen mit dem Flugzeug (15.5.2019)<\/li>\n<\/ul>\n<ul>\n<li><a title=\"EU-Afrika\" href=\"https:\/\/www.freiburg-schwarzwald.de\/blog\/global\/eu\/eu-afrika\/\">EU-Afrika<\/a><\/li>\n<li><a title=\"Familie\" href=\"https:\/\/www.freiburg-schwarzwald.de\/blog\/selbsthilfe\/familie\/\">Familie<\/a><\/li>\n<li><a title=\"Familienplanung\" href=\"https:\/\/www.freiburg-schwarzwald.de\/blog\/global\/afrika\/familienplanung\/\">Fmilienplanung Afrika<\/a><\/li>\n<li><a title=\"Fluechtlinge-Rueckkehr\" href=\"https:\/\/www.freiburg-schwarzwald.de\/blog\/global\/integration\/fluechtlinge-rueckkehr\/\">Fluechtlinge-Rueckkehr<\/a><\/li>\n<li><a title=\"Integration\" href=\"https:\/\/www.freiburg-schwarzwald.de\/blog\/global\/integration\/\">Integration<\/a><\/li>\n<li><a title=\"Integration-Bringschuld\" href=\"https:\/\/www.freiburg-schwarzwald.de\/blog\/global\/integration\/integration-bringschuld\/\">Integration-Bringschuld<\/a><\/li>\n<li><a title=\"Migration\" href=\"https:\/\/www.freiburg-schwarzwald.de\/blog\/global\/migration\/\">Migration<\/a><\/li>\n<li><a title=\"Migration-erzwungen\" href=\"https:\/\/www.freiburg-schwarzwald.de\/blog\/global\/migration\/migration-erzwungen\/\">Migration-erzwungen<\/a><\/li>\n<li><a title=\"Migration-Flugzeug\" href=\"https:\/\/www.freiburg-schwarzwald.de\/blog\/global\/migration\/migration-flugzeug\/\">Migration-Flugzeug<\/a><\/li>\n<li><a title=\"Migration-Internet\" href=\"https:\/\/www.freiburg-schwarzwald.de\/blog\/global\/migration\/migration-internet\/\">Migration-Internet<\/a><\/li>\n<li><a title=\"Migration-Maenner\" href=\"https:\/\/www.freiburg-schwarzwald.de\/blog\/global\/migration\/migration-maenner\/\">Migration-Maenner<\/a><\/li>\n<li><a title=\"Migration-Wohnen\" href=\"https:\/\/www.freiburg-schwarzwald.de\/blog\/global\/migration\/migration-wohnen\/\">Migration-Wohnen<\/a><\/li>\n<li><a title=\"Migration-Zahlen\" href=\"https:\/\/www.freiburg-schwarzwald.de\/blog\/global\/migration\/migration-zahlen\/\">Migration-Zahlen<\/a><\/li>\n<\/ul>\n<p>&nbsp;<\/p>\n<p><strong>Massenzuwanderung auch 2018 \u00fcber weiterhin offene Grenzen<\/strong><br \/>\n<em>Die Massenzuwanderung h\u00e4lt an, 2018 fast 1,4 Mio. neue Ausl\u00e4nder, in 10 Jahren hatten wir \u00fcber 14 Mio. Zuz\u00fcge, einen \u201eWanderungssaldo\u201c \u00fcber 4 Mio. Die Bev\u00f6lkerung wuchs in 5 Jahren um 2,252 Mio. \u2013 und die Wohnungen?<\/em><br \/>\n.<br \/>\nDestatis ver\u00f6ffentlichte jetzt ihre fortgeschriebenen Jahreszahlen, zuletzt die vom 31.12. 2018.\u00a0 Der Plan der Bundesregierung und ihrer G\u00f6nner, j\u00e4hrlich etwa 200.000 neue Ausl\u00e4nder ins Land zu holen, wurde deutlich \u00fcbererf\u00fcllt. 2018 kamen nicht weniger als 1,579 Mio. ins Land, davon 1,382 \u201eNicht-Deutsche\u201c, also Ausl\u00e4nder. Der Wanderungssaldo, die Differenz von Zuwanderung und Fortz\u00fcgen (R\u00fcckf\u00fchrungen sind kaum der Rede wert) betrug 386.200 Menschen. Merkel schafft es\/uns wirklich. Die 83-Millionen-Marge wurde bereits Ende November \u00fcberschritten, am 31.12.2018 betrug die Bev\u00f6lkerung 83,019 Mio.! Rechnet man den Trend bis dato fort, z\u00e4hlt Deutschland jetzt etwa 83,15 Mio. Einwohner. Der Bev\u00f6lkerungsanteil mit \u201eMigrationshintergrund\u201c stieg auf rund 24 Prozent, die St\u00e4dte mit \u201edeutscher\u201c Mehrheit nehmen ab.<br \/>\nNiemand braucht sich zu wundern, dass es inzwischen an allem fehlt, an Wohnungen, an \u00f6ffentlichen Verkehrsmitteln, an breiteren und mehr Stra\u00dfen f\u00fcr immer mehr Autos, an Kindergartenpl\u00e4tzen f\u00fcr kinderreiche Ausl\u00e4nderfamilien, an zus\u00e4tzlichen Schulr\u00e4umen und Lehrern, an Sozialarbeitern\/innen f\u00fcr die Merkel-G\u00e4ste, Polizisten, Strafrichter, Gef\u00e4ngnispl\u00e4tzen usw. Und an Geld; der Bund, die L\u00e4nder und Gemeinden m\u00fcssen ihre Integrationsmittel aufstocken.<br \/>\nWer den Zusammenhang von Zuwanderung und knapper werdenden Mitteln bestreitet, dem seien noch einmal ein paar Zahlen genannt:<br \/>\nIn den letzten zehn Jahren kamen von sich aus oder \u2013 wie 2015 importiert, jetzt per Familiennachzug und \u201eFachkr\u00e4fteimport\u201c \u2013 \u00fcber 14 Mio. Migranten nach Deutschland, also 1,4 Mio. im Jahr. Leider waren unter den gleichzeitig zehn Mio. Wegz\u00fcgen viele Deutsche, dies sich woanders in Sicherheit brachten. Es ist kein Zufall, dass ein Jahr nach dem Merkel-Coup 2016 \u00fcber 281.000 Deutsche die Flucht ergriffen haben. Die Ausblutung h\u00e4lt an, 2017 zogen 249.000 weg und letztes Jahr \u00fcber 265.000 Deutsche. Trotz der Wegz\u00fcge betrug der Wanderungssaldo in den zehn Jahren plus 3,421 Mio., plus 342.072 im Jahr.<br \/>\n<strong><em>Entgegen aller Propaganda einer r\u00fcckl\u00e4ufigen Zuwanderung kamen im letzten Jahr 1.382.345 \u201eNicht-Deutsche\u201c ins Land<\/em><\/strong>. Der Zuwanderungs\u00fcberschuss betrug im letzten Jahr 386.200 Migranten, mehr als im Durchschnitt der letzten zehn Jahre, nicht weniger. Die Bev\u00f6lkerung stieg seit 2013, dem Jahr der vorletzten Bundestagwahl, um 2,252 Mio. Einwohner. Um diese Gr\u00f6\u00dfenordnung transparenter zu machen: das sind 450.440 mehr im Jahr oder 37.537 im Monat \u2013 jeweils eine mittelgro\u00dfe Stadt. Jede Woche 8.604 mehr, eine neue Kleinstadt, oder 1.234 pro Tag, jeden Tag ein neuer Stadtteil irgendwo in Deutschland.<br \/>\nW\u00fcrde Bert Brecht noch leben, h\u00e4tte er in seinen \u201eFragen eines lesenden Arbeiters\u201c einen Vers hinzugef\u00fcgt, etwa so: \u00dcberall wo Merkel hinkommt, erh\u00e4lt sie Auszeichnungen und Doktorh\u00fcte, und deutsche Medien huldigen ihrer Migrationspolitik \u2013 erst in den Geschichtsb\u00fcchern wird stehen, ob die \u201aschon l\u00e4nger hier Wohnenden\u2019 die Rechnung f\u00fcr die G\u00e4ste aus aller Welt bezahlen konnten. Und welchen Dank die Steuer zahlenden Gastgeber daf\u00fcr erhalten werden?<br \/>\n29.6.2019, Albrecht K\u00fcnstle, Herbolzheim<\/p>\n<p>&nbsp;<\/p>\n<p>&nbsp;<\/p>\n<p><strong>Ein Drittel der Migranten kommen mit dem Flugzeug<\/strong><br \/>\nLaut dem Innenministerium gab dabei etwas \u201eweniger als ein Drittel der befragten Schutzsuchenden\u201c an, sie seien \u201emit dem Flugzeug nach Deutschland eingereist\u201c. Bezeichnenderweise hatte das Bamf ein dreiviertel Jahr vor Holms Anfrage gegen\u00fcber der JUNGEN FREIHEIT noch bestritten, da\u00df entsprechende Zahlen existierten. Um so \u00fcberraschender war es, als das Bundesinnenministerium dem stellvertretenden AfD-Fraktionsvorsitzenden bescheinigte, da\u00df rund 30 Prozent aller befragten Asylbewerber per Flugzeug ins Land k\u00e4men. &#8230; Holm vermutet vielmehr, da\u00df die Zahlen zur Verschlu\u00dfsache erkl\u00e4rt wurden, damit die \u00d6ffentlichkeit nicht erfahre, wie viele Asylbewerber mit dem Flugzeug einreisen. Schlie\u00dflich w\u00fcrden die Zahlen weitere Fragen aufwerfen, die die Bundesregierung wohl lieber nicht beantworten wolle, erl\u00e4uterte Holm gegen\u00fcber der JF. \u201eWie kommen Asylsuchende ohne Papiere oder Visa eigentlich ins Flugzeug? Welche Staaten winken an den Flugh\u00e4fen einfach durch? Und wird an bestimmten Flugh\u00e4fen im Ausland \u00fcberhaupt kontrolliert? Offenbar sind die Antworten so brisant, da\u00df Herr Seehofer sie im Giftschrank wegsperren lassen mu\u00df, um die B\u00fcrger nicht zu verunsichern.\u201c<br \/>\n&#8230; Alles vom 15.5.2019 bitte lesen auf<br \/>\n<a href=\"https:\/\/jungefreiheit.de\/politik\/deutschland\/2019\/einreise-per-flugzeug-regierung-erklaert-fluechtlingszahlen-zur-geheimsache\/\">https:\/\/jungefreiheit.de\/politik\/deutschland\/2019\/einreise-per-flugzeug-regierung-erklaert-fluechtlingszahlen-zur-geheimsache\/<\/a><br \/>\n.<br \/>\n<strong>Im Ausland macht man sich schon \u00fcber die Deutschen lustig<\/strong><br \/>\nDa schreibt die Neue Z\u00fcricher Zeitung bei den exorbitant hohen Kosten der deutschen Fl\u00fcchtlingspolitik, vom &#8222;Elefanten&#8220; den man versteckt, in dem man die Kosten auf viele verschiedene Haushalte verteilt, einem Labyrinth, dass versteckt, was geheim bleiben muss.<br \/>\n\u00c4hnliches gibt zum Thema &#8222;\u00fcberf\u00fcllte Gef\u00e4ngnisse&#8220;. Da sitzen teilweise bis zu 70 % mit Nicht-Deutscher Herkunft. Die Gef\u00e4ngnisse sind teilweise zu 100 % belegt und selbst schwerstkriminelle T\u00e4ter kommen deshalb &#8222;auf freien Fu\u00df&#8220;. Dies ist auch &#8222;geheim&#8220;, zumindest in den Mainstreammedien. Statt dessen gibt es t\u00e4glich Sondersendungen \u00fcber die Gefahren der Hei\u00dfzeit.<br \/>\n15.5.2019, W.L., JFO<\/p>\n","protected":false},"excerpt":{"rendered":"<p>Home\u00a0&gt;Global\u00a0&gt;Integration\u00a0&gt;Fluechtlinge\u00a0&gt;Migration\u00a0\u2013 Migration-Flugzeug Trotz drei Lockdowns \u00fcber 100.000 neue Migranten in 2020\u00a0(18.1.2021) Arabischer WDR-Kanal wirbt Migranten nach D\u00fcsseldorf an (23.1.2020) EU-Parlaments-Entschlie\u00dfung f\u00fcr Menschen afrikanischer Abstammung: Kritik\u00a0(20.12.2019) Massenzuwanderung auch 2018 \u00fcber weiterhin offene Grenzen (29.6.2019) Ein Drittel der Migranten kommen mit dem &hellip; <a href=\"https:\/\/www.freiburg-schwarzwald.de\/blog\/global\/migration\/migration-flugzeug\/\">Weiterlesen <span class=\"meta-nav\">&rarr;<\/span><\/a><\/p>\n","protected":false},"author":2,"featured_media":0,"parent":9150,"menu_order":0,"comment_status":"open","ping_status":"closed","template":"","meta":{"footnotes":""},"class_list":["post-72407","page","type-page","status-publish","hentry"],"_links":{"self":[{"href":"https:\/\/www.freiburg-schwarzwald.de\/blog\/wp-json\/wp\/v2\/pages\/72407","targetHints":{"allow":["GET"]}}],"collection":[{"href":"https:\/\/www.freiburg-schwarzwald.de\/blog\/wp-json\/wp\/v2\/pages"}],"about":[{"href":"https:\/\/www.freiburg-schwarzwald.de\/blog\/wp-json\/wp\/v2\/types\/page"}],"author":[{"embeddable":true,"href":"https:\/\/www.freiburg-schwarzwald.de\/blog\/wp-json\/wp\/v2\/users\/2"}],"replies":[{"embeddable":true,"href":"https:\/\/www.freiburg-schwarzwald.de\/blog\/wp-json\/wp\/v2\/comments?post=72407"}],"version-history":[{"count":1,"href":"https:\/\/www.freiburg-schwarzwald.de\/blog\/wp-json\/wp\/v2\/pages\/72407\/revisions"}],"predecessor-version":[{"id":87065,"href":"https:\/\/www.freiburg-schwarzwald.de\/blog\/wp-json\/wp\/v2\/pages\/72407\/revisions\/87065"}],"up":[{"embeddable":true,"href":"https:\/\/www.freiburg-schwarzwald.de\/blog\/wp-json\/wp\/v2\/pages\/9150"}],"wp:attachment":[{"href":"https:\/\/www.freiburg-schwarzwald.de\/blog\/wp-json\/wp\/v2\/media?parent=72407"}],"curies":[{"name":"wp","href":"https:\/\/api.w.org\/{rel}","templated":true}]}}

<p><a href="https://www.freiburg-schwarzwald.de/blog">Home</a> &gt;<a title="Global" href="https://www.freiburg-schwarzwald.de/blog/global/">Global</a> &gt;<a title="Integration" href="https://www.freiburg-schwarzwald.de/blog/global/integration/">Integration</a> &gt;<a title="Fluechtlinge" href="https://www.freiburg-schwarzwald.de/blog/global/integration/fluechtlinge/">Fluechtlinge</a> &gt;<a title="Migration" href="https://www.freiburg-schwarzwald.de/blog/global/migration/">Migration</a> – Migration-Flugzeug</p>
<div id="attachment_70760" style="width: 651px" class="wp-caption alignnone"><a href="https://www.freiburg-schwarzwald.de/blog/business/rezession/schwarzwald-berge2019pan/" rel="attachment wp-att-70760"><img loading="lazy" decoding="async" aria-describedby="caption-attachment-70760" class="size-full wp-image-70760" src="https://www.freiburg-schwarzwald.de/blog/wp-content/uploads/2019/02/schwarzwald-berge2019pan.jpg" alt="Blick vom Feldberg nach Süden über die Schwarzwald-Berge im Januar 2019" width="641" height="272" srcset="https://www.freiburg-schwarzwald.de/blog/wp-content/uploads/2019/02/schwarzwald-berge2019pan.jpg 641w, https://www.freiburg-schwarzwald.de/blog/wp-content/uploads/2019/02/schwarzwald-berge2019pan-180x76.jpg 180w, https://www.freiburg-schwarzwald.de/blog/wp-content/uploads/2019/02/schwarzwald-berge2019pan-640x271.jpg 640w" sizes="auto, (max-width: 641px) 100vw, 641px" /></a><p id="caption-attachment-70760" class="wp-caption-text">Blick vom Feldberg nach Süden über die Schwarzwald-Berge im Januar 2019</p></div>
<ul>
<li><a href="https://www.freiburg-schwarzwald.de/blog/business/gesund/corona-virus/corona-migration/">Trotz drei Lockdowns über 100.000 neue Migranten in 2020</a> (18.1.2021)</li>
<li><a title="WDR" href="https://www.freiburg-schwarzwald.de/blog/kultur/medien/wdr/">Arabischer WDR-Kanal wirbt Migranten nach Düsseldorf an</a> (23.1.2020)</li>
<li><a title="EU-Afrika" href="https://www.freiburg-schwarzwald.de/blog/global/eu/eu-afrika/">EU-Parlaments-Entschließung für Menschen afrikanischer Abstammung: Kritik</a> (20.12.2019)</li>
<li>Massenzuwanderung auch 2018 über weiterhin offene Grenzen (29.6.2019)</li>
<li>Ein Drittel der Migranten kommen mit dem Flugzeug (15.5.2019)</li>
</ul>
<ul>
<li><a title="EU-Afrika" href="https://www.freiburg-schwarzwald.de/blog/global/eu/eu-afrika/">EU-Afrika</a></li>
<li><a title="Familie" href="https://www.freiburg-schwarzwald.de/blog/selbsthilfe/familie/">Familie</a></li>
<li><a title="Familienplanung" href="https://www.freiburg-schwarzwald.de/blog/global/afrika/familienplanung/">Fmilienplanung Afrika</a></li>
<li><a title="Fluechtlinge-Rueckkehr" href="https://www.freiburg-schwarzwald.de/blog/global/integration/fluechtlinge-rueckkehr/">Fluechtlinge-Rueckkehr</a></li>
<li><a title="Integration" href="https://www.freiburg-schwarzwald.de/blog/global/integration/">Integration</a></li>
<li><a title="Integration-Bringschuld" href="https://www.freiburg-schwarzwald.de/blog/global/integration/integration-bringschuld/">Integration-Bringschuld</a></li>
<li><a title="Migration" href="https://www.freiburg-schwarzwald.de/blog/global/migration/">Migration</a></li>
<li><a title="Migration-erzwungen" href="https://www.freiburg-schwarzwald.de/blog/global/migration/migration-erzwungen/">Migration-erzwungen</a></li>
<li><a title="Migration-Flugzeug" href="https://www.freiburg-schwarzwald.de/blog/global/migration/migration-flugzeug/">Migration-Flugzeug</a></li>
<li><a title="Migration-Internet" href="https://www.freiburg-schwarzwald.de/blog/global/migration/migration-internet/">Migration-Internet</a></li>
<li><a title="Migration-Maenner" href="https://www.freiburg-schwarzwald.de/blog/global/migration/migration-maenner/">Migration-Maenner</a></li>
<li><a title="Migration-Wohnen" href="https://www.freiburg-schwarzwald.de/blog/global/migration/migration-wohnen/">Migration-Wohnen</a></li>
<li><a title="Migration-Zahlen" href="https://www.freiburg-schwarzwald.de/blog/global/migration/migration-zahlen/">Migration-Zahlen</a></li>
</ul>
<p>&nbsp;</p>
<p><strong>Massenzuwanderung auch 2018 über weiterhin offene Grenzen</strong><br />
<em>Die Massenzuwanderung hält an, 2018 fast 1,4 Mio. neue Ausländer, in 10 Jahren hatten wir über 14 Mio. Zuzüge, einen „Wanderungssaldo“ über 4 Mio. Die Bevölkerung wuchs in 5 Jahren um 2,252 Mio. – und die Wohnungen?</em><br />
.<br />
Destatis veröffentlichte jetzt ihre fortgeschriebenen Jahreszahlen, zuletzt die vom 31.12. 2018.  Der Plan der Bundesregierung und ihrer Gönner, jährlich etwa 200.000 neue Ausländer ins Land zu holen, wurde deutlich übererfüllt. 2018 kamen nicht weniger als 1,579 Mio. ins Land, davon 1,382 „Nicht-Deutsche“, also Ausländer. Der Wanderungssaldo, die Differenz von Zuwanderung und Fortzügen (Rückführungen sind kaum der Rede wert) betrug 386.200 Menschen. Merkel schafft es/uns wirklich. Die 83-Millionen-Marge wurde bereits Ende November überschritten, am 31.12.2018 betrug die Bevölkerung 83,019 Mio.! Rechnet man den Trend bis dato fort, zählt Deutschland jetzt etwa 83,15 Mio. Einwohner. Der Bevölkerungsanteil mit „Migrationshintergrund“ stieg auf rund 24 Prozent, die Städte mit „deutscher“ Mehrheit nehmen ab.<br />
Niemand braucht sich zu wundern, dass es inzwischen an allem fehlt, an Wohnungen, an öffentlichen Verkehrsmitteln, an breiteren und mehr Straßen für immer mehr Autos, an Kindergartenplätzen für kinderreiche Ausländerfamilien, an zusätzlichen Schulräumen und Lehrern, an Sozialarbeitern/innen für die Merkel-Gäste, Polizisten, Strafrichter, Gefängnisplätzen usw. Und an Geld; der Bund, die Länder und Gemeinden müssen ihre Integrationsmittel aufstocken.<br />
Wer den Zusammenhang von Zuwanderung und knapper werdenden Mitteln bestreitet, dem seien noch einmal ein paar Zahlen genannt:<br />
In den letzten zehn Jahren kamen von sich aus oder – wie 2015 importiert, jetzt per Familiennachzug und „Fachkräfteimport“ – über 14 Mio. Migranten nach Deutschland, also 1,4 Mio. im Jahr. Leider waren unter den gleichzeitig zehn Mio. Wegzügen viele Deutsche, dies sich woanders in Sicherheit brachten. Es ist kein Zufall, dass ein Jahr nach dem Merkel-Coup 2016 über 281.000 Deutsche die Flucht ergriffen haben. Die Ausblutung hält an, 2017 zogen 249.000 weg und letztes Jahr über 265.000 Deutsche. Trotz der Wegzüge betrug der Wanderungssaldo in den zehn Jahren plus 3,421 Mio., plus 342.072 im Jahr.<br />
<strong><em>Entgegen aller Propaganda einer rückläufigen Zuwanderung kamen im letzten Jahr 1.382.345 „Nicht-Deutsche“ ins Land</em></strong>. Der Zuwanderungsüberschuss betrug im letzten Jahr 386.200 Migranten, mehr als im Durchschnitt der letzten zehn Jahre, nicht weniger. Die Bevölkerung stieg seit 2013, dem Jahr der vorletzten Bundestagwahl, um 2,252 Mio. Einwohner. Um diese Größenordnung transparenter zu machen: das sind 450.440 mehr im Jahr oder 37.537 im Monat – jeweils eine mittelgroße Stadt. Jede Woche 8.604 mehr, eine neue Kleinstadt, oder 1.234 pro Tag, jeden Tag ein neuer Stadtteil irgendwo in Deutschland.<br />
Würde Bert Brecht noch leben, hätte er in seinen „Fragen eines lesenden Arbeiters“ einen Vers hinzugefügt, etwa so: Überall wo Merkel hinkommt, erhält sie Auszeichnungen und Doktorhüte, und deutsche Medien huldigen ihrer Migrationspolitik – erst in den Geschichtsbüchern wird stehen, ob die ‚schon länger hier Wohnenden’ die Rechnung für die Gäste aus aller Welt bezahlen konnten. Und welchen Dank die Steuer zahlenden Gastgeber dafür erhalten werden?<br />
29.6.2019, Albrecht Künstle, Herbolzheim</p>
<p>&nbsp;</p>
<p>&nbsp;</p>
<p><strong>Ein Drittel der Migranten kommen mit dem Flugzeug</strong><br />
Laut dem Innenministerium gab dabei etwas „weniger als ein Drittel der befragten Schutzsuchenden“ an, sie seien „mit dem Flugzeug nach Deutschland eingereist“. Bezeichnenderweise hatte das Bamf ein dreiviertel Jahr vor Holms Anfrage gegenüber der JUNGEN FREIHEIT noch bestritten, daß entsprechende Zahlen existierten. Um so überraschender war es, als das Bundesinnenministerium dem stellvertretenden AfD-Fraktionsvorsitzenden bescheinigte, daß rund 30 Prozent aller befragten Asylbewerber per Flugzeug ins Land kämen. &#8230; Holm vermutet vielmehr, daß die Zahlen zur Verschlußsache erklärt wurden, damit die Öffentlichkeit nicht erfahre, wie viele Asylbewerber mit dem Flugzeug einreisen. Schließlich würden die Zahlen weitere Fragen aufwerfen, die die Bundesregierung wohl lieber nicht beantworten wolle, erläuterte Holm gegenüber der JF. „Wie kommen Asylsuchende ohne Papiere oder Visa eigentlich ins Flugzeug? Welche Staaten winken an den Flughäfen einfach durch? Und wird an bestimmten Flughäfen im Ausland überhaupt kontrolliert? Offenbar sind die Antworten so brisant, daß Herr Seehofer sie im Giftschrank wegsperren lassen muß, um die Bürger nicht zu verunsichern.“<br />
&#8230; Alles vom 15.5.2019 bitte lesen auf<br />
<a href="https://jungefreiheit.de/politik/deutschland/2019/einreise-per-flugzeug-regierung-erklaert-fluechtlingszahlen-zur-geheimsache/">https://jungefreiheit.de/politik/deutschland/2019/einreise-per-flugzeug-regierung-erklaert-fluechtlingszahlen-zur-geheimsache/</a><br />
.<br />
<strong>Im Ausland macht man sich schon über die Deutschen lustig</strong><br />
Da schreibt die Neue Züricher Zeitung bei den exorbitant hohen Kosten der deutschen Flüchtlingspolitik, vom &#8222;Elefanten&#8220; den man versteckt, in dem man die Kosten auf viele verschiedene Haushalte verteilt, einem Labyrinth, dass versteckt, was geheim bleiben muss.<br />
Ähnliches gibt zum Thema &#8222;überfüllte Gefängnisse&#8220;. Da sitzen teilweise bis zu 70 % mit Nicht-Deutscher Herkunft. Die Gefängnisse sind teilweise zu 100 % belegt und selbst schwerstkriminelle Täter kommen deshalb &#8222;auf freien Fuß&#8220;. Dies ist auch &#8222;geheim&#8220;, zumindest in den Mainstreammedien. Statt dessen gibt es täglich Sondersendungen über die Gefahren der Heißzeit.<br />
15.5.2019, W.L., JFO</p>

<p>Home &gt;Global &gt;Integration &gt;Fluechtlinge &gt;Migration – Migration-Flugzeug Trotz drei Lockdowns über 100.000 neue Migranten in 2020 (18.1.2021) Arabischer WDR-Kanal wirbt Migranten nach Düsseldorf an (23.1.2020) EU-Parlaments-Entschließung für Menschen afrikanischer Abstammung: Kritik (20.12.2019) Massenzuwanderung auch 2018 über weiterhin offene Grenzen (29.6.2019) Ein Drittel der Migranten kommen mit dem &hellip; <a href="https://www.freiburg-schwarzwald.de/blog/global/migration/migration-flugzeug/">Weiterlesen <span class="meta-nav">&rarr;</span></a></p>
