{"id":70627,"date":"2019-02-07T13:53:35","date_gmt":"2019-02-07T12:53:35","guid":{"rendered":"https:\/\/www.freiburg-schwarzwald.de\/blog\/?page_id=70627"},"modified":"2019-02-07T14:00:59","modified_gmt":"2019-02-07T13:00:59","slug":"genom","status":"publish","type":"page","link":"https:\/\/www.freiburg-schwarzwald.de\/blog\/natur\/gentechnik\/genom\/","title":{"rendered":"Genom"},"content":{"rendered":"<p>Home &gt;<a title=\"Bildung\" href=\"https:\/\/www.freiburg-schwarzwald.de\/blog\/bildung\/\">Bildung<\/a>\u00a0&gt;<a title=\"Universitaet\" href=\"https:\/\/www.freiburg-schwarzwald.de\/blog\/bildung\/hochschulen\/universitaet\/\">Universitaet<\/a>\u00a0&gt;<a title=\"Zukunft\" href=\"https:\/\/www.freiburg-schwarzwald.de\/blog\/engagement\/zukunft\/\">Zukunft<\/a>\u00a0&gt;<a title=\"Forschung\" href=\"https:\/\/www.freiburg-schwarzwald.de\/blog\/bildung\/forschung\/\">Forschung<\/a> &gt;<a title=\"Gentechnik\" href=\"https:\/\/www.freiburg-schwarzwald.de\/blog\/natur\/gentechnik\/\">Gentechnik<\/a> &gt;Genom<\/p>\n<div id=\"attachment_69061\" style=\"width: 650px\" class=\"wp-caption alignnone\"><a href=\"https:\/\/www.freiburg-schwarzwald.de\/blog\/engagement\/zukunft\/schuld\/herbstomaopa-pan181112\/\" rel=\"attachment wp-att-69061\"><img loading=\"lazy\" decoding=\"async\" aria-describedby=\"caption-attachment-69061\" class=\"size-full wp-image-69061\" src=\"https:\/\/www.freiburg-schwarzwald.de\/blog\/wp-content\/uploads\/2018\/01\/herbstomaopa-pan181112.jpg\" alt=\"November-Herbst 12.11.2018\" width=\"640\" height=\"348\" srcset=\"https:\/\/www.freiburg-schwarzwald.de\/blog\/wp-content\/uploads\/2018\/01\/herbstomaopa-pan181112.jpg 640w, https:\/\/www.freiburg-schwarzwald.de\/blog\/wp-content\/uploads\/2018\/01\/herbstomaopa-pan181112-180x97.jpg 180w\" sizes=\"auto, (max-width: 640px) 100vw, 640px\" \/><\/a><p id=\"caption-attachment-69061\" class=\"wp-caption-text\">November-Herbst 12.11.2018<\/p><\/div>\n<ul>\n<li>Genmanipulierte Menschen: Mondlandung, Aristoteles, Zucht\u00a0 (7.2.2019)<\/li>\n<\/ul>\n<p>&nbsp;<\/p>\n<ul>\n<li><a title=\"Forschung\" href=\"https:\/\/www.freiburg-schwarzwald.de\/blog\/bildung\/forschung\/\">Forschung<\/a><\/li>\n<li><a title=\"Greenwash\" href=\"https:\/\/www.freiburg-schwarzwald.de\/blog\/kultur\/medien\/greenwash\/\">Greenwash<\/a><\/li>\n<li><a href=\"https:\/\/www.freiburg-schwarzwald.de\/gentechnik.htm#Gr%C3%BCne%20Gentechnik\">Gr\u00fcne Gentechnik<\/a><\/li>\n<li><a href=\"https:\/\/www.freiburg-schwarzwald.de\/saatgut.htm\">Saatgut \u2013 Erzeugung und Vermarktung<\/a>\u00a0&gt;Saatgut<\/li>\n<li><a title=\"Science\" href=\"https:\/\/www.freiburg-schwarzwald.de\/blog\/bildung\/science\/\">Science<\/a><\/li>\n<li><a title=\"Universitaet\" href=\"https:\/\/www.freiburg-schwarzwald.de\/blog\/bildung\/hochschulen\/universitaet\/\">Universit\u00e4t<\/a><\/li>\n<li><a href=\"https:\/\/www.freiburg-schwarzwald.de\/verbraucher.htm\">Verbraucherseite<\/a>\u00a0&gt;Verbraucher<\/li>\n<li><\/li>\n<\/ul>\n<p>&nbsp;<\/p>\n<p><strong>Genmanipulierte Menschen: Mondlandung, Aristoteles, Zucht<\/strong><br \/>\nEnde November 2018 berichteten viele Medien, dass in China die ersten Kinder geboren wurden, deren Erbsubstanz in vitro vor der Implantation in den Uterus durch die Gruppe um He Jiankui gentechnisch ver\u00e4ndert wurde \u2013 falls die Feten nicht sp\u00e4t in der Schwangerschaft abgetrieben wurden, was noch nicht ganz klar ist. Ob jetzt schon genmanipulierte Menschen unter uns weilen oder nicht, spielt aber keine Rolle: bald wird das der Fall sein, denn es wird technisch einwandfrei machbar sein.<br \/>\n.<br \/>\nDieses Ereignis ist viel bedeutender als <em><strong>die erste Mondlandung<\/strong><\/em>. Warum? Um das verstehen und richtig einordnen zu k\u00f6nnen, schauen wir kurz auf die Geschichte der Gentechnik.<br \/>\nAls in den 1970er Jahren entdeckt wurde, dass man die Erbsubstanz von Lebewesen mithilfe molekulargenetischer Verfahren gezielt ver\u00e4ndern kann, entstand aus der Molekularbiologie die Gentechnik. Diese Technologie macht seitdem Furore, weil sie sich schwer in unser traditionelles Verst\u00e4ndnis von Technologie und Leben einordnen l\u00e4sst und archaische \u00c4ngste der Menschen anspricht.<br \/>\n.<br \/>\nSeit <em><strong>Aristoteles<\/strong><\/em> unterscheiden wir n\u00e4mlich nat\u00fcrliche von technischen Entit\u00e4ten (Physik, Buch Gamma). Doch mit der Gentechnik sind wir in der Lage, nat\u00fcrliche Entit\u00e4ten technisch zu ver\u00e4ndern, wir erzeugen nun erstmals nat\u00fcrlich-technische Lebewesen, die Aristotelische Trennung verliert hier ihre G\u00fcltigkeit.<\/p>\n<p>Denn obwohl die Menschheit seit der Sesshaftwerdung im Neolithikum begonnen hat, Tiere und Pflanzen zu z\u00fcchten, ist dies nicht mit der Genmanipulation vergleichbar.<br \/>\n<em><strong>Zucht<\/strong><\/em> w\u00e4hlt lediglich nat\u00fcrliche Mutationen \u00fcber viele Generationen aus und stellt damit ein konservatives Auswahlverfahren dar &#8211; es beschleunigt die Evolution durch Selektion w\u00fcnschenswerter Eigenschaften, ohne die Mutationsrate beeinflussen zu k\u00f6nnen. Gentechnik ist hingegen invasiv und wirkt sofort, sie setzt gezielt Mutationen und kommt ohne langwierigen Selektionsprozess aus. Und entscheidenderweise ist es m\u00f6glich, die genetische Ver\u00e4nderung in der Keimbahn vorzunehmen, was bedeutet, dass sie weitervererbt wird. Wir verlieren die Kontrolle \u00fcber die Weitergabe, weil es die das Leben definierenden Charakteristika sind, aus Licht oder Materie selbstst\u00e4ndig chemisch gebundene Energie und Nachkommen zu (er)zeugen.<br \/>\n&#8230;. Alles von Johannes Eisleben vom 7.2.2019 bitte lesen auf<br \/>\n<a href=\"https:\/\/www.achgut.com\/artikel\/genmanipulierte_menschen_was_kommt_was_auf_uns_zu\">https:\/\/www.achgut.com\/artikel\/genmanipulierte_menschen_was_kommt_was_auf_uns_zu<br \/>\n<\/a>\u00a0.<br \/>\n<strong>Chinesen als \u00dcberflieger?<\/strong><br \/>\nDer Mensch hat in seiner Entwicklungsgeschichte immer(!!!) Alles, was er technisch machen konnte, auch tats\u00e4chlich gemacht, sogar Massenvernichtungswaffen, mit deren Einsatz er sich selbst ausrotten k\u00f6nnte. Also wird er auch irgendwann gentechnisch ver\u00e4nderte Menschen produzieren, angefangen von \u201cMenschen\u201d, die in ihrer geistigen Leistungsf\u00e4higkeit unseren heutigen Menschen haushoch \u00fcberlegen sein werden. Wir sind die letzten \u201cNeandertaler der Neuzeit\u201d. Es wird Arbeitsmenschen, Sexsklaven und f\u00fcr jeden \u201cEinsatzzweck\u201d designte Menschen geben. Und verhindern kann man das nicht: genau so wenig wie die Vernichtung der Webst\u00fchle die industrielle Revolution nicht verhindern konnte, so sind auch Paragraphen und Verbote v\u00f6llig nutzlos. Und wenn wir nicht mitmachen, werden die Chinesen eines Tages die geistigen \u00dcberflieger \u00fcber Neandertal-Europa sein.<br \/>\n7.2.2019, U.R.W., AO.<\/p>\n<p><strong>alle Menschenarten ausgel\u00f6scht?<\/strong><br \/>\nAlso wenn ich mir das Gesellschaftsbild so anschaue, dann wird es mit den genmanipulierten Menschen schnell ein Ende haben &#8211; so wie der Mensch tickt, werden sich dann wohl ganze Gesellschaften in H\u00f6chstgeschwindigkeit ausl\u00f6schen. &#8211; Sozusagen als Ergebnis der grenzenlosen Infantilit\u00e4t und \u00dcberhelbichkeit. Das Problem der \u00dcberbev\u00f6lkerung auf der Erde w\u00e4re damit schlagartig gel\u00f6st. Wenn es so wie immer l\u00e4uft w\u00fcrde nur ein kleiner Teil der Menschheit \u00fcbrigbleiben.<br \/>\nWenn man der Genforschung glauben darf, wurden alle Menschenarten ausgel\u00f6scht und assimiliert. War wohl wieder wie \u00fcblich: M\u00e4nner ermordet &#8211; Frauen geraubt. Die Wissenschaft arbeitet flei\u00dfig f\u00fcr den gesellschaftlichen Supergau &#8211; diesmal nicht mit der Kraft der Atome &#8211; sondern an den Genen selbst.<br \/>\n7.2.2019, TH.W.<br \/>\n.<br \/>\n<strong>Der Mensch tut es, weil er es kann<\/strong><br \/>\nIch bin \u00fcberzeugt davon, dass kein Verbot, keine noch so drastische Strafe, \u201cden\u201d Menschen davon abhalten werden, in geheimen oder auch nicht geheimen Laboren (andere L\u00e4nder, andere Ethik) weiter zu forschen und weitere Genexperimente durchzuf\u00fchren. Daf\u00fcr sind Neugier, Forschungsdrang und- eventuell &#8211; die m\u00f6gliche Aussicht auf das gro\u00dfe Geld zu dominierend. Der Mensch tut es, weil er es kann, wie schon ein Mitkommentator bemerkte. M\u00f6gliche Folgen werden nicht ausreichend bedacht, sind in Ihrer Komplexit\u00e4t auch nicht wirklich einsch\u00e4tzbar. Der Mensch ist ein Gegenwartswesen. Er kann nicht wirklich weit vorausschauen, und auch der Blick in die Vergangenheit bedeutet den meisten nicht viel. Ja, die Evolution hat den Menschen hervorgebracht und wird ihn auch wieder verschwinden lassen. Wie weit der Mensch bei seinem eigenen Untergang mithelfen wird, bleibt abzuwarten! Mich wundert manchmal, dass ich noch so fr\u00f6hlich bin\u2026<br \/>\n7.2.2019, Gertraude W., AO<br \/>\n.<br \/>\n<strong>Umgang mit Erkrankung<\/strong><br \/>\nIch selbst habe eine ideopathisch generalisierte Epilepsie mit tonisch-klonischen Anf\u00e4llen. Auch zwei Kinder in zwei verschiedenen Ehen (sprich: von zwei verschiedenen V\u00e4tern) empfangen und geboren. Bei meinem Sohn bestand der Anfangsverdacht, dass er an einer Epilepsie leidet, meine Tochter hatte diese (ebenso mit tonisch-klonisch Anf\u00e4llen &#8211; es ist f\u00fcr die \u00c4rzte ein R\u00e4tsel, warum sich dieses \u201cverwachsen\u201d hat. Die Regel ist, dass es sich lediglich um Absencen, wenn die Kinder diese Symptome nicht mehr aufweisen.) Ich wei\u00df nicht, ob es sich um eine monogene oder multigene Erkrankung handelt. Jedoch handelt es sich hier sicher um eine andere Krankheit &#8211; oder auch Behinderung &#8211; als beschrieben oder \u201cnormal\u201d ist.<br \/>\nJedoch hat diese Erkrankung durchaus auch auf positive mein Leben ver\u00e4ndert: Wie auch das meiner Kinder. Es wird bewusst mit der Lebenszeit umgegangen. Das Leben ist so oder so endlich &#8211; entscheidend ist, wie wir damit umgehen. Und ich bin froh und dankbar, dass ich mit meinen Eigenschaften, die f\u00fcr andere schlecht greifbar ist, sowohl mich selbst als auch anderen in meinem Umfeld Denkanst\u00f6\u00dfe geben kann. Also, abschlie\u00dfend gesagt: Ich bin dankbar f\u00fcr meine Krankheit und oftmals sind auch Kinder, die leider nicht l\u00e4nger auf dieser Erde weilen d\u00fcrfen, weiser als die vermeintlich Erwachsenen. (Berichte aus der Hospizarbeit, die ich nicht selbst durchf\u00fchre, jedoch Kontakte habe.)<br \/>\n7.2.2019, W.L., AO<br \/>\n.<br \/>\n<strong>Eigene Vorfahren<\/strong><br \/>\nMan bedenke auch, was es f\u00fcr das Selbstbewusstsein, das Selbstwertgef\u00fchl eines Menschen bedeutet, sein Sein und Wesen der Manipulation seiner Vorfahren zu verdanken und damit etwas eingeb\u00fc\u00dft zu haben, was keine Sch\u00f6nheit, kein Designermodell ausgleichen kann: seine Freiheit.<br \/>\n7.2.2019, Gisela T., AO<\/p>\n","protected":false},"excerpt":{"rendered":"<p>Home &gt;Bildung\u00a0&gt;Universitaet\u00a0&gt;Zukunft\u00a0&gt;Forschung &gt;Gentechnik &gt;Genom Genmanipulierte Menschen: Mondlandung, Aristoteles, Zucht\u00a0 (7.2.2019) &nbsp; Forschung Greenwash Gr\u00fcne Gentechnik Saatgut \u2013 Erzeugung und Vermarktung\u00a0&gt;Saatgut Science Universit\u00e4t Verbraucherseite\u00a0&gt;Verbraucher &nbsp; Genmanipulierte Menschen: Mondlandung, Aristoteles, Zucht Ende November 2018 berichteten viele Medien, dass in China die ersten &hellip; <a href=\"https:\/\/www.freiburg-schwarzwald.de\/blog\/natur\/gentechnik\/genom\/\">Weiterlesen <span class=\"meta-nav\">&rarr;<\/span><\/a><\/p>\n","protected":false},"author":2,"featured_media":0,"parent":1668,"menu_order":0,"comment_status":"open","ping_status":"closed","template":"","meta":{"footnotes":""},"class_list":["post-70627","page","type-page","status-publish","hentry"],"_links":{"self":[{"href":"https:\/\/www.freiburg-schwarzwald.de\/blog\/wp-json\/wp\/v2\/pages\/70627","targetHints":{"allow":["GET"]}}],"collection":[{"href":"https:\/\/www.freiburg-schwarzwald.de\/blog\/wp-json\/wp\/v2\/pages"}],"about":[{"href":"https:\/\/www.freiburg-schwarzwald.de\/blog\/wp-json\/wp\/v2\/types\/page"}],"author":[{"embeddable":true,"href":"https:\/\/www.freiburg-schwarzwald.de\/blog\/wp-json\/wp\/v2\/users\/2"}],"replies":[{"embeddable":true,"href":"https:\/\/www.freiburg-schwarzwald.de\/blog\/wp-json\/wp\/v2\/comments?post=70627"}],"version-history":[{"count":0,"href":"https:\/\/www.freiburg-schwarzwald.de\/blog\/wp-json\/wp\/v2\/pages\/70627\/revisions"}],"up":[{"embeddable":true,"href":"https:\/\/www.freiburg-schwarzwald.de\/blog\/wp-json\/wp\/v2\/pages\/1668"}],"wp:attachment":[{"href":"https:\/\/www.freiburg-schwarzwald.de\/blog\/wp-json\/wp\/v2\/media?parent=70627"}],"curies":[{"name":"wp","href":"https:\/\/api.w.org\/{rel}","templated":true}]}}

<p>Home &gt;<a title="Bildung" href="https://www.freiburg-schwarzwald.de/blog/bildung/">Bildung</a> &gt;<a title="Universitaet" href="https://www.freiburg-schwarzwald.de/blog/bildung/hochschulen/universitaet/">Universitaet</a> &gt;<a title="Zukunft" href="https://www.freiburg-schwarzwald.de/blog/engagement/zukunft/">Zukunft</a> &gt;<a title="Forschung" href="https://www.freiburg-schwarzwald.de/blog/bildung/forschung/">Forschung</a> &gt;<a title="Gentechnik" href="https://www.freiburg-schwarzwald.de/blog/natur/gentechnik/">Gentechnik</a> &gt;Genom</p>
<div id="attachment_69061" style="width: 650px" class="wp-caption alignnone"><a href="https://www.freiburg-schwarzwald.de/blog/engagement/zukunft/schuld/herbstomaopa-pan181112/" rel="attachment wp-att-69061"><img loading="lazy" decoding="async" aria-describedby="caption-attachment-69061" class="size-full wp-image-69061" src="https://www.freiburg-schwarzwald.de/blog/wp-content/uploads/2018/01/herbstomaopa-pan181112.jpg" alt="November-Herbst 12.11.2018" width="640" height="348" srcset="https://www.freiburg-schwarzwald.de/blog/wp-content/uploads/2018/01/herbstomaopa-pan181112.jpg 640w, https://www.freiburg-schwarzwald.de/blog/wp-content/uploads/2018/01/herbstomaopa-pan181112-180x97.jpg 180w" sizes="auto, (max-width: 640px) 100vw, 640px" /></a><p id="caption-attachment-69061" class="wp-caption-text">November-Herbst 12.11.2018</p></div>
<ul>
<li>Genmanipulierte Menschen: Mondlandung, Aristoteles, Zucht  (7.2.2019)</li>
</ul>
<p>&nbsp;</p>
<ul>
<li><a title="Forschung" href="https://www.freiburg-schwarzwald.de/blog/bildung/forschung/">Forschung</a></li>
<li><a title="Greenwash" href="https://www.freiburg-schwarzwald.de/blog/kultur/medien/greenwash/">Greenwash</a></li>
<li><a href="https://www.freiburg-schwarzwald.de/gentechnik.htm#Gr%C3%BCne%20Gentechnik">Grüne Gentechnik</a></li>
<li><a href="https://www.freiburg-schwarzwald.de/saatgut.htm">Saatgut – Erzeugung und Vermarktung</a> &gt;Saatgut</li>
<li><a title="Science" href="https://www.freiburg-schwarzwald.de/blog/bildung/science/">Science</a></li>
<li><a title="Universitaet" href="https://www.freiburg-schwarzwald.de/blog/bildung/hochschulen/universitaet/">Universität</a></li>
<li><a href="https://www.freiburg-schwarzwald.de/verbraucher.htm">Verbraucherseite</a> &gt;Verbraucher</li>
<li></li>
</ul>
<p>&nbsp;</p>
<p><strong>Genmanipulierte Menschen: Mondlandung, Aristoteles, Zucht</strong><br />
Ende November 2018 berichteten viele Medien, dass in China die ersten Kinder geboren wurden, deren Erbsubstanz in vitro vor der Implantation in den Uterus durch die Gruppe um He Jiankui gentechnisch verändert wurde – falls die Feten nicht spät in der Schwangerschaft abgetrieben wurden, was noch nicht ganz klar ist. Ob jetzt schon genmanipulierte Menschen unter uns weilen oder nicht, spielt aber keine Rolle: bald wird das der Fall sein, denn es wird technisch einwandfrei machbar sein.<br />
.<br />
Dieses Ereignis ist viel bedeutender als <em><strong>die erste Mondlandung</strong></em>. Warum? Um das verstehen und richtig einordnen zu können, schauen wir kurz auf die Geschichte der Gentechnik.<br />
Als in den 1970er Jahren entdeckt wurde, dass man die Erbsubstanz von Lebewesen mithilfe molekulargenetischer Verfahren gezielt verändern kann, entstand aus der Molekularbiologie die Gentechnik. Diese Technologie macht seitdem Furore, weil sie sich schwer in unser traditionelles Verständnis von Technologie und Leben einordnen lässt und archaische Ängste der Menschen anspricht.<br />
.<br />
Seit <em><strong>Aristoteles</strong></em> unterscheiden wir nämlich natürliche von technischen Entitäten (Physik, Buch Gamma). Doch mit der Gentechnik sind wir in der Lage, natürliche Entitäten technisch zu verändern, wir erzeugen nun erstmals natürlich-technische Lebewesen, die Aristotelische Trennung verliert hier ihre Gültigkeit.</p>
<p>Denn obwohl die Menschheit seit der Sesshaftwerdung im Neolithikum begonnen hat, Tiere und Pflanzen zu züchten, ist dies nicht mit der Genmanipulation vergleichbar.<br />
<em><strong>Zucht</strong></em> wählt lediglich natürliche Mutationen über viele Generationen aus und stellt damit ein konservatives Auswahlverfahren dar &#8211; es beschleunigt die Evolution durch Selektion wünschenswerter Eigenschaften, ohne die Mutationsrate beeinflussen zu können. Gentechnik ist hingegen invasiv und wirkt sofort, sie setzt gezielt Mutationen und kommt ohne langwierigen Selektionsprozess aus. Und entscheidenderweise ist es möglich, die genetische Veränderung in der Keimbahn vorzunehmen, was bedeutet, dass sie weitervererbt wird. Wir verlieren die Kontrolle über die Weitergabe, weil es die das Leben definierenden Charakteristika sind, aus Licht oder Materie selbstständig chemisch gebundene Energie und Nachkommen zu (er)zeugen.<br />
&#8230;. Alles von Johannes Eisleben vom 7.2.2019 bitte lesen auf<br />
<a href="https://www.achgut.com/artikel/genmanipulierte_menschen_was_kommt_was_auf_uns_zu">https://www.achgut.com/artikel/genmanipulierte_menschen_was_kommt_was_auf_uns_zu<br />
</a> .<br />
<strong>Chinesen als Überflieger?</strong><br />
Der Mensch hat in seiner Entwicklungsgeschichte immer(!!!) Alles, was er technisch machen konnte, auch tatsächlich gemacht, sogar Massenvernichtungswaffen, mit deren Einsatz er sich selbst ausrotten könnte. Also wird er auch irgendwann gentechnisch veränderte Menschen produzieren, angefangen von “Menschen”, die in ihrer geistigen Leistungsfähigkeit unseren heutigen Menschen haushoch überlegen sein werden. Wir sind die letzten “Neandertaler der Neuzeit”. Es wird Arbeitsmenschen, Sexsklaven und für jeden “Einsatzzweck” designte Menschen geben. Und verhindern kann man das nicht: genau so wenig wie die Vernichtung der Webstühle die industrielle Revolution nicht verhindern konnte, so sind auch Paragraphen und Verbote völlig nutzlos. Und wenn wir nicht mitmachen, werden die Chinesen eines Tages die geistigen Überflieger über Neandertal-Europa sein.<br />
7.2.2019, U.R.W., AO.</p>
<p><strong>alle Menschenarten ausgelöscht?</strong><br />
Also wenn ich mir das Gesellschaftsbild so anschaue, dann wird es mit den genmanipulierten Menschen schnell ein Ende haben &#8211; so wie der Mensch tickt, werden sich dann wohl ganze Gesellschaften in Höchstgeschwindigkeit auslöschen. &#8211; Sozusagen als Ergebnis der grenzenlosen Infantilität und Überhelbichkeit. Das Problem der Überbevölkerung auf der Erde wäre damit schlagartig gelöst. Wenn es so wie immer läuft würde nur ein kleiner Teil der Menschheit übrigbleiben.<br />
Wenn man der Genforschung glauben darf, wurden alle Menschenarten ausgelöscht und assimiliert. War wohl wieder wie üblich: Männer ermordet &#8211; Frauen geraubt. Die Wissenschaft arbeitet fleißig für den gesellschaftlichen Supergau &#8211; diesmal nicht mit der Kraft der Atome &#8211; sondern an den Genen selbst.<br />
7.2.2019, TH.W.<br />
.<br />
<strong>Der Mensch tut es, weil er es kann</strong><br />
Ich bin überzeugt davon, dass kein Verbot, keine noch so drastische Strafe, “den” Menschen davon abhalten werden, in geheimen oder auch nicht geheimen Laboren (andere Länder, andere Ethik) weiter zu forschen und weitere Genexperimente durchzuführen. Dafür sind Neugier, Forschungsdrang und- eventuell &#8211; die mögliche Aussicht auf das große Geld zu dominierend. Der Mensch tut es, weil er es kann, wie schon ein Mitkommentator bemerkte. Mögliche Folgen werden nicht ausreichend bedacht, sind in Ihrer Komplexität auch nicht wirklich einschätzbar. Der Mensch ist ein Gegenwartswesen. Er kann nicht wirklich weit vorausschauen, und auch der Blick in die Vergangenheit bedeutet den meisten nicht viel. Ja, die Evolution hat den Menschen hervorgebracht und wird ihn auch wieder verschwinden lassen. Wie weit der Mensch bei seinem eigenen Untergang mithelfen wird, bleibt abzuwarten! Mich wundert manchmal, dass ich noch so fröhlich bin…<br />
7.2.2019, Gertraude W., AO<br />
.<br />
<strong>Umgang mit Erkrankung</strong><br />
Ich selbst habe eine ideopathisch generalisierte Epilepsie mit tonisch-klonischen Anfällen. Auch zwei Kinder in zwei verschiedenen Ehen (sprich: von zwei verschiedenen Vätern) empfangen und geboren. Bei meinem Sohn bestand der Anfangsverdacht, dass er an einer Epilepsie leidet, meine Tochter hatte diese (ebenso mit tonisch-klonisch Anfällen &#8211; es ist für die Ärzte ein Rätsel, warum sich dieses “verwachsen” hat. Die Regel ist, dass es sich lediglich um Absencen, wenn die Kinder diese Symptome nicht mehr aufweisen.) Ich weiß nicht, ob es sich um eine monogene oder multigene Erkrankung handelt. Jedoch handelt es sich hier sicher um eine andere Krankheit &#8211; oder auch Behinderung &#8211; als beschrieben oder “normal” ist.<br />
Jedoch hat diese Erkrankung durchaus auch auf positive mein Leben verändert: Wie auch das meiner Kinder. Es wird bewusst mit der Lebenszeit umgegangen. Das Leben ist so oder so endlich &#8211; entscheidend ist, wie wir damit umgehen. Und ich bin froh und dankbar, dass ich mit meinen Eigenschaften, die für andere schlecht greifbar ist, sowohl mich selbst als auch anderen in meinem Umfeld Denkanstöße geben kann. Also, abschließend gesagt: Ich bin dankbar für meine Krankheit und oftmals sind auch Kinder, die leider nicht länger auf dieser Erde weilen dürfen, weiser als die vermeintlich Erwachsenen. (Berichte aus der Hospizarbeit, die ich nicht selbst durchführe, jedoch Kontakte habe.)<br />
7.2.2019, W.L., AO<br />
.<br />
<strong>Eigene Vorfahren</strong><br />
Man bedenke auch, was es für das Selbstbewusstsein, das Selbstwertgefühl eines Menschen bedeutet, sein Sein und Wesen der Manipulation seiner Vorfahren zu verdanken und damit etwas eingebüßt zu haben, was keine Schönheit, kein Designermodell ausgleichen kann: seine Freiheit.<br />
7.2.2019, Gisela T., AO</p>

<p>Home &gt;Bildung &gt;Universitaet &gt;Zukunft &gt;Forschung &gt;Gentechnik &gt;Genom Genmanipulierte Menschen: Mondlandung, Aristoteles, Zucht  (7.2.2019) &nbsp; Forschung Greenwash Grüne Gentechnik Saatgut – Erzeugung und Vermarktung &gt;Saatgut Science Universität Verbraucherseite &gt;Verbraucher &nbsp; Genmanipulierte Menschen: Mondlandung, Aristoteles, Zucht Ende November 2018 berichteten viele Medien, dass in China die ersten &hellip; <a href="https://www.freiburg-schwarzwald.de/blog/natur/gentechnik/genom/">Weiterlesen <span class="meta-nav">&rarr;</span></a></p>
