{"id":64973,"date":"2017-06-12T20:53:30","date_gmt":"2017-06-12T18:53:30","guid":{"rendered":"https:\/\/www.freiburg-schwarzwald.de\/blog\/?page_id=64973"},"modified":"2026-06-08T10:21:23","modified_gmt":"2026-06-08T08:21:23","slug":"agnostiker","status":"publish","type":"page","link":"https:\/\/www.freiburg-schwarzwald.de\/blog\/religion\/agnostiker\/","title":{"rendered":"Agnostiker"},"content":{"rendered":"<p><a href=\"https:\/\/www.freiburg-schwarzwald.de\/blog\">Home<\/a> &gt;<a title=\"Religion\" href=\"https:\/\/www.freiburg-schwarzwald.de\/blog\/religion\/\">Religion<\/a> &gt;<a title=\"Kirchen\" href=\"https:\/\/www.freiburg-schwarzwald.de\/blog\/religion\/kirchen\/\">Kirchen<\/a> &gt;<a title=\"Kirche-Staat\" href=\"https:\/\/www.freiburg-schwarzwald.de\/blog\/religion\/kirche-staat\/\">Kirche-Staat<\/a> &gt;Agnostiker<\/p>\n<div id=\"attachment_64756\" style=\"width: 647px\" class=\"wp-caption alignnone\"><a href=\"https:\/\/www.freiburg-schwarzwald.de\/blog\/natur\/landwirt\/gemuesebau\/spargel\/spargel-pan170421\/\" rel=\"attachment wp-att-64756\"><img loading=\"lazy\" decoding=\"async\" aria-describedby=\"caption-attachment-64756\" class=\"size-full wp-image-64756\" src=\"https:\/\/www.freiburg-schwarzwald.de\/blog\/wp-content\/uploads\/2013\/04\/spargel-pan170421.jpg\" alt=\"Erstes Spargelessen am 21.4.2017\" width=\"637\" height=\"328\" srcset=\"https:\/\/www.freiburg-schwarzwald.de\/blog\/wp-content\/uploads\/2013\/04\/spargel-pan170421.jpg 637w, https:\/\/www.freiburg-schwarzwald.de\/blog\/wp-content\/uploads\/2013\/04\/spargel-pan170421-180x92.jpg 180w\" sizes=\"auto, (max-width: 637px) 100vw, 637px\" \/><\/a><p id=\"caption-attachment-64756\" class=\"wp-caption-text\">Erstes Spargelessen am 21.4.2017<\/p><\/div>\n<p>.<\/p>\n<ul>\n<li><em>Listenauswahl eines Beitrags: Bitte anklicken oder runterscrollen<\/em><\/li>\n<li><a href=\"https:\/\/www.freiburg-schwarzwald.de\/blog\/religion\/kirchen\/fronleichnam\/\">Gerd Buurmann: Was ist \u00fcberhaupt Fronleichnam?<\/a>\u00a0(4.6.2026)<\/li>\n<li><a href=\"https:\/\/www.freiburg-schwarzwald.de\/blog\/religion\/gott\/\">Die ungekl\u00e4rte Frage im Denken des Elon Musk<\/a>\u00a0(14.1.2025)<\/li>\n<li><a href=\"https:\/\/www.freiburg-schwarzwald.de\/blog\/religion\/gott\/ewigkeit\/\">Gibt es ein ewiges Leben?<\/a>\u00a0(14.8.2022)<\/li>\n<li><a href=\"https:\/\/www.freiburg-schwarzwald.de\/blog\/kultur\/aufklaerung\/humanismus\/\">GBS: Die zehn Angebote des evolution\u00e4ren Humanismus<\/a>\u00a0(15.7.2021)<\/li>\n<li><a href=\"https:\/\/www.freiburg-schwarzwald.de\/blog\/religion\/spirituell\/\">Die Verzauberung der Welt durch das Christentum<\/a>\u00a0(25.12.2020)<\/li>\n<li>Hamed Abdel-Samad als Agnostiker: Ist Religion Privatsache? (10.6.2017)<\/li>\n<\/ul>\n<ul>\n<li><a title=\"Demokratie\" href=\"https:\/\/www.freiburg-schwarzwald.de\/blog\/engagement\/zukunft\/demokratie\/\">Demokratie<\/a><\/li>\n<li>\n<div><a title=\"Abdel-Samad\" href=\"https:\/\/www.freiburg-schwarzwald.de\/blog\/religion\/islam\/abdel-samad\/\">Abdel-Samad<\/a><\/div>\n<\/li>\n<li>\n<div><a title=\"Ethik\" href=\"https:\/\/www.freiburg-schwarzwald.de\/blog\/religion\/ethik\/\">Ethik<\/a><\/div>\n<\/li>\n<li><a href=\"https:\/\/www.freiburg-schwarzwald.de\/blog\/religion\/gott\/ewigkeit\/\">Ewigkeit<\/a><\/li>\n<li><a title=\"Humanismus\" href=\"https:\/\/www.freiburg-schwarzwald.de\/blog\/kultur\/aufklaerung\/humanismus\/\">Humanismus<\/a><\/li>\n<li><a title=\"Ideologie\" href=\"https:\/\/www.freiburg-schwarzwald.de\/blog\/engagement\/zukunft\/ideologie\/\">Ideologie \u2013 Religion als Ideologie<\/a><\/li>\n<li><a title=\"Kirche-Politik\" href=\"https:\/\/www.freiburg-schwarzwald.de\/blog\/religion\/kirche-politik\/\">Kirche-Politik<\/a><\/li>\n<li>\n<div><a title=\"Konfessionslosigkeit\" href=\"https:\/\/www.freiburg-schwarzwald.de\/blog\/religion\/konfessionslosigkeit\/\">Konfessionslosigkeit<\/a><\/div>\n<\/li>\n<li><a title=\"Laizismus\" href=\"https:\/\/www.freiburg-schwarzwald.de\/blog\/engagement\/zukunft\/demokratie\/laizismus\/\">Laizismus<\/a><\/li>\n<li><a title=\"Religionsunterricht\" href=\"https:\/\/www.freiburg-schwarzwald.de\/blog\/religion\/religionsunterricht\/\">Religionsunterricht<\/a><\/li>\n<li><a href=\"https:\/\/www.freiburg-schwarzwald.de\/blog\/religion\/spirituell\/\">Spirituell<\/a><\/li>\n<li><a title=\"Volksislam\" href=\"https:\/\/www.freiburg-schwarzwald.de\/blog\/religion\/islam\/volksislam\/\">Volksislam<\/a><\/li>\n<\/ul>\n<div><\/div>\n<p>&nbsp;<\/p>\n<p><strong>Hamed Abdel-Samad als Agnostiker: Ist Religion Privatsache?<br \/>\n<\/strong>Der ohne Manuskript frei gehaltene Vortrag von Hamed Abdel-Samad f\u00fcr den Humanistischen Salon in einer katholischen Akademie am 14. Mai dauert fast eine Stunde. Ihm zuzuh\u00f6ren und zuzusehen ist ebenso aufschlussreich in der Sache wie beeindruckend in der Form. Hamed Abdel-Samad erkl\u00e4rt, warum Religion strikt privat sein muss und was passiert, ja passieren muss, wenn sie mehr wird als Privatsache.<\/p>\n<p><a href=\"https:\/\/www.youtube.com\/watch?v=Nspjp1FGClQ\" target=\"_blank\" rel=\"noopener noreferrer\">Hier geht es zum Video &gt;&gt;<\/a><\/p>\n<p>Alles von Hamed Abdel-Samad vom 10.6.2017 bitte lesen auf<br \/>\n<a href=\"https:\/\/www.tichyseinblick.de\/daili-es-sentials\/hamed-abdel-samad-zum-thema-ist-religion-privatsache\/\">https:\/\/www.tichyseinblick.de\/daili-es-sentials\/hamed-abdel-samad-zum-thema-ist-religion-privatsache\/<\/a><\/p>\n<p>&nbsp;<\/p>\n<p><strong>Hamed Abdel -Samad sollte im Bundestag reden<\/strong><br \/>\nHamed Abdel -Samad h\u00e4lt diese Rede vor einem kleinen, \u00fcberschaubaren Publikum. Er sollte diese aufr\u00fcttelnde Rede einmal im Bundestag halten, der Papst durfte dort ja auch schon reden.<br \/>\nSein entscheidender Satz f\u00fcr mich:<br \/>\nEuropa w\u00e4re nicht Europa geworden ohne Religionskritik und Aufkl\u00e4rung.<\/p>\n<p>Dieses Europa wird jedoch gerade in Berlin verraten und verkauft und keiner will es merken.<br \/>\n10.6.2017, Illusionslos, TO<\/p>\n<p>&nbsp;<\/p>\n<p>&nbsp;<\/p>\n<p><strong>Hamed Abdel-Samad &#8211; Ein Pl\u00e4doyer f\u00fcr den Agnostizismus<\/strong><\/p>\n<p>Agnostizismus kommt in der Diskussion leider nicht vor und wird f\u00e4lschlicher Weise sehr oft unter dem Begriff &#8222;Atheismus&#8220; subsumiert. \u00a0Auch Jesus hat in der Bergpredigt wohl mit &#8222;Heiden&#8220; unterschiedslos Andersgl\u00e4ubige, Atheisten und Agnostiker bezeichnet bzw. diffamiert.).<br \/>\nGrunds\u00e4tzlich m\u00fcssen hier 4 Gruppen unterschieden werden:<\/p>\n<p>1. Religi\u00f6se Menschen \/ Mitglieder einer Religionsgemeinschaft:<br \/>\nHier gibt es die unterschiedlichsten Religionen und unz\u00e4hlige (aktuell mindestens 2000) Religionsgemeinschaften. Diverse dieser Religionen haben sich im Laufe der Zeit wieder aufgel\u00f6st (keiner glaubt heute mehr an Zeus und die griechischen G\u00f6tter)<\/p>\n<p><strong>2. Religi\u00f6se Menschen \/ ohne Mitgliedschaft<\/strong><br \/>\nGlaube an eine \u201eh\u00f6here Macht\u201c bzw. \u201eh\u00f6here Kraft\u201c<\/p>\n<p><strong>3. Atheisten<\/strong><br \/>\n\u201eEs gibt keinen Gott \/ G\u00f6tter\u201c<\/p>\n<p><strong>4. Agnostiker<\/strong><br \/>\n\u201eOb es G\u00f6tter gibt oder nicht kann ich nicht wissen\u201c<\/p>\n<p>Plausibilit\u00e4t:<br \/>\nWenn die Wahrheit unteilbar ist, so konkurrieren momentan also 2000 Religionen, die sich untereinander widersprechen, um die Wahrheit.<br \/>\nEs gibt hier also logisch nur die M\u00f6glichkeit, dass keine der Religionen recht hat oder eine der 2.000 Religionen richtig liegt.<br \/>\nDie statistische Wahrscheinlichkeit, dass der Islam oder das Christentum die \u201erichtige\u201c Religion darstellt, ist also verschwindend gering.<br \/>\nAuch die Wahrscheinlichkeit, dass die Atheisten recht haben ist keinesfalls h\u00f6her einzusch\u00e4tzen<\/p>\n<p>Religionen \u2013 ewige Wahrheiten und ein allwissender Religionsstifter:<br \/>\nEin Kardinalfehler aller Religionen ist, dass sie sich auf einen allwissenden Religionsgr\u00fcnder und \u201eewige Wahrheiten\u201c berufen.<br \/>\nIn einer nicht starren, sondern evolution\u00e4ren Welt kann es aber keine \u201eewigen Wahrheiten\u201c geben.<br \/>\nDie \u201eewige Wahrheit\u201c \u201ewachset und mehret Euch\u201c hatte vor 2.000 Jahren ihre Berechtigung. Heute, im Angesicht einer Bev\u00f6lkerungsexplosion, ist diese &#8222;ewige Wahrheit&#8220; verheerend.<\/p>\n<p>Transzendenz:<br \/>\nHauptmerkmal der Religionen sind Aussagen zur Transzendenz, also zu den \u201eersten und letzten Dingen\u201c und zu dem \u201ewo komme ich her \u2013 wo gehe ich hin\u201c.<br \/>\nAuch hier haben die Religionen heute wenig zu bieten, au\u00dfer man glaubt z.B. daran, dass im Himmel 72 Jungfrauen auf einen warten.<\/p>\n<p>Werte \/ Gebote:<br \/>\nEin weiteres Merkmal der Religionen sind Regeln, die den Zusammenhalt menschlicher Gemeinschaften erm\u00f6glichen sollen.<br \/>\nDiese Regeln (10 Gebote) hatten fr\u00fcher sicher ihre Berechtigung, sind heute aber wesentlich besser und genauer durch unsere weltlichen Gesetze, die auf den Menschenrechten und Humanismus basieren, geregelt.<br \/>\nBeispielsweise ist das Gebot \u201edu sollst nicht t\u00f6ten\u201c durch unsere Gesetze wesentlich besser geregelt, da hier zwischen Mord, Totschlag, Totschlag im Affekt, K\u00f6rperverletzung mit Todesfolge unterschieden wird.<\/p>\n<p>Moral:<br \/>\nKeine der genannten Gruppen hat per se einen Anspruch auf moralische H\u00f6herwertigkeit.<br \/>\nAgnostiker und Atheisten sind keinesfalls moralisch minderwertiger. Sie werden nicht deshalb zum Massenm\u00f6rder, nur weil Sie sich nicht auf die 10 Gebote Moses, die Bibel oder den Koran berufen.<\/p>\n<p>Fazit:<br \/>\nReligionsanh\u00e4nger und Atheisten sind sich durchaus \u00e4hnlich, da sich beide anma\u00dfen, \u00fcber die potentiellen G\u00f6tter etwas zu wissen.<br \/>\nDem gegen\u00fcber ist der Agnostizismus die bescheidendste und toleranteste Form im Umgang mit potentiellen G\u00f6ttern.<br \/>\n10.6.2017, Zur\u00fcckZurVernunft, TO<\/p>\n<p>&nbsp;<\/p>\n<p><strong>Abdel-Samad als Integrationsminister!<\/strong><br \/>\nSo jemand wie Abdel-Samad br\u00e4uchten wir als Integrationsminister in Deutschland. Keine Frau \u00d6zogus, die keine spezifisch deutsche Kultur mehr zu erkennen vermag und Ausl\u00e4ndern, die nicht aus der EU kommen, das Wahlrecht in Deutschland geben m\u00f6chte (T\u00fcrkei z.B.)<br \/>\nStatt zu erkennen, welche Gefahr f\u00fcr unser friedliches Zusammenleben<br \/>\nvom politischen Islam ausgeht, befasst sich die Politik mit der nationalsozialistischen Geschichte Deutschlands und vermutet allerorts deutsche Gef\u00e4hrder.<br \/>\nOb es Merkel ist, die in Afrika von der Schuld der Deutschen redet oder Katrin G\u00f6ring-Eckardt und andere, die alle auf einen Auge blind sind.<br \/>\nOb Gysi (mit den Deutschen sterben die Nazis aus!) oder K\u00e4\u00dfmann (wer deutsche Vorfahren hat, ist ein Nazi!), die Politik ist antideutsch und man tut alles daf\u00fcr, auch in den Leitmedien, dass sich diese Einstellung als neue Ideologie festigt. Dem Salafismus, der, laut Abdel-Samad, in Deutschland praktiziert wird, steht man allerdings ratlos gegen\u00fcber.<br \/>\n10.6.2017, Bernd , TO<\/p>\n<p>&nbsp;<\/p>\n<p>&nbsp;<\/p>\n","protected":false},"excerpt":{"rendered":"<p>Home &gt;Religion &gt;Kirchen &gt;Kirche-Staat &gt;Agnostiker . Listenauswahl eines Beitrags: Bitte anklicken oder runterscrollen Gerd Buurmann: Was ist \u00fcberhaupt Fronleichnam?\u00a0(4.6.2026) Die ungekl\u00e4rte Frage im Denken des Elon Musk\u00a0(14.1.2025) Gibt es ein ewiges Leben?\u00a0(14.8.2022) GBS: Die zehn Angebote des evolution\u00e4ren Humanismus\u00a0(15.7.2021) Die &hellip; <a href=\"https:\/\/www.freiburg-schwarzwald.de\/blog\/religion\/agnostiker\/\">Weiterlesen <span class=\"meta-nav\">&rarr;<\/span><\/a><\/p>\n","protected":false},"author":2,"featured_media":0,"parent":171,"menu_order":0,"comment_status":"open","ping_status":"closed","template":"","meta":{"footnotes":""},"class_list":["post-64973","page","type-page","status-publish","hentry"],"_links":{"self":[{"href":"https:\/\/www.freiburg-schwarzwald.de\/blog\/wp-json\/wp\/v2\/pages\/64973","targetHints":{"allow":["GET"]}}],"collection":[{"href":"https:\/\/www.freiburg-schwarzwald.de\/blog\/wp-json\/wp\/v2\/pages"}],"about":[{"href":"https:\/\/www.freiburg-schwarzwald.de\/blog\/wp-json\/wp\/v2\/types\/page"}],"author":[{"embeddable":true,"href":"https:\/\/www.freiburg-schwarzwald.de\/blog\/wp-json\/wp\/v2\/users\/2"}],"replies":[{"embeddable":true,"href":"https:\/\/www.freiburg-schwarzwald.de\/blog\/wp-json\/wp\/v2\/comments?post=64973"}],"version-history":[{"count":5,"href":"https:\/\/www.freiburg-schwarzwald.de\/blog\/wp-json\/wp\/v2\/pages\/64973\/revisions"}],"predecessor-version":[{"id":150075,"href":"https:\/\/www.freiburg-schwarzwald.de\/blog\/wp-json\/wp\/v2\/pages\/64973\/revisions\/150075"}],"up":[{"embeddable":true,"href":"https:\/\/www.freiburg-schwarzwald.de\/blog\/wp-json\/wp\/v2\/pages\/171"}],"wp:attachment":[{"href":"https:\/\/www.freiburg-schwarzwald.de\/blog\/wp-json\/wp\/v2\/media?parent=64973"}],"curies":[{"name":"wp","href":"https:\/\/api.w.org\/{rel}","templated":true}]}}

<p><a href="https://www.freiburg-schwarzwald.de/blog">Home</a> &gt;<a title="Religion" href="https://www.freiburg-schwarzwald.de/blog/religion/">Religion</a> &gt;<a title="Kirchen" href="https://www.freiburg-schwarzwald.de/blog/religion/kirchen/">Kirchen</a> &gt;<a title="Kirche-Staat" href="https://www.freiburg-schwarzwald.de/blog/religion/kirche-staat/">Kirche-Staat</a> &gt;Agnostiker</p>
<div id="attachment_64756" style="width: 647px" class="wp-caption alignnone"><a href="https://www.freiburg-schwarzwald.de/blog/natur/landwirt/gemuesebau/spargel/spargel-pan170421/" rel="attachment wp-att-64756"><img loading="lazy" decoding="async" aria-describedby="caption-attachment-64756" class="size-full wp-image-64756" src="https://www.freiburg-schwarzwald.de/blog/wp-content/uploads/2013/04/spargel-pan170421.jpg" alt="Erstes Spargelessen am 21.4.2017" width="637" height="328" srcset="https://www.freiburg-schwarzwald.de/blog/wp-content/uploads/2013/04/spargel-pan170421.jpg 637w, https://www.freiburg-schwarzwald.de/blog/wp-content/uploads/2013/04/spargel-pan170421-180x92.jpg 180w" sizes="auto, (max-width: 637px) 100vw, 637px" /></a><p id="caption-attachment-64756" class="wp-caption-text">Erstes Spargelessen am 21.4.2017</p></div>
<p>.</p>
<ul>
<li><em>Listenauswahl eines Beitrags: Bitte anklicken oder runterscrollen</em></li>
<li><a href="https://www.freiburg-schwarzwald.de/blog/religion/kirchen/fronleichnam/">Gerd Buurmann: Was ist überhaupt Fronleichnam?</a> (4.6.2026)</li>
<li><a href="https://www.freiburg-schwarzwald.de/blog/religion/gott/">Die ungeklärte Frage im Denken des Elon Musk</a> (14.1.2025)</li>
<li><a href="https://www.freiburg-schwarzwald.de/blog/religion/gott/ewigkeit/">Gibt es ein ewiges Leben?</a> (14.8.2022)</li>
<li><a href="https://www.freiburg-schwarzwald.de/blog/kultur/aufklaerung/humanismus/">GBS: Die zehn Angebote des evolutionären Humanismus</a> (15.7.2021)</li>
<li><a href="https://www.freiburg-schwarzwald.de/blog/religion/spirituell/">Die Verzauberung der Welt durch das Christentum</a> (25.12.2020)</li>
<li>Hamed Abdel-Samad als Agnostiker: Ist Religion Privatsache? (10.6.2017)</li>
</ul>
<ul>
<li><a title="Demokratie" href="https://www.freiburg-schwarzwald.de/blog/engagement/zukunft/demokratie/">Demokratie</a></li>
<li>
<div><a title="Abdel-Samad" href="https://www.freiburg-schwarzwald.de/blog/religion/islam/abdel-samad/">Abdel-Samad</a></div>
</li>
<li>
<div><a title="Ethik" href="https://www.freiburg-schwarzwald.de/blog/religion/ethik/">Ethik</a></div>
</li>
<li><a href="https://www.freiburg-schwarzwald.de/blog/religion/gott/ewigkeit/">Ewigkeit</a></li>
<li><a title="Humanismus" href="https://www.freiburg-schwarzwald.de/blog/kultur/aufklaerung/humanismus/">Humanismus</a></li>
<li><a title="Ideologie" href="https://www.freiburg-schwarzwald.de/blog/engagement/zukunft/ideologie/">Ideologie – Religion als Ideologie</a></li>
<li><a title="Kirche-Politik" href="https://www.freiburg-schwarzwald.de/blog/religion/kirche-politik/">Kirche-Politik</a></li>
<li>
<div><a title="Konfessionslosigkeit" href="https://www.freiburg-schwarzwald.de/blog/religion/konfessionslosigkeit/">Konfessionslosigkeit</a></div>
</li>
<li><a title="Laizismus" href="https://www.freiburg-schwarzwald.de/blog/engagement/zukunft/demokratie/laizismus/">Laizismus</a></li>
<li><a title="Religionsunterricht" href="https://www.freiburg-schwarzwald.de/blog/religion/religionsunterricht/">Religionsunterricht</a></li>
<li><a href="https://www.freiburg-schwarzwald.de/blog/religion/spirituell/">Spirituell</a></li>
<li><a title="Volksislam" href="https://www.freiburg-schwarzwald.de/blog/religion/islam/volksislam/">Volksislam</a></li>
</ul>
<div></div>
<p>&nbsp;</p>
<p><strong>Hamed Abdel-Samad als Agnostiker: Ist Religion Privatsache?<br />
</strong>Der ohne Manuskript frei gehaltene Vortrag von Hamed Abdel-Samad für den Humanistischen Salon in einer katholischen Akademie am 14. Mai dauert fast eine Stunde. Ihm zuzuhören und zuzusehen ist ebenso aufschlussreich in der Sache wie beeindruckend in der Form. Hamed Abdel-Samad erklärt, warum Religion strikt privat sein muss und was passiert, ja passieren muss, wenn sie mehr wird als Privatsache.</p>
<p><a href="https://www.youtube.com/watch?v=Nspjp1FGClQ" target="_blank" rel="noopener noreferrer">Hier geht es zum Video &gt;&gt;</a></p>
<p>Alles von Hamed Abdel-Samad vom 10.6.2017 bitte lesen auf<br />
<a href="https://www.tichyseinblick.de/daili-es-sentials/hamed-abdel-samad-zum-thema-ist-religion-privatsache/">https://www.tichyseinblick.de/daili-es-sentials/hamed-abdel-samad-zum-thema-ist-religion-privatsache/</a></p>
<p>&nbsp;</p>
<p><strong>Hamed Abdel -Samad sollte im Bundestag reden</strong><br />
Hamed Abdel -Samad hält diese Rede vor einem kleinen, überschaubaren Publikum. Er sollte diese aufrüttelnde Rede einmal im Bundestag halten, der Papst durfte dort ja auch schon reden.<br />
Sein entscheidender Satz für mich:<br />
Europa wäre nicht Europa geworden ohne Religionskritik und Aufklärung.</p>
<p>Dieses Europa wird jedoch gerade in Berlin verraten und verkauft und keiner will es merken.<br />
10.6.2017, Illusionslos, TO</p>
<p>&nbsp;</p>
<p>&nbsp;</p>
<p><strong>Hamed Abdel-Samad &#8211; Ein Plädoyer für den Agnostizismus</strong></p>
<p>Agnostizismus kommt in der Diskussion leider nicht vor und wird fälschlicher Weise sehr oft unter dem Begriff &#8222;Atheismus&#8220; subsumiert.  Auch Jesus hat in der Bergpredigt wohl mit &#8222;Heiden&#8220; unterschiedslos Andersgläubige, Atheisten und Agnostiker bezeichnet bzw. diffamiert.).<br />
Grundsätzlich müssen hier 4 Gruppen unterschieden werden:</p>
<p>1. Religiöse Menschen / Mitglieder einer Religionsgemeinschaft:<br />
Hier gibt es die unterschiedlichsten Religionen und unzählige (aktuell mindestens 2000) Religionsgemeinschaften. Diverse dieser Religionen haben sich im Laufe der Zeit wieder aufgelöst (keiner glaubt heute mehr an Zeus und die griechischen Götter)</p>
<p><strong>2. Religiöse Menschen / ohne Mitgliedschaft</strong><br />
Glaube an eine „höhere Macht“ bzw. „höhere Kraft“</p>
<p><strong>3. Atheisten</strong><br />
„Es gibt keinen Gott / Götter“</p>
<p><strong>4. Agnostiker</strong><br />
„Ob es Götter gibt oder nicht kann ich nicht wissen“</p>
<p>Plausibilität:<br />
Wenn die Wahrheit unteilbar ist, so konkurrieren momentan also 2000 Religionen, die sich untereinander widersprechen, um die Wahrheit.<br />
Es gibt hier also logisch nur die Möglichkeit, dass keine der Religionen recht hat oder eine der 2.000 Religionen richtig liegt.<br />
Die statistische Wahrscheinlichkeit, dass der Islam oder das Christentum die „richtige“ Religion darstellt, ist also verschwindend gering.<br />
Auch die Wahrscheinlichkeit, dass die Atheisten recht haben ist keinesfalls höher einzuschätzen</p>
<p>Religionen – ewige Wahrheiten und ein allwissender Religionsstifter:<br />
Ein Kardinalfehler aller Religionen ist, dass sie sich auf einen allwissenden Religionsgründer und „ewige Wahrheiten“ berufen.<br />
In einer nicht starren, sondern evolutionären Welt kann es aber keine „ewigen Wahrheiten“ geben.<br />
Die „ewige Wahrheit“ „wachset und mehret Euch“ hatte vor 2.000 Jahren ihre Berechtigung. Heute, im Angesicht einer Bevölkerungsexplosion, ist diese &#8222;ewige Wahrheit&#8220; verheerend.</p>
<p>Transzendenz:<br />
Hauptmerkmal der Religionen sind Aussagen zur Transzendenz, also zu den „ersten und letzten Dingen“ und zu dem „wo komme ich her – wo gehe ich hin“.<br />
Auch hier haben die Religionen heute wenig zu bieten, außer man glaubt z.B. daran, dass im Himmel 72 Jungfrauen auf einen warten.</p>
<p>Werte / Gebote:<br />
Ein weiteres Merkmal der Religionen sind Regeln, die den Zusammenhalt menschlicher Gemeinschaften ermöglichen sollen.<br />
Diese Regeln (10 Gebote) hatten früher sicher ihre Berechtigung, sind heute aber wesentlich besser und genauer durch unsere weltlichen Gesetze, die auf den Menschenrechten und Humanismus basieren, geregelt.<br />
Beispielsweise ist das Gebot „du sollst nicht töten“ durch unsere Gesetze wesentlich besser geregelt, da hier zwischen Mord, Totschlag, Totschlag im Affekt, Körperverletzung mit Todesfolge unterschieden wird.</p>
<p>Moral:<br />
Keine der genannten Gruppen hat per se einen Anspruch auf moralische Höherwertigkeit.<br />
Agnostiker und Atheisten sind keinesfalls moralisch minderwertiger. Sie werden nicht deshalb zum Massenmörder, nur weil Sie sich nicht auf die 10 Gebote Moses, die Bibel oder den Koran berufen.</p>
<p>Fazit:<br />
Religionsanhänger und Atheisten sind sich durchaus ähnlich, da sich beide anmaßen, über die potentiellen Götter etwas zu wissen.<br />
Dem gegenüber ist der Agnostizismus die bescheidendste und toleranteste Form im Umgang mit potentiellen Göttern.<br />
10.6.2017, ZurückZurVernunft, TO</p>
<p>&nbsp;</p>
<p><strong>Abdel-Samad als Integrationsminister!</strong><br />
So jemand wie Abdel-Samad bräuchten wir als Integrationsminister in Deutschland. Keine Frau Özogus, die keine spezifisch deutsche Kultur mehr zu erkennen vermag und Ausländern, die nicht aus der EU kommen, das Wahlrecht in Deutschland geben möchte (Türkei z.B.)<br />
Statt zu erkennen, welche Gefahr für unser friedliches Zusammenleben<br />
vom politischen Islam ausgeht, befasst sich die Politik mit der nationalsozialistischen Geschichte Deutschlands und vermutet allerorts deutsche Gefährder.<br />
Ob es Merkel ist, die in Afrika von der Schuld der Deutschen redet oder Katrin Göring-Eckardt und andere, die alle auf einen Auge blind sind.<br />
Ob Gysi (mit den Deutschen sterben die Nazis aus!) oder Käßmann (wer deutsche Vorfahren hat, ist ein Nazi!), die Politik ist antideutsch und man tut alles dafür, auch in den Leitmedien, dass sich diese Einstellung als neue Ideologie festigt. Dem Salafismus, der, laut Abdel-Samad, in Deutschland praktiziert wird, steht man allerdings ratlos gegenüber.<br />
10.6.2017, Bernd , TO</p>
<p>&nbsp;</p>
<p>&nbsp;</p>

<p>Home &gt;Religion &gt;Kirchen &gt;Kirche-Staat &gt;Agnostiker . Listenauswahl eines Beitrags: Bitte anklicken oder runterscrollen Gerd Buurmann: Was ist überhaupt Fronleichnam? (4.6.2026) Die ungeklärte Frage im Denken des Elon Musk (14.1.2025) Gibt es ein ewiges Leben? (14.8.2022) GBS: Die zehn Angebote des evolutionären Humanismus (15.7.2021) Die &hellip; <a href="https://www.freiburg-schwarzwald.de/blog/religion/agnostiker/">Weiterlesen <span class="meta-nav">&rarr;</span></a></p>
