{"id":64558,"date":"2017-03-16T18:55:53","date_gmt":"2017-03-16T17:55:53","guid":{"rendered":"https:\/\/www.freiburg-schwarzwald.de\/blog\/?page_id=64558"},"modified":"2017-10-28T17:00:45","modified_gmt":"2017-10-28T15:00:45","slug":"zeit-2","status":"publish","type":"page","link":"https:\/\/www.freiburg-schwarzwald.de\/blog\/engagement\/zukunft\/zeit-2\/","title":{"rendered":"Zeit"},"content":{"rendered":"<p><a href=\"https:\/\/www.freiburg-schwarzwald.de\/blog\">Home<\/a> &gt;<a title=\"Engagement\" href=\"https:\/\/www.freiburg-schwarzwald.de\/blog\/engagement\/\">Engagement<\/a> &gt;<a title=\"Zukunft\" href=\"https:\/\/www.freiburg-schwarzwald.de\/blog\/engagement\/zukunft\/\">Zukunft<\/a> &gt;Zeit<\/p>\n<div id=\"attachment_62967\" style=\"width: 648px\" class=\"wp-caption alignnone\"><a href=\"https:\/\/www.freiburg-schwarzwald.de\/blog\/kultur\/internet\/kommunikation\/sonnenblumen1vezelia-pan161003\/\" rel=\"attachment wp-att-62967\"><img loading=\"lazy\" decoding=\"async\" aria-describedby=\"caption-attachment-62967\" class=\"size-full wp-image-62967\" src=\"https:\/\/www.freiburg-schwarzwald.de\/blog\/wp-content\/uploads\/2016\/10\/sonnenblumen1vezelia-pan161003.jpg\" alt=\"Sonnenblumen und Vezelia im Dreisamtal bei Freiburg am 3.10.2016\" width=\"638\" height=\"270\" srcset=\"https:\/\/www.freiburg-schwarzwald.de\/blog\/wp-content\/uploads\/2016\/10\/sonnenblumen1vezelia-pan161003.jpg 638w, https:\/\/www.freiburg-schwarzwald.de\/blog\/wp-content\/uploads\/2016\/10\/sonnenblumen1vezelia-pan161003-180x76.jpg 180w\" sizes=\"auto, (max-width: 638px) 100vw, 638px\" \/><\/a><p id=\"caption-attachment-62967\" class=\"wp-caption-text\">Sonnenblumen und Vezelia im Dreisamtal bei Freiburg am 3.10.2016<\/p><\/div>\n<ul>\n<li><a href=\"https:\/\/www.freiburg-schwarzwald.de\/blog\/zeit-geld-konsum-fastenzeit\/\">https:\/\/www.freiburg-schwarzwald.de\/blog\/zeit-geld-konsum-fastenzeit\/<\/a> (16.3.2017)<\/li>\n<li>Wachstumskritiker Nico Paech: Zeitmangel gr\u00f6\u00dfer als Geldmangel (11.3.2017)<\/li>\n<li><\/li>\n<li><a title=\"Ehrlichkeit\" href=\"https:\/\/www.freiburg-schwarzwald.de\/blog\/engagement\/zukunft\/ehrlichkeit\/\">Ehrlichkeit<\/a><\/li>\n<li><a title=\"Konsum\" href=\"https:\/\/www.freiburg-schwarzwald.de\/blog\/engagement\/verbraucher\/konsum\/\">Konsum<\/a><\/li>\n<li><a title=\"Recycling\" href=\"https:\/\/www.freiburg-schwarzwald.de\/blog\/natur\/umwelt\/recycling\/\">Recycling<\/a><\/li>\n<\/ul>\n<ul>\n<li><a title=\"Schuldner\" href=\"https:\/\/www.freiburg-schwarzwald.de\/blog\/selbsthilfe\/soziales\/schuldner\/\">Schulden \u2013 Schuldnerberatung<\/a><\/li>\n<li><a title=\"Sharing-Economy\" href=\"https:\/\/www.freiburg-schwarzwald.de\/blog\/engagement\/verbraucher\/sharing-economy\/\">Sharing-Economy<\/a><\/li>\n<li><a title=\"Suffizienz\" href=\"https:\/\/www.freiburg-schwarzwald.de\/blog\/engagement\/zukunft\/suffizienz\/\">Suffizienz<\/a><\/li>\n<li><a title=\"Umwelt\" href=\"https:\/\/www.freiburg-schwarzwald.de\/blog\/natur\/umwelt\/\">Umwelt<\/a><\/li>\n<li><a title=\"Wachstum\" href=\"https:\/\/www.freiburg-schwarzwald.de\/blog\/engagement\/zukunft\/wachstum\/\">Wachstum<\/a><\/li>\n<\/ul>\n<p>&nbsp;<\/p>\n<h4><strong>Vor lauter Konsum und Konsumm\u00f6glichkeiten haben wir keine Zeit mehr<\/strong><\/h4>\n<p>&nbsp;<\/p>\n<p>&nbsp;<\/p>\n<p>&nbsp;<\/p>\n<p><strong>Wachstumskritiker Nico Paech: Zeitmangel gr\u00f6\u00dfer als Geldmangel<\/strong><\/p>\n<p>Der 56-j\u00e4hrige Volkswirt war bis 2016 Professor an der Carl-von-Ossietzky-Universit\u00e4t in Oldenburg. Er gilt als wichtiger Vertreter der Postwachstums\u00f6konomie. Diesen Begriff hat er selbst in seinem Werk &#8222;Befreiung vom \u00dcberfluss&#8220; gepr\u00e4gt. Damit meint Paech ein Wirtschaftssystem, das nicht weiter auf Wachstum, sondern auf Wachstumsr\u00fccknahme setzt, um die nat\u00fcrlichen Ressourcen zu schonen.<br \/>\nDer Wachstumskitiker Nico Paech hat seine Professorenstelle an der Universit\u00e4t Oldenburg Ende 2016 verloren.<br \/>\nGleichwohl:\u00a0In der &#8222;Thought Leaders&#8220;-Liste der weltweit einflu\u00dfreichen K\u00f6pfe, die vom Gottlieb Duttwiler Institut gef\u00fchrt wird, erscheint Nico Paech in 2015 auf Platz 18 &#8211; vor \u00d6konomen wie Hans-Werner Sinn und Thomas Straubhaar.<br \/>\nAnfang 2017 ist Paech\u00a0Lehrer an einer Odenwald-Schule.<\/p>\n<p>Nico Paech wandte sich gegen die neoklassische, extrem mathematisierte und deshalb zuweilen weltfremd erscheinende Volkswirtschaftslehre. Laut einer Untersuchung des Forschungsinstituts f\u00fcr gesellschaftliche Weiterentwicklung vertreten nur 4% der deutschen \u00d6konomiedozenten einen Ansatz, der radikal vom neoklassischen Mainstream abweicht.<br \/>\n&#8222;F\u00fcr die einen, die sich nach einer Alternative zum Immer-mehr-Kapitalismus sehnen, ist Nico Paech eine Ikone, weil er vordenkt, wie eine Welt ohne Wirtschaftswachstum funktionieren k\u00f6nnte; mit Menschen, die nur 20 Stunden in der Woche arbeiten, die weniger konsumieren, ihre Lebensmittel selbst anbauen, und kaum noch reisen. &#8230; F\u00fcr viele klasische \u00d6konomen ist Paech dagegen ein Spinner&#8220; &#8230;. Alles zu &#8222;Der Versto\u00dfene&#8220;, DIE ZEIT vom 9.3.2017, Seite 28<\/p>\n<p>Nach der Finanzkrise, die keine Wirtschaftstheorie voraussah, sagte der US-Notenbankpr\u00e4sident Alan Greenspan: &#8222;Das ganze intellektuelle Gedankengeb\u00e4ude ist mit der Krise in sich zusammengest\u00fcrtzt.&#8220;<br \/>\n.<br \/>\nDieses <a title=\"Sachbuch\" href=\"https:\/\/www.freiburg-schwarzwald.de\/blog\/kultur\/dichter\/literatur\/sachbuch\/\">Sachbuch<\/a> hat Paech bekannt gemacht:<em><br \/>\nNiko Paech: Befreiung vom \u00dcberfluss<\/em><br \/>\n<em>Auf dem Weg in die Postwachstumstheorie<\/em><br \/>\n<em>Oekom Verlag 2012, 6.Aufl. 2016<\/em><br \/>\n<em>ISBN 978-3&#8211;86581-181-3<\/em><\/p>\n<p>&#8222;Es bringt nichts, im Biosupermarkt einzukaufen und dann in den SUV zu steigen.&#8220;<br \/>\nRebound-Effekt: &#8222;Wenn Auto sparsamer werden, aber auch gr\u00f6\u00dfer, schwerer und leistungsst\u00e4rker, bleibt der Nutzen f\u00fcr die Umwelt gering.&#8220;<\/p>\n<p><strong>Der Konsum fri\u00dft die Zeit auf<\/strong><\/p>\n<p>Zitat 1: Von Konsum- zur K\u00f6nnensgesellschaft<br \/>\n&#8222;Wir m\u00fcssten von einer Konsum- zu einer K\u00f6nnensgesellschaft werden, in der Handlungen, die \u00fcberhaupt nichts mit Konsum zu tun haben, sinnstiftend werden. Handwerkliche und k\u00fcnstlerische Kompetenz k\u00f6nnte dabei zur Basis f\u00fcr soziale Zugeh\u00f6rigkeit werden. Das Verr\u00fcckte ist Folgendes: Je weniger wir in der Lage sind, durch andere Dinge als Konsum unsere gesellschaftliche Position zum Vorschein zu bringen, desto wichtiger wird Konsum und umso mehr verdr\u00e4ngt er andere Praktiken, durch die wir uns selbst finden oder eine Identit\u00e4t erlangen k\u00f6nnten. Denn er frisst die f\u00fcr alternative Handlungen n\u00f6tige Zeit auf.&#8220;<br \/>\n.<br \/>\nZitat 2: Das irdische Nullsummenspiel<br \/>\n&#8222;Es gibt nur begrenzte R\u00e4ume und Ressourcen. Daraus folgt, dass jeder Einzelne nur ein bestimmtes Quantum an \u00d6kosph\u00e4re nutzen kann, ohne \u00fcber seine Verh\u00e4ltnisse zu leben. Das hat schon Immanuel Kant in seiner &#8222;Schrift zum Ewigen Frieden&#8220; angesprochen: Gerechtigkeit findet nicht zwischen Staaten, sondern nur zwischen Menschen statt: Was ich zu viel nehme, muss jemand anderem fehlen. Das ist die un\u00fcberwindbare Logik des irdischen Nullsummenspiels.&#8220;<br \/>\n.<br \/>\nZitat 3: Klimaschutz first<br \/>\n&#8222;Der Klimaschutz markiert die wichtigste \u00f6kologische Grenze. Wenn wir die Zwei-Grad-Grenze nicht einhalten, werden wir dauerhaft keine Lebensgrundlagen auf diesem Planeten haben. Die Konsequenz versteht jedes Kind: Das mit dem Zwei-Grad-Ziel zu vereinbarende CO2-Budget m\u00fcsste auf alle Menschen verteilt werden. Dann d\u00fcrfte jede Person durch Mobilit\u00e4t und Konsum pro Jahr ungef\u00e4hr 2,5 Tonnen CO2-Emissionen verursachen.&#8220;<br \/>\n.<br \/>\nZitat 4: \u00d6kos mit \u00d6kologischem Rucksack<br \/>\n&#8222;Die Menschen, welche \u00fcber die h\u00f6chste Bildung verf\u00fcgen, sich zuweilen f\u00fcr \u00f6kologisch aufgekl\u00e4rt halten, sind in den Biol\u00e4den anzutreffen, kaufen mit hoher Wahrscheinlichkeit \u00d6kostrom und bestellen bei Hess-Natur oder Manufactum. Aber es sind eben auch die Personen, die aufgrund ihrer Bildung das meiste Geld verdienen und besonders global orientiert sind, also h\u00e4ufig fliegen. Ob jemand verantwortungsvoll gelebt hat, h\u00e4ngt von der Zahl seiner Flugreisen ab. Somit k\u00f6nnen wir nicht ausschlie\u00dfen, dass jene, die sich mit den meisten \u00f6kologischen Symbolen schm\u00fccken, unter dem Strich diejenigen sind, die den verheerendsten \u00f6kologischen Rucksack rumschleppen.&#8220;<\/p>\n<p>Das Interview mit Nico Paech vom 27.2.2017 bitte lesen auf<br \/>\n<a href=\"https:\/\/www.badische-zeitung.de\/umwelt-natur\/warum-verzicht-ein-gewinn-sein-kann--133964563.html\">https:\/\/www.badische-zeitung.de\/umwelt-natur\/warum-verzicht-ein-gewinn-sein-kann&#8211;133964563.html<\/a><\/p>\n","protected":false},"excerpt":{"rendered":"<p>Home &gt;Engagement &gt;Zukunft &gt;Zeit https:\/\/www.freiburg-schwarzwald.de\/blog\/zeit-geld-konsum-fastenzeit\/ (16.3.2017) Wachstumskritiker Nico Paech: Zeitmangel gr\u00f6\u00dfer als Geldmangel (11.3.2017) Ehrlichkeit Konsum Recycling Schulden \u2013 Schuldnerberatung Sharing-Economy Suffizienz Umwelt Wachstum &nbsp; Vor lauter Konsum und Konsumm\u00f6glichkeiten haben wir keine Zeit mehr &nbsp; &nbsp; &nbsp; Wachstumskritiker Nico &hellip; <a href=\"https:\/\/www.freiburg-schwarzwald.de\/blog\/engagement\/zukunft\/zeit-2\/\">Weiterlesen <span class=\"meta-nav\">&rarr;<\/span><\/a><\/p>\n","protected":false},"author":2,"featured_media":0,"parent":2250,"menu_order":0,"comment_status":"open","ping_status":"closed","template":"","meta":{"footnotes":""},"class_list":["post-64558","page","type-page","status-publish","hentry"],"_links":{"self":[{"href":"https:\/\/www.freiburg-schwarzwald.de\/blog\/wp-json\/wp\/v2\/pages\/64558","targetHints":{"allow":["GET"]}}],"collection":[{"href":"https:\/\/www.freiburg-schwarzwald.de\/blog\/wp-json\/wp\/v2\/pages"}],"about":[{"href":"https:\/\/www.freiburg-schwarzwald.de\/blog\/wp-json\/wp\/v2\/types\/page"}],"author":[{"embeddable":true,"href":"https:\/\/www.freiburg-schwarzwald.de\/blog\/wp-json\/wp\/v2\/users\/2"}],"replies":[{"embeddable":true,"href":"https:\/\/www.freiburg-schwarzwald.de\/blog\/wp-json\/wp\/v2\/comments?post=64558"}],"version-history":[{"count":0,"href":"https:\/\/www.freiburg-schwarzwald.de\/blog\/wp-json\/wp\/v2\/pages\/64558\/revisions"}],"up":[{"embeddable":true,"href":"https:\/\/www.freiburg-schwarzwald.de\/blog\/wp-json\/wp\/v2\/pages\/2250"}],"wp:attachment":[{"href":"https:\/\/www.freiburg-schwarzwald.de\/blog\/wp-json\/wp\/v2\/media?parent=64558"}],"curies":[{"name":"wp","href":"https:\/\/api.w.org\/{rel}","templated":true}]}}

<p><a href="https://www.freiburg-schwarzwald.de/blog">Home</a> &gt;<a title="Engagement" href="https://www.freiburg-schwarzwald.de/blog/engagement/">Engagement</a> &gt;<a title="Zukunft" href="https://www.freiburg-schwarzwald.de/blog/engagement/zukunft/">Zukunft</a> &gt;Zeit</p>
<div id="attachment_62967" style="width: 648px" class="wp-caption alignnone"><a href="https://www.freiburg-schwarzwald.de/blog/kultur/internet/kommunikation/sonnenblumen1vezelia-pan161003/" rel="attachment wp-att-62967"><img loading="lazy" decoding="async" aria-describedby="caption-attachment-62967" class="size-full wp-image-62967" src="https://www.freiburg-schwarzwald.de/blog/wp-content/uploads/2016/10/sonnenblumen1vezelia-pan161003.jpg" alt="Sonnenblumen und Vezelia im Dreisamtal bei Freiburg am 3.10.2016" width="638" height="270" srcset="https://www.freiburg-schwarzwald.de/blog/wp-content/uploads/2016/10/sonnenblumen1vezelia-pan161003.jpg 638w, https://www.freiburg-schwarzwald.de/blog/wp-content/uploads/2016/10/sonnenblumen1vezelia-pan161003-180x76.jpg 180w" sizes="auto, (max-width: 638px) 100vw, 638px" /></a><p id="caption-attachment-62967" class="wp-caption-text">Sonnenblumen und Vezelia im Dreisamtal bei Freiburg am 3.10.2016</p></div>
<ul>
<li><a href="https://www.freiburg-schwarzwald.de/blog/zeit-geld-konsum-fastenzeit/">https://www.freiburg-schwarzwald.de/blog/zeit-geld-konsum-fastenzeit/</a> (16.3.2017)</li>
<li>Wachstumskritiker Nico Paech: Zeitmangel größer als Geldmangel (11.3.2017)</li>
<li></li>
<li><a title="Ehrlichkeit" href="https://www.freiburg-schwarzwald.de/blog/engagement/zukunft/ehrlichkeit/">Ehrlichkeit</a></li>
<li><a title="Konsum" href="https://www.freiburg-schwarzwald.de/blog/engagement/verbraucher/konsum/">Konsum</a></li>
<li><a title="Recycling" href="https://www.freiburg-schwarzwald.de/blog/natur/umwelt/recycling/">Recycling</a></li>
</ul>
<ul>
<li><a title="Schuldner" href="https://www.freiburg-schwarzwald.de/blog/selbsthilfe/soziales/schuldner/">Schulden – Schuldnerberatung</a></li>
<li><a title="Sharing-Economy" href="https://www.freiburg-schwarzwald.de/blog/engagement/verbraucher/sharing-economy/">Sharing-Economy</a></li>
<li><a title="Suffizienz" href="https://www.freiburg-schwarzwald.de/blog/engagement/zukunft/suffizienz/">Suffizienz</a></li>
<li><a title="Umwelt" href="https://www.freiburg-schwarzwald.de/blog/natur/umwelt/">Umwelt</a></li>
<li><a title="Wachstum" href="https://www.freiburg-schwarzwald.de/blog/engagement/zukunft/wachstum/">Wachstum</a></li>
</ul>
<p>&nbsp;</p>
<h4><strong>Vor lauter Konsum und Konsummöglichkeiten haben wir keine Zeit mehr</strong></h4>
<p>&nbsp;</p>
<p>&nbsp;</p>
<p>&nbsp;</p>
<p><strong>Wachstumskritiker Nico Paech: Zeitmangel größer als Geldmangel</strong></p>
<p>Der 56-jährige Volkswirt war bis 2016 Professor an der Carl-von-Ossietzky-Universität in Oldenburg. Er gilt als wichtiger Vertreter der Postwachstumsökonomie. Diesen Begriff hat er selbst in seinem Werk &#8222;Befreiung vom Überfluss&#8220; geprägt. Damit meint Paech ein Wirtschaftssystem, das nicht weiter auf Wachstum, sondern auf Wachstumsrücknahme setzt, um die natürlichen Ressourcen zu schonen.<br />
Der Wachstumskitiker Nico Paech hat seine Professorenstelle an der Universität Oldenburg Ende 2016 verloren.<br />
Gleichwohl: In der &#8222;Thought Leaders&#8220;-Liste der weltweit einflußreichen Köpfe, die vom Gottlieb Duttwiler Institut geführt wird, erscheint Nico Paech in 2015 auf Platz 18 &#8211; vor Ökonomen wie Hans-Werner Sinn und Thomas Straubhaar.<br />
Anfang 2017 ist Paech Lehrer an einer Odenwald-Schule.</p>
<p>Nico Paech wandte sich gegen die neoklassische, extrem mathematisierte und deshalb zuweilen weltfremd erscheinende Volkswirtschaftslehre. Laut einer Untersuchung des Forschungsinstituts für gesellschaftliche Weiterentwicklung vertreten nur 4% der deutschen Ökonomiedozenten einen Ansatz, der radikal vom neoklassischen Mainstream abweicht.<br />
&#8222;Für die einen, die sich nach einer Alternative zum Immer-mehr-Kapitalismus sehnen, ist Nico Paech eine Ikone, weil er vordenkt, wie eine Welt ohne Wirtschaftswachstum funktionieren könnte; mit Menschen, die nur 20 Stunden in der Woche arbeiten, die weniger konsumieren, ihre Lebensmittel selbst anbauen, und kaum noch reisen. &#8230; Für viele klasische Ökonomen ist Paech dagegen ein Spinner&#8220; &#8230;. Alles zu &#8222;Der Verstoßene&#8220;, DIE ZEIT vom 9.3.2017, Seite 28</p>
<p>Nach der Finanzkrise, die keine Wirtschaftstheorie voraussah, sagte der US-Notenbankpräsident Alan Greenspan: &#8222;Das ganze intellektuelle Gedankengebäude ist mit der Krise in sich zusammengestürtzt.&#8220;<br />
.<br />
Dieses <a title="Sachbuch" href="https://www.freiburg-schwarzwald.de/blog/kultur/dichter/literatur/sachbuch/">Sachbuch</a> hat Paech bekannt gemacht:<em><br />
Niko Paech: Befreiung vom Überfluss</em><br />
<em>Auf dem Weg in die Postwachstumstheorie</em><br />
<em>Oekom Verlag 2012, 6.Aufl. 2016</em><br />
<em>ISBN 978-3&#8211;86581-181-3</em></p>
<p>&#8222;Es bringt nichts, im Biosupermarkt einzukaufen und dann in den SUV zu steigen.&#8220;<br />
Rebound-Effekt: &#8222;Wenn Auto sparsamer werden, aber auch größer, schwerer und leistungsstärker, bleibt der Nutzen für die Umwelt gering.&#8220;</p>
<p><strong>Der Konsum frißt die Zeit auf</strong></p>
<p>Zitat 1: Von Konsum- zur Könnensgesellschaft<br />
&#8222;Wir müssten von einer Konsum- zu einer Könnensgesellschaft werden, in der Handlungen, die überhaupt nichts mit Konsum zu tun haben, sinnstiftend werden. Handwerkliche und künstlerische Kompetenz könnte dabei zur Basis für soziale Zugehörigkeit werden. Das Verrückte ist Folgendes: Je weniger wir in der Lage sind, durch andere Dinge als Konsum unsere gesellschaftliche Position zum Vorschein zu bringen, desto wichtiger wird Konsum und umso mehr verdrängt er andere Praktiken, durch die wir uns selbst finden oder eine Identität erlangen könnten. Denn er frisst die für alternative Handlungen nötige Zeit auf.&#8220;<br />
.<br />
Zitat 2: Das irdische Nullsummenspiel<br />
&#8222;Es gibt nur begrenzte Räume und Ressourcen. Daraus folgt, dass jeder Einzelne nur ein bestimmtes Quantum an Ökosphäre nutzen kann, ohne über seine Verhältnisse zu leben. Das hat schon Immanuel Kant in seiner &#8222;Schrift zum Ewigen Frieden&#8220; angesprochen: Gerechtigkeit findet nicht zwischen Staaten, sondern nur zwischen Menschen statt: Was ich zu viel nehme, muss jemand anderem fehlen. Das ist die unüberwindbare Logik des irdischen Nullsummenspiels.&#8220;<br />
.<br />
Zitat 3: Klimaschutz first<br />
&#8222;Der Klimaschutz markiert die wichtigste ökologische Grenze. Wenn wir die Zwei-Grad-Grenze nicht einhalten, werden wir dauerhaft keine Lebensgrundlagen auf diesem Planeten haben. Die Konsequenz versteht jedes Kind: Das mit dem Zwei-Grad-Ziel zu vereinbarende CO2-Budget müsste auf alle Menschen verteilt werden. Dann dürfte jede Person durch Mobilität und Konsum pro Jahr ungefähr 2,5 Tonnen CO2-Emissionen verursachen.&#8220;<br />
.<br />
Zitat 4: Ökos mit Ökologischem Rucksack<br />
&#8222;Die Menschen, welche über die höchste Bildung verfügen, sich zuweilen für ökologisch aufgeklärt halten, sind in den Bioläden anzutreffen, kaufen mit hoher Wahrscheinlichkeit Ökostrom und bestellen bei Hess-Natur oder Manufactum. Aber es sind eben auch die Personen, die aufgrund ihrer Bildung das meiste Geld verdienen und besonders global orientiert sind, also häufig fliegen. Ob jemand verantwortungsvoll gelebt hat, hängt von der Zahl seiner Flugreisen ab. Somit können wir nicht ausschließen, dass jene, die sich mit den meisten ökologischen Symbolen schmücken, unter dem Strich diejenigen sind, die den verheerendsten ökologischen Rucksack rumschleppen.&#8220;</p>
<p>Das Interview mit Nico Paech vom 27.2.2017 bitte lesen auf<br />
<a href="https://www.badische-zeitung.de/umwelt-natur/warum-verzicht-ein-gewinn-sein-kann--133964563.html">https://www.badische-zeitung.de/umwelt-natur/warum-verzicht-ein-gewinn-sein-kann&#8211;133964563.html</a></p>

<p>Home &gt;Engagement &gt;Zukunft &gt;Zeit https://www.freiburg-schwarzwald.de/blog/zeit-geld-konsum-fastenzeit/ (16.3.2017) Wachstumskritiker Nico Paech: Zeitmangel größer als Geldmangel (11.3.2017) Ehrlichkeit Konsum Recycling Schulden – Schuldnerberatung Sharing-Economy Suffizienz Umwelt Wachstum &nbsp; Vor lauter Konsum und Konsummöglichkeiten haben wir keine Zeit mehr &nbsp; &nbsp; &nbsp; Wachstumskritiker Nico &hellip; <a href="https://www.freiburg-schwarzwald.de/blog/engagement/zukunft/zeit-2/">Weiterlesen <span class="meta-nav">&rarr;</span></a></p>
