{"id":64242,"date":"2017-01-21T18:51:52","date_gmt":"2017-01-21T17:51:52","guid":{"rendered":"https:\/\/www.freiburg-schwarzwald.de\/blog\/?page_id=64242"},"modified":"2021-01-08T17:51:54","modified_gmt":"2021-01-08T16:51:54","slug":"postfaktisch","status":"publish","type":"page","link":"https:\/\/www.freiburg-schwarzwald.de\/blog\/kultur\/medien\/postfaktisch\/","title":{"rendered":"Postfaktisch"},"content":{"rendered":"<p><a href=\"https:\/\/www.freiburg-schwarzwald.de\/blog\">Home<\/a> &gt;<a title=\"Kultur\" href=\"https:\/\/www.freiburg-schwarzwald.de\/blog\/kultur\/\">Kultur<\/a> &gt;<a title=\"Medien\" href=\"https:\/\/www.freiburg-schwarzwald.de\/blog\/kultur\/medien\/\">Medien<\/a> &gt;Postfaktisch<\/p>\n<div id=\"attachment_64109\" style=\"width: 648px\" class=\"wp-caption alignnone\"><a href=\"https:\/\/www.freiburg-schwarzwald.de\/blog\/brand-gerichtseiche-castellberg\/gerichtseiche3abgebrannt-pan170101\/\" rel=\"attachment wp-att-64109\"><img loading=\"lazy\" decoding=\"async\" aria-describedby=\"caption-attachment-64109\" class=\"wp-image-64109 size-full\" src=\"https:\/\/www.freiburg-schwarzwald.de\/blog\/wp-content\/uploads\/2017\/01\/gerichtseiche3abgebrannt-pan170101.jpg\" alt=\"gerichtseiche3abgebrannt-pan170101\" width=\"638\" height=\"333\" srcset=\"https:\/\/www.freiburg-schwarzwald.de\/blog\/wp-content\/uploads\/2017\/01\/gerichtseiche3abgebrannt-pan170101.jpg 638w, https:\/\/www.freiburg-schwarzwald.de\/blog\/wp-content\/uploads\/2017\/01\/gerichtseiche3abgebrannt-pan170101-180x93.jpg 180w\" sizes=\"auto, (max-width: 638px) 100vw, 638px\" \/><\/a><p id=\"caption-attachment-64109\" class=\"wp-caption-text\">Gerichtseiche am Castellberg bei Freiburg &#8211; angez\u00fcndet in der Neujahrsnacht 2016\/2017<\/p><\/div>\n<p>&nbsp;<\/p>\n<ul>\n<li><a href=\"https:\/\/www.freiburg-schwarzwald.de\/blog\/kultur\/medien\/faktencheck\/\">Correctiv als selbsternannte Staatszensur \u2013 Faktencheck<\/a>\u00a0(19.10.2019)<\/li>\n<li>Postfaktisch &#8211; weil die Politik das Faktische nicht beherrscht (19.1.2017)<\/li>\n<li>Postfaktisch &#8211; Wort des Jahres 2016<\/li>\n<li>Postfaktisch &#8211; nicht Fakten z\u00e4hlen, sondern Emotionen (25.12.2016)<\/li>\n<li><\/li>\n<li><a title=\"Diffamierung\" href=\"https:\/\/www.freiburg-schwarzwald.de\/blog\/kultur\/medien\/diffamierung\/\">Diffamierung<\/a><\/li>\n<li><a title=\"Diskussionskultur\" href=\"https:\/\/www.freiburg-schwarzwald.de\/blog\/kultur\/medien\/diskussionskultur\/\">Diskussionskultur<\/a><\/li>\n<li><a title=\"Ehrlichkeit\" href=\"https:\/\/www.freiburg-schwarzwald.de\/blog\/engagement\/zukunft\/ehrlichkeit\/\">Ehrlichkeit<\/a><\/li>\n<li><a href=\"https:\/\/www.freiburg-schwarzwald.de\/blog\/kultur\/medien\/faktencheck\/\">Faktencheck<\/a><\/li>\n<li><a title=\"Mainstream\" href=\"https:\/\/www.freiburg-schwarzwald.de\/blog\/kultur\/medien\/mainstream\/\">Mainstream-Medien<\/a><\/li>\n<li><a title=\"Meinungsfreiheit\" href=\"https:\/\/www.freiburg-schwarzwald.de\/blog\/kultur\/medien\/meinungsfreiheit\/\">Meinungsfreiheit<\/a><\/li>\n<li><a title=\"Political-Correctness\" href=\"https:\/\/www.freiburg-schwarzwald.de\/blog\/kultur\/medien\/political-correctness\/\">Political Correctness<\/a><\/li>\n<li><a title=\"Relativierung\" href=\"https:\/\/www.freiburg-schwarzwald.de\/blog\/kultur\/medien\/relativierung\/\">Relativierung<\/a><\/li>\n<li><a title=\"Talkshow\" href=\"https:\/\/www.freiburg-schwarzwald.de\/blog\/kultur\/medien\/talkshow\/\">Talkshow<\/a><\/li>\n<li><a title=\"Vorverurteilung\" href=\"https:\/\/www.freiburg-schwarzwald.de\/blog\/kultur\/medien\/vorverurteilung\/\">Vorverurteilung<\/a><\/li>\n<\/ul>\n<p>&nbsp;<\/p>\n<p><strong>Postfaktisch &#8211; weil die Politik das Faktische nicht beherrscht<\/strong><br \/>\nWir sollten es zum Unwort des Jahres k\u00fcren: Gegenw\u00e4rtig erleben wir eine weitere Stufe der politischen Eskalation. Dies geschieht immer dann, wenn neue Begriffs-Plakate aufgestellt werden. Neben den vielen unseligen ist ein neues (altes) Plakat aufgetaucht: &#8222;postfaktisch&#8220;. Statt endlich Streit durch Vernunft zu schlichten, wird das Feuer gesch\u00fcrt. Den Sch\u00fcrern sollte aber die alte Volksweisheit zu denken geben: Wer anderen ein Postfaktum gr\u00e4bt, f\u00e4llt selbst hinein!<br \/>\nDa wurde ein Begriff kreiert, der einer exakten Logik widerspricht. Fakt ist evident, selbstidentisch und ben\u00f6tigt weder Pr\u00e4- noch Suffixe. Wer eine graduelle Abstufung will, dem k\u00f6nnten folgende Pr\u00e4fixe n\u00fctzlich sein: real-faktisch, als Aussage eben &#8222;evident&#8220; \u2013 Beispiel: Es fand ein Vorgang um 8.37 Uhr statt \u2013, fiktional-faktisch, als Aussage &#8222;m\u00f6glich&#8220; \u2013 Beispiel: Wir schaffen das \u2013, kontra-faktisch, als Aussage &#8222;unm\u00f6glich&#8220; \u2013 Beispiel: Wir schaffen das nicht.<br \/>\n.<br \/>\nWenn die politische Kaste die Kunst des Faktischen beherrschen w\u00fcrde, w\u00e4re &#8222;postfaktisch&#8220; nicht aufgetaucht. Politisches Denken und Handeln m\u00fcssen sich im Spiel des Faktischen bewegen, wobei faktisch Priorit\u00e4t erhalten muss. Die anderen Grade sind nur zul\u00e4ssig, wenn sie l\u00fcckenlos begr\u00fcndet werden: &#8222;Wir schaffen das, weil&#8230;&#8220;. Warum hat man &#8222;postfaktisch&#8220; ins Gespr\u00e4ch gebracht? Will man eigenes Versagen \u00fcbert\u00fcnchen, Fehlerh\u00e4ufung, diktatorisches Gehabe, Angst vor Machtverlust, Herrschsucht, notorische Besserwisserei oder Furcht vor einem Diskurs? Wir Staatsb\u00fcrger d\u00fcrfen eine korrekte Behandlung erwarten, und dies kann nur das &#8222;Recht auf freie Meinung&#8220; sein, auch dann, wenn es auf einer Gef\u00fchlslage basiert. Die K\u00fcr von &#8222;postfaktisch&#8220; zum Wort des Jahres erscheint v\u00f6llig unverst\u00e4ndlich. Wir sollten es zum Unwort des Jahres erkl\u00e4ren.<br \/>\n19.1.2017, Wilfried Kromer, Freiburg<\/p>\n<p>&nbsp;<\/p>\n<p><strong>Postfaktisch &#8211; nicht Fakten z\u00e4hlen, sondern Emotionen<br \/>\n<\/strong>Postfaktisch &#8211; nicht Fakten z\u00e4hlen, sondern Emotionen. Urspr\u00fcnglich waren mit diesem Kunstwort alle die gemeint (Trump, Brexit-Bef\u00fcrworter, Rechtspopulisten), die in der Abneigung gegen &#8222;die da oben&#8220; schnellen L\u00f6sungen huldigen. Seit Anfang 2017 jedoch hat sich der Spie\u00df umgekehrt: Postfaktsch, also jenseits von Zahlen, statistischen Daten bzw. empirisch abgesicherten Prognosen handeln die vermeintlichen Eliten, die ihre Politik danach ausrichten, die Deutschen k\u00f6nnten f\u00fcr alle Schulden der EU haften und die Massenmigration \u00fcber offene, unkontrollierte Grenzen k\u00f6nnten das Demografieproblem (Rente, Facharbeitermangel) sanieren.<br \/>\nInzwischen ahnt bzw. wei\u00df (so der gesunde Menschenverstand des kleinen B\u00fcrgers) man, dass EU-Haftung wie Fl\u00fcchtlings-Flutung Deutschland kaputt machen wird. Postfaktisch ist die Politik von Angela Merkel&#8217;s GroKo, die der Gesinnungsethik anstelle der Verantwortungsethik verpflichtet ist. EU-Haftungs\u00fcbernahme dem Gr\u00f6\u00dfenwahn und Masseneinwanderung der &#8222;unseligen Vergangenheit&#8220; verpflichtet<br \/>\n25.12.2016<\/p>\n<p><strong>Postfaktisch &#8211; Wort des Jahres 2016<\/strong><br \/>\nDiese Entscheidung der Jury, erkl\u00e4rt die Gesellschaft f\u00fcr deutsche Sprache, richte das Augenmerk auf einen tiefgreifenden politischen Wandel. Das Kunstwort postfaktisch verweise darauf, dass es in politischen und gesellschaftlichen Diskussionen heute zunehmend um Emotionen anstelle von Fakten gehe. Immer gr\u00f6\u00dfere Bev\u00f6lkerungsschichten seien in ihrem Widerwillen gegen \u201edie da oben\u201c bereit, Tatsachen zu ignorieren und sogar offensichtliche L\u00fcgen bereitwillig zu akzeptieren. Nicht der Anspruch auf Wahrheit, sondern das Aussprechen der \u201egef\u00fchlten Wahrheit\u201c f\u00fchre im \u201epostfaktischen Zeitalter\u201c zum Erfolg. &#8230;.<br \/>\nAlles vom 9.12.2016 bitte lesen auf<br \/>\n<a href=\"https:\/\/www.welt.de\/kultur\/article160136912\/Was-Sie-ueber-das-Wort-des-Jahres-wissen-muessen.html\">https:\/\/www.welt.de\/kultur\/article160136912\/Was-Sie-ueber-das-Wort-des-Jahres-wissen-muessen.html<\/a><\/p>\n<p>Gesellschaft f\u00fcr die Deutsche Spreche<br \/>\n<a href=\"https:\/\/gfds.de\/wort-des-jahres-2016\/\">https:\/\/gfds.de\/wort-des-jahres-2016\/<\/a><br \/>\n.<br \/>\n<strong>Postfaktisch handelnde Eliten<\/strong><br \/>\n&#8222;Immer gr\u00f6\u00dfere Bev\u00f6lkerungsschichten seien in ihrem Widerwillen gegen \u201edie da oben\u201c bereit, Tatsachen zu ignorieren und sogar offensichtliche L\u00fcgen bereitwillig zu akzeptieren.&#8220; Ich w\u00fcrde es umformulieren, um den Fakten gerecht zu werden:<br \/>\n&#8222;Immer gr\u00f6\u00dfere Teile der &#8222;Elite&#8220; sind bereit, Tatsachen zu ignorieren und sogar offensichtliche L\u00fcgen bereitwillig zu akzeptieren.&#8220;<br \/>\n21.11.2016, Andrea S. WO<\/p>\n<p><strong>Postfaktisch -Strategie von Links-Gr\u00fcn, nicht von Rechts<\/strong><br \/>\nWeshalb kam es in Deutschland zum erbitterten Kampf gegen die Nachr\u00fcstung unter Helmut Schmidt? Wo kommt denn, speziell in unserem Land, der ganze Bio-Hype her, verbunden mit einer Aversion gegen vernunftgeleitete, also konventionelle Landwirtschaft, wie kam es zum weltweit einzigartigen Ausstieg aus der Atomenergie, woher wird der Kampf gegen Restm\u00fclllager im allgemeinen und gegen Gorleben im besonderen gespeist, woher stammt die Ablehnung der Gentechnik, was speist den Widerstand gegen TTIP und CETA, was hat den Fl\u00fcchtlings-Hype alleine in Deutschland und keinem anderen europ\u00e4ischen Land erzeugt? Doch nur eine links-gr\u00fcne Meinungsdogmenmaschinerie aus ideologisch festbetonierten Aktivisten von Greenpeace, BUND, Foodwatch um nur einige der mehr als 88 NGO in unserem Land zu nennen, die in unheilvoller Allianz mit den linken Journalisten in den Redaktionen der Print- und Fernsehmedien die Meinungshoheit in unserem Land perfekt \u00fcbernommen hat und so m\u00e4chtig ist, dass sie vielfach die Politiker des nichtlinken Spektrums, namentlich Frau Merkel, nach Belieben vor sich her treibt. Postfaktische Strategien sind nicht Trump erfunden worden!<br \/>\n21.11.2016 Ludwig B., WO<br \/>\n.<br \/>\n<strong>Frauen f\u00fchlen sich unsicher &#8211; laut GroKo ein postfaktisches Gef\u00fchl?<\/strong><br \/>\n&#8222;&#8230; Postfaktisch nennt man einen gesellschaftlichen Zustand, in dem die Fakten keine Rolle mehr spielen, weil immer gr\u00f6\u00dfere Bev\u00f6lkerungsgruppen darauf beharren, ihre gef\u00fchlte Wahrheit stimme nun mal nicht mit den Fakten \u00fcberein &#8230;&#8220; Das setzt aber voraus, dass die ver\u00f6ffentlichten Fakten tats\u00e4chlich die Wahrheit abbilden. Ansonsten k\u00f6nnte man mit gleichem Recht auch die ver\u00f6ffentlichte &#8222;Wahrheit&#8220; als &#8222;postfaktisch&#8220; bezeichnen. Und was ist, wenn die Fakten nur selektiv ver\u00f6ffentlicht werden, also nur die &#8222;halbe Wahrheit&#8220;? Momentan wird anhant von &#8211; selektiven &#8211; Kriminalstatistiken versucht zu beweisen, dass die &#8222;gef\u00fchlte&#8220; Unsicherheit, vor allem von Frauen, keinen realen Grund h\u00e4tte, also postfaktisch sei.<br \/>\nM\u00e4nnergruppen, die nachts in unseren St\u00e4dten umherstreifen. Frauen obsz\u00f6n anp\u00f6beln, umstellen und durch ein Spalier laufen lassen, Frauen angrabschen, bestehlen. M\u00e4nner, die in Menschenansammlungen oder Discos Frauen bedr\u00e4ngen und angrabschen. Die bringen noch keine Frauen um. In keiner Kriminalstatistik tauchen sie auf.<br \/>\nIst die Wahrnehmung der Frauen also &#8222;postfaktisch&#8220;? Oder ist es eher der untaugliche Gegenbeweis mit, am Problem vorbeigehenden Zahlenspielen?<br \/>\n22.11.2016, Kark H. WO<\/p>\n","protected":false},"excerpt":{"rendered":"<p>Home &gt;Kultur &gt;Medien &gt;Postfaktisch &nbsp; Correctiv als selbsternannte Staatszensur \u2013 Faktencheck\u00a0(19.10.2019) Postfaktisch &#8211; weil die Politik das Faktische nicht beherrscht (19.1.2017) Postfaktisch &#8211; Wort des Jahres 2016 Postfaktisch &#8211; nicht Fakten z\u00e4hlen, sondern Emotionen (25.12.2016) Diffamierung Diskussionskultur Ehrlichkeit Faktencheck Mainstream-Medien &hellip; <a href=\"https:\/\/www.freiburg-schwarzwald.de\/blog\/kultur\/medien\/postfaktisch\/\">Weiterlesen <span class=\"meta-nav\">&rarr;<\/span><\/a><\/p>\n","protected":false},"author":2,"featured_media":0,"parent":678,"menu_order":0,"comment_status":"open","ping_status":"closed","template":"","meta":{"footnotes":""},"class_list":["post-64242","page","type-page","status-publish","hentry"],"_links":{"self":[{"href":"https:\/\/www.freiburg-schwarzwald.de\/blog\/wp-json\/wp\/v2\/pages\/64242","targetHints":{"allow":["GET"]}}],"collection":[{"href":"https:\/\/www.freiburg-schwarzwald.de\/blog\/wp-json\/wp\/v2\/pages"}],"about":[{"href":"https:\/\/www.freiburg-schwarzwald.de\/blog\/wp-json\/wp\/v2\/types\/page"}],"author":[{"embeddable":true,"href":"https:\/\/www.freiburg-schwarzwald.de\/blog\/wp-json\/wp\/v2\/users\/2"}],"replies":[{"embeddable":true,"href":"https:\/\/www.freiburg-schwarzwald.de\/blog\/wp-json\/wp\/v2\/comments?post=64242"}],"version-history":[{"count":1,"href":"https:\/\/www.freiburg-schwarzwald.de\/blog\/wp-json\/wp\/v2\/pages\/64242\/revisions"}],"predecessor-version":[{"id":86709,"href":"https:\/\/www.freiburg-schwarzwald.de\/blog\/wp-json\/wp\/v2\/pages\/64242\/revisions\/86709"}],"up":[{"embeddable":true,"href":"https:\/\/www.freiburg-schwarzwald.de\/blog\/wp-json\/wp\/v2\/pages\/678"}],"wp:attachment":[{"href":"https:\/\/www.freiburg-schwarzwald.de\/blog\/wp-json\/wp\/v2\/media?parent=64242"}],"curies":[{"name":"wp","href":"https:\/\/api.w.org\/{rel}","templated":true}]}}

<p><a href="https://www.freiburg-schwarzwald.de/blog">Home</a> &gt;<a title="Kultur" href="https://www.freiburg-schwarzwald.de/blog/kultur/">Kultur</a> &gt;<a title="Medien" href="https://www.freiburg-schwarzwald.de/blog/kultur/medien/">Medien</a> &gt;Postfaktisch</p>
<div id="attachment_64109" style="width: 648px" class="wp-caption alignnone"><a href="https://www.freiburg-schwarzwald.de/blog/brand-gerichtseiche-castellberg/gerichtseiche3abgebrannt-pan170101/" rel="attachment wp-att-64109"><img loading="lazy" decoding="async" aria-describedby="caption-attachment-64109" class="wp-image-64109 size-full" src="https://www.freiburg-schwarzwald.de/blog/wp-content/uploads/2017/01/gerichtseiche3abgebrannt-pan170101.jpg" alt="gerichtseiche3abgebrannt-pan170101" width="638" height="333" srcset="https://www.freiburg-schwarzwald.de/blog/wp-content/uploads/2017/01/gerichtseiche3abgebrannt-pan170101.jpg 638w, https://www.freiburg-schwarzwald.de/blog/wp-content/uploads/2017/01/gerichtseiche3abgebrannt-pan170101-180x93.jpg 180w" sizes="auto, (max-width: 638px) 100vw, 638px" /></a><p id="caption-attachment-64109" class="wp-caption-text">Gerichtseiche am Castellberg bei Freiburg &#8211; angezündet in der Neujahrsnacht 2016/2017</p></div>
<p>&nbsp;</p>
<ul>
<li><a href="https://www.freiburg-schwarzwald.de/blog/kultur/medien/faktencheck/">Correctiv als selbsternannte Staatszensur – Faktencheck</a> (19.10.2019)</li>
<li>Postfaktisch &#8211; weil die Politik das Faktische nicht beherrscht (19.1.2017)</li>
<li>Postfaktisch &#8211; Wort des Jahres 2016</li>
<li>Postfaktisch &#8211; nicht Fakten zählen, sondern Emotionen (25.12.2016)</li>
<li></li>
<li><a title="Diffamierung" href="https://www.freiburg-schwarzwald.de/blog/kultur/medien/diffamierung/">Diffamierung</a></li>
<li><a title="Diskussionskultur" href="https://www.freiburg-schwarzwald.de/blog/kultur/medien/diskussionskultur/">Diskussionskultur</a></li>
<li><a title="Ehrlichkeit" href="https://www.freiburg-schwarzwald.de/blog/engagement/zukunft/ehrlichkeit/">Ehrlichkeit</a></li>
<li><a href="https://www.freiburg-schwarzwald.de/blog/kultur/medien/faktencheck/">Faktencheck</a></li>
<li><a title="Mainstream" href="https://www.freiburg-schwarzwald.de/blog/kultur/medien/mainstream/">Mainstream-Medien</a></li>
<li><a title="Meinungsfreiheit" href="https://www.freiburg-schwarzwald.de/blog/kultur/medien/meinungsfreiheit/">Meinungsfreiheit</a></li>
<li><a title="Political-Correctness" href="https://www.freiburg-schwarzwald.de/blog/kultur/medien/political-correctness/">Political Correctness</a></li>
<li><a title="Relativierung" href="https://www.freiburg-schwarzwald.de/blog/kultur/medien/relativierung/">Relativierung</a></li>
<li><a title="Talkshow" href="https://www.freiburg-schwarzwald.de/blog/kultur/medien/talkshow/">Talkshow</a></li>
<li><a title="Vorverurteilung" href="https://www.freiburg-schwarzwald.de/blog/kultur/medien/vorverurteilung/">Vorverurteilung</a></li>
</ul>
<p>&nbsp;</p>
<p><strong>Postfaktisch &#8211; weil die Politik das Faktische nicht beherrscht</strong><br />
Wir sollten es zum Unwort des Jahres küren: Gegenwärtig erleben wir eine weitere Stufe der politischen Eskalation. Dies geschieht immer dann, wenn neue Begriffs-Plakate aufgestellt werden. Neben den vielen unseligen ist ein neues (altes) Plakat aufgetaucht: &#8222;postfaktisch&#8220;. Statt endlich Streit durch Vernunft zu schlichten, wird das Feuer geschürt. Den Schürern sollte aber die alte Volksweisheit zu denken geben: Wer anderen ein Postfaktum gräbt, fällt selbst hinein!<br />
Da wurde ein Begriff kreiert, der einer exakten Logik widerspricht. Fakt ist evident, selbstidentisch und benötigt weder Prä- noch Suffixe. Wer eine graduelle Abstufung will, dem könnten folgende Präfixe nützlich sein: real-faktisch, als Aussage eben &#8222;evident&#8220; – Beispiel: Es fand ein Vorgang um 8.37 Uhr statt –, fiktional-faktisch, als Aussage &#8222;möglich&#8220; – Beispiel: Wir schaffen das –, kontra-faktisch, als Aussage &#8222;unmöglich&#8220; – Beispiel: Wir schaffen das nicht.<br />
.<br />
Wenn die politische Kaste die Kunst des Faktischen beherrschen würde, wäre &#8222;postfaktisch&#8220; nicht aufgetaucht. Politisches Denken und Handeln müssen sich im Spiel des Faktischen bewegen, wobei faktisch Priorität erhalten muss. Die anderen Grade sind nur zulässig, wenn sie lückenlos begründet werden: &#8222;Wir schaffen das, weil&#8230;&#8220;. Warum hat man &#8222;postfaktisch&#8220; ins Gespräch gebracht? Will man eigenes Versagen übertünchen, Fehlerhäufung, diktatorisches Gehabe, Angst vor Machtverlust, Herrschsucht, notorische Besserwisserei oder Furcht vor einem Diskurs? Wir Staatsbürger dürfen eine korrekte Behandlung erwarten, und dies kann nur das &#8222;Recht auf freie Meinung&#8220; sein, auch dann, wenn es auf einer Gefühlslage basiert. Die Kür von &#8222;postfaktisch&#8220; zum Wort des Jahres erscheint völlig unverständlich. Wir sollten es zum Unwort des Jahres erklären.<br />
19.1.2017, Wilfried Kromer, Freiburg</p>
<p>&nbsp;</p>
<p><strong>Postfaktisch &#8211; nicht Fakten zählen, sondern Emotionen<br />
</strong>Postfaktisch &#8211; nicht Fakten zählen, sondern Emotionen. Ursprünglich waren mit diesem Kunstwort alle die gemeint (Trump, Brexit-Befürworter, Rechtspopulisten), die in der Abneigung gegen &#8222;die da oben&#8220; schnellen Lösungen huldigen. Seit Anfang 2017 jedoch hat sich der Spieß umgekehrt: Postfaktsch, also jenseits von Zahlen, statistischen Daten bzw. empirisch abgesicherten Prognosen handeln die vermeintlichen Eliten, die ihre Politik danach ausrichten, die Deutschen könnten für alle Schulden der EU haften und die Massenmigration über offene, unkontrollierte Grenzen könnten das Demografieproblem (Rente, Facharbeitermangel) sanieren.<br />
Inzwischen ahnt bzw. weiß (so der gesunde Menschenverstand des kleinen Bürgers) man, dass EU-Haftung wie Flüchtlings-Flutung Deutschland kaputt machen wird. Postfaktisch ist die Politik von Angela Merkel&#8217;s GroKo, die der Gesinnungsethik anstelle der Verantwortungsethik verpflichtet ist. EU-Haftungsübernahme dem Größenwahn und Masseneinwanderung der &#8222;unseligen Vergangenheit&#8220; verpflichtet<br />
25.12.2016</p>
<p><strong>Postfaktisch &#8211; Wort des Jahres 2016</strong><br />
Diese Entscheidung der Jury, erklärt die Gesellschaft für deutsche Sprache, richte das Augenmerk auf einen tiefgreifenden politischen Wandel. Das Kunstwort postfaktisch verweise darauf, dass es in politischen und gesellschaftlichen Diskussionen heute zunehmend um Emotionen anstelle von Fakten gehe. Immer größere Bevölkerungsschichten seien in ihrem Widerwillen gegen „die da oben“ bereit, Tatsachen zu ignorieren und sogar offensichtliche Lügen bereitwillig zu akzeptieren. Nicht der Anspruch auf Wahrheit, sondern das Aussprechen der „gefühlten Wahrheit“ führe im „postfaktischen Zeitalter“ zum Erfolg. &#8230;.<br />
Alles vom 9.12.2016 bitte lesen auf<br />
<a href="https://www.welt.de/kultur/article160136912/Was-Sie-ueber-das-Wort-des-Jahres-wissen-muessen.html">https://www.welt.de/kultur/article160136912/Was-Sie-ueber-das-Wort-des-Jahres-wissen-muessen.html</a></p>
<p>Gesellschaft für die Deutsche Spreche<br />
<a href="https://gfds.de/wort-des-jahres-2016/">https://gfds.de/wort-des-jahres-2016/</a><br />
.<br />
<strong>Postfaktisch handelnde Eliten</strong><br />
&#8222;Immer größere Bevölkerungsschichten seien in ihrem Widerwillen gegen „die da oben“ bereit, Tatsachen zu ignorieren und sogar offensichtliche Lügen bereitwillig zu akzeptieren.&#8220; Ich würde es umformulieren, um den Fakten gerecht zu werden:<br />
&#8222;Immer größere Teile der &#8222;Elite&#8220; sind bereit, Tatsachen zu ignorieren und sogar offensichtliche Lügen bereitwillig zu akzeptieren.&#8220;<br />
21.11.2016, Andrea S. WO</p>
<p><strong>Postfaktisch -Strategie von Links-Grün, nicht von Rechts</strong><br />
Weshalb kam es in Deutschland zum erbitterten Kampf gegen die Nachrüstung unter Helmut Schmidt? Wo kommt denn, speziell in unserem Land, der ganze Bio-Hype her, verbunden mit einer Aversion gegen vernunftgeleitete, also konventionelle Landwirtschaft, wie kam es zum weltweit einzigartigen Ausstieg aus der Atomenergie, woher wird der Kampf gegen Restmülllager im allgemeinen und gegen Gorleben im besonderen gespeist, woher stammt die Ablehnung der Gentechnik, was speist den Widerstand gegen TTIP und CETA, was hat den Flüchtlings-Hype alleine in Deutschland und keinem anderen europäischen Land erzeugt? Doch nur eine links-grüne Meinungsdogmenmaschinerie aus ideologisch festbetonierten Aktivisten von Greenpeace, BUND, Foodwatch um nur einige der mehr als 88 NGO in unserem Land zu nennen, die in unheilvoller Allianz mit den linken Journalisten in den Redaktionen der Print- und Fernsehmedien die Meinungshoheit in unserem Land perfekt übernommen hat und so mächtig ist, dass sie vielfach die Politiker des nichtlinken Spektrums, namentlich Frau Merkel, nach Belieben vor sich her treibt. Postfaktische Strategien sind nicht Trump erfunden worden!<br />
21.11.2016 Ludwig B., WO<br />
.<br />
<strong>Frauen fühlen sich unsicher &#8211; laut GroKo ein postfaktisches Gefühl?</strong><br />
&#8222;&#8230; Postfaktisch nennt man einen gesellschaftlichen Zustand, in dem die Fakten keine Rolle mehr spielen, weil immer größere Bevölkerungsgruppen darauf beharren, ihre gefühlte Wahrheit stimme nun mal nicht mit den Fakten überein &#8230;&#8220; Das setzt aber voraus, dass die veröffentlichten Fakten tatsächlich die Wahrheit abbilden. Ansonsten könnte man mit gleichem Recht auch die veröffentlichte &#8222;Wahrheit&#8220; als &#8222;postfaktisch&#8220; bezeichnen. Und was ist, wenn die Fakten nur selektiv veröffentlicht werden, also nur die &#8222;halbe Wahrheit&#8220;? Momentan wird anhant von &#8211; selektiven &#8211; Kriminalstatistiken versucht zu beweisen, dass die &#8222;gefühlte&#8220; Unsicherheit, vor allem von Frauen, keinen realen Grund hätte, also postfaktisch sei.<br />
Männergruppen, die nachts in unseren Städten umherstreifen. Frauen obszön anpöbeln, umstellen und durch ein Spalier laufen lassen, Frauen angrabschen, bestehlen. Männer, die in Menschenansammlungen oder Discos Frauen bedrängen und angrabschen. Die bringen noch keine Frauen um. In keiner Kriminalstatistik tauchen sie auf.<br />
Ist die Wahrnehmung der Frauen also &#8222;postfaktisch&#8220;? Oder ist es eher der untaugliche Gegenbeweis mit, am Problem vorbeigehenden Zahlenspielen?<br />
22.11.2016, Kark H. WO</p>

<p>Home &gt;Kultur &gt;Medien &gt;Postfaktisch &nbsp; Correctiv als selbsternannte Staatszensur – Faktencheck (19.10.2019) Postfaktisch &#8211; weil die Politik das Faktische nicht beherrscht (19.1.2017) Postfaktisch &#8211; Wort des Jahres 2016 Postfaktisch &#8211; nicht Fakten zählen, sondern Emotionen (25.12.2016) Diffamierung Diskussionskultur Ehrlichkeit Faktencheck Mainstream-Medien &hellip; <a href="https://www.freiburg-schwarzwald.de/blog/kultur/medien/postfaktisch/">Weiterlesen <span class="meta-nav">&rarr;</span></a></p>
