{"id":63493,"date":"2016-12-02T08:31:32","date_gmt":"2016-12-02T07:31:32","guid":{"rendered":"https:\/\/www.freiburg-schwarzwald.de\/blog\/?page_id=63493"},"modified":"2018-11-25T13:41:37","modified_gmt":"2018-11-25T12:41:37","slug":"gambia","status":"publish","type":"page","link":"https:\/\/www.freiburg-schwarzwald.de\/blog\/global\/afrika\/gambia\/","title":{"rendered":"Gambia"},"content":{"rendered":"<p><a href=\"https:\/\/www.freiburg-schwarzwald.de\/blog\">Home<\/a> &gt;<a title=\"Global\" href=\"https:\/\/www.freiburg-schwarzwald.de\/blog\/global\/\">Global<\/a> \u00a0&gt;<a title=\"Afrika\" href=\"https:\/\/www.freiburg-schwarzwald.de\/blog\/global\/afrika\/\">Afrika<\/a> &gt;Gambia<\/p>\n<div id=\"attachment_63482\" style=\"width: 649px\" class=\"wp-caption alignnone\"><a href=\"https:\/\/www.freiburg-schwarzwald.de\/blog\/afrikaner-bauen-trockenmauer\/natursteinmauer1fr-pan161201\/\" rel=\"attachment wp-att-63482\"><img loading=\"lazy\" decoding=\"async\" aria-describedby=\"caption-attachment-63482\" class=\"size-full wp-image-63482\" src=\"https:\/\/www.freiburg-schwarzwald.de\/blog\/wp-content\/uploads\/2016\/12\/natursteinmauer1fr-pan161201.jpg\" alt=\"15 Afrikaner aus Gambia und Nigeria bauen eine Trockenmauer in FR-Lehener Strasse mit Jochen Schmidt 1.12.2016\" width=\"639\" height=\"285\" srcset=\"https:\/\/www.freiburg-schwarzwald.de\/blog\/wp-content\/uploads\/2016\/12\/natursteinmauer1fr-pan161201.jpg 639w, https:\/\/www.freiburg-schwarzwald.de\/blog\/wp-content\/uploads\/2016\/12\/natursteinmauer1fr-pan161201-180x80.jpg 180w\" sizes=\"auto, (max-width: 639px) 100vw, 639px\" \/><\/a><p id=\"caption-attachment-63482\" class=\"wp-caption-text\">15 Afrikaner aus Gambia und Nigeria bauen eine Trockenmauer in FR-Lehener Strasse mit Jochen Schmidt 1.12.2016<\/p><\/div>\n<p>&nbsp;<\/p>\n<ul>\n<li><a title=\"Maedchen\" href=\"https:\/\/www.freiburg-schwarzwald.de\/blog\/selbsthilfe\/kinder\/maedchen\/\">12-J\u00e4hrige durch Gambier im Zug bei M\u00fcllheim sexuell mi\u00dfbraucht<\/a>\u00a0(12.11.2018)<\/li>\n<li>Das Gift der guten Gaben (15.1.2017)<\/li>\n<li><a href=\"https:\/\/www.freiburg-schwarzwald.de\/blog\/afrikaner-bauen-trockenmauer\/\">https:\/\/www.freiburg-schwarzwald.de\/blog\/afrikaner-bauen-trockenmauer\/<\/a> (1.12.2016)<\/li>\n<li>Warum viele Fl\u00fcchtlinge aus Gambia nach S\u00fcdbaden kommen (1.12.2016)<\/li>\n<li>Drogenszene Freiburg fest in der Hand von Fl\u00fcchtlingen aus Gambia (27.11.2016)<\/li>\n<li><a title=\"Rechtsbewusstsein ohne Strafe\" href=\"https:\/\/www.freiburg-schwarzwald.de\/blog\/rechtsbewusstsein-ohne-strafe\/\">Rechtsbewu\u00dftsein ohne Strafe<\/a> (26.10.2016)<\/li>\n<li><a title=\"Italienroute\" href=\"https:\/\/www.freiburg-schwarzwald.de\/blog\/global\/migration\/italienroute\/\">19 Fl\u00fcchtlinge in einer Stunde in Weil am Rhein<\/a>\u00a0(19.8.2016)<\/li>\n<li><\/li>\n<li><a title=\"Afrika-Geburten\" href=\"https:\/\/www.freiburg-schwarzwald.de\/blog\/global\/afrika\/afrika-geburten\/\">Afrika-Geburten<\/a><\/li>\n<li><a title=\"Italienroute\" href=\"https:\/\/www.freiburg-schwarzwald.de\/blog\/global\/migration\/italienroute\/\">Italienroute<\/a><\/li>\n<li><a title=\"Maghreb\" href=\"https:\/\/www.freiburg-schwarzwald.de\/blog\/global\/maghreb\/\">Maghreb<\/a><\/li>\n<li><a title=\"Migration\" href=\"https:\/\/www.freiburg-schwarzwald.de\/blog\/global\/migration\/\">Migration<\/a><\/li>\n<li><a title=\"Schleuser\" href=\"https:\/\/www.freiburg-schwarzwald.de\/blog\/global\/eu\/schleuser\/\">Schleuser<\/a><\/li>\n<\/ul>\n<p>&nbsp;<\/p>\n<p><strong>20-J\u00e4hriger Exhibitionist aus Gambia<\/strong><br \/>\nDer Mann hatte am 13. Oktober, zwischen 3 und 3.15 Uhr in der Freiburger Innenstadt zwei Frauen bel\u00e4stigt: Zun\u00e4chst eine 23-J\u00e4hrige, die sich auf dem Heimweg von der Habsburgerstra\u00dfe zur Sautierstra\u00dfe befand, danach eine 60-J\u00e4hrige beim Schwarzen Kloster am Rotteckring. In beiden F\u00e4llen hatte der T\u00e4ter von seinem Opfer abgelassen, als die Frauen sich wehrten beziehungsweise zu schreien begannen. Da sich die Beschreibungen \u00e4hnelten, ging die Ermittlungsgruppe Sicherheitspartnerschaft fr\u00fch davon aus, dass es sich um ein- und denselben T\u00e4ter handelte. Anhand von Videoaufzeichnungen der Rotteckgarage gelang es, den T\u00e4ter zu identifizieren. Bei der anschlie\u00dfenden Wohnungsdurchsuchung des Beschuldigten wurden Teile der w\u00e4hrend der Taten getragenen Kleidung gefunden. Wie die Polizei mitteilt, stammt der dringend Tatverd\u00e4chtige 20-J\u00e4hrige aus Gambia. Er ist bereits polizeilich mit K\u00f6rperverletzungs- und Bet\u00e4ubungsmittel-Delikten in Erscheinung getreten. Der Mann wurde auf Antrag der Staatsanwaltschaft Freiburg am Freitag, 23. November in Untersuchungshaft genommen.<br \/>\n24.11.2018, Blaulicht<\/p>\n<p>&nbsp;<\/p>\n<p><strong>Das Gift der guten Gaben<\/strong><br \/>\nUnsere Hilfe f\u00fcr Afrika, organisiert von Staat zu Staat, geht immer von zwei Pr\u00e4missen aus: erstens, dass wir die Souver\u00e4nit\u00e4t der armen L\u00e4nder nicht untergraben d\u00fcrfen, und zweitens, dass ihre Eliten selbst daran interessiert sind, das Leben ihrer B\u00fcrger zu verbessern. Das hat nicht funktioniert: Die Hilfe flie\u00dft in schlecht gef\u00fchrte Regierungsstrukturen, sie zementiert damit politische Verh\u00e4ltnisse, die nicht auf Wachstum und Zukunft, sondern allein auf Machterhalt und Selbstbereicherung der Potentaten ausgerichtet sind. In L\u00e4ndern, in denen ich gearbeitet habe, zahlten die Geber nicht selten eine \u201eMotivationspr\u00e4mie\u201c, damit die zust\u00e4ndigen Beamten ihre Arbeit machten. In allen mir bekannten Staaten gibt es ein fein ausbalanciertes System der gegenseitigen Vorteilsgew\u00e4hrung. Ich kenne furiose Baut\u00e4tigkeit von Ministern, Beamten, Offizieren, die sich etliche Prachtbauten vom Munde abgespart haben m\u00fcssen. (Ein Minister verdient z.B. in Kamerun offiziell noch nicht einmal 1.500 Euro.) Schockiert war ich in Kamerun, als ich erfuhr, dass eine einheimische Ortskraft der GTZ (heute GIZ, staatliche deutsche Entwicklungshilfe-Organisation) ein Monatsgehalt ohne die \u00fcblichen Extras von 6.750,00 Euro erhielt. Wegen der kargen Eink\u00fcnfte durfte dieser Mitarbeiter noch als Consultant auf eigene Rechnung t\u00e4tig sein. Aufgrund mangelnder Leistungen wurde er sp\u00e4ter mit einer \u00fcppigen Abfindung entlassen. Immerhin haben die Eink\u00fcnfte zu zwei Villen gereicht, die er f\u00fcr einige tausend Euro an Ausl\u00e4nder vermietet.<br \/>\nDas Gift der guten Gaben bewirkt das Gegenteil von Entwicklung, weil Konditionierung der Hilfe (Pflicht zur Einhaltung von Vereinbarungen; vielleicht kann man es auch k\u00fcrzer sagen: Vertragstreue) noch nirgends konsequent umgesetzt wurde. Wir hoffen auch bei Regimen, die bereits seit zwei oder drei Jahrzehnten an der Macht sind, immer noch auf das Gute im Menschen. Politische Macht, der keine Gegenkontrolle gegen\u00fcbersteht, entartet immer: weder wirtschaftliche noch soziale Entwicklung kann importiert werden. Wer dies trotzdem, nach \u00fcber f\u00fcnf Jahrzehnten Entwicklungshilfe, weiter vertritt, ist bestenfalls naiv. &#8230;.<br \/>\nAlles von Volker Seitz vom 15.1.2017 bitte lesen auf<br \/>\n<a href=\"https:\/\/www.ortneronline.at\/?p=44302\">https:\/\/www.ortneronline.at\/?p=44302<br \/>\n<\/a>\u00a0.<br \/>\n<strong>Warum viele Fl\u00fcchtlinge aus Gambia nach S\u00fcdbaden kommen<\/strong><br \/>\nViele Fl\u00fcchtlinge aus Gambia, wo ein Diktator herrscht, kommen in den S\u00fcdwesten. Das liegt auch an der Au\u00dfenstelle des Bundesamt f\u00fcr Migration und Fl\u00fcchtlinge in Karlsruhe. Das Innenministerium forciert derweil die Abschiebungen. Doch Fl\u00fcchtlingshelfer wie in Breisach k\u00e4mpfen f\u00fcr ihre Sch\u00fctzlinge. 1.12.2016<br \/>\n<a href=\"https:\/\/www.badische-zeitung.de\/warum-viele-fluechtlinge-aus-gambia-nach-suedbaden-kommen\">https:\/\/www.badische-zeitung.de\/warum-viele-fluechtlinge-aus-gambia-nach-suedbaden-kommen<\/a><\/p>\n<p><strong>Asyl f\u00fcr jeden Gambier?<\/strong><br \/>\nIch habe meinen ersten Kommentar hier in englisch gepostet &#8211; damit ihn Leute aus Gambia ggf. auch lesen k\u00f6nnen. Leider hat ihn die Badische Zeitung deswegen ausgeblendet, mit dem Verweis: &#8222;[ed. &#8211; fremdsprachlicher Post]&#8220;. Und das, obwohl in der Netiquette nichts von einem Deutschzwang steht. Sei&#8217;s drum. Hier auf DEUTSCH: Gambias Pr\u00e4sident ist laut BZ-Artikel so ein schrecklicher Tyrann, dass Asyl in Deutschland f\u00fcr jeden Einwohner Gambias gerechtfertigt sein sollte.<br \/>\nHm. Der gleiche Mann wurde im August 2015 herzlich von Pr\u00e4sident Obama im Wei\u00dfen Haus empfangen. Davor auch schon 2009 in New York. Hier der Bildnachweis: <a href=\"https:\/\/en.wikipedia.org\/wiki\/Yahya_Jammeh#\/media\/File:Yahya_Jammeh_with_Obamas_2014.jpg\">https:\/\/en.wikipedia.org\/wiki\/Yahya_Jammeh#\/media\/File:Yahya_Jammeh_with_Obamas_2014.jpg<\/a><br \/>\nund <a href=\"https:\/\/commons.wikimedia.org\/wiki\/File:Yahya_Jammeh_with_Obamas.j\">https:\/\/commons.wikimedia.org\/wiki\/File:Yahya_Jammeh_with_Obamas.j<\/a><br \/>\n1.12.2016, Willy Hufeland<\/p>\n<p>.<\/p>\n<p><strong>Drogenszene Freiburg fest in der Hand von Fl\u00fcchtlingen aus Gambia<\/strong><br \/>\nWenn von der Drogenszene am St\u00fchlinger Kirchplatz die Rede ist, dann hei\u00dft es, sie sei in gambischer Hand. Doch was bedeutet das eigentlich? Im Saal IV des Freiburger Amtsgerichts vergangene Woche. Lamien K. sitzt auf der Anklagebank, weil Zollbeamte ihn und seinen Lkw bei Neuenburg gestoppt und im Fahrzeug rund acht Kilo Marihuana gefunden haben. K. kommt aus Gambia, die Ansprache des Richters wird ihm \u00fcbersetzt. \u201eEs ist amtsbekannt\u201c, sagt der, \u201edass nicht nur in Baden-W\u00fcrttemberg, sondern bundesweit gambische Staatsangeh\u00f6rige mit Marihuana Handel treiben\u201c. Sp\u00e4ter wird der Staatsanwalt noch sagen:<br \/>\n<strong>\u201eDas hat Strukturen angenommen, die den Beh\u00f6rden \u00fcber den Kopf gewachsen sind.\u201c<\/strong><br \/>\nAngesichts des geringen Bev\u00f6lkerungsanteils, schreibt das Innenministerium in einer Antwort auf eine Landtagsanfrage der FDP nach der Rolle der Gambier in der Kriminalit\u00e4t in Baden-W\u00fcrttemberg, seien die Gambier bei Rauschgiftdelikten stark \u00fcberrepr\u00e4sentiert. Tats\u00e4chlich ist seit zwei, drei Jahren das Ph\u00e4nomen zu beobachten, dass die Drogenumschlagpl\u00e4tze der St\u00e4dte pl\u00f6tzlich homogen von Gambiern betrieben werden. Zum Beispiel der St\u00fchlinger Kirchplatz in Freiburg. Seit Jahrzehnten werden hier vor allem Haschisch und Marihuana verkauft. War hier in den 90er Jahren ein Mix an Nationalit\u00e4ten anzutreffen,waren es sp\u00e4ter laut Polizei H\u00e4ndler nordafrikanischer oder arabischer Herkunft. Seit Ende 2014 nun gilt der Platz und der dortige Handel als in gambischer Hand. Die Zahl an Personen bewegt sich laut Polizeisprecherin Laura Riske \u201eim niederen zweistelligen Bereich\u201c.<br \/>\nNach Informationen der Rauschgiftermittlungsgruppe der Polizei handelt es sich dabei gar nicht unbedingt um in Freiburg wohnende Gambier: \u201eDer Gro\u00dfteil derjenigen, die auf dem Kirchplatz t\u00e4tig sind, ist nicht in Freiburg wohnhaft\u201c, hei\u00dft es in einer Antwort auf eine Anfrage von Der Sonntag. Die H\u00e4ndler reisten aus einem Umkreis von rund 50 Kilometern an.Wie genau der Personalwechsel auf dem St\u00fchlinger Kirchplatz vonstatten ging, ist nicht klar. Zahlreiche Verhaftungen in der Gruppe der unbegleiteten minderj\u00e4hrigen Fl\u00fcchtlinge vor zwei Jahren k\u00f6nnten \u201eL\u00fccken\u201c geschaffen haben, die neu besetztwurden. Und ja, hei\u00dft es bei der Polizei, es habe auch Auseinandersetzungen in der Szene gegeben. Ob die von einem Verteilungskampf herr\u00fchrten, wissen die Rauschgiftspezialisten der Polizei nicht. Die dort Angetroffenen seien meist wenig auskunftsfreudig, hei\u00dft es. So auch Lamien K. bei seiner Verhandlung im Freiburger Amtsgericht. K. ist gest\u00e4ndig, er war ein Kurierfahrer. Von wo nach wo er liefern sollte, er sagt es nicht. \u201eBisher liegen keine Erkenntnisse vor, dass ambische Staatsangeh\u00f6rige in organisierter Form nach Deutschland eingeschleust werden\u201c, antwortete das Stuttgarter Innenministerium auf die FDP-Landtagsanfrage. In der Verhandlung erl\u00e4utert Verteidiger Jens Janssen, dass es auch so gen\u00fcgend Gr\u00fcnde gebe, Gambia zu verlassen. \u201eEs ist ein Land, in dem gefoltert wird, in der die Todesstrafe willk\u00fcrlich verh\u00e4ngt wird.\u201c Mit Demokratie und Meinungsfreiheit, verr\u00e4t der L\u00e4nderbericht von Amnesty International, ist es dort ebenfalls nicht weit her, Homosexuellew\u00fcrdenverfolgt. Warum treten aber gerade Gambier im Ausland so homogen auf? Es gibt Erkl\u00e4rungsversuche. Gambia ist ein kleines Land, mit 1,7 Millionen Einwohnern halb so gro\u00df wie Berlin. Die Gambier im Ausland finden schnell Kontakt zueinander. \u00dcber Mobiltelefone seien seine Landsleute gut vernetzt, hat ein Gambier, der sich als Zeuge meldete, der Freiburger Polizei gesteckt. Und da die gambische Amtssprache Englisch ist, k\u00f6nnen die Westafrikaner ohne gro\u00dfe H\u00fcrden in fremden L\u00e4ndern t\u00e4tig werden.Wie Stadt und Justiz in Freiburg auf die Szene reagieren, verliest Richter Andreas Leipold zu Beginn des Verfahrens:\u201eDie Staatsanwaltschaft Freiburg hat auf Anregung der Stadtund in enger Zusammenarbeit mit der Polizei ihre Antragspraxis betreffend der gambischen Stra\u00dfenh\u00e4ndler mit Marihuana ge\u00e4ndert\u201c, liest er vor. Hei\u00dft: Wenn Gambier beteiligt sind, fordern Staatsanw\u00e4lte besonders hohe Strafen. 27.11.2016, Jens Kitzler, <a href=\"https:\/\/www.der-sonntag.de\/\">www.der-sonntag.de<\/a><\/p>\n","protected":false},"excerpt":{"rendered":"<p>Home &gt;Global \u00a0&gt;Afrika &gt;Gambia &nbsp; 12-J\u00e4hrige durch Gambier im Zug bei M\u00fcllheim sexuell mi\u00dfbraucht\u00a0(12.11.2018) Das Gift der guten Gaben (15.1.2017) https:\/\/www.freiburg-schwarzwald.de\/blog\/afrikaner-bauen-trockenmauer\/ (1.12.2016) Warum viele Fl\u00fcchtlinge aus Gambia nach S\u00fcdbaden kommen (1.12.2016) Drogenszene Freiburg fest in der Hand von Fl\u00fcchtlingen aus &hellip; <a href=\"https:\/\/www.freiburg-schwarzwald.de\/blog\/global\/afrika\/gambia\/\">Weiterlesen <span class=\"meta-nav\">&rarr;<\/span><\/a><\/p>\n","protected":false},"author":2,"featured_media":0,"parent":29664,"menu_order":0,"comment_status":"open","ping_status":"closed","template":"","meta":{"footnotes":""},"class_list":["post-63493","page","type-page","status-publish","hentry"],"_links":{"self":[{"href":"https:\/\/www.freiburg-schwarzwald.de\/blog\/wp-json\/wp\/v2\/pages\/63493","targetHints":{"allow":["GET"]}}],"collection":[{"href":"https:\/\/www.freiburg-schwarzwald.de\/blog\/wp-json\/wp\/v2\/pages"}],"about":[{"href":"https:\/\/www.freiburg-schwarzwald.de\/blog\/wp-json\/wp\/v2\/types\/page"}],"author":[{"embeddable":true,"href":"https:\/\/www.freiburg-schwarzwald.de\/blog\/wp-json\/wp\/v2\/users\/2"}],"replies":[{"embeddable":true,"href":"https:\/\/www.freiburg-schwarzwald.de\/blog\/wp-json\/wp\/v2\/comments?post=63493"}],"version-history":[{"count":0,"href":"https:\/\/www.freiburg-schwarzwald.de\/blog\/wp-json\/wp\/v2\/pages\/63493\/revisions"}],"up":[{"embeddable":true,"href":"https:\/\/www.freiburg-schwarzwald.de\/blog\/wp-json\/wp\/v2\/pages\/29664"}],"wp:attachment":[{"href":"https:\/\/www.freiburg-schwarzwald.de\/blog\/wp-json\/wp\/v2\/media?parent=63493"}],"curies":[{"name":"wp","href":"https:\/\/api.w.org\/{rel}","templated":true}]}}