{"id":62406,"date":"2016-08-22T09:30:40","date_gmt":"2016-08-22T07:30:40","guid":{"rendered":"https:\/\/www.freiburg-schwarzwald.de\/blog\/?page_id=62406"},"modified":"2023-10-05T19:13:01","modified_gmt":"2023-10-05T17:13:01","slug":"italienroute","status":"publish","type":"page","link":"https:\/\/www.freiburg-schwarzwald.de\/blog\/global\/migration\/italienroute\/","title":{"rendered":"Italienroute"},"content":{"rendered":"<p><a href=\"https:\/\/www.freiburg-schwarzwald.de\/blog\">Home<\/a> &gt;<a title=\"Global\" href=\"https:\/\/www.freiburg-schwarzwald.de\/blog\/global\/\">Global<\/a>\u00a0&gt;<a title=\"Integration\" href=\"https:\/\/www.freiburg-schwarzwald.de\/blog\/global\/integration\/\">Integration<\/a> &gt;<a title=\"Migration\" href=\"https:\/\/www.freiburg-schwarzwald.de\/blog\/global\/migration\/\">Migration<\/a> &gt;<a title=\"Italien\" href=\"https:\/\/www.freiburg-schwarzwald.de\/blog\/global\/italien\/\">Italien<\/a> &gt;Italienroute<\/p>\n<div id=\"attachment_62320\" style=\"width: 648px\" class=\"wp-caption alignnone\"><a href=\"https:\/\/www.freiburg-schwarzwald.de\/blog\/kultur\/kunst\/textilart\/textil1wildemoehre160811\/\" rel=\"attachment wp-att-62320\"><img loading=\"lazy\" decoding=\"async\" aria-describedby=\"caption-attachment-62320\" class=\"size-full wp-image-62320\" src=\"https:\/\/www.freiburg-schwarzwald.de\/blog\/wp-content\/uploads\/2015\/07\/textil1wildemoehre160811.jpg\" alt=\"Wilde M\u00f6hren auf Seite im August 2016\" width=\"638\" height=\"216\" srcset=\"https:\/\/www.freiburg-schwarzwald.de\/blog\/wp-content\/uploads\/2015\/07\/textil1wildemoehre160811.jpg 638w, https:\/\/www.freiburg-schwarzwald.de\/blog\/wp-content\/uploads\/2015\/07\/textil1wildemoehre160811-180x60.jpg 180w\" sizes=\"auto, (max-width: 638px) 100vw, 638px\" \/><\/a><p id=\"caption-attachment-62320\" class=\"wp-caption-text\">Wilde M\u00f6hren auf Seite im August 2016<\/p><\/div>\n<ul>\n<li><a href=\"https:\/\/www.freiburg-schwarzwald.de\/blog\/eu-migrationspakt-unwirksam\/\">EU-Migrationspakt unwirksam<\/a>\u00a0(5.10.2023)<\/li>\n<li><a href=\"https:\/\/www.freiburg-schwarzwald.de\/blog\/global\/italien\/italien2022\/\">Italien und die Mittelmeerroute: Die Migration kontrollieren<\/a> (11.11.2022)<\/li>\n<li><a title=\"Schleuser\" href=\"https:\/\/www.freiburg-schwarzwald.de\/blog\/global\/eu\/schleuser\/\">Seenotrettung \u2013 Wie die ev. Kirche unter die Reeder kommt<\/a> (19.12.2019)<\/li>\n<li><a title=\"Seenotrettung\" href=\"https:\/\/www.freiburg-schwarzwald.de\/blog\/global\/deutschland\/seenotrettung\/\">Der h\u00e4ssliche Deutsche ist wieder da \u2013 in Italien mit Carola Rackete und Sea-Watch<\/a> (2.7.2019)<\/li>\n<li><a title=\"Migration-Flugzeug\" href=\"https:\/\/www.freiburg-schwarzwald.de\/blog\/global\/migration\/migration-flugzeug\/\">Massenzuwanderung auch 2018 \u00fcber weiterhin offene Grenzen<\/a>\u00a0(29.6.2019)<\/li>\n<li>Migranten zur\u00fcck nach Nordafrika in Asyl-Zentren (6.11.2016)<\/li>\n<li>EU-Mittelmeergrenze nach Arabien und Afrika schlie\u00dfen (12.10.2016)<\/li>\n<li>Armutsfl\u00fcchtlinge in Weil am Rhein (21.8.2016)<\/li>\n<li>Italienroute im 1.Halbjahr 2016 (12.8.2016)<\/li>\n<li><\/li>\n<li><a title=\"Armutszuwanderung\" href=\"https:\/\/www.freiburg-schwarzwald.de\/blog\/global\/integration\/armutszuwanderung\/\">Armutszuwanderung<\/a><\/li>\n<li><a title=\"Asyl\" href=\"https:\/\/www.freiburg-schwarzwald.de\/blog\/global\/integration\/asyl\/\">Asyl \u2013 Asylrecht<\/a><\/li>\n<li><a title=\"Balkan\" href=\"https:\/\/www.freiburg-schwarzwald.de\/blog\/global\/balkan\/\">Balkan<\/a><\/li>\n<li><a title=\"Fluechtlinge\" href=\"https:\/\/www.freiburg-schwarzwald.de\/blog\/global\/integration\/fluechtlinge\/\">Fl\u00fcchtlinge<\/a><\/li>\n<li><a title=\"Fluechtlinge-Kriminalitaet\" href=\"https:\/\/www.freiburg-schwarzwald.de\/blog\/global\/integration\/fluechtlinge-kriminalitaet\/\">Fluechtlinge-Kriminalitaet<\/a><\/li>\n<li><a title=\"Gambia\" href=\"https:\/\/www.freiburg-schwarzwald.de\/blog\/global\/afrika\/gambia\/\">Gambia<\/a><\/li>\n<li><a title=\"Indomeni\" href=\"https:\/\/www.freiburg-schwarzwald.de\/blog\/global\/migration\/idomeni\/\">Idomeni<\/a><\/li>\n<li><a title=\"Integration\" href=\"https:\/\/www.freiburg-schwarzwald.de\/blog\/global\/integration\/\">Integration \u2013 Infos<\/a><\/li>\n<li><a title=\"Integrieren\" href=\"https:\/\/www.freiburg-schwarzwald.de\/blog\/global\/integration\/integrieren\/\">Integrieren<\/a><\/li>\n<li><a title=\"Islam\" href=\"https:\/\/www.freiburg-schwarzwald.de\/blog\/religion\/islam\/\">Islam<\/a><\/li>\n<li><a href=\"https:\/\/www.freiburg-schwarzwald.de\/blog\/global\/italien\/italien2022\/\">Italien2022<\/a><\/li>\n<li><a title=\"Migration-Maenner\" href=\"https:\/\/www.freiburg-schwarzwald.de\/blog\/global\/migration\/migration-maenner\/\">Migration-Maenner<\/a><\/li>\n<li><a title=\"Mittelmeer\" href=\"https:\/\/www.freiburg-schwarzwald.de\/blog\/global\/mittelmeer\/\">Mittelmeer<\/a><\/li>\n<li><a title=\"Schleuser\" href=\"https:\/\/www.freiburg-schwarzwald.de\/blog\/global\/eu\/schleuser\/\">Schlepper &#8211; Schleuser<\/a><\/li>\n<li><a title=\"Sizilien\" href=\"https:\/\/www.freiburg-schwarzwald.de\/blog\/global\/italien\/sizilien\/\">Sizilien<\/a><\/li>\n<li><a title=\"UMF\" href=\"https:\/\/www.freiburg-schwarzwald.de\/blog\/global\/integration\/umf\/\">UMF<\/a><\/li>\n<li><a title=\"Versorgungsmigration\" href=\"https:\/\/www.freiburg-schwarzwald.de\/blog\/global\/migration\/versorgungsmigration\/\">Versorgungsmigration<\/a><\/li>\n<li><a title=\"Voelkerwanderung\" href=\"https:\/\/www.freiburg-schwarzwald.de\/blog\/global\/voelkerwanderung\/\">Voelkerwanderung<\/a><\/li>\n<\/ul>\n<p>&nbsp;<\/p>\n<p><strong>Migranten zur\u00fcck nach Nordafrika in Asyl-Zentren<\/strong><br \/>\nDer Bundesinnenminister hat einen Vorschlag gemacht: Die EU solle im Mittelmeer aufgegriffene Fl\u00fcchtlinge zur\u00fcck nach Nordafrika bringen, damit sie in eigens eingerichteten Zentren ihre Asylantr\u00e4ge stellen und dort den Entscheid abwarten. Wer akzeptiert werde, k\u00f6nne dann sicher nach Europa gebracht werden. So lege man den Schleusern das Handwerk und verhindere lebensgef\u00e4hrliche \u00dcberfahrten. Die Idee ist vern\u00fcnftig \u2013 und schon zw\u00f6lf Jahre alt. 2004 schlug sie der damalige Bundesinnenminister Otto Schily (SPD) vor. &#8230;. Alles vom 6.11.2016 auf<br \/>\n<a href=\"https:\/\/www.welt.de\/debatte\/kommentare\/article159286949\/Migrationsstroeme-steuert-man-nicht-mit-Gespraechskreisen.html\">https:\/\/www.welt.de\/debatte\/kommentare\/article159286949\/Migrationsstroeme-steuert-man-nicht-mit-Gespraechskreisen.html<\/a><br \/>\noder<br \/>\n<a href=\"https:\/\/www.welt.de\/politik\/deutschland\/article159282861\/Europa-soll-Fluechtlingsboote-nach-Afrika-zurueckschicken.html\">https:\/\/www.welt.de\/politik\/deutschland\/article159282861\/Europa-soll-Fluechtlingsboote-nach-Afrika-zurueckschicken.html<br \/>\n<\/a>.<br \/>\n<strong>EU unterst\u00fctzt Schlepperunwesen &#8211; bislang<\/strong><br \/>\nGenau mit dieser Ma\u00dfnahme k\u00f6nnte man den Schleppern den Hahn zudrehen und das Massensterben im Mittelmeer endg\u00fcltig beenden. Die bisherige Praxis der EU mit der massenhaften &#8222;Seenotrettung&#8220; ist im Prinzip nichts anderes als ein Konjunkturprogramm f\u00fcr das Schlepperwesen. Mit der fast sicheren Aussicht auf ein &#8222;sicheres&#8220; Ticket f\u00fcr die \u00dcberfahrt nach Europa, haben sich immer mehr Menschen auf diesen Weg mit schrottreifen Schaluppen gewagt. Mit der Einrichtung von Asyl-Zentren in den Nachbarl\u00e4ndern Libyens w\u00fcrde das alles zum Erliegen kommen. Dieser Vorschlag ist auch nicht neu. K\u00fcrzlich hat erst wieder Sebastian Kurz, der Au\u00dfenminister \u00d6sterreichs, diese Alternative zur Diskussion gestellt. Er wurde daf\u00fcr hart attackiert. F\u00fcr mich eine unfassbare Reaktion. Soll es etwa so weiter gehen ?<br \/>\n6.11.2016, Hildegard S, WO<br \/>\n.<br \/>\n<strong>Danke an die AfD<\/strong><br \/>\nHat aber sehr lange gedauert, bis die Herrschaften sich trauen, das zu sagen. Ich sage Danke AfD. Und jetzt muss auch was gemacht werden. &#8230; Es ist das ewig gleiche Spiel: Die AfD fordert etwas Vern\u00fcnftiges, und wird von den Etablierten daf\u00fcr als &#8222;rechtspopulistisch&#8220; beschimpft. Einige Monate\/Jahre sp\u00e4ter &#8211; nachdem das Kind bereits in den Brunnen gefallen ist &#8211; werden exakt diese Forderungen von den Etablierten vertreten. Deutschland braucht eine grundlegende Erneuerung von innen &#8211; w\u00e4hlt richtig!<\/p>\n<p><strong>Frontex als Wassertaxi f\u00fcr Schlepper<\/strong><br \/>\nDie ganze sogenannte Migration (die wenigsten sind Fl\u00fcchtlinge) ist ein Riesengesch\u00e4ft der Schlepper-Mafia. Es ist Menschenhandel. Aber das wei\u00df man doch schon lange. Die meisten Menschen sind auf falsche Versprechungen von Schleppern hereingefallen. Sie haben v\u00f6llig falsche Vorstellungen von Europa und den M\u00f6glichkeiten, die sie hier erwarten. Und sie geben ihr letztes Hemd daf\u00fcr. Das sie hier entt\u00e4uscht werden, ist von vornherein sicher. Aber solange Frontex das Wassertaxi f\u00fcr Schlepper macht, geht das Gesch\u00e4ft weiter. Es sind Milliarden, die in den Taschen r\u00fccksichtsloser Schlepperorganisationen landen. Die Menschen sind diesen Verbrechern v\u00f6llig egal. Alle, die diese illegale Schlepperei nicht schnellstens bek\u00e4mpfen, sind die eigentlich Schuldigen am Tod so vieler Menschen.<br \/>\nHans-Joachim H. WO<br \/>\n.<br \/>\n<strong>Maiziere&#8217;s Vorschlag: Wie Australien und Spanien<\/strong><br \/>\n&#8222;Das Ministerium von Thomas de Maizi\u00e8re will wie Australiens Regierung Fl\u00fcchtlingsboote noch auf See zur\u00fcckschicken. &#8220; Man h\u00e4tte auch sachlicher titulieren k\u00f6nnen: &#8222;Das Ministerium von Thomas de Maizi\u00e8re will wie Spaniens Regierung Fl\u00fcchtlingsboote noch auf See zur\u00fcckschicken&#8220; &#8211; gem\u00e4\u00df internationalem Seerecht bezogen auf Schiffbr\u00fcchige, in Seenot befindliche Personen.<br \/>\n6.11.2016, Holger S., WO<\/p>\n<p>&nbsp;<\/p>\n<p><strong>EU-Mittelmeergrenze nach Arabien und Afrika schlie\u00dfen<\/strong><br \/>\n&#8230; wie geht es weiter in den Territorien, deren Kriegsindex noch Jahrzehnte lang \u00fcber 3 liegt, deren \u00d6konomie aber am Boden bleibt? Schnell zu beenden w\u00e4re das Sterben auf dem Mittelmeer. Die 3000 km lange Wassergrenze ist leichter zu schlie\u00dfen als die 25000 km lange um Australien, bei deren \u00dcberwachung durch die Operation Sovereign Border seit 2013 niemand ertrunken ist. Wer wei\u00df, dass er nicht durchgelassen wird, geht nicht mehr in die Boote, weil er die 5000 Euro f\u00fcr die Schleuser als letztes Investment lieber selbst in der Tasche beh\u00e4lt. Hier k\u00f6nnte Europa mit einem einzigen Befehl das Sterben beenden. &#8230;.<br \/>\nAlles von Gunnar Heinsohn vom 17.10.2016 bitte lesen auf<br \/>\n<a href=\"https:\/\/www.achgut.com\/artikel\/kleiner_atlas_der_voelkerwanderungen_bis_2050\">https:\/\/www.achgut.com\/artikel\/kleiner_atlas_der_voelkerwanderungen_bis_2050<br \/>\n<\/a>\u00a0 \u00a0.<br \/>\n<em><a title=\"Youth-Bulges\" href=\"https:\/\/www.freiburg-schwarzwald.de\/blog\/engagement\/zukunft\/krieg\/youth-bulges\/\">Prof. Gunnar Heinsohn<\/a> (*1943), fr\u00fcher Soziologe und V\u00f6lkermordforscher an der Uni Bremen, lehrt Milit\u00e4rdemografie am NATO Defense College in Rom und Eigentums\u00f6konomie am Management-Zentrum St. Gallen<\/em><\/p>\n<p>&nbsp;<\/p>\n<p><strong>Armutsfl\u00fcchtlinge in Weil am Rhein<\/strong><br \/>\nDie Frage ist doch, wie unser Land diese Massen verkraftet?\u00a0Unsere Politiker wollen doch, dass es mit den vielen Fl\u00fcchtlingen zur Ghettobildung kommt. So schnell ist es anders gar nicht zu l\u00f6sen. Aber wie es bisher geht, ist es v\u00f6llig unkontrolliert. Es muss dabei erkannt werden, wann Grenzen erreicht sind. Es ist mal zu fragen, wie unser Land (bisher ja wohl allein auf weiter Flur) diese Millionen Fl\u00fcchtlinge mit v\u00f6llig anderen Werten, die noch nie f\u00fcr Offenheit und Demokratie standen, in dieser Masse und Schnelligkeit verkraftet?<br \/>\nAber die Frau Kanzlerin hat freudig eingeladen \u2013 es ist angerichtet! Alle, die darauf hinweisen, doch mal klar zu denken, werden ignoriert und in die rechte Ecke gestellt. Auch in Weil am Rhein kommen schon die ersten Armutsfl\u00fcchtlinge aus Afrika an. Es werden bald einige Tausend sein, die auf Sizilien schon warten.<br \/>\n21.8.2016, Gisbert Bastek, Weil am Rhein<\/p>\n<p>&nbsp;<\/p>\n<p><strong>Italienroute im 1.Halbjahr 2016<\/strong><br \/>\n\u00dcber das Mittelmeer haben laut der italienischen Statistikbeh\u00f6rde im ersten Halbjahr dieses Jahr 47 740 Fl\u00fcchtlinge das Land erreicht. Die meisten kamen aus Nigeria (15 Prozent), Gambia (10), Somalia (9), Guinea, Eritrea und der Elfenbeink\u00fcste (je 8). Das waren rund vier Prozent weniger als im Vergleichszeitraum 2015 und 15 Prozent weniger als 2014.<br \/>\nIn der Schweiz wurden im Juli 2477 Asylantr\u00e4ge gestellt, das waren 36 Prozent weniger als im Juli 2015.<br \/>\nZugleich ist die Zahl der Menschen, die wegen illegaler Einreise zur\u00fcckgewiesen wurden, speziell im Kanton Tessin (und nur dort) massiv angestiegen.<br \/>\nVon weniger als 100 pro Woche im ersten Vierteljahr auf fast 1600 in der letzten Juliwoche. Im Juli wurde 4149 Personen (Tessin: 3560) die Einreise verweigert, das waren mehr als im gesamten Jahr 1014 (3589). In der Landeserstaufnahmestelle in Karlsruhe werden derzeit nach Angaben des Regierungspr\u00e4sidiums noch 100 bis 200 Menschen pro Tag registriert, im Herbst 2015 waren es zwischen 1800 und 2000. Der Zuwachs auf der Rheinschiene entspreche der Abnahme auf der Balkanroute.<br \/>\n12.8.2016<\/p>\n<p><strong>Nur Deutschland h\u00e4lt sich nicht an EU-Recht<\/strong><br \/>\nWenn man sich in Deutschland an geltendes Recht halten w\u00fcrde, k\u00f6nnte man sich all diese \u00dcberlegungen sparen. Die Schweiz ebenso wie Italien sind sichere Herkunftsl\u00e4nder im Schengenraum. Nach EU Recht werden Fl\u00fcchtlinge dorthin zur\u00fcckgeschoben, wo Sie zuerst den Schengenraum betreten haben. Die Schweizer Grenzwacht schickt jeden Fl\u00fcchtling nach Italien zur\u00fcck, den Sie irgendwo antrifft. Warum Deutschland als einziges Land die Fl\u00fcchtlinge nicht nur nicht zur\u00fcckschickt sondern sogar noch auffordert zu kommen (&#8222;Wir schaffen das&#8220;), ist mir ein R\u00e4tsel.<br \/>\nThomas Blum, 13.8.2016<\/p>\n<p><strong>19 Fl\u00fcchtlinge in einer Stunde in Weil am Rhein<\/strong><br \/>\nInsgesamt 19 Personen erschienen in der Zeit zwischen 18.30 und 19.30 Uhr auf der Polizeidienststelle und begehrten Asyl. Die aus Syrien, <a title=\"Gambia\" href=\"https:\/\/www.freiburg-schwarzwald.de\/blog\/global\/afrika\/gambia\/\">Gambia<\/a> und Ghana stammenden Fl\u00fcchtlinge wurden mit Hilfe einer zuf\u00e4llig anwesenden Gruppe des Pr\u00e4sidiums Einsatz erfasst und sp\u00e4ter zur Gemeinschaftsunterkunft Haltingen gebracht. Um sich mit den Fl\u00fcchtlingen verst\u00e4ndigen zu k\u00f6nnen und ihnen die weiteren Abl\u00e4ufe zu erkl\u00e4ren, wurde eine Dolmetscherin hinzugezogen. Da dieser Andrang nicht allein vom Polizeirevier Weil zu bew\u00e4ltigen war, wurden das Polizeirevier L\u00f6rrach und die Bundespolizei um Unterst\u00fctzung gebeten. Trotz verst\u00e4rkter Kontrollen der Schweiz kommen mehr Fl\u00fcchtlinge als im Vorjahr aus Italien in Weil am Rhein an. Die Polizei dort f\u00fchlt sich im Stich gelassen. Ein Report aus Como, dem Ausgangspunkt der Fluchtroute. &#8230;<br \/>\n<a href=\"https:\/\/www.badische-zeitung.de\/weil-am-rhein\/19-asylsuchende-kommen-an-einem-tag-nach-weil-am-rhein--126348854.html\">https:\/\/www.badische-zeitung.de\/weil-am-rhein\/19-asylsuchende-kommen-an-einem-tag-nach-weil-am-rhein&#8211;126348854.html<\/a><\/p>\n<p><strong>Wie Fl\u00fcchtlinge von Como nach Weil gelangen<\/strong><br \/>\nTrotz verst\u00e4rkter Kontrollen der Schweiz kommen mehr Fl\u00fcchtlinge als im Vorjahr aus Italien in Weil am Rhein an. Die Polizei dort f\u00fchlt sich im Stich gelassen. Ein Report aus Como, dem Ausgangspunkt der Fluchtroute. Alles vom 13.8.2016 auf<br \/>\n<a href=\"https:\/\/www.badische-zeitung.de\/wie-fluechtlinge-von-como-nach-weil-gelangen\">https:\/\/www.badische-zeitung.de\/wie-fluechtlinge-von-como-nach-weil-gelangen<br \/>\n<\/a>\u00a0 \u00a0.<br \/>\n<strong>&#8222;Wie Fl\u00fcchtlinge von Como nach Weil gelangen&#8220;<\/strong><br \/>\n&#8222;Trotz verst\u00e4rkter Kontrollen der Schweiz kommen mehr Fl\u00fcchtlinge als im Vorjahr aus Italien in Weil am Rhein an&#8220;<br \/>\nWer von Italien oder der Schweiz nach Deutschland oder weiter will ist kein &#8222;Fl\u00fcchtling&#8220; sondern &#8222;Migrant&#8220;.<br \/>\nBeide L\u00e4nder sind sichere Drittl\u00e4nder aus denen man nicht &#8222;fl\u00fcchten&#8220; muss und beide L\u00e4nder haben das Schengener und Dubliner Abkommen unterzeichnet.<br \/>\nEine direkte Immigration aus diesen L\u00e4ndern nach Deutschland ist nach Art 16a GG., Schengener Abkommen, Dubliner Abkommen und Genfer Konvention nicht vorgesehen und illegal.<\/p>\n<p>&nbsp;<\/p>\n","protected":false},"excerpt":{"rendered":"<p>Home &gt;Global\u00a0&gt;Integration &gt;Migration &gt;Italien &gt;Italienroute EU-Migrationspakt unwirksam\u00a0(5.10.2023) Italien und die Mittelmeerroute: Die Migration kontrollieren (11.11.2022) Seenotrettung \u2013 Wie die ev. Kirche unter die Reeder kommt (19.12.2019) Der h\u00e4ssliche Deutsche ist wieder da \u2013 in Italien mit Carola Rackete und Sea-Watch &hellip; <a href=\"https:\/\/www.freiburg-schwarzwald.de\/blog\/global\/migration\/italienroute\/\">Weiterlesen <span class=\"meta-nav\">&rarr;<\/span><\/a><\/p>\n","protected":false},"author":2,"featured_media":0,"parent":9150,"menu_order":0,"comment_status":"open","ping_status":"closed","template":"","meta":{"footnotes":""},"class_list":["post-62406","page","type-page","status-publish","hentry"],"_links":{"self":[{"href":"https:\/\/www.freiburg-schwarzwald.de\/blog\/wp-json\/wp\/v2\/pages\/62406","targetHints":{"allow":["GET"]}}],"collection":[{"href":"https:\/\/www.freiburg-schwarzwald.de\/blog\/wp-json\/wp\/v2\/pages"}],"about":[{"href":"https:\/\/www.freiburg-schwarzwald.de\/blog\/wp-json\/wp\/v2\/types\/page"}],"author":[{"embeddable":true,"href":"https:\/\/www.freiburg-schwarzwald.de\/blog\/wp-json\/wp\/v2\/users\/2"}],"replies":[{"embeddable":true,"href":"https:\/\/www.freiburg-schwarzwald.de\/blog\/wp-json\/wp\/v2\/comments?post=62406"}],"version-history":[{"count":2,"href":"https:\/\/www.freiburg-schwarzwald.de\/blog\/wp-json\/wp\/v2\/pages\/62406\/revisions"}],"predecessor-version":[{"id":115875,"href":"https:\/\/www.freiburg-schwarzwald.de\/blog\/wp-json\/wp\/v2\/pages\/62406\/revisions\/115875"}],"up":[{"embeddable":true,"href":"https:\/\/www.freiburg-schwarzwald.de\/blog\/wp-json\/wp\/v2\/pages\/9150"}],"wp:attachment":[{"href":"https:\/\/www.freiburg-schwarzwald.de\/blog\/wp-json\/wp\/v2\/media?parent=62406"}],"curies":[{"name":"wp","href":"https:\/\/api.w.org\/{rel}","templated":true}]}}