{"id":61996,"date":"2016-08-03T08:39:16","date_gmt":"2016-08-03T06:39:16","guid":{"rendered":"https:\/\/www.freiburg-schwarzwald.de\/blog\/?page_id=61996"},"modified":"2025-08-27T13:42:19","modified_gmt":"2025-08-27T11:42:19","slug":"fluechtlinge-hammerschmiedstrasse","status":"publish","type":"page","link":"https:\/\/www.freiburg-schwarzwald.de\/blog\/selbsthilfe\/soziales\/fluechtlinge-hammerschmiedstrasse\/","title":{"rendered":"Fluechtlinge-Hammerschmiedstrasse"},"content":{"rendered":"<p><a href=\"https:\/\/www.freiburg-schwarzwald.de\/blog\">Home<\/a> &gt;<a title=\"Selbsthilfe\" href=\"https:\/\/www.freiburg-schwarzwald.de\/blog\/selbsthilfe\/\">Selbsthilfe<\/a> &gt;<a title=\"Soziales\" href=\"https:\/\/www.freiburg-schwarzwald.de\/blog\/selbsthilfe\/soziales\/\">Soziales<\/a> &gt;<a title=\"Wohnen\" href=\"https:\/\/www.freiburg-schwarzwald.de\/blog\/business\/dienste\/immobilien\/wohnen\/\">Wohnen<\/a> &gt;<a title=\"Obdachlos\" href=\"https:\/\/www.freiburg-schwarzwald.de\/blog\/selbsthilfe\/soziales\/obdachlos\/\">Obdachlos<\/a> &gt;<a title=\"Fluechtlingswohnheim\" href=\"https:\/\/www.freiburg-schwarzwald.de\/blog\/selbsthilfe\/soziales\/fluechtlingswohnheim\/\">Fluechtlingswohnheim<\/a> &gt;Fluechtlinge-Hoellentalstrasse<\/p>\n<div id=\"attachment_11118\" style=\"width: 649px\" class=\"wp-caption alignnone\"><a href=\"https:\/\/www.freiburg-schwarzwald.de\/blog\/regio\/heimat\/ausgrabungen\/kartaus-pan-sonnenblumen120921\/\" rel=\"attachment wp-att-11118\"><img loading=\"lazy\" decoding=\"async\" aria-describedby=\"caption-attachment-11118\" class=\"size-full wp-image-11118\" src=\"https:\/\/www.freiburg-schwarzwald.de\/blog\/wp-content\/uploads\/2012\/09\/kartaus-pan-sonnenblumen120921.jpg\" alt=\"Blick nach Norden zur Kartaus im Freiburger Osten am 21.9.2012\" width=\"639\" height=\"260\" srcset=\"https:\/\/www.freiburg-schwarzwald.de\/blog\/wp-content\/uploads\/2012\/09\/kartaus-pan-sonnenblumen120921.jpg 639w, https:\/\/www.freiburg-schwarzwald.de\/blog\/wp-content\/uploads\/2012\/09\/kartaus-pan-sonnenblumen120921-180x73.jpg 180w\" sizes=\"auto, (max-width: 639px) 100vw, 639px\" \/><\/a><p id=\"caption-attachment-11118\" class=\"wp-caption-text\">Blick nach Norden zur Kartaus im Freiburger Osten am 21.9.2012<\/p><\/div>\n<ul>\n<li><a href=\"https:\/\/www.freiburg-schwarzwald.de\/blog\/global\/integration\/asylanten\/\">Landeserstaufnahme LEA Freiburg: Peter Kramer<\/a>\u00a0(27.8.2025)<\/li>\n<li>L\u00e4rmschutz Hammerschmiedstra\u00dfe 700000 Euro, Schwarzwaldstra\u00dfe 0 Euro (10.8.2016)<\/li>\n<li><a href=\"https:\/\/www.freiburg-schwarzwald.de\/blog\/hammerschmiedstrasse-neubau\/\">https:\/\/www.freiburg-schwarzwald.de\/blog\/hammerschmiedstrasse-neubau\/<\/a> (3.8.2016)<\/li>\n<li><\/li>\n<li><strong><a href=\"https:\/\/www.freiburg-schwarzwald.de\/littenweiler\/asyl-hammerschmiedstrasse.htm#Asylanten-Unterkunft\">Asylanten-Unterkunft Hammerschmiedstrasse<\/a>\u00a0&gt;Asyl-Hammerschmiedstrasse (Archivseite)<\/strong><\/li>\n<li><a title=\"Asylanten\" href=\"https:\/\/www.freiburg-schwarzwald.de\/blog\/global\/integration\/asylanten\/\">Asylanten in FR<\/a><\/li>\n<li><a href=\"https:\/\/www.freiburg-schwarzwald.de\/abschiebung.htm\">Abschiebung &#8211; Asyl<\/a> &gt;Abschiebung<\/li>\n<li><a href=\"https:\/\/www.freiburg-schwarzwald.de\/littenweiler\/denaj.htm\">Familie Denaj aus Freiburg-Littenweiler<\/a> &gt;Denaj<\/li>\n<li><a title=\"Fluechtlinge\" href=\"https:\/\/www.freiburg-schwarzwald.de\/blog\/global\/integration\/fluechtlinge\/\">Fluechtlinge<\/a><\/li>\n<li><a title=\"Fluechtlingswohnheim\" href=\"https:\/\/www.freiburg-schwarzwald.de\/blog\/selbsthilfe\/soziales\/fluechtlingswohnheim\/\">Fl\u00fcchtlingswohnheime Freiburg<\/a><\/li>\n<li><a title=\"Fluechtlingshelfer\" href=\"https:\/\/www.freiburg-schwarzwald.de\/blog\/global\/integration\/fluechtlingshelfer\/\">Fluechtlingshelfer<\/a><\/li>\n<li><a title=\"Fluechtlinge-Hoellentalstrasse\" href=\"https:\/\/www.freiburg-schwarzwald.de\/blog\/selbsthilfe\/soziales\/fluechtlinge-hoellentalstrasse\/\">Fl\u00fcchtlingsunterkunft FR-Littenweiler H\u00f6llentalstrasse<\/a><\/li>\n<li><a title=\"Kappler-Knoten\" href=\"https:\/\/www.freiburg-schwarzwald.de\/blog\/regio\/freiburg\/littenweiler\/kappler-knoten\/\">Fl\u00fcchtlingsunterkunft FR Kappler-Knoten<\/a><\/li>\n<li><a title=\"Neuansiedlung\" href=\"https:\/\/www.freiburg-schwarzwald.de\/blog\/global\/integration\/neuansiedlung\/\">Neuansiedlung (Resettlement)<\/a><\/li>\n<li><a title=\"Roma\" href=\"https:\/\/www.freiburg-schwarzwald.de\/blog\/global\/roma\/\">Roma und Sinti<\/a><\/li>\n<li><a href=\"https:\/\/www.freiburg-schwarzwald.de\/littenweiler\/wohnen.htm#Wohnheime f\u00fcr Fl\u00fcchtlinge\/Migranten in Freiburg\">Wohnheime in FR<\/a> &gt;Wohnen<\/li>\n<\/ul>\n<p>&nbsp;<\/p>\n<p><a href=\"https:\/\/www.freiburg-schwarzwald.de\/blog\/hammerschmiedstrasse-neubau\/hammerschmiedstr-neubau1607\/\" rel=\"attachment wp-att-62002\"><img loading=\"lazy\" decoding=\"async\" class=\"alignnone size-thumbnail wp-image-62002\" src=\"https:\/\/www.freiburg-schwarzwald.de\/blog\/wp-content\/uploads\/2016\/08\/hammerschmiedstr-neubau1607-180x127.jpg\" alt=\"hammerschmiedstr-neubau1607\" width=\"180\" height=\"127\" srcset=\"https:\/\/www.freiburg-schwarzwald.de\/blog\/wp-content\/uploads\/2016\/08\/hammerschmiedstr-neubau1607-180x127.jpg 180w, https:\/\/www.freiburg-schwarzwald.de\/blog\/wp-content\/uploads\/2016\/08\/hammerschmiedstr-neubau1607.jpg 640w\" sizes=\"auto, (max-width: 180px) 100vw, 180px\" \/><\/a>\u00a0 \u00a0Neubau-Planung Hammerschmiedstrasse 2016-2019 &#8211; Plan FSB<\/p>\n<p>&nbsp;<\/p>\n<p><strong>L\u00e4rmschutz Hammerschmiedstra\u00dfe 700000 Euro, Schwarzwaldstra\u00dfe 0 Euro<\/strong><\/p>\n<p>Die Stadtbau baut f\u00fcr Fl\u00fcchtlinge 62 neue Wohnungen in der Hammerschmiedstra\u00dfe. Dabei sollen diese nicht nur nach dem aktuellen \u00f6kologischen Standard gebaut werden, ein Investment von 16,2 Millionen. Man h\u00e4lt auch eine Schallschutzwand f\u00fcr erforderlich. Diese soll die stolze Summe von 700 000 Euro kosten. Begr\u00fcndung ist die N\u00e4he zur H\u00f6llentalbahn und zur B31. Bisher ging es auch ohne. Dazu muss man wissen, die B31 ist dort extra in Tieflage gebaut worden (Tunnelstrecke). Die Bewohner der Schwarzwaldstra\u00dfe und andere w\u00e4ren froh \u00fcber solch eine l\u00e4rmmindernde Ma\u00dfnahme.<br \/>\nDie H\u00f6llentalbahn ist eine Regionalbahn, die nur in gro\u00dfen Abst\u00e4nden f\u00e4hrt. Nachts ist Ruhe. Ich habe selbst Immobilien an der Strecke. Da hat sich noch keiner \u00fcber den L\u00e4rm beschwert.<br \/>\nDer gr\u00f6\u00dfte L\u00e4rmverursacher ist die DB-Strecke quer durch Freiburg. Die ICEs und andere Z\u00fcge, vor allem aber die langen lauten G\u00fcterz\u00fcge sind auch in gr\u00f6\u00dferer Entfernung Tag und Nacht deutlich zu h\u00f6ren. Da l\u00e4sst sich die Bahn mit dem Schallschutz Zeit. Ist es nun zu viel verlangt, dass die zweifellos bedauernswerten Fl\u00fcchtlinge, dem Bombenterror entronnen, den geringen L\u00e4rmpegel tolerieren wie andere B\u00fcrger auch, zumal weitere L\u00e4rmschutzma\u00dfnahmen an den Geb\u00e4uden vorgenommen werden? Es g\u00e4be sicher sinnvollere Ma\u00dfnahmen f\u00fcr diese gro\u00dfe Summe.<br \/>\n10.8.2016, Rudolf G\u00fcnther, FR-Wiehre<\/p>\n","protected":false},"excerpt":{"rendered":"<p>Home &gt;Selbsthilfe &gt;Soziales &gt;Wohnen &gt;Obdachlos &gt;Fluechtlingswohnheim &gt;Fluechtlinge-Hoellentalstrasse Landeserstaufnahme LEA Freiburg: Peter Kramer\u00a0(27.8.2025) L\u00e4rmschutz Hammerschmiedstra\u00dfe 700000 Euro, Schwarzwaldstra\u00dfe 0 Euro (10.8.2016) https:\/\/www.freiburg-schwarzwald.de\/blog\/hammerschmiedstrasse-neubau\/ (3.8.2016) Asylanten-Unterkunft Hammerschmiedstrasse\u00a0&gt;Asyl-Hammerschmiedstrasse (Archivseite) Asylanten in FR Abschiebung &#8211; Asyl &gt;Abschiebung Familie Denaj aus Freiburg-Littenweiler &gt;Denaj Fluechtlinge Fl\u00fcchtlingswohnheime Freiburg &hellip; <a href=\"https:\/\/www.freiburg-schwarzwald.de\/blog\/selbsthilfe\/soziales\/fluechtlinge-hammerschmiedstrasse\/\">Weiterlesen <span class=\"meta-nav\">&rarr;<\/span><\/a><\/p>\n","protected":false},"author":2,"featured_media":0,"parent":42,"menu_order":0,"comment_status":"open","ping_status":"closed","template":"","meta":{"footnotes":""},"class_list":["post-61996","page","type-page","status-publish","hentry"],"_links":{"self":[{"href":"https:\/\/www.freiburg-schwarzwald.de\/blog\/wp-json\/wp\/v2\/pages\/61996","targetHints":{"allow":["GET"]}}],"collection":[{"href":"https:\/\/www.freiburg-schwarzwald.de\/blog\/wp-json\/wp\/v2\/pages"}],"about":[{"href":"https:\/\/www.freiburg-schwarzwald.de\/blog\/wp-json\/wp\/v2\/types\/page"}],"author":[{"embeddable":true,"href":"https:\/\/www.freiburg-schwarzwald.de\/blog\/wp-json\/wp\/v2\/users\/2"}],"replies":[{"embeddable":true,"href":"https:\/\/www.freiburg-schwarzwald.de\/blog\/wp-json\/wp\/v2\/comments?post=61996"}],"version-history":[{"count":1,"href":"https:\/\/www.freiburg-schwarzwald.de\/blog\/wp-json\/wp\/v2\/pages\/61996\/revisions"}],"predecessor-version":[{"id":138388,"href":"https:\/\/www.freiburg-schwarzwald.de\/blog\/wp-json\/wp\/v2\/pages\/61996\/revisions\/138388"}],"up":[{"embeddable":true,"href":"https:\/\/www.freiburg-schwarzwald.de\/blog\/wp-json\/wp\/v2\/pages\/42"}],"wp:attachment":[{"href":"https:\/\/www.freiburg-schwarzwald.de\/blog\/wp-json\/wp\/v2\/media?parent=61996"}],"curies":[{"name":"wp","href":"https:\/\/api.w.org\/{rel}","templated":true}]}}

<p><a href="https://www.freiburg-schwarzwald.de/blog">Home</a> &gt;<a title="Selbsthilfe" href="https://www.freiburg-schwarzwald.de/blog/selbsthilfe/">Selbsthilfe</a> &gt;<a title="Soziales" href="https://www.freiburg-schwarzwald.de/blog/selbsthilfe/soziales/">Soziales</a> &gt;<a title="Wohnen" href="https://www.freiburg-schwarzwald.de/blog/business/dienste/immobilien/wohnen/">Wohnen</a> &gt;<a title="Obdachlos" href="https://www.freiburg-schwarzwald.de/blog/selbsthilfe/soziales/obdachlos/">Obdachlos</a> &gt;<a title="Fluechtlingswohnheim" href="https://www.freiburg-schwarzwald.de/blog/selbsthilfe/soziales/fluechtlingswohnheim/">Fluechtlingswohnheim</a> &gt;Fluechtlinge-Hoellentalstrasse</p>
<div id="attachment_11118" style="width: 649px" class="wp-caption alignnone"><a href="https://www.freiburg-schwarzwald.de/blog/regio/heimat/ausgrabungen/kartaus-pan-sonnenblumen120921/" rel="attachment wp-att-11118"><img loading="lazy" decoding="async" aria-describedby="caption-attachment-11118" class="size-full wp-image-11118" src="https://www.freiburg-schwarzwald.de/blog/wp-content/uploads/2012/09/kartaus-pan-sonnenblumen120921.jpg" alt="Blick nach Norden zur Kartaus im Freiburger Osten am 21.9.2012" width="639" height="260" srcset="https://www.freiburg-schwarzwald.de/blog/wp-content/uploads/2012/09/kartaus-pan-sonnenblumen120921.jpg 639w, https://www.freiburg-schwarzwald.de/blog/wp-content/uploads/2012/09/kartaus-pan-sonnenblumen120921-180x73.jpg 180w" sizes="auto, (max-width: 639px) 100vw, 639px" /></a><p id="caption-attachment-11118" class="wp-caption-text">Blick nach Norden zur Kartaus im Freiburger Osten am 21.9.2012</p></div>
<ul>
<li><a href="https://www.freiburg-schwarzwald.de/blog/global/integration/asylanten/">Landeserstaufnahme LEA Freiburg: Peter Kramer</a> (27.8.2025)</li>
<li>Lärmschutz Hammerschmiedstraße 700000 Euro, Schwarzwaldstraße 0 Euro (10.8.2016)</li>
<li><a href="https://www.freiburg-schwarzwald.de/blog/hammerschmiedstrasse-neubau/">https://www.freiburg-schwarzwald.de/blog/hammerschmiedstrasse-neubau/</a> (3.8.2016)</li>
<li></li>
<li><strong><a href="https://www.freiburg-schwarzwald.de/littenweiler/asyl-hammerschmiedstrasse.htm#Asylanten-Unterkunft">Asylanten-Unterkunft Hammerschmiedstrasse</a> &gt;Asyl-Hammerschmiedstrasse (Archivseite)</strong></li>
<li><a title="Asylanten" href="https://www.freiburg-schwarzwald.de/blog/global/integration/asylanten/">Asylanten in FR</a></li>
<li><a href="https://www.freiburg-schwarzwald.de/abschiebung.htm">Abschiebung &#8211; Asyl</a> &gt;Abschiebung</li>
<li><a href="https://www.freiburg-schwarzwald.de/littenweiler/denaj.htm">Familie Denaj aus Freiburg-Littenweiler</a> &gt;Denaj</li>
<li><a title="Fluechtlinge" href="https://www.freiburg-schwarzwald.de/blog/global/integration/fluechtlinge/">Fluechtlinge</a></li>
<li><a title="Fluechtlingswohnheim" href="https://www.freiburg-schwarzwald.de/blog/selbsthilfe/soziales/fluechtlingswohnheim/">Flüchtlingswohnheime Freiburg</a></li>
<li><a title="Fluechtlingshelfer" href="https://www.freiburg-schwarzwald.de/blog/global/integration/fluechtlingshelfer/">Fluechtlingshelfer</a></li>
<li><a title="Fluechtlinge-Hoellentalstrasse" href="https://www.freiburg-schwarzwald.de/blog/selbsthilfe/soziales/fluechtlinge-hoellentalstrasse/">Flüchtlingsunterkunft FR-Littenweiler Höllentalstrasse</a></li>
<li><a title="Kappler-Knoten" href="https://www.freiburg-schwarzwald.de/blog/regio/freiburg/littenweiler/kappler-knoten/">Flüchtlingsunterkunft FR Kappler-Knoten</a></li>
<li><a title="Neuansiedlung" href="https://www.freiburg-schwarzwald.de/blog/global/integration/neuansiedlung/">Neuansiedlung (Resettlement)</a></li>
<li><a title="Roma" href="https://www.freiburg-schwarzwald.de/blog/global/roma/">Roma und Sinti</a></li>
<li><a href="https://www.freiburg-schwarzwald.de/littenweiler/wohnen.htm#Wohnheime für Flüchtlinge/Migranten in Freiburg">Wohnheime in FR</a> &gt;Wohnen</li>
</ul>
<p>&nbsp;</p>
<p><a href="https://www.freiburg-schwarzwald.de/blog/hammerschmiedstrasse-neubau/hammerschmiedstr-neubau1607/" rel="attachment wp-att-62002"><img loading="lazy" decoding="async" class="alignnone size-thumbnail wp-image-62002" src="https://www.freiburg-schwarzwald.de/blog/wp-content/uploads/2016/08/hammerschmiedstr-neubau1607-180x127.jpg" alt="hammerschmiedstr-neubau1607" width="180" height="127" srcset="https://www.freiburg-schwarzwald.de/blog/wp-content/uploads/2016/08/hammerschmiedstr-neubau1607-180x127.jpg 180w, https://www.freiburg-schwarzwald.de/blog/wp-content/uploads/2016/08/hammerschmiedstr-neubau1607.jpg 640w" sizes="auto, (max-width: 180px) 100vw, 180px" /></a>   Neubau-Planung Hammerschmiedstrasse 2016-2019 &#8211; Plan FSB</p>
<p>&nbsp;</p>
<p><strong>Lärmschutz Hammerschmiedstraße 700000 Euro, Schwarzwaldstraße 0 Euro</strong></p>
<p>Die Stadtbau baut für Flüchtlinge 62 neue Wohnungen in der Hammerschmiedstraße. Dabei sollen diese nicht nur nach dem aktuellen ökologischen Standard gebaut werden, ein Investment von 16,2 Millionen. Man hält auch eine Schallschutzwand für erforderlich. Diese soll die stolze Summe von 700 000 Euro kosten. Begründung ist die Nähe zur Höllentalbahn und zur B31. Bisher ging es auch ohne. Dazu muss man wissen, die B31 ist dort extra in Tieflage gebaut worden (Tunnelstrecke). Die Bewohner der Schwarzwaldstraße und andere wären froh über solch eine lärmmindernde Maßnahme.<br />
Die Höllentalbahn ist eine Regionalbahn, die nur in großen Abständen fährt. Nachts ist Ruhe. Ich habe selbst Immobilien an der Strecke. Da hat sich noch keiner über den Lärm beschwert.<br />
Der größte Lärmverursacher ist die DB-Strecke quer durch Freiburg. Die ICEs und andere Züge, vor allem aber die langen lauten Güterzüge sind auch in größerer Entfernung Tag und Nacht deutlich zu hören. Da lässt sich die Bahn mit dem Schallschutz Zeit. Ist es nun zu viel verlangt, dass die zweifellos bedauernswerten Flüchtlinge, dem Bombenterror entronnen, den geringen Lärmpegel tolerieren wie andere Bürger auch, zumal weitere Lärmschutzmaßnahmen an den Gebäuden vorgenommen werden? Es gäbe sicher sinnvollere Maßnahmen für diese große Summe.<br />
10.8.2016, Rudolf Günther, FR-Wiehre</p>

<p>Home &gt;Selbsthilfe &gt;Soziales &gt;Wohnen &gt;Obdachlos &gt;Fluechtlingswohnheim &gt;Fluechtlinge-Hoellentalstrasse Landeserstaufnahme LEA Freiburg: Peter Kramer (27.8.2025) Lärmschutz Hammerschmiedstraße 700000 Euro, Schwarzwaldstraße 0 Euro (10.8.2016) https://www.freiburg-schwarzwald.de/blog/hammerschmiedstrasse-neubau/ (3.8.2016) Asylanten-Unterkunft Hammerschmiedstrasse &gt;Asyl-Hammerschmiedstrasse (Archivseite) Asylanten in FR Abschiebung &#8211; Asyl &gt;Abschiebung Familie Denaj aus Freiburg-Littenweiler &gt;Denaj Fluechtlinge Flüchtlingswohnheime Freiburg &hellip; <a href="https://www.freiburg-schwarzwald.de/blog/selbsthilfe/soziales/fluechtlinge-hammerschmiedstrasse/">Weiterlesen <span class="meta-nav">&rarr;</span></a></p>
