{"id":61293,"date":"2016-06-21T16:15:12","date_gmt":"2016-06-21T14:15:12","guid":{"rendered":"https:\/\/www.freiburg-schwarzwald.de\/blog\/?page_id=61293"},"modified":"2025-08-05T18:32:53","modified_gmt":"2025-08-05T16:32:53","slug":"respekt","status":"publish","type":"page","link":"https:\/\/www.freiburg-schwarzwald.de\/blog\/engagement\/respekt\/","title":{"rendered":"Respekt"},"content":{"rendered":"<p>Home &gt;<a title=\"Engagement\" href=\"https:\/\/www.freiburg-schwarzwald.de\/blog\/engagement\/\">Engagement<\/a> &gt;<a title=\"Medien\" href=\"https:\/\/www.freiburg-schwarzwald.de\/blog\/kultur\/medien\/\">Medien<\/a>\u00a0&gt;Respekt<\/p>\n<div id=\"attachment_61218\" style=\"width: 650px\" class=\"wp-caption alignnone\"><a href=\"https:\/\/www.freiburg-schwarzwald.de\/blog\/global\/integration\/parallelgesellschaft\/buschkowsky\/riviera1angler-pan160614\/\" rel=\"attachment wp-att-61218\"><img loading=\"lazy\" decoding=\"async\" aria-describedby=\"caption-attachment-61218\" class=\"size-full wp-image-61218\" src=\"https:\/\/www.freiburg-schwarzwald.de\/blog\/wp-content\/uploads\/2016\/06\/riviera1angler-pan160614.jpg\" alt=\"Angler auf dem Feld an der Riviera bei Moneglia\/Ligurien am14.6.2016\" width=\"640\" height=\"300\" srcset=\"https:\/\/www.freiburg-schwarzwald.de\/blog\/wp-content\/uploads\/2016\/06\/riviera1angler-pan160614.jpg 640w, https:\/\/www.freiburg-schwarzwald.de\/blog\/wp-content\/uploads\/2016\/06\/riviera1angler-pan160614-180x84.jpg 180w\" sizes=\"auto, (max-width: 640px) 100vw, 640px\" \/><\/a><p id=\"caption-attachment-61218\" class=\"wp-caption-text\">Angler auf dem Feld an der Riviera bei Moneglia\/Ligurien am14.6.2016<\/p><\/div>\n<ul>\n<li><em>Listenauswahl eines Beitrags (Artikel\/Datum, Seite\/Inhalt):\u00a0<span style=\"text-decoration: underline;\">Klicken<\/span>\u00a0oder scrollen<\/em><\/li>\n<li><a href=\"https:\/\/www.freiburg-schwarzwald.de\/blog\/deutschland-ist-ersetzbar\/\">Deutschland ist ersetzbar<\/a>\u00a0(5.8.2025)<\/li>\n<li><a href=\"https:\/\/www.freiburg-schwarzwald.de\/blog\/sommerinterview-afd-stoerung\/\">Sommerinterview AfD: St\u00f6rung<\/a>\u00a0(21.7.2025)<\/li>\n<li><a href=\"https:\/\/www.freiburg-schwarzwald.de\/blog\/israel-iran-sorge-besserwisserei\/\">Israel-Iran: Sorge Besserwisserei\u00a0<\/a>(20.6.2025)<\/li>\n<li>M\u00e4nnlichkeit: Auf einen respektvollen Umgang konzentrieren (30.11.2024)<\/li>\n<li><a href=\"https:\/\/www.freiburg-schwarzwald.de\/blog\/global\/deutschland\/ddr-stasi\/\">Annalena Baerbock verh\u00f6hnt die Ostdeutschen mit einem uns\u00e4glichen Vergleich<\/a> (31.8.2024)<\/li>\n<li><a href=\"https:\/\/www.freiburg-schwarzwald.de\/blog\/engagement\/zukunft\/demokratie\/toleranz\/\">EKD zu Mannheim: Toleranz und Respekt bei Messerattacken<\/a>\u00a0(15.6.2024)<\/li>\n<li><a href=\"https:\/\/www.freiburg-schwarzwald.de\/blog\/gunnar-heinsohn-1943-2023\/\">Gunnar Heinsohn (1943 \u2013 2023)<\/a>\u00a0 (18.2.2023)<\/li>\n<li><a href=\"https:\/\/www.freiburg-schwarzwald.de\/blog\/respekt-autoritaet-in-der-schule\/\">Respekt Autorit\u00e4t in der Schule<\/a>\u00a0(28.1.2023)<\/li>\n<li><a href=\"https:\/\/www.freiburg-schwarzwald.de\/blog\/hiv-entdecker-montagnier-tot\/\">HIV-Entdecker Montagnier tot<\/a>\u00a0(14.2.2022)<\/li>\n<li><a href=\"https:\/\/www.freiburg-schwarzwald.de\/blog\/briefgenerator-enkel-an-oma\/\">Briefgenerator: Enkel an Oma<\/a>\u00a0(19.9.2021)<\/li>\n<li><a href=\"https:\/\/www.freiburg-schwarzwald.de\/blog\/business\/gesund\/corona-virus\/corona-grundrechte\/\">Corona: Die Guten, die B\u00f6sen und vielen vielen Anderen<\/a> (17.5.2021)<\/li>\n<li><a title=\"Volksvertreter und Demokratie\" href=\"https:\/\/www.freiburg-schwarzwald.de\/blog\/volksvertreter-und-demokratie\/\">Volksvertreter und Demokratie \u2013\u00a0auch im Freiburger Gemeinderat<\/a>\u00a0(16.10.2020)<\/li>\n<li><a title=\"Babuschka in RUS \u2013 Oma in D\" href=\"https:\/\/www.freiburg-schwarzwald.de\/blog\/babuschka-in-rus-oma-in-d\/\">Babuschka in RUS \u2013 Oma in D<\/a>\u00a0(30.12.2019)<\/li>\n<li><a title=\"Meinungsfreiheit\" href=\"https:\/\/www.freiburg-schwarzwald.de\/blog\/kultur\/medien\/meinungsfreiheit\/\">Gauck: Begrenzte Meinungsfreiheit bei uns in Deutschland<\/a>\u00a0(20.6.2019)<\/li>\n<li>Muslime fordern f\u00fcr sich Respekt (2.10.2017)<\/li>\n<li>Merkel: Kein Respekt vor dem Recht (28.11.2016)<\/li>\n<li><a href=\"https:\/\/www.freiburg-schwarzwald.de\/blog\/toleranz-akzeptanz-respekt-csd\/\">https:\/\/www.freiburg-schwarzwald.de\/blog\/toleranz-akzeptanz-respekt-csd\/<\/a> (11.7.2016)<\/li>\n<li>Respekt und Toleranz (20.6.2016)<\/li>\n<li>Jan B\u00f6hmermann &#8211; ohne Respekt auf Quote und Geld aus (12.6.2016)<\/li>\n<li><a title=\"Migration AfD Intoleranz Presse\" href=\"https:\/\/www.freiburg-schwarzwald.de\/blog\/migration-afd-intoleranz-presse\/\">Migration, AfD, Toleranz, Presse<\/a>\u00a0(11.12.2015)<\/li>\n<li>Toleranz, Akzeptanz und Respekt &#8211; drei Begriffe<\/li>\n<li><\/li>\n<li><a title=\"Demokratie\" href=\"https:\/\/www.freiburg-schwarzwald.de\/blog\/engagement\/zukunft\/demokratie\/\">Demokratie<\/a><\/li>\n<li><a title=\"Diffamierung\" href=\"https:\/\/www.freiburg-schwarzwald.de\/blog\/kultur\/medien\/diffamierung\/\">Diffamierung<\/a><\/li>\n<li><a title=\"Diskussionskultur\" href=\"https:\/\/www.freiburg-schwarzwald.de\/blog\/kultur\/medien\/diskussionskultur\/\">Diskussionskultur<\/a><\/li>\n<li><a title=\"Dagegen\" href=\"https:\/\/www.freiburg-schwarzwald.de\/blog\/engagement\/dagegen\/\">Dagegen-Sein<\/a><\/li>\n<li><a title=\"Ehrlichkeit\" href=\"https:\/\/www.freiburg-schwarzwald.de\/blog\/engagement\/zukunft\/ehrlichkeit\/\">Ehrlichkeit<\/a><\/li>\n<li><a title=\"Gesinnungsethik\" href=\"https:\/\/www.freiburg-schwarzwald.de\/blog\/engagement\/zukunft\/demokratie\/gesinnungsethik\/\">Gesinnungsethik<\/a><\/li>\n<li><a title=\"Gutmenschen\" href=\"https:\/\/www.freiburg-schwarzwald.de\/blog\/engagement\/gutmenschen\/\">Gutmenschen<\/a><\/li>\n<li><a title=\"Political-Correctness\" href=\"https:\/\/www.freiburg-schwarzwald.de\/blog\/kultur\/medien\/political-correctness\/\">Political Correctness<\/a><\/li>\n<li><a title=\"Pressekodex\" href=\"https:\/\/www.freiburg-schwarzwald.de\/blog\/kultur\/medien\/pressekodex\/\">Pressekodex<\/a><\/li>\n<li><a title=\"Rassismus\" href=\"https:\/\/www.freiburg-schwarzwald.de\/blog\/engagement\/rassismus\/\">Rassismus<\/a><\/li>\n<li><a title=\"Selbsthass\" href=\"https:\/\/www.freiburg-schwarzwald.de\/blog\/engagement\/zukunft\/selbsthass\/\">Selbsthass<\/a><\/li>\n<li><a title=\"Vorverurteilung\" href=\"https:\/\/www.freiburg-schwarzwald.de\/blog\/kultur\/medien\/vorverurteilung\/\">Vorverurteilung<\/a><\/li>\n<li><a title=\"Zeitung\" href=\"https:\/\/www.freiburg-schwarzwald.de\/blog\/kultur\/medien\/zeitung\/\">Zeitung<\/a><\/li>\n<li><a title=\"Zensur\" href=\"https:\/\/www.freiburg-schwarzwald.de\/blog\/kultur\/medien\/zensur\/\">Zensur<\/a><\/li>\n<li><a title=\"Zivilcourage\" href=\"https:\/\/www.freiburg-schwarzwald.de\/blog\/engagement\/zivilcourage\/\">Zivilcourage<\/a><\/li>\n<\/ul>\n<p>&nbsp;<\/p>\n<p><strong>M\u00e4nnlichkeit: Auf einen respektvollen Umgang konzentrieren<\/strong><br \/>\nDer Artikel von Imre Grimm strotzt vor Seitenhieben und negativen Assoziationen, um ein &#8222;letztes Aufb\u00e4umen \u00fcberholter M\u00e4nnlichkeit&#8220; zu diskreditieren. Die Welt dreht sich nun mal nicht nur um Hafermilch, urbane Genderdebatten und Lastenfahrr\u00e4der. Die einfache Realit\u00e4t der meisten Menschen sieht ganz anders aus. Wenn ein Mann eine Lampe aufh\u00e4ngt, dann ist das nicht die Kapitulation der Frau vor der Dominanz des Mannes. Das ist einfach nur eine Anbringung einer Lampe, was in einer arbeitsteiligen Partnerschaft vorkommen soll.<br \/>\nDer Druck zu einem signifikanten Wechsel des M\u00e4nnerbildes aus Teilen der Gesellschaft geht weit \u00fcber das Vern\u00fcnftige hinaus. Und das, was dabei v\u00f6llig auf der Strecke bleibt, ist die Toleranz, die genau von Feministen und Feministinnen oder Genderverfechtern von Andersdenkenden verlangt wird. Warum kann man nicht einfach M\u00e4nner, Frauen, Transgeschlechtliche und alle, die sich in diese Begriffe nicht einordnen wollen, sein lassen und sich auf einen gegenseitigen respektvollen Umgang konzentrieren, der nicht von dieser permanent missionarischen Arroganz beherrscht ist, das wenige genau wissen, wie alle anderen zu denken und zu leben haben? Das g\u00e4be weniger Fronten und vielleicht ein besseres Miteinander.<br \/>\n30.11.2024, Andreas Hertel, Breisach, 07667\/929655<br \/>\nZu: &#8222;Neue M\u00e4nner, alte Helden&#8220;, Beitrag von Imre Grimm (Politik, 15. November)<\/p>\n<p>&nbsp;<\/p>\n<p><strong>Merkel: Kein Respekt vor dem Recht<br \/>\n<\/strong>Demokratie, Freiheit, Respekt vor dem Recht und der W\u00fcrde des Menschen, unabh\u00e4ngig von Herkunft, Hautfarbe, Religion, Geschlecht, sexueller Orientierung oder politischer Einstellung sind in Deutschland seit dem Zweiten Weltkrieg nie weniger respektiert worden als unter Merkel. Die deutschen Beh\u00f6rden haben v\u00f6llig darin versagt Frauen, Christen und andere vor dem Chaos zu sch\u00fctzen, das durch die massenhafte, unkontrollierte Immigration haupts\u00e4chlich muslimischer Migranten aus Afrika und dem Nahen Osten entfesselt wurde. Das Recht wird in Deutschland alles andere als &#8222;respektiert&#8220;.<\/p>\n<p>Merkel l\u00e4\u00dft Grenzen offen seit <a title=\"Budapest-Dublin2015\" href=\"https:\/\/www.freiburg-schwarzwald.de\/blog\/global\/eu\/budapest-dublin2015\/\">Budapest 9\/2015<\/a> &#8211; ohne den Bundestag zu respektieren.<br \/>\nEs gibt keinen Respekt f\u00fcr Freiheit und Demokratie auf einem Kontinent, auf dem B\u00fcrger wie der Politiker Geert Wilders von nationalen Beh\u00f6rden verhaftet und gerichtlich belangt werden, weil sie frei ihre Meinung zu Themen \u00e4u\u00dfern, von denen die Beh\u00f6rden finden, dass es nicht vorteilhaft ist sie in der \u00d6ffentlichkeit zu diskutieren.<br \/>\n<a title=\"Merkel-muss-weg\" href=\"https:\/\/www.freiburg-schwarzwald.de\/blog\/engagement\/zukunft\/demokratie\/merkel-muss-weg\/\">Merkel mu\u00df weg!<\/a><br \/>\n28.11.2016<\/p>\n<p>&nbsp;<\/p>\n<p><strong>Respekt und Toleranz<\/strong><br \/>\nHinter Respekt steht Achtung, Wertsch\u00e4tzung, &#8222;diese Person ist mir wichtig&#8220;. Hinter Toleranz hingegen steht mehr Gleichg\u00fcltigkeit, &#8222;ist mir egal&#8220;. man &#8218;erwartet&#8216; Toleranz, aber man &#8218;verdient&#8216; Respekt.<br \/>\nAuch Satire mu\u00df Respekt respektieren. B\u00f6hmermann respektiert nichts, ihm geht es um Geld und Quote, deshalb auch seine billigen Sudeleien gegen Erdogan. Mit Erdogan beleidigt B\u00f6hmermann T\u00fcrken (Erdogan hat der T\u00fcrkei einen hohen wirtschaftlichen Aufschwung gebracht) wie auch Muslime. Nur wenn man &#8222;Arschloch&#8220; sagt, ist man noch kein von der Presseunfreiheit bedrohtes Wesen. Harald Schmidt z.B. h\u00e4tte nie zu solche einem primitiven nur auf Beleidigung abzielenden Rundumschlag ausgeholt.<br \/>\n20.6.2016<\/p>\n<p>&nbsp;<\/p>\n<p><strong>Jan B\u00f6hmermann &#8211; ohne Respekt auf Quote und Geld aus<br \/>\n<\/strong>&#8222;Der Engl\u00e4nder sagt: If you can&#8217;t stand the heat, get out of the kitchen. Auf Deutsch: Wenn Du schon den T\u00fcrken wegen seines angeblich kleinen Johannes anfurzt, dann musst Du beweisen, dass Du einen l\u00e4ngeren hast. Hast Du aber nicht. Du hast einfach wie ein Besoffener herumgepinkelt, politischer Inhalt nahe null, und am Ende hast Du gemerkt, dass Du einen Dobermann angestrullert hast. Und jetzt rennst Du zu Mutti (<a title=\"Merkelismus\" href=\"https:\/\/www.freiburg-schwarzwald.de\/blog\/engagement\/zukunft\/demokratie\/merkelismus\/\">Merkel<\/a>) damit sie Dir hilft. Das Problem: Die hat selber mehr Schiss als Vaterlandsliebe.&#8220;<br \/>\nJ\u00fcrgen Els\u00e4sser, &#8222;B\u00f6hmermann: Je suis Arschgeige, Compact 5\/2016, Seite 3.<\/p>\n<p>&#8212;&#8212;&#8212;&#8212;&#8212;&#8212;&#8212;&#8212;&#8212;&#8212;&#8212;&#8212;&#8211;<\/p>\n<p>.<\/p>\n<p><strong>Toleranz, Akzeptanz und Respekt &#8211; drei Begriffe<a title=\"Respekt\" href=\"https:\/\/www.freiburg-schwarzwald.de\/blog\/engagement\/respekt\/\"><br \/>\n<\/a><\/strong>Diese drei Begriffe bauen aufeinander auf \u2013 Respekt setzt Akzeptanz und Toleranz voraus.<\/p>\n<p><em>Toleranz<\/em> bedeutet, einen Menschen mit all seinen Eigenschaften hinnehmen (negativ: ertragen), ohne diese irgendwie zu hinterfragen.<br \/>\n.<br \/>\n<em>Akzeptanz<\/em> bedeutet, einen Menschen so annehmen, wie er ist, indem man seine Eigenschaften f\u00fcr sich selbst als \u201cin Ordnung\u201d festlegt. Akzeptanz ist Voraussetzung, dass Freundschaft und vielleicht auch Liebe zwischen Menschen entstehen kann.<br \/>\n.<br \/>\n<em>Respekt<\/em> bedeutet, einen Menschen in seinen F\u00e4higkeiten anzuerkennen ,ihm dabei aber nicht zu nahe zu treten. Man respektiert jemanden, der etwas besonders gut kann und ggf. sogar Bewunderung verdient. Wer jemandem Respekt erweist, braucht sich selbst\u00a0 deshalb nicht erniedrigt zu f\u00fchlen.<\/p>\n<p>&nbsp;<\/p>\n<p>.<\/p>\n<p><strong>Muslime fordern f\u00fcr sich Respekt<\/strong><br \/>\n<strong>Wie respektvoll sind sie gegen\u00fcber den \u201eUngl\u00e4ubigen\u201c?<\/strong><br \/>\n<strong>Respekt f\u00fcr eine Beleidigungskultur?<br \/>\n<\/strong>\u00a0.<br \/>\nIn regelm\u00e4\u00dfigen Abst\u00e4nden und mit eigenartigem Nachdruck, gelegentlich auch unter heftigsten Protesten und sogar unter Strafandrohung, fordern Muslime von Nichtmuslimen Respekt ein gegen\u00fcber ihrer Religion, gegen\u00fcber dem Propheten Mohammed und dem Koran, auch gegen\u00fcber den (religi\u00f6sen) Gef\u00fchlen, der spezifischen Sensibilit\u00e4t der Muslime, dem muslimischen Brauchtum usw. Wie aber k\u00f6nnen Hinweise auf Fakten, die in islamischen Basistexten z. B. \u00fcber den Koran und \u00fcber Mohammed \u201eschwarz auf wei\u00df\u201c nachlesbar sind, eine Herabw\u00fcrdigung des Islam sein?<br \/>\nDie muslimische Forderung nach Respekt \u2013 so die Tageszeitung \u201eDie Welt\u201c (19.Sept. 2015) beruht auf dem Prinzip, dass die Muslime nicht wie die anderen seien \u2026 Im Namen des \u201aRespekts\u2018 werden \u2026 in den demokratischen L\u00e4ndern besondere Gesetze f\u00fcr die \u201amuslimische Gemeinschaft\u2018 gefordert.<\/p>\n<p>Man br\u00e4uchte ein Recht f\u00fcr Muslime, Lehrpl\u00e4ne f\u00fcr Muslime, Krankenh\u00e4user f\u00fcr Muslime, Schwimmb\u00e4der f\u00fcr Muslime. Es fehlt nur noch die Forderung nach Bussen f\u00fcr Muslime und Stra\u00dfen f\u00fcr Muslime.\u201c<\/p>\n<p>Hinter der Forderung nach Respekt dem Islam gegen\u00fcber steht auch der Anspruch dieser Religion, dass ihre Gesetze und Regeln f\u00fcr die gesamte Gesellschaft zu gelten haben, wie es in islamisch dominierten L\u00e4ndern nach dem koranischen Motto \u201eDer Islam gebietet und verbietet\u201c auch praktiziert wird.<br \/>\nSo bedeutet \u201eRespekt\u201c nach islamischem Verst\u00e4ndnis \u201enichts anderes als Unterwerfung \u2013 wie auch das Wort \u201aIslam\u2018 im Wortsinn \u201aUnterwerfung\u2018 und \u201aHingabe\u2018 bedeutet. \u201aRespekt haben\u2018 beinhaltet, \u2026 auch das Prinzip, diese Religion zu akzeptieren.\u201c(<a title=\"Kelek\" href=\"https:\/\/www.freiburg-schwarzwald.de\/blog\/religion\/islam\/kelek\/\">Necla Kelek<\/a>).<br \/>\nDieser islamische Anspruch d\u00fcrfte auch einer der Gr\u00fcnde daf\u00fcr sein, dass auffallend viele Kinder und Jugendliche muslimischer Migranten keinerlei Respekt zeigen z. B. gegen\u00fcber Polizei, Lehrerinnen und Frauen allgemein. \u201eRespekt\u201c fordern Muslime f\u00fcr ihre Religion auch im Blick auf die ca. 1,6 Milliarden Muslime. Doch die numerische Gr\u00f6\u00dfe kann niemals ein Kriterium sein beim Beurteilen und Werten einer Sache.<br \/>\nDie muslimische Forderung nach Respekt ist dar\u00fcber hinaus auch der Versuch, jegliche Kritik am Islam zu blockieren und dadurch die gesellschaftlichen Verh\u00e4ltnisse durch islamische Vorgaben zu beeinflussen bzw. m\u00f6glichst zu bestimmen.<br \/>\nDoch von den Muslimen ist wie von allen Zuwanderern zun\u00e4chst einmal und grundlegend Respekt vor unserem Wertesystem und unserer Kultur, Achtung vor unseren freiheitlichen Verfassungswerten zu fordern.<br \/>\nEs ist eine muslimische Gewohnheit, unter den Etiketten \u201eRespekt\u201c und \u201eToleranz\u201c nicht nur Sonderrechte f\u00fcr sich einzufordern, sondern sich ebenso auch \u00fcber die Benachteiligung des Islam zu beschweren. Gekr\u00e4nkt- und Beleidigtsein sind Teil des Islam, weil sie die logische Folge des islamischen \u00dcberlegenheitsdenkens sind.<br \/>\nSo hat sich nach Necla Kelek im Islam regelrecht \u201eeine Beleidigungskultur entwickelt\u201c. Mit R\u00fccksicht auf muslimische Empfindlichkeiten bzw. Befindlichkeiten werden dann von \u201etoleranten\u201c Verantwortungstr\u00e4gern in der Haltung \u201evorauseilender Entchristlichung\u201c sogar Kreuze aus \u00f6ffentlichen Geb\u00e4uden entfernt.<br \/>\n.<br \/>\nDazu Bestseller-Autorin <a title=\"FGM\" href=\"https:\/\/www.freiburg-schwarzwald.de\/blog\/selbsthilfe\/frauen\/fgm\/\">Ayaan Hirsi Ali<\/a>:<br \/>\n\u201eIm Besonderen m\u00fcssen wir gekr\u00e4nkten Muslimen (und ihren liberalen Unterst\u00fctzern) sagen, dass es nicht unsere Aufgabe ist, uns ihren Glaubensvorstellungen anzupassen und R\u00fccksicht auf ihre Empfindlichkeiten zunehmen, sondern das sie es lernen m\u00fcssen, mit unserem Bekenntnis zur Redefreiheit zu leben.\u201c<br \/>\nEine Wertsch\u00e4tzung, gar eine \u201eHochachtung\u201c kann man nicht gebieten oder gar zwanghaft einfordern. Niemand muss eine andere Religion oder Weltanschauung \u201ehochachten\u201c und wertsch\u00e4tzen. Er muss sie freilich akzeptieren, tolerieren, und auf sie R\u00fccksicht nehmen, ohne sie gutzuhei\u00dfen.<br \/>\nEs gilt hier wie \u00fcberall, wo es um \u00dcberzeugungen von Menschen geht, zu unterscheiden zwischen dem Respekt, der Achtung vor dem einzelnen Muslim und seinem religi\u00f6sen Engagement einerseits und dem Inhalt seines Glaubens, der islamischen Lehre andererseits.<br \/>\nWer aber im Sinne der Wertsch\u00e4tzung respektiert werden will, muss den Respekt zuvor erwerben und verdienen. Lediglich die Achtung und Wertsch\u00e4tzung, der Respekt vor der W\u00fcrde eines jeden Menschen ist allen Menschen gemeinsam aufgetragen.<\/p>\n<p>Muslime m\u00fcssen sich jedoch fragen lassen, ob der Islam gerade in islamisch gepr\u00e4gten L\u00e4ndern die W\u00fcrde Andersglaubender und Andersdenkender \u201erespektiert\u201c, aber auch, ob sie, die Muslime, in nichtislamischen L\u00e4ndern auf die Gef\u00fchle und Werte der nichtmuslimischen Mehrheitsbev\u00f6lkerung gen\u00fcgend R\u00fccksicht nehmen. Letztlich kann nur der f\u00fcr sich selbst und seine \u00dcberzeugung Respekt erwarten, der seinerseits Respekt hat vor dem gleichberechtigten Leben der anderen, so z. B. auch vor dem Leben der Islam-Apostaten und der sogenannten \u201eUngl\u00e4ubigen\u201c.<br \/>\nBei ihrem Einfordern von Respekt von der nichtmuslimischen Welt sind die Muslime vor allen auch zu fragen nach dem innerislamisch gelebten Respekt angesichts der blutigen islamischen \u201eBruder-K\u00e4mpfe\u201c seit Anbeginn dieser Religion bis auf den heutigen Tag.<br \/>\nDie Problematik der Spannung zwischen \u201eRespekt vor dem Koran\u201c und \u201eRespekt vor dem Leben des Menschen\u201c illustriert A. Hirsi Ali mit folgenden Worten: \u201eWenn ein Muslim sieht, wie jemand dieses Buch liest und behauptet, dieses wurde ihn kr\u00e4nken und seine religi\u00f6sen Gef\u00fchle verletzen, dann sollte die Antwort lauten: \u201aWas ist wichtiger? Deine heilige Schrift? Oder das Leben des Autors dieses Buches? Deine heilige Schrift? Oder der Rechtsstaat? Menschenleben, menschliche Freiheit, menschliche W\u00fcrde: Sie sind alle wichtiger als jeder heilige Text\u2018.\u201c<br \/>\nAuch die islamische Vorstellung vom Martyrium ist das pure Gegenteil dessen, was \u201eRespekt\u201c vor der W\u00fcrde und erst recht vor dem Leben Andersdenkender\/-glaubender bedeutet.<br \/>\n\u201eIm Abendland gibt es die Tradition, den eigenen Tod in Kauf zu nehmen, um das Leben anderer zu retten. Dagegen lehrt der Islam, dass es nichts Ruhmreicheres gebe, als Ungl\u00e4ubigen das Leben zu rauben, und wenn die Mordtat das eigene Leben kostet, umso besser\u201c (<a title=\"40 Thesen zur Reform des Islam\" href=\"https:\/\/www.freiburg-schwarzwald.de\/blog\/40-thesen-zur-reform-des-islam\/\">A. Hirsi Ali<\/a>).<br \/>\nWo ist da der Respekt vor dem menschlichen Leben? Nur wer im umfassenden Sinn des Wortes Respekt hat, hat auch entsprechenden Respekt verdient.<br \/>\nWo bleibt \u00fcbrigens der Respekt und die Sensibilit\u00e4t der hiesigen muslimischen Verb\u00e4nde vor Deutschland, wenn sie ausgerechnet den \u201eTag der deutschen Einheit\u201c, 3. Oktober, in den \u201eTag der offenen Moschee\u201c umzufunktionieren und damit den an die deutsche Wiedervereinigung erinnernde Nationalfeiertag zu instrumentalisieren versuchen? Mit welchen Folgen m\u00fcssten christliche Kirchen etwa in der T\u00fcrkei rechnen, wurden sie den t\u00fcrkischen Nationalfeiertag zum \u201eTag der offenen Kirchen\u201c deklarieren? Wo blieb auch der Respekt vor der christlich gepr\u00e4gten Kultur des Gastgeberlandes, wenn Kurden ausgerechnet am 2. Weihnachtsfeiertag 2015 eine Gro\u00dfdemonstration in D\u00fcsseldorf durchf\u00fchrten?<br \/>\n\u201eRespekt kann man nicht verlangen, man muss ihn sich erwerben\u2026 Und diejenigen, die am lautesten beklagen, nicht respektvoll behandelt zu werden, sind selbst am respektlosesten.\u201c (C. Hofmann)<br \/>\n2.10.2017, Dr. Udo Hildenbrand bitte lesen auf<br \/>\n<a href=\"https:\/\/philosophia-perennis.com\/2017\/10\/02\/beleidigungskultur\/\">https:\/\/philosophia-perennis.com\/2017\/10\/02\/beleidigungskultur\/<\/a><br \/>\n.<br \/>\n<em>Dr. Udo Hildenbrand aus B\u00fchl in Baden ist katholischer Priester und Spiritual eines Klosters<br \/>\n<\/em>\u00a0.<br \/>\nZuletzt ist von ihm erschienen:<br \/>\n\u201cWortmeldungen zum Islam\u201d, \u20ac 11.80 portofrei zu beziehen \u00fcber<br \/>\nudo.hildenbrand \u00e4t gmx.de.<br \/>\noder: Dr. Udo Hildenbrand, Josef-B\u00e4der-Weg 4, 77815 B\u00fchl\/Baden<\/p>\n<p><a title=\"Tod \u2013 Allerheiligen Allerseelen\" href=\"https:\/\/www.freiburg-schwarzwald.de\/blog\/tod-allerheiligen-allerseelen\/\">Tod: Allerheiligen Allerseelen<\/a> (2.11.2019)<\/p>\n<p>&nbsp;<\/p>\n","protected":false},"excerpt":{"rendered":"<p>Home &gt;Engagement &gt;Medien\u00a0&gt;Respekt Listenauswahl eines Beitrags (Artikel\/Datum, Seite\/Inhalt):\u00a0Klicken\u00a0oder scrollen Deutschland ist ersetzbar\u00a0(5.8.2025) Sommerinterview AfD: St\u00f6rung\u00a0(21.7.2025) Israel-Iran: Sorge Besserwisserei\u00a0(20.6.2025) M\u00e4nnlichkeit: Auf einen respektvollen Umgang konzentrieren (30.11.2024) Annalena Baerbock verh\u00f6hnt die Ostdeutschen mit einem uns\u00e4glichen Vergleich (31.8.2024) EKD zu Mannheim: Toleranz und &hellip; <a href=\"https:\/\/www.freiburg-schwarzwald.de\/blog\/engagement\/respekt\/\">Weiterlesen <span class=\"meta-nav\">&rarr;<\/span><\/a><\/p>\n","protected":false},"author":2,"featured_media":0,"parent":148,"menu_order":0,"comment_status":"open","ping_status":"closed","template":"","meta":{"footnotes":""},"class_list":["post-61293","page","type-page","status-publish","hentry"],"_links":{"self":[{"href":"https:\/\/www.freiburg-schwarzwald.de\/blog\/wp-json\/wp\/v2\/pages\/61293","targetHints":{"allow":["GET"]}}],"collection":[{"href":"https:\/\/www.freiburg-schwarzwald.de\/blog\/wp-json\/wp\/v2\/pages"}],"about":[{"href":"https:\/\/www.freiburg-schwarzwald.de\/blog\/wp-json\/wp\/v2\/types\/page"}],"author":[{"embeddable":true,"href":"https:\/\/www.freiburg-schwarzwald.de\/blog\/wp-json\/wp\/v2\/users\/2"}],"replies":[{"embeddable":true,"href":"https:\/\/www.freiburg-schwarzwald.de\/blog\/wp-json\/wp\/v2\/comments?post=61293"}],"version-history":[{"count":5,"href":"https:\/\/www.freiburg-schwarzwald.de\/blog\/wp-json\/wp\/v2\/pages\/61293\/revisions"}],"predecessor-version":[{"id":137430,"href":"https:\/\/www.freiburg-schwarzwald.de\/blog\/wp-json\/wp\/v2\/pages\/61293\/revisions\/137430"}],"up":[{"embeddable":true,"href":"https:\/\/www.freiburg-schwarzwald.de\/blog\/wp-json\/wp\/v2\/pages\/148"}],"wp:attachment":[{"href":"https:\/\/www.freiburg-schwarzwald.de\/blog\/wp-json\/wp\/v2\/media?parent=61293"}],"curies":[{"name":"wp","href":"https:\/\/api.w.org\/{rel}","templated":true}]}}