{"id":60351,"date":"2016-04-10T10:42:10","date_gmt":"2016-04-10T08:42:10","guid":{"rendered":"https:\/\/www.freiburg-schwarzwald.de\/blog\/?page_id=60351"},"modified":"2016-04-12T19:12:10","modified_gmt":"2016-04-12T17:12:10","slug":"salafismus","status":"publish","type":"page","link":"https:\/\/www.freiburg-schwarzwald.de\/blog\/religion\/islam\/salafismus\/","title":{"rendered":"Salafismus"},"content":{"rendered":"<p><a href=\"https:\/\/freiburg-schwarzwald.de\/blog\">Home<\/a> &gt;<a title=\"Religion\" href=\"https:\/\/www.freiburg-schwarzwald.de\/blog\/religion\/\">Religion<\/a> &gt;<a title=\"Islam\" href=\"https:\/\/www.freiburg-schwarzwald.de\/blog\/religion\/islam\/\">Islam<\/a> &gt;Salafismus<\/p>\n<div id=\"attachment_51166\" style=\"width: 651px\" class=\"wp-caption alignnone\"><a href=\"https:\/\/www.freiburg-schwarzwald.de\/blog\/global\/iran\/frauen-iran\/yazd1wueste-pan141013\/\" rel=\"attachment wp-att-51166\"><img loading=\"lazy\" decoding=\"async\" aria-describedby=\"caption-attachment-51166\" class=\"size-full wp-image-51166\" src=\"https:\/\/www.freiburg-schwarzwald.de\/blog\/wp-content\/uploads\/2014\/10\/yazd1wueste-pan141013.jpg\" alt=\"Oase in der trockenen Gebirgslandschaft zwischen Shiraz und Yazd am 13.10.2014\" width=\"641\" height=\"192\" srcset=\"https:\/\/www.freiburg-schwarzwald.de\/blog\/wp-content\/uploads\/2014\/10\/yazd1wueste-pan141013.jpg 641w, https:\/\/www.freiburg-schwarzwald.de\/blog\/wp-content\/uploads\/2014\/10\/yazd1wueste-pan141013-180x53.jpg 180w, https:\/\/www.freiburg-schwarzwald.de\/blog\/wp-content\/uploads\/2014\/10\/yazd1wueste-pan141013-640x191.jpg 640w\" sizes=\"auto, (max-width: 641px) 100vw, 641px\" \/><\/a><p id=\"caption-attachment-51166\" class=\"wp-caption-text\">Oase in der trockenen Gebirgslandschaft zwischen Shiraz und Yazd am 13.10.2014<\/p><\/div>\n<p>&nbsp;<\/p>\n<ul>\n<li>Berlins arabische Clans rekrutieren in Fl\u00fcchtlingsheimen (11.4.2016)<\/li>\n<li>Islamisten und arabische Clans werben Fl\u00fcchtlinge an (10.4.2016)<\/li>\n<li><a title=\"IS\" href=\"https:\/\/www.freiburg-schwarzwald.de\/blog\/religion\/islam\/is\/\">IS<\/a><\/li>\n<li><a title=\"Sufismus\" href=\"https:\/\/www.freiburg-schwarzwald.de\/blog\/religion\/islam\/sufismus\/\">Sufismus<\/a><\/li>\n<\/ul>\n<p>&nbsp;<\/p>\n<p>&nbsp;<\/p>\n<p><strong>Berlins arabische Clans rekrutieren in Fl\u00fcchtlingsheimen<\/strong><br \/>\nKriminelle arabische Gro\u00dffamilien beherrschen ganze Stadtviertel, vor allem in Berlin. Nun rekrutieren sie auch in Fl\u00fcchtlingsheimen&#8230;..Ein erstaunlicher Anblick: Luxuslimousinen vor Fl\u00fcchtlingsheimen. Wem die wohl geh\u00f6ren? Den Fl\u00fcchtlingen sicher nicht. Not und Armut, die Sorge um Verwandte und Freunde im syrischen Krieg stehen in den Gesichtern geschrieben, die aus den Fenstern schauen. Diese Menschen haben alles verloren. Sie fragen sich, wie es weitergeht. Genau deshalb parken die teuren Schlitten vor dem Heim. Berlins ber\u00fcchtigte arabische Gro\u00dffamilien haben die Fl\u00fcchtlinge entdeckt. Polizisten beobachten nach Informationen der &#8222;Welt am Sonntag&#8220; seit geraumer Zeit, dass diese multikriminellen Clans gezielt in Unterk\u00fcnften Nachwuchs zu rekrutieren versuchen. &#8222;W\u00e4hrend ganz Deutschland \u00fcber die Fl\u00fcchtlingskrise diskutiert, nutzen diese Verbrecherbanden die Situation der Menschen aus&#8220;, erz\u00e4hlt ein Ermittler. &#8222;Vor allem junge und k\u00f6rperlich starke M\u00e4nner sind im Visier der Clans. Diese werden dann f\u00fcr die Drecksarbeit eingesetzt.&#8220; Also Einbr\u00fcche, Handel mit Drogen, Knochenbr\u00fcche bei Konkurrenten. &#8230;.. Alles vom 11.4.2016 bitte lesen auf<br \/>\n<a href=\"https:\/\/www.welt.de\/politik\/deutschland\/article154174175\/Berlin-ist-verloren-an-die-arabischen-Clans.html\">https:\/\/www.welt.de\/politik\/deutschland\/article154174175\/Berlin-ist-verloren-an-die-arabischen-Clans.html<\/a><\/p>\n<p><strong>Staatsversagen<\/strong><br \/>\nIch nenne das Staatsversagen. Denn dieser Staat ist nicht mehr in der Lage, das Gesetz auf seinem gesamten Territorium durchzusetzen. Aber was macht das, solange man den B\u00fcrger mit Plastiktaschenverbot und blauer Umweltplakette g\u00e4ngeln kann.<br \/>\n10.4.2016, Charles Egerton<br \/>\n.<br \/>\nMaas, Merkel, Peters und Co haben andere Prioritaeten. Schutz und Sicherheit der eigenen Bevoelkerung gehoeren nicht dazu. Ich kann mich momentan nicht erinnern, dass irgendwo in Europa in den letzten 50 Jahren Politiker mit soviel Macht und Energie gegen den Amtseid verstossen und gegen die eigene Bevoelkerung gearbeitet haben. Mit Merkel&#8217;s Masterplan wird es jetzt ganz schnell gehen.<br \/>\n10.4.2016, Observer<br \/>\n.<br \/>\nTja, als Kirsten Heisig vor 6 Jahren ihr Buch und Verm\u00e4chtnis &#8222;Das Ende der Geduld &#8220; vorstellte, konnte sie schon ahnen, da\u00df das Ende der Geduld noch lange nicht erreicht sein wird. Ich w\u00fcrde von den Verantwortungslosen, \u00e4h &#8230;Verantwortlichen zu gern wissen, warum die Entwicklung bei den jetzigen zuwandernden Menschen aus diesem Kulturkreis anders verlaufen sollte.<br \/>\nIn Italien gibt es spezielle Antimafia-Staatsanwaltschaften und eine Antimafia-Polizei. Die gehen in voller H\u00e4rte, z. B. mit carcere duro, vor. Das ist Haft unter \u00e4hnlichen Bedingungen wie Nelson Mandela der Freiheit beraubt wurde, also ohne Kontakte, ohne Sport, ohne B\u00fccher. Vor dem europ\u00e4ischen Gerichtshof wurde deshalb schon einmal geklagt.<\/p>\n<p>Wenn unsere Regierung und Justiz nicht sofort den Weichsp\u00fcl-Kurs ablegen, wird das langfristig katastrophale Folgen f\u00fcr Deutschland haben.<\/p>\n<p>&nbsp;<\/p>\n<p><strong>Islamisten und arabische Clans werben Fl\u00fcchtlinge an<\/strong><br \/>\nDer Pr\u00e4sident des Bundesamtes f\u00fcr Verfassungsschutz, Hans-Georg Maa\u00dfen, warnt vor Versuchen von Islamisten, Fl\u00fcchtlinge zu werben: &#8222;Salafisten und andere Islamisten versuchen, Fl\u00fcchtlinge f\u00fcr sich zu gewinnen.&#8220; Viele k\u00e4men ohne Familien zu uns und suchten Anschluss. &#8222;Wir haben bereits rund 300 Ansprachversuche gez\u00e4hlt. Sorgen machen mir vor allem die vielen unbegleiteten minderj\u00e4hrigen Fl\u00fcchtlinge (UMF).&#8220; &#8230;. Die arabischsprachige Moscheenlandschaft sei teils nicht moderat. &#8222;Viele H\u00e4user sind fundamentalistisch gepr\u00e4gt oder aufgrund ihrer salafistischen Ausrichtung gar Beobachtungsobjekt der Verfassungsschutzbeh\u00f6rden&#8220;, so Maa\u00dfen. Der Moscheebau werde teils durch saudische Privatspenden gef\u00f6rdert&#8230;. Alles vom 10.4.2016 auf<br \/>\n<a href=\"https:\/\/www.welt.de\/politik\/deutschland\/article154173933\/Islamisten-und-arabische-Clans-werben-Fluechtlinge-an.html\">https:\/\/www.welt.de\/politik\/deutschland\/article154173933\/Islamisten-und-arabische-Clans-werben-Fluechtlinge-an.html<\/a><br \/>\n.<br \/>\n<strong>Frauen geknechtet<\/strong><br \/>\nSelbst der &#8222;normal gelebte Islam&#8220; unterschl\u00e4gt den Frauen die Grundrechte wie die freie Wahl der Religion oder des Lebenspartners. Ich meine das all Grundgesetzwidrigen Elemente des Islam bei uns verboten geh\u00f6ren und der Staat mit Nachdruck und hohen Strafen auf m\u00f6gliche Verst\u00f6\u00dfe reagieren mu\u00df. Erst das GG, dann die Religion. Wer das nicht will mu\u00df das Land verlassen.<br \/>\n10.4.016, A.Kaiser<br \/>\n.<br \/>\n<strong>Salafistische Anwerber: &#8222;Wir schaffen das&#8220;<\/strong><br \/>\nDiese Anwerbeversuche der Salafisten gehen doch auch schon seit Monaten. Und letztlich rechne ich mit einem wirklich b\u00f6sen Ausgang der Sache. Die Heimleiter und das Personal der Zuwandererzeltst\u00e4tte und Containerd\u00f6rfer sind doch so schon \u00fcberwiegend \u00fcberfordert, sie k\u00f6nnen sich nicht um jeden einzelnen k\u00fcmmern. Ich will gerne glauben, das man in so einem Lager irgendwann in g\u00e4hnende langeweile und stumpfsinn verf\u00e4llt. Wenn dann ein zwielichtiger Geselle auftaucht, der seinem Glaubens-Bruder und -Schwester in irgendeiner Form wieder Halt gibt, in einem freiheitlichen Land, was stark kon\u00adser\u00adva\u00adtiv-muslimisch gepr\u00e4gten Menschen vorkommen mag wie Sodom und Gomorra, dann schlie\u00dfen sie sich diesen falschen Freunden an. Das kann noch brandgef\u00e4hrlich werden. Aber es gibt Leute, die sagen, &#8222;Wir schaffen das&#8220;. Sch\u00f6n w\u00e4re es, wenn diese Menschen nur von sich reden w\u00fcrden und nicht die Allgemeinheit mit einbeziehen. Und &#8230; endlich mal anpacken, was sie denn schaffen wollen.<br \/>\n104., Marleen Carter<\/p>\n","protected":false},"excerpt":{"rendered":"<p>Home &gt;Religion &gt;Islam &gt;Salafismus &nbsp; Berlins arabische Clans rekrutieren in Fl\u00fcchtlingsheimen (11.4.2016) Islamisten und arabische Clans werben Fl\u00fcchtlinge an (10.4.2016) IS Sufismus &nbsp; &nbsp; Berlins arabische Clans rekrutieren in Fl\u00fcchtlingsheimen Kriminelle arabische Gro\u00dffamilien beherrschen ganze Stadtviertel, vor allem in Berlin. &hellip; <a href=\"https:\/\/www.freiburg-schwarzwald.de\/blog\/religion\/islam\/salafismus\/\">Weiterlesen <span class=\"meta-nav\">&rarr;<\/span><\/a><\/p>\n","protected":false},"author":2,"featured_media":0,"parent":12111,"menu_order":0,"comment_status":"open","ping_status":"closed","template":"","meta":{"footnotes":""},"class_list":["post-60351","page","type-page","status-publish","hentry"],"_links":{"self":[{"href":"https:\/\/www.freiburg-schwarzwald.de\/blog\/wp-json\/wp\/v2\/pages\/60351","targetHints":{"allow":["GET"]}}],"collection":[{"href":"https:\/\/www.freiburg-schwarzwald.de\/blog\/wp-json\/wp\/v2\/pages"}],"about":[{"href":"https:\/\/www.freiburg-schwarzwald.de\/blog\/wp-json\/wp\/v2\/types\/page"}],"author":[{"embeddable":true,"href":"https:\/\/www.freiburg-schwarzwald.de\/blog\/wp-json\/wp\/v2\/users\/2"}],"replies":[{"embeddable":true,"href":"https:\/\/www.freiburg-schwarzwald.de\/blog\/wp-json\/wp\/v2\/comments?post=60351"}],"version-history":[{"count":0,"href":"https:\/\/www.freiburg-schwarzwald.de\/blog\/wp-json\/wp\/v2\/pages\/60351\/revisions"}],"up":[{"embeddable":true,"href":"https:\/\/www.freiburg-schwarzwald.de\/blog\/wp-json\/wp\/v2\/pages\/12111"}],"wp:attachment":[{"href":"https:\/\/www.freiburg-schwarzwald.de\/blog\/wp-json\/wp\/v2\/media?parent=60351"}],"curies":[{"name":"wp","href":"https:\/\/api.w.org\/{rel}","templated":true}]}}

<p><a href="https://freiburg-schwarzwald.de/blog">Home</a> &gt;<a title="Religion" href="https://www.freiburg-schwarzwald.de/blog/religion/">Religion</a> &gt;<a title="Islam" href="https://www.freiburg-schwarzwald.de/blog/religion/islam/">Islam</a> &gt;Salafismus</p>
<div id="attachment_51166" style="width: 651px" class="wp-caption alignnone"><a href="https://www.freiburg-schwarzwald.de/blog/global/iran/frauen-iran/yazd1wueste-pan141013/" rel="attachment wp-att-51166"><img loading="lazy" decoding="async" aria-describedby="caption-attachment-51166" class="size-full wp-image-51166" src="https://www.freiburg-schwarzwald.de/blog/wp-content/uploads/2014/10/yazd1wueste-pan141013.jpg" alt="Oase in der trockenen Gebirgslandschaft zwischen Shiraz und Yazd am 13.10.2014" width="641" height="192" srcset="https://www.freiburg-schwarzwald.de/blog/wp-content/uploads/2014/10/yazd1wueste-pan141013.jpg 641w, https://www.freiburg-schwarzwald.de/blog/wp-content/uploads/2014/10/yazd1wueste-pan141013-180x53.jpg 180w, https://www.freiburg-schwarzwald.de/blog/wp-content/uploads/2014/10/yazd1wueste-pan141013-640x191.jpg 640w" sizes="auto, (max-width: 641px) 100vw, 641px" /></a><p id="caption-attachment-51166" class="wp-caption-text">Oase in der trockenen Gebirgslandschaft zwischen Shiraz und Yazd am 13.10.2014</p></div>
<p>&nbsp;</p>
<ul>
<li>Berlins arabische Clans rekrutieren in Flüchtlingsheimen (11.4.2016)</li>
<li>Islamisten und arabische Clans werben Flüchtlinge an (10.4.2016)</li>
<li><a title="IS" href="https://www.freiburg-schwarzwald.de/blog/religion/islam/is/">IS</a></li>
<li><a title="Sufismus" href="https://www.freiburg-schwarzwald.de/blog/religion/islam/sufismus/">Sufismus</a></li>
</ul>
<p>&nbsp;</p>
<p>&nbsp;</p>
<p><strong>Berlins arabische Clans rekrutieren in Flüchtlingsheimen</strong><br />
Kriminelle arabische Großfamilien beherrschen ganze Stadtviertel, vor allem in Berlin. Nun rekrutieren sie auch in Flüchtlingsheimen&#8230;..Ein erstaunlicher Anblick: Luxuslimousinen vor Flüchtlingsheimen. Wem die wohl gehören? Den Flüchtlingen sicher nicht. Not und Armut, die Sorge um Verwandte und Freunde im syrischen Krieg stehen in den Gesichtern geschrieben, die aus den Fenstern schauen. Diese Menschen haben alles verloren. Sie fragen sich, wie es weitergeht. Genau deshalb parken die teuren Schlitten vor dem Heim. Berlins berüchtigte arabische Großfamilien haben die Flüchtlinge entdeckt. Polizisten beobachten nach Informationen der &#8222;Welt am Sonntag&#8220; seit geraumer Zeit, dass diese multikriminellen Clans gezielt in Unterkünften Nachwuchs zu rekrutieren versuchen. &#8222;Während ganz Deutschland über die Flüchtlingskrise diskutiert, nutzen diese Verbrecherbanden die Situation der Menschen aus&#8220;, erzählt ein Ermittler. &#8222;Vor allem junge und körperlich starke Männer sind im Visier der Clans. Diese werden dann für die Drecksarbeit eingesetzt.&#8220; Also Einbrüche, Handel mit Drogen, Knochenbrüche bei Konkurrenten. &#8230;.. Alles vom 11.4.2016 bitte lesen auf<br />
<a href="https://www.welt.de/politik/deutschland/article154174175/Berlin-ist-verloren-an-die-arabischen-Clans.html">https://www.welt.de/politik/deutschland/article154174175/Berlin-ist-verloren-an-die-arabischen-Clans.html</a></p>
<p><strong>Staatsversagen</strong><br />
Ich nenne das Staatsversagen. Denn dieser Staat ist nicht mehr in der Lage, das Gesetz auf seinem gesamten Territorium durchzusetzen. Aber was macht das, solange man den Bürger mit Plastiktaschenverbot und blauer Umweltplakette gängeln kann.<br />
10.4.2016, Charles Egerton<br />
.<br />
Maas, Merkel, Peters und Co haben andere Prioritaeten. Schutz und Sicherheit der eigenen Bevoelkerung gehoeren nicht dazu. Ich kann mich momentan nicht erinnern, dass irgendwo in Europa in den letzten 50 Jahren Politiker mit soviel Macht und Energie gegen den Amtseid verstossen und gegen die eigene Bevoelkerung gearbeitet haben. Mit Merkel&#8217;s Masterplan wird es jetzt ganz schnell gehen.<br />
10.4.2016, Observer<br />
.<br />
Tja, als Kirsten Heisig vor 6 Jahren ihr Buch und Vermächtnis &#8222;Das Ende der Geduld &#8220; vorstellte, konnte sie schon ahnen, daß das Ende der Geduld noch lange nicht erreicht sein wird. Ich würde von den Verantwortungslosen, äh &#8230;Verantwortlichen zu gern wissen, warum die Entwicklung bei den jetzigen zuwandernden Menschen aus diesem Kulturkreis anders verlaufen sollte.<br />
In Italien gibt es spezielle Antimafia-Staatsanwaltschaften und eine Antimafia-Polizei. Die gehen in voller Härte, z. B. mit carcere duro, vor. Das ist Haft unter ähnlichen Bedingungen wie Nelson Mandela der Freiheit beraubt wurde, also ohne Kontakte, ohne Sport, ohne Bücher. Vor dem europäischen Gerichtshof wurde deshalb schon einmal geklagt.</p>
<p>Wenn unsere Regierung und Justiz nicht sofort den Weichspül-Kurs ablegen, wird das langfristig katastrophale Folgen für Deutschland haben.</p>
<p>&nbsp;</p>
<p><strong>Islamisten und arabische Clans werben Flüchtlinge an</strong><br />
Der Präsident des Bundesamtes für Verfassungsschutz, Hans-Georg Maaßen, warnt vor Versuchen von Islamisten, Flüchtlinge zu werben: &#8222;Salafisten und andere Islamisten versuchen, Flüchtlinge für sich zu gewinnen.&#8220; Viele kämen ohne Familien zu uns und suchten Anschluss. &#8222;Wir haben bereits rund 300 Ansprachversuche gezählt. Sorgen machen mir vor allem die vielen unbegleiteten minderjährigen Flüchtlinge (UMF).&#8220; &#8230;. Die arabischsprachige Moscheenlandschaft sei teils nicht moderat. &#8222;Viele Häuser sind fundamentalistisch geprägt oder aufgrund ihrer salafistischen Ausrichtung gar Beobachtungsobjekt der Verfassungsschutzbehörden&#8220;, so Maaßen. Der Moscheebau werde teils durch saudische Privatspenden gefördert&#8230;. Alles vom 10.4.2016 auf<br />
<a href="https://www.welt.de/politik/deutschland/article154173933/Islamisten-und-arabische-Clans-werben-Fluechtlinge-an.html">https://www.welt.de/politik/deutschland/article154173933/Islamisten-und-arabische-Clans-werben-Fluechtlinge-an.html</a><br />
.<br />
<strong>Frauen geknechtet</strong><br />
Selbst der &#8222;normal gelebte Islam&#8220; unterschlägt den Frauen die Grundrechte wie die freie Wahl der Religion oder des Lebenspartners. Ich meine das all Grundgesetzwidrigen Elemente des Islam bei uns verboten gehören und der Staat mit Nachdruck und hohen Strafen auf mögliche Verstöße reagieren muß. Erst das GG, dann die Religion. Wer das nicht will muß das Land verlassen.<br />
10.4.016, A.Kaiser<br />
.<br />
<strong>Salafistische Anwerber: &#8222;Wir schaffen das&#8220;</strong><br />
Diese Anwerbeversuche der Salafisten gehen doch auch schon seit Monaten. Und letztlich rechne ich mit einem wirklich bösen Ausgang der Sache. Die Heimleiter und das Personal der Zuwandererzeltstätte und Containerdörfer sind doch so schon überwiegend überfordert, sie können sich nicht um jeden einzelnen kümmern. Ich will gerne glauben, das man in so einem Lager irgendwann in gähnende langeweile und stumpfsinn verfällt. Wenn dann ein zwielichtiger Geselle auftaucht, der seinem Glaubens-Bruder und -Schwester in irgendeiner Form wieder Halt gibt, in einem freiheitlichen Land, was stark kon­ser­va­tiv-muslimisch geprägten Menschen vorkommen mag wie Sodom und Gomorra, dann schließen sie sich diesen falschen Freunden an. Das kann noch brandgefährlich werden. Aber es gibt Leute, die sagen, &#8222;Wir schaffen das&#8220;. Schön wäre es, wenn diese Menschen nur von sich reden würden und nicht die Allgemeinheit mit einbeziehen. Und &#8230; endlich mal anpacken, was sie denn schaffen wollen.<br />
104., Marleen Carter</p>

<p>Home &gt;Religion &gt;Islam &gt;Salafismus &nbsp; Berlins arabische Clans rekrutieren in Flüchtlingsheimen (11.4.2016) Islamisten und arabische Clans werben Flüchtlinge an (10.4.2016) IS Sufismus &nbsp; &nbsp; Berlins arabische Clans rekrutieren in Flüchtlingsheimen Kriminelle arabische Großfamilien beherrschen ganze Stadtviertel, vor allem in Berlin. &hellip; <a href="https://www.freiburg-schwarzwald.de/blog/religion/islam/salafismus/">Weiterlesen <span class="meta-nav">&rarr;</span></a></p>
