{"id":59223,"date":"2016-02-10T18:36:14","date_gmt":"2016-02-10T17:36:14","guid":{"rendered":"https:\/\/www.freiburg-schwarzwald.de\/blog\/?page_id=59223"},"modified":"2017-01-23T08:49:59","modified_gmt":"2017-01-23T07:49:59","slug":"fluechtlinge-christen","status":"publish","type":"page","link":"https:\/\/www.freiburg-schwarzwald.de\/blog\/global\/integration\/fluechtlinge-christen\/","title":{"rendered":"Fluechtlinge-Christen"},"content":{"rendered":"<p><a href=\"https:\/\/www.freiburg-schwarzwald.de\/blog\">Home<\/a> &gt;<a title=\"Global\" href=\"https:\/\/www.freiburg-schwarzwald.de\/blog\/global\/\">Global<\/a>\u00a0&gt;<a title=\"Migration\" href=\"https:\/\/www.freiburg-schwarzwald.de\/blog\/global\/migration\/\">Migration<\/a> &gt;<a title=\"Integration\" href=\"https:\/\/www.freiburg-schwarzwald.de\/blog\/global\/integration\/\">Integration<\/a> &gt;Fluechtlinge-Christen<\/p>\n<div id=\"attachment_57601\" style=\"width: 648px\" class=\"wp-caption alignnone\"><a href=\"https:\/\/www.freiburg-schwarzwald.de\/blog\/religion\/islam\/sufismus\/eichen-zarten-wanglerkreuz-dreisamtal-pan151116\/\" rel=\"attachment wp-att-57601\"><img loading=\"lazy\" decoding=\"async\" aria-describedby=\"caption-attachment-57601\" class=\"size-full wp-image-57601\" src=\"https:\/\/www.freiburg-schwarzwald.de\/blog\/wp-content\/uploads\/2015\/11\/eichen-zarten-wanglerkreuz-dreisamtal-pan151116.jpg\" alt=\"Alte Eichen im herbstlichen Dreisamtal zwischen Freiburg-Ebnet und Zarten am 16.11.2015\" width=\"638\" height=\"328\" srcset=\"https:\/\/www.freiburg-schwarzwald.de\/blog\/wp-content\/uploads\/2015\/11\/eichen-zarten-wanglerkreuz-dreisamtal-pan151116.jpg 638w, https:\/\/www.freiburg-schwarzwald.de\/blog\/wp-content\/uploads\/2015\/11\/eichen-zarten-wanglerkreuz-dreisamtal-pan151116-180x92.jpg 180w\" sizes=\"auto, (max-width: 638px) 100vw, 638px\" \/><\/a><p id=\"caption-attachment-57601\" class=\"wp-caption-text\">Alte Eichen im herbstlichen Dreisamtal zwischen Freiburg-Ebnet und Zarten am 16.11.2015<\/p><\/div>\n<ul>\n<li><a href=\"https:\/\/www.freiburg-schwarzwald.de\/blog\/dalai-lama-warnt-arabisierung\/\">https:\/\/www.freiburg-schwarzwald.de\/blog\/dalai-lama-warnt-arabisierung\/<\/a> (2.6.2016)<\/li>\n<li>Sabatina James: Christen m\u00fcssen Christen sch\u00fctzen (29.5.2016)<\/li>\n<li><a href=\"https:\/\/www.freiburg-schwarzwald.de\/blog\/christen-muslime-wohnheime\/\">https:\/\/www.freiburg-schwarzwald.de\/blog\/christen-muslime-wohnheime\/<\/a> (23.5.2016)<\/li>\n<li><a title=\"Luther500\" href=\"https:\/\/www.freiburg-schwarzwald.de\/blog\/religion\/evangelisch\/luther500\/\">Wir brauchen eine zweite Reformation<\/a> &gt;Luther500 (18.4.2016)<\/li>\n<li><a href=\"https:\/\/www.freiburg-schwarzwald.de\/blog\/schutzbeduerftige-als-verfolger\/\">https:\/\/www.freiburg-schwarzwald.de\/blog\/schutzbeduerftige-als-verfolger\/<\/a> (10.2.2016)<\/li>\n<li>Frauen,\u00a0Christen und Homosexuelle fl\u00fcchten aus den Unterk\u00fcnfte (10.2.2016)<\/li>\n<li><a href=\"https:\/\/www.freiburg-schwarzwald.de\/blog\/fluechtlingspolitik-neu-denken\/\">https:\/\/www.freiburg-schwarzwald.de\/blog\/fluechtlingspolitik-neu-denken\/<\/a> (7.2.2016)<\/li>\n<li>Das bedeutet Integration \u2013 ganz einfach (3.2.2016)<\/li>\n<li>Integration gelingt nur \u00fcber Frauen (1.2.2016)<\/li>\n<li><a href=\"https:\/\/www.freiburg-schwarzwald.de\/blog\/integration-und-antisemitismus\/\">https:\/\/www.freiburg-schwarzwald.de\/blog\/integration-und-antisemitismus\/<\/a> (31.1.2016)<\/li>\n<li><a href=\"https:\/\/www.freiburg-schwarzwald.de\/blog\/relativierung-whataboutism\/\">https:\/\/www.freiburg-schwarzwald.de\/blog\/relativierung-whataboutism\/<\/a> (20.1.2016)<\/li>\n<li><a href=\"https:\/\/www.freiburg-schwarzwald.de\/blog\/demokratie-braucht-obergrenze\">https:\/\/www.freiburg-schwarzwald.de\/blog\/demokratie-braucht-obergrenze<\/a>\/ (13.1.2016)<\/li>\n<li><a href=\"https:\/\/www.freiburg-schwarzwald.de\/blog\/diskussionskultur-nach-koeln\/\">https:\/\/www.freiburg-schwarzwald.de\/blog\/diskussionskultur-nach-koeln\/<\/a> (9.1.2016)<\/li>\n<li><a href=\"https:\/\/www.freiburg-schwarzwald.de\/blog\/christenverfolgung-in-nahost\/\">https:\/\/www.freiburg-schwarzwald.de\/blog\/christenverfolgung-in-nahost\/<\/a> (8.12.2014)<\/li>\n<li><\/li>\n<li><a title=\"Christen\" href=\"https:\/\/www.freiburg-schwarzwald.de\/blog\/religion\/christen\/\">Christen<\/a><\/li>\n<li><a title=\"Fluechtlinge\" href=\"https:\/\/www.freiburg-schwarzwald.de\/blog\/global\/integration\/fluechtlinge\/\">Fl\u00fcchtlinge<\/a><\/li>\n<li><a title=\"Fluechtlinge-Chance\" href=\"https:\/\/www.freiburg-schwarzwald.de\/blog\/global\/integration\/fluechtlinge-chance\/\">Fluechtlinge-Chanc<\/a>e<\/li>\n<li><a title=\"Fluechtlinge-Paten\" href=\"https:\/\/www.freiburg-schwarzwald.de\/blog\/global\/integration\/fluechtlinge-paten\/\">Fluechtlinge-Paten<\/a><\/li>\n<li><a title=\"Islam-Reformen\" href=\"https:\/\/www.freiburg-schwarzwald.de\/blog\/religion\/islam\/islam-reformen\/\">Islam-Reformen<\/a><\/li>\n<li><a title=\"Parallelkultur\" href=\"https:\/\/www.freiburg-schwarzwald.de\/blog\/global\/integration\/parallelkultur\/\">Parallelkultur<\/a><\/li>\n<\/ul>\n<p>&nbsp;<\/p>\n<p>Ein christliches M\u00e4dchen sieht sich Morddrohungen gegen\u00fcber, wenn sie nicht zu ihrem muslimischen Entf\u00fchrer zur\u00fcckkehrt, der sie gewaltsam zum Islam bekehrte.<br \/>\nDie Familie eines christlichen M\u00e4dchens, das gekidnappt, vergewaltigt, gezwungen wurde, sich zum Islam zu bekehren und dann gewaltsam mit einem Muslim verheiratet wurde, ist nun bedroht, wenn sie sich weigert, ihre Tochter an ihren Entf\u00fchrer zur\u00fcckzugeben.<br \/>\n2.12.2016, Raymond Ibahim, <a href=\"https:\/\/www.GatestoneInstitute.org\">www.GatestoneInstitute.org<\/a><\/p>\n<p>&nbsp;<\/p>\n<p><strong>Sabatina James: Christen m\u00fcssen Christen sch\u00fctzen<\/strong><br \/>\n\u201eMuslime, die demokratisch sind und unser Grundgesetz akzeptieren, geh\u00f6ren zu Deutschland\u201c, sagt die prominente Islamkritikerin Sabatina James. Doch sie warnt davor, dass mit den Fl\u00fcchtlingen auch Islamisten nach Europa und Deutschland kommen, denn damit gelangten auch \u201eFrauenfeinde\u201c und Feinde unserer demokratischen Gesellschaft ins Land.<br \/>\nJames verweist auf die Gewalt in den Fl\u00fcchtlingsunterk\u00fcnften, unter der auch christliche Fl\u00fcchtlinge zu leiden h\u00e4tten. Sie fragt, warum die Kirchen sich nicht mehr f\u00fcr ihre Glaubensbr\u00fcder engagierten.<br \/>\n29.5.2016<br \/>\n<a href=\"https:\/\/www.sabatina-ev.de\">www.sabatina-ev.de<\/a><\/p>\n<p>&nbsp;<\/p>\n<p><strong>Frauen,\u00a0Christen und Homosexuelle fl\u00fcchten aus den Unterk\u00fcnfte<\/strong>n<br \/>\nIn Fl\u00fcchtlingsheimen kommt es h\u00e4ufig zu schweren Konflikten zwischen verschiedenen Gruppen. <a title=\"Frauenrechte\" href=\"https:\/\/www.freiburg-schwarzwald.de\/blog\/global\/integration\/frauenrechte\/\">Frauen<\/a>, <a title=\"Christen\" href=\"https:\/\/www.freiburg-schwarzwald.de\/blog\/religion\/christen\/\">Christen<\/a> und <a title=\"Homosexualitaet\" href=\"https:\/\/www.freiburg-schwarzwald.de\/blog\/selbsthilfe\/soziales\/homosexualitaet\/\">Homosexuelle<\/a> werden besonders oft attackiert \u2013 und jetzt zum Teil gesondert untergebracht. &#8230;. Zerrissene Bibeln und Beschimpfungen, abgerissene Kreuze und sogar Schl\u00e4ge ins Gesicht: Die Klagen \u00fcber Gewalt in Fl\u00fcchtlingsheimen rei\u00dfen nicht ab. Besonders betroffen von der angespannten Stimmung in vielen beengten Massenunterk\u00fcnften sind Frauen, Homosexuelle und religi\u00f6se Minderheiten (Christen, jesiden). Weil sich in Stuttgart die Berichte christlicher Fl\u00fcchtlinge \u00fcber Schikanen durch muslimische Mitbewohner h\u00e4uften, kommt die Stadt nun Forderungen entgegen, einem Teil dieser Migranten eine neue Unterkunft im Stadtteil Neugereut anzubieten. &#8230;.<br \/>\nAlles vom 10.2.2016 bitte lesen auf<br \/>\n<a href=\"https:\/\/www.welt.de\/politik\/deutschland\/article152043117\/Frauen-und-Christen-fluechten-aus-den-Unterkuenften.html\">https:\/\/www.welt.de\/politik\/deutschland\/article152043117\/Frauen-und-Christen-fluechten-aus-den-Unterkuenften.html<br \/>\n<\/a>\u00a0.<br \/>\n<strong>Petition christlicher Fl\u00fcchtlinge zu einer von Muslimen getrennten Unterbringung<\/strong><br \/>\nDer Leiter des Stuttgarter Sozialamts Stefan Spitz h\u00e4lt nichts von getrennter Unterbringung: \u201eDas ist grunds\u00e4tzlich der falsche Weg. Unsere Unterk\u00fcnfte sind so etwas wie die Vereinten Nationen in klein. Die Leute m\u00fcssen sp\u00e4testens hier lernen, miteinander klarzukommen\u201c. Dabei \u00fcbersieht der Amtsleiter, dass den Christen ihr guter Wille wenig hilft, wenn die anderen muslimischen Bewohner gar nicht gewillt sind, zu lernen und sich zu bem\u00fchen mit den Christen friedlich auszukommen. &#8230;.<br \/>\nDie Petition von Christlichen Fl\u00fcchtlingen vom 26.1.2016 bitte lesen auf<br \/>\n<a href=\"https:\/\/citizengo.org\/de\/pr\/32609-fuer-die-gemeinsame-unterbringung-vertriebener-christen-in-stuttgart-neugereut\">https:\/\/citizengo.org\/de\/pr\/32609-fuer-die-gemeinsame-unterbringung-vertriebener-christen-in-stuttgart-neugereut<\/a><\/p>\n<p><strong>Muslime gegen Frauen, Christen und Homos &#8211; Ehrlichkeit<\/strong><br \/>\n&#8222;In Fl\u00fcchtlingsheimen kommt es h\u00e4ufig zu schweren Konflikten zwischen verschiedenen Gruppen. Frauen, Christen und Homosexuelle werden besonders oft attackiert&#8230;&#8220; Zitat DIE WeLT Wenn Frauen, Christen und Homosexuelle besonders oft attackiert werden, dann kommt es nicht zu Konflikten ZWISCHEN verschiedenen Gruppen, sondern es ist EINE dieser Gruppen, die Frauen, Christen und Homosexuelle attackiert und die schweren Konflikte verursacht. Und diese ist die Gruppe der Muslime. Soviel Genauigkeit und Ehrlichkeit muss schon sein.<br \/>\n10.2.2016<br \/>\n.<\/p>\n<p><strong>Islamische Fl\u00fcchtlinge als Verfolger in Wohnheimen sind keine Fl\u00fcchtlinge<\/strong><br \/>\nDiese Menschen fliehen angeblich vor Krieg und Verfolgung in ihrem Land und kaum sind sie in Deutschland werden von ihnen selbst, wie so sch\u00f6n genannt, andere Gruppen verfolgt. So jetzt werden diese Gruppen voneinander getrennt und alles ist gut oder wie soll man das verstehen? Es wei\u00df doch jeder dass das genau so nicht funktioniert! Wer nicht von Anfang an unsere Werte und das Grundgesetz achtet, wird das auch in Zukunft nicht tun. Mit solchen Ma\u00dfnahmen werden diese Muslime in ihrem Tun doch nur noch best\u00e4rkt.<br \/>\nNoch findet diese Diskriminierung in Fl\u00fcchtlingsheimen statt. Aber lange dauert es wohl nicht mehr,bis da\u00df jeder, der nicht nach der Scharia in Deutschland lebt, diskriminiert wird. Und die Steigerung von Diskriminierung sollte man besonders in Deutschland kennen. Wohin das f\u00fchrt, da\u00df haben wir im letzten Jahrhundert schon erlebt. Es wird sich wiederholen. Da bin ich ganz sicher. Und unsere j\u00fcdischen Mitb\u00fcrger werden es zum 2. Mal in Deutschland erleben. Tja, wer glaubt, dass es nur damals &#8222;Schreibtischt\u00e4ter&#8220; gab, der wird bald eines Besseren belehrt werden&#8230;&#8230;<br \/>\n10.2.2016, Voltaire<br \/>\n.<br \/>\n<strong>Jesiden zum Schutz vor Islamisten-IS an unbekannten Orten in BW untergebracht<\/strong><br \/>\nAllein in Freiburg sollen rund 200 Frauen leben, doch die Adressen der Unterk\u00fcnfte bleiben geheim, weil es laut Staatskanzlei eine &#8222;abstrakte Gef\u00e4hrdung&#8220; geben soll, aber auch, um den f\u00fcr eine Therapie n\u00f6tigen gesch\u00fctzten R\u00fcckzugsraum zu bieten. Der baden-w\u00fcrttembergische Ministerpr\u00e4sident Winfried Kretschmann (Gr\u00fcne) hatte das Sonderprogramm, das insgesamt 1100 weiblichen IS-Opfern helfen soll, initiiert und auch den Gro\u00dfteil der Finanzierung \u00fcber den Landeshaushalt gesichert. Die Frauen aus dem Nordirak und Syrien, viele von ihnen Jesidinnen, wurden durchweg sexuell missbraucht und geschlagen, viele von ihnen wurden wie Sklavinnen gehalten und aus ihren Familien verschleppt.<br \/>\n10.2.2016<\/p>\n<p><strong>Ehefrau von Ehemann verpr\u00fcgelt &#8211; Frau mu\u00df Wohnung verlassen (Gutmensch-Logik)<\/strong><br \/>\nDas ist ein fatales Signal an die Beteiligten, dass wir keine Integration erwarten. Wer in einer Unterkunft andere angreift, der hat dort nichts verloren und ist umgehend in ein Gef\u00e4ngnis zu verbringen. Es ist v\u00f6llig inakzeptabel, dass es die Opfer sind, die noch dem Angriff noch ein zweites Mal behelligt werden durch einen Zwangsumzug. Es ist inakzeptabel, dass der Staat in den Unterk\u00fcnften deutsche Gesetze und Werte nicht durchsetzt. Wenn ein Mann seine Ehefrau verpr\u00fcgelt, wird ja auch nicht die Frau der Wohnung verwiesen.<br \/>\n10.2.2016, Theo<br \/>\n.<br \/>\n<strong>Frauen, Homosexuelle, Andersgl\u00e4ubige &#8211; leider die Unterdr\u00fcckten im Islam<\/strong><br \/>\n&#8222;Frauen und Christen fl\u00fcchten aus den Unterk\u00fcnften. Homosexuelle werden attakiert: Sch\u00f6ne neue Welt.&#8220; Es ist naiv zu glauben, die muslimischen Migranten k\u00f6nnten ihre kulturell-religi\u00f6se Pr\u00e4gung bei der Registrierung in Deutschland ablegen. Wer glaubt noch an eine &#8222;Integration&#8220; einer so gro\u00dfen Zahl von Moslems aus dem arabischen Raum?<br \/>\nWie kann man denn erwarten, dass die internationale Gemeinschaft, weltweit Fluchtursachen bek\u00e4mpft, wenn wir doch im eigenen Land Fluchtgr\u00fcnde haben? Flucht aus dem Fl\u00fcchtlingsheim?Es ist absurd! Wir m\u00fcssten mal anfangen, vor der eigenen T\u00fcr zu kehren!<\/p>\n<p><strong>Fl\u00fcchtlingsunterk\u00fcnfte nach Religionen trennen &#8211; nix Multikulti<\/strong><br \/>\nDiese Wohn-Vermixereien sind von gro\u00dfem \u00dcbel. Unterbringung in homogenen Fl\u00fcchtlingslagern, nach Religionen trennen, nach Herkunft trennen, Reibfl\u00e4chen reduzieren, wo es nur geht, Residenzpflicht einf\u00fchren. Warum ist das so schwer? Warum lernen die MultiKultis nicht endlich um? Sie betreiben ein &#8222;falsches&#8220; Gutsein. Ihr Gutsein f\u00fchrt zu Spannungen, zu Reibfl\u00e4chen, zu Kulturverlust, zu Identit\u00e4tsverlust. Man kann nicht erwachsene Menschen millionenweise umerziehen wollen, was ist das f\u00fcr eine respektlose \u00dcberheblichkeit gegen\u00fcber diesen Menschen? Man muss die vorhandenen Denkstrukturen achten und organisationstechnisch damit RICHTIG umgehen. Und zwar exakt solange bis Frieden ist und sie allesamt zur\u00fcckkehren k\u00f6nnen.<br \/>\n10.2.2016, Ottokar<\/p>\n<p><strong>Unter den m\u00e4nnlichen, schutzsuchenden Verfolgten sind viele Verfolger<\/strong><br \/>\nWas sagt das aus \u00fcber gro\u00dfe Teile der m\u00e4nnlichen &#8222;Schutzsuchenden&#8220; (die die Masse derjenigen ausmachen f\u00fcr die Merkel unsere Grenzen entfernt hat)? Sind das nicht die schutzbed\u00fcrftigen Opfer als die sie uns von unz\u00e4hligen Stimmen in Politik und Medien vermittelt wurden? Aber bleiben die trotzdem? Das Ganze beleuchtet die Sinnhaftigkeit dieser sogenannten Humanit\u00e4t: die wirklich Verfolgten gehen unter in einer Masse, in der sich auch Verfolger befinden. Und die Armen hier m\u00fcssen ihre sch\u00e4bigen Ressourcen mit allen Neuen teilen. Nur aus der Schickeria-Perspektive ist das viellicht human.<br \/>\n10.2.2016, Karl Renz<\/p>\n<p><strong>Nach dem Krieg: Deutschland T\u00e4tervolk &#8211; Syrien Fl\u00fcchtlingsvolk<\/strong><br \/>\nDer Krieg ist umgezogen und manch gescheiterter Welterneuerer aus Syrien, dem Orient oder Maghreb versucht sein Werk nun in Deutschland zu vollenden. Alles andere w\u00e4re ja auch ein globales Novum gewesen. Das Problem ist, dass in Deutschland nur von &#8222;Fl\u00fcchtlingen&#8220; geredet wird &#8211; nie von T\u00e4tern. Darunter vermutlich viele mit multiplen Identit\u00e4ten, die sich vermutlich in der Heimat kaum mehr blicken lassen k\u00f6nnen. Bei der eigenen Bev\u00f6lkerung ist das 70 Jahre nach Kriegsende anders &#8211; wir waren und bleiben kollektiv ein T\u00e4tervolk. F\u00fcr Syrien gelten offenbar andere Gesetze.<br \/>\n10.2.2016<\/p>\n<p>&#8222;Es ist naiv zu glauben, die Migranten k\u00f6nnten ihre kulturell-religi\u00f6se Pr\u00e4gung bei der Registrierung in Deutschland ablegen.&#8220; Nein, das k\u00f6nnen sie nur, wenn sie einen Sprachkurs machen, meinen unsere Gutmenschen.<br \/>\nSie attackieren nicht nur Christen, Frauen und Homosexuelle, sie attackieren sich auch untereinander. Verschiedene Nationalit\u00e4ten gegeneinander, verschiedene Islam-Glaubensrichtungen gegeneinander, verschiedene politische Einstellungen gegeneinander. Es gibt immer einen Grund sich zu attackieren. Schuld sind die beengten Verh\u00e4ltnisse, hab ich geh\u00f6rt &#8211; Schuld sind immer die deutschen Gastgeber, siehe <a title=\"Selbsthass\" href=\"https:\/\/www.freiburg-schwarzwald.de\/blog\/engagement\/zukunft\/selbsthass\/\">Amelie Fried<\/a>. Also 40 qm je Fl\u00fcchtling, und das f\u00fcr 1,3 Mio bitte.<br \/>\n10.2.2016<\/p>\n<p><strong>Probleme mit Frauen und Christen innerhalb des Fl\u00fcchlingsheims &#8211; und sp\u00e4ter au\u00dferhalb?<\/strong><br \/>\nGanz offensichtlich hat zumindest ein &#8222;aktiver&#8220; Anteil der &#8222;Fl\u00fcchtlinge&#8220; aber ganz erhebliche Probleme mit Christen und Frauen INNERHALB der Aufnahmeeinrichtungen und neigt dazu, selbige mit Gewalt l\u00f6sen zu wollen. Na das ist ja toll, stellen doch Frauen und auch Christen einen durchaus recht erheblichen Teil der Bev\u00f6lkerung auch AUSSERHALB besagter Einrichtungen, wie soll das denn werden, wenn diese Fl\u00fcchtlinge die Einrichtungen verlassen und mitten unter uns hmmm &#8222;agieren&#8220;?<br \/>\n10.2.2016<\/p>\n<p><strong>Gated Areas zur Sicherheit &#8211; demn\u00e4chst in D<\/strong><br \/>\nWenn es bei Muslimen im Fl\u00fcchtlingslager nicht funktioniert mit der Toleranz, dann wird es au\u00dferhalb erst recht nicht funktionieren. In L\u00e4ndern wie USA, S\u00fcdafrika, Brasilien und einigen anderen gibt es geschlossen Wohnbereiche mir eigenem Sicherheitsdienst wo Wohlhabende sicher wohnen k\u00f6nnen. Alle anderen m\u00fcssen den Verlust an Sicherheit hinnehmen, auch in Deutschland. Das wird sich auch auf den Tourismus auswirken. Wie leichtfertig hat doch unser Kanzlerin unser aller Sicherheit verspielt. Wir schaffen es ganz sicher nicht. Angela Merkel zeigte sich in Ankara entsetzt \u00fcber die Bombardierung von Aleppo. Sie sollte entsetzt sein \u00fcber den Verfall der inneren Sicherheit in Deutschland. Wie lange noch soll das so gehen?<br \/>\n10.2.2016, Erna<\/p>\n<p>.<\/p>\n<p><strong>Iranisch christliche Fl\u00fcchtlinge zusammengeschlagen<\/strong><\/p>\n<p>Frau Merkel w\u00fcrde den zusammengeschlagenen Iranern jetzt folgendes entgegnen:<br \/>\n&#8222;Aber ich muss ganz ehrlich sagen: Wir haben doch alle Chancen und Freiheiten, uns zu unserer Religion zu bekennen. Und wenn ich etwas vermisse, ist es nicht, dass ich jemandem vorwerfe, dass er sich zu seinem muslimischen Glauben bekennt, sondern dann haben wir doch auch den Mut zu sagen, dass wir Christen sind, haben wir doch den Mut zu sagen, dass wir da in einen Dialog eintreten. Haben wir doch dann aber auch bittesch\u00f6n die Tradition, mal wieder in den Gottesdienst zu gehen, ein bisschen bibelfest zu sein, und vielleicht auch mal ein Bild in der Kirche erkl\u00e4ren zu k\u00f6nnen.&#8220; (Zitat Angela Merkel im September 2015)<br \/>\n19.1.2016, Bj\u00f6rn Ackermann<\/p>\n<p>Werter Ajdin (zum Christentum konvertierter iranischer Fl\u00fcchtling)! Sie m\u00fcssen wissen, da\u00df der Islam zu Deutschland geh\u00f6rt. Manche behaupten gar, Deutschland geh\u00f6re mittlerweile dem Islam, aber so weit will ich nat\u00fcrlich nicht gehen. Sie m\u00fcssen auch wissen, da\u00df Ihnen hier niemand helfen wird, wenn Sie kein Moslem sind. Es st\u00f6rt auch keinen besonders, wenn Muslime Sie zusammenschlagen, denn wir sind angehalten, Toleranz zu \u00fcben. Gegen\u00fcber Muslimen. Und als Christ haben Sie hier ganz einfach schlechte Karten. Weil es immer wniger Christen gibt. Auch, weil die Christen sich selbst hassen. Auch, weil ein Nicht-Moslem sich nicht gegen Muslime wehren darf &#8211; denn das w\u00e4re ja Rassismus. Also leben Sie besser mit Ihren Wunden und freuen Sie sich, da\u00df man Sie \u00fcberhaupt am Leben gelassen hat.<br \/>\nW\u00e4re Ihnen das als Moslem widerfahren, dann w\u00fcrde Ihnen fraglos heute der halbe Bundestag mitf\u00fchlend die H\u00e4nde sch\u00fctteln. So allerdings nicht.<br \/>\nUnd ver\u00f6ffentlichen Sie Ihre Erlebnisse bitte blo\u00df nicht anklagend auf Facebook. Derlei wird hier inzwischen \u00fcberhaupt nicht mehr gesch\u00e4tzt.<br \/>\n19.1.2016 Sallow<\/p>\n","protected":false},"excerpt":{"rendered":"<p>Home &gt;Global\u00a0&gt;Migration &gt;Integration &gt;Fluechtlinge-Christen https:\/\/www.freiburg-schwarzwald.de\/blog\/dalai-lama-warnt-arabisierung\/ (2.6.2016) Sabatina James: Christen m\u00fcssen Christen sch\u00fctzen (29.5.2016) https:\/\/www.freiburg-schwarzwald.de\/blog\/christen-muslime-wohnheime\/ (23.5.2016) Wir brauchen eine zweite Reformation &gt;Luther500 (18.4.2016) https:\/\/www.freiburg-schwarzwald.de\/blog\/schutzbeduerftige-als-verfolger\/ (10.2.2016) Frauen,\u00a0Christen und Homosexuelle fl\u00fcchten aus den Unterk\u00fcnfte (10.2.2016) https:\/\/www.freiburg-schwarzwald.de\/blog\/fluechtlingspolitik-neu-denken\/ (7.2.2016) Das bedeutet Integration \u2013 ganz einfach &hellip; <a href=\"https:\/\/www.freiburg-schwarzwald.de\/blog\/global\/integration\/fluechtlinge-christen\/\">Weiterlesen <span class=\"meta-nav\">&rarr;<\/span><\/a><\/p>\n","protected":false},"author":2,"featured_media":0,"parent":1875,"menu_order":0,"comment_status":"open","ping_status":"closed","template":"","meta":{"footnotes":""},"class_list":["post-59223","page","type-page","status-publish","hentry"],"_links":{"self":[{"href":"https:\/\/www.freiburg-schwarzwald.de\/blog\/wp-json\/wp\/v2\/pages\/59223","targetHints":{"allow":["GET"]}}],"collection":[{"href":"https:\/\/www.freiburg-schwarzwald.de\/blog\/wp-json\/wp\/v2\/pages"}],"about":[{"href":"https:\/\/www.freiburg-schwarzwald.de\/blog\/wp-json\/wp\/v2\/types\/page"}],"author":[{"embeddable":true,"href":"https:\/\/www.freiburg-schwarzwald.de\/blog\/wp-json\/wp\/v2\/users\/2"}],"replies":[{"embeddable":true,"href":"https:\/\/www.freiburg-schwarzwald.de\/blog\/wp-json\/wp\/v2\/comments?post=59223"}],"version-history":[{"count":0,"href":"https:\/\/www.freiburg-schwarzwald.de\/blog\/wp-json\/wp\/v2\/pages\/59223\/revisions"}],"up":[{"embeddable":true,"href":"https:\/\/www.freiburg-schwarzwald.de\/blog\/wp-json\/wp\/v2\/pages\/1875"}],"wp:attachment":[{"href":"https:\/\/www.freiburg-schwarzwald.de\/blog\/wp-json\/wp\/v2\/media?parent=59223"}],"curies":[{"name":"wp","href":"https:\/\/api.w.org\/{rel}","templated":true}]}}