{"id":56936,"date":"2015-10-17T12:16:13","date_gmt":"2015-10-17T10:16:13","guid":{"rendered":"https:\/\/www.freiburg-schwarzwald.de\/blog\/?page_id=56936"},"modified":"2019-10-08T12:12:05","modified_gmt":"2019-10-08T10:12:05","slug":"labyrinth","status":"publish","type":"page","link":"https:\/\/www.freiburg-schwarzwald.de\/blog\/selbsthilfe\/chronisch\/demenz\/labyrinth\/","title":{"rendered":"Labyrinth"},"content":{"rendered":"<p>Home &gt;<a title=\"Selbsthilfe\" href=\"https:\/\/www.freiburg-schwarzwald.de\/blog\/selbsthilfe\/\">Selbsthilfe<\/a> &gt;<a title=\"Chronisch\" href=\"https:\/\/www.freiburg-schwarzwald.de\/blog\/selbsthilfe\/chronisch\/\">Chronisch<\/a> &gt;<a title=\"Senioren\" href=\"https:\/\/www.freiburg-schwarzwald.de\/blog\/selbsthilfe\/senioren\/\">Senioren<\/a> &gt;<a title=\"Demenz\" href=\"https:\/\/www.freiburg-schwarzwald.de\/blog\/selbsthilfe\/chronisch\/demenz\/\">Demenz<\/a> &gt;<a title=\"Wohnen\" href=\"https:\/\/www.freiburg-schwarzwald.de\/blog\/business\/dienste\/immobilien\/wohnen\/\">Wohnen<\/a> &gt;Labyrinth<\/p>\n<div id=\"attachment_57009\" style=\"width: 649px\" class=\"wp-caption alignnone\"><a href=\"https:\/\/www.freiburg-schwarzwald.de\/blog\/global\/integration\/einwanderungsgesetz\/kartaus-bauernhof-pan151021\/\" rel=\"attachment wp-att-57009\"><img loading=\"lazy\" decoding=\"async\" aria-describedby=\"caption-attachment-57009\" class=\"size-full wp-image-57009\" src=\"https:\/\/www.freiburg-schwarzwald.de\/blog\/wp-content\/uploads\/2014\/12\/kartaus-bauernhof-pan151021.jpg\" alt=\"Bauernhof an der Kartaus in Freiburg am 21.10.2015\" width=\"639\" height=\"251\" srcset=\"https:\/\/www.freiburg-schwarzwald.de\/blog\/wp-content\/uploads\/2014\/12\/kartaus-bauernhof-pan151021.jpg 639w, https:\/\/www.freiburg-schwarzwald.de\/blog\/wp-content\/uploads\/2014\/12\/kartaus-bauernhof-pan151021-180x70.jpg 180w\" sizes=\"auto, (max-width: 639px) 100vw, 639px\" \/><\/a><p id=\"caption-attachment-57009\" class=\"wp-caption-text\">Bauernhof an der Kartaus in Freiburg am 21.10.2015<\/p><\/div>\n<ul>\n<li><a title=\"Sutter3KG\" href=\"https:\/\/www.freiburg-schwarzwald.de\/blog\/business\/dienste\/immobilien\/sutter3kg\/\">Sutter3KG \u2013 Einzug am Kunzenhof in Littenweiler<\/a>\u00a0(8.10.2019)<\/li>\n<li><a href=\"https:\/\/www.freiburg-schwarzwald.de\/blog\/demenz-wg-hirschen-15-jahre\/\">https:\/\/www.freiburg-schwarzwald.de\/blog\/demenz-wg-hirschen-15-jahre\/<\/a>\u00a0(6.2.2019)<\/li>\n<li><a href=\"https:\/\/www.freiburg-schwarzwald.de\/kirchzarten5.htm#Birkenhof - Birkenhofscheune in Kirchzarten-Burg\">Birkenhof &#8211; WG f\u00fcr Demente in Kircharten-Burg<\/a> &gt;Kirchzarten5<\/li>\n<li><a href=\"https:\/\/www.freiburg-schwarzwald.de\/littenweiler\/ebnet\/index.htm#Hirschen - WG f\u00fcr Demente\">Hirschen &#8211; WG f\u00fcr Demente in Freiburg-Ebnet<\/a> &gt;Ebnet<\/li>\n<li>V<a href=\"https:\/\/www.freiburg-schwarzwald.de\/demenz1.htm#Verein Labyrinth unterh\u00e4lt zwei WGs ? Ohrw\u00fcrmer mit Benefizkonzert\">erein Labyrinth unterh\u00e4lt zwei WGs \u2013 Ohrw\u00fcrmer mit Benefizkonzert<\/a> &gt;Demenz1 (16.2.2012)<\/li>\n<li><a href=\"https:\/\/www.freiburg-schwarzwald.de\/demenz1.htm#Demenz-WG Ebnet wartet auf Ehrenamtliche ? Zwei Wohnpl\u00e4tze frei\">Demenz-WG Ebnet wartet auf Ehrenamtliche \u2013 Zwei Wohnpl\u00e4tze frei<\/a> &gt;Demenz1 (16.5.2011)<\/li>\n<li><a href=\"https:\/\/www.freiburg-schwarzwald.de\/demenz1.htm#Demenz-WG Birkenhof: Neue Lebensqualit\u00e4t f\u00fcr Christa Mayer\">Demenz-WG Birkenhof: Neue Lebensqualit\u00e4t f\u00fcr Christa Mayer<\/a> &gt;Demenz1 (15.12.2010)<\/li>\n<li><a href=\"https:\/\/www.freiburg-schwarzwald.de\/demenz1.htm#Famili\u00e4re Wohngemeinschaften bei Demenz - Verein Labyrinth\">Famili\u00e4re Wohngemeinschaften bei Demenz &#8211; Verein Labyrinth<\/a> &gt;Demenz1 (27.3.2010)<\/li>\n<li><a href=\"https:\/\/www.freiburg-schwarzwald.de\/littenweiler\/ebnet\/ebnet4.htm#Ebnets Nord-S\u00fcd-Achse - pulsierende Lebensader\">Ebnets Nord-S\u00fcd-Achse &#8211; pulsierende Lebensader<\/a> &gt;Ebnet\/Ebnet4 (20.11.2008)<\/li>\n<li><a href=\"https:\/\/www.freiburg-schwarzwald.de\/ehrenamt4.htm#Demenz-WG im Kirchzarten-Birkenhof sucht Unterst\u00fctzer\">Demenz-WG im Kirchzarten-Birkenhof sucht Unterst\u00fctzer<\/a> &gt;Ehrenamt4 (26.4.2008)<\/li>\n<li><a href=\"https:\/\/www.freiburg-schwarzwald.de\/littenweiler\/frauen1.htm#Krippenprojekt Bethlehem von Andrea - Bazar f\u00fcr FreiRaum\">Krippenprojekt Bethlehem von Andrea &#8211; Bazar f\u00fcr FreiRaum<\/a> &gt;Frauen1 (22.12.2007)<\/li>\n<li><a href=\"https:\/\/www.freiburg-schwarzwald.de\/littenweiler\/burg-birkenhof.htm#Dementen-WG im Birkenhof gut angelaufen\">Dementen-WG im Birkenhof gut angelaufen<\/a> &gt;Burg-Birkenhof (21.12.2007)<\/li>\n<li><a href=\"https:\/\/www.freiburg-schwarzwald.de\/littenweiler\/kirchzarten6.htm#Birkenhofscheune: Sanierung beendet, Tag der Offenen T\u00fcre\">Birkenhofscheune: Sanierung beendet, Tag der Offenen T\u00fcre<\/a> &gt;Kirchzarten6 (23.3.2007)<\/li>\n<li><a href=\"https:\/\/www.freiburg-schwarzwald.de\/littenweiler\/wohnen3.htm#Dementen-WG im Hirschen - leben in kleiner Familie in Ebnet\">Dementen-WG im Hirschen &#8211; leben in kleiner Familie in Ebnet<\/a> &gt;Wohnen3 (1.2.2007)<\/li>\n<li><a href=\"https:\/\/www.freiburg-schwarzwald.de\/littenweiler\/senioren2.htm#Verein Labyrinth: WG f\u00fcr Demenz-Erkrankte in der Birkenhofscheune\">Verein Labyrinth: WG f\u00fcr Demenz-Erkrankte in der Birkenhofscheune<\/a> &gt;Senioren2 (23.10.2006)<\/li>\n<li><\/li>\n<li><strong><a href=\"https:\/\/www.freiburg-dreisamtal.de\/wohnen.htm\">www.freiburg-dreisamtal.de\/wohnen.htm<\/a> &gt;Archivseite<\/strong><\/li>\n<li><a title=\"Demenz-Wohngruppen\" href=\"https:\/\/www.freiburg-schwarzwald.de\/blog\/selbsthilfe\/chronisch\/demenz\/demenz-wohngruppen\/\">Demenz-Wohngruppen<\/a><\/li>\n<li><a title=\"Hirschen-WG\" href=\"https:\/\/www.freiburg-schwarzwald.de\/blog\/business\/dienste\/immobilien\/wohnen\/hirschen-wg\/\">Hirschen-WG in Freiburg-Ebnet<\/a><\/li>\n<li>Birkenhof-WG in Kirchzarten-Burg<\/li>\n<li>Labyrinth e.V.<\/li>\n<li><a title=\"Sutter3KG\" href=\"https:\/\/www.freiburg-schwarzwald.de\/blog\/business\/dienste\/immobilien\/sutter3kg\/\">Sutter3KG<\/a><\/li>\n<\/ul>\n<p>&nbsp;<\/p>\n<p><strong>Hirschen-WG in Freiburg-Ebnet<\/strong><br \/>\nAm 1.\u00a0M\u00e4rz 2004 begann das gemeinsame Leben in dieser Wohngemeinschaft im ersten Stock des ehemaligen \u201eGasthauses zum Hirschen\u201c, das mit umfangreichen Umbauten in ein Wohnhaus verwandelt worden war.\u00a0Die behindertengerecht ausgestattete Wohnung hat eine Gesamtfl\u00e4che von 300\u00a0m\u00b2 und bietet Platz f\u00fcr acht Einzelzimmer (zwischen 13\u00a0m\u00b2 und 26\u00a0m\u00b2). K\u00fcche und Wohnraum sind gro\u00dfz\u00fcgig gestaltet und nur durch tragende S\u00e4ulen voneinander getrennt. Die B\u00e4der befinden sich im Zentrum der Wohnfl\u00e4che \u2013 darum herum k\u00f6nnen die Bewohner unbehindert ihre Rundg\u00e4nge machen. Die gro\u00dfe, sonnige Terrasse wird von allen gern genutzt.<br \/>\n.<br \/>\n<strong>Birkenhof-WG in Kirchzarten-Burg<\/strong><br \/>\nSeit Juni 2007 ist die Wohngemeinschaft in der denkmalgesch\u00fctzten \u201eBirkenhofscheune\u201c beheimatet. Im Haus befinden sich auch mehrere Familienwohnungen und eine Kindergruppe.<br \/>\nDas von Grund auf sanierte historische Geb\u00e4ude ist behindertengerecht ausgestattet. Alte Holzbalken und neue Dachgauben, die viel Licht hereinlassen, sorgen f\u00fcr wohnliche Atmosph\u00e4re. Eine besondere Attraktion ist die gro\u00dfe Terrasse mit Schwarzwaldblick, auf der die Bewohner sich w\u00e4hrend der warmen Jahreszeit im Schatten alter B\u00e4ume zu fr\u00f6hlicher Runde oder zu einem Nickerchen einfinden. Der eigene Blumen- und Kr\u00e4utergarten l\u00e4dt zur Gartenarbeit und zum Verweilen ein.<\/p>\n<p>&nbsp;<\/p>\n<p><strong>Der Alltag in den Wohngemeinschaften<br \/>\n<\/strong>In den beiden WGs leben jeweils acht an Demenz erkrankte Menschen in Einzelzimmern. Die Bewohnerinnen und Bewohner beteiligen sich nach ihren Bed\u00fcrfnissen und F\u00e4higkeiten an der Alltagsgestaltung.<br \/>\nDie Bewohner beziehungsweise deren Angeh\u00f6rige oder gesetzliche Betreuer treffen alle f\u00fcr das Gemeinschaftsleben wichtigen Entscheidungen; sie verwalten die WG selbst. Bewohner bzw. Angeh\u00f6rige w\u00e4hlen gemeinsam einen ambulanten Pflegedienst. Dieser sorgt mit Unterst\u00fctzung von Angeh\u00f6rigen und Ehrenamtlichen rund um die Uhr f\u00fcr Betreuung, hauswirtschaftliche Versorgung und professionelle Pflege der Bewohner.<br \/>\nTags\u00fcber sind immer mindestens eine Pflegefachkraft und eine nicht examinierte Pflegekraft anwesend. Der Nachtwache steht eine Pflegefachkraft als Rufbereitschaft zur Seite. Verein, Angeh\u00f6rige und Pflegeteams tragen gemeinsam Sorge daf\u00fcr, dass die Bewohner bis zum Lebensende in der WG wohnen k\u00f6nnen.<\/p>\n<p><strong>Ehrenamtliche Unterst\u00fctzer sind bei uns gern gesehen!<\/strong><br \/>\nLabyrinth bietet M\u00f6glichkeiten f\u00fcr b\u00fcrgerschaftliches Engagement. Die ehrenamtlichen Mitarbeiter(innen) kommen einmal in der Woche f\u00fcr 2 bis 3 Stunden in die WGs. Sie gehen spazieren oder singen mit den Bewohnern, sie spielen oder lesen vor, sie unterhalten sich beim Anschauen von Fotos \u2026 Sie werden von Mitarbeiterinnen in den Alltag der WG eingef\u00fchrt und weiterhin begleitet.<\/p>\n<p>&nbsp;<\/p>\n<p><strong>Labyrinth e.V.<\/strong><\/p>\n<p><strong>Der Verein Labyrinth &#8230;<br \/>\n<\/strong>ist der ideelle Tr\u00e4ger der Wohngemeinschaften<br \/>\ninitiiert, unterst\u00fctzt und ber\u00e4t die WGs<br \/>\nsorgt f\u00fcr die Verwirklichung anerkannter Qualit\u00e4tsstandards<br \/>\nhilft, den Bestand der WGs zu sichern<br \/>\nf\u00fchrt eine Interessentenliste f\u00fcr die WGs<br \/>\nvertritt die Belange demenzkranker Menschen und ihrer WGs in der \u00d6ffentlichkeit<br \/>\npflegt die regionale und \u00fcberregionale Vernetzung und den Austausch<br \/>\narbeitet mit im Freiburger Modell und in der Alzheimer Gesellschaft Baden-W\u00fcrttemberg<\/p>\n<p>LABYRINTH \u2013 Wohn- und Lebenshilfe f\u00fcr Menschen mit Demenz e.\u00a0V.<br \/>\nPostfach 0903, 79009 Freiburg<br \/>\nTel. 0151-59\u00a009\u00a035\u00a079 (Anrufbeantworter)<br \/>\n<a href=\"mailto:info@labyrinth-freiburg.de\">info@labyrinth-freiburg.de<\/a>,\u00a0Internetseite: <a href=\"https:\/\/www.labyrinth-freiburg.de\">www.labyrinth-freiburg.de<\/a><\/p>\n<p>Spenden sind stets willkommen \u2013 eine Spendenbescheinigung wird ausgestellt. Bankverbindung:<br \/>\nVolksbank Freiburg\u00a0IBAN: DE27 6809 0000 0017 5772 04,\u00a0BIC: GENODE61FR1<\/p>\n<div dir=\"ltr\">\n<div>In dem folgenden\u00a0f\u00fcnfzehnmin\u00fctigen, professionell produzierten Film\u00a0wird der Alltag in unserer Birkenhof-WG f\u00fcr Menschen mit Demenz in Kirchzarten vorgestellt.<\/div>\n<div><a href=\"https:\/\/www.labyrinth-freiburg.de\/content\/film-%E2%80%9Eein-tag-der-wg-birkenhof-kirchzarten-burg%E2%80%9C\"><span style=\"size: 5;\">https:\/\/www.labyrinth-freiburg.de\/content\/film-%E2%80%9Eein-tag-der-wg-birkenhof-kirchzarten-burg%E2%80%9C<\/span><\/a><\/div>\n<div><\/div>\n<\/div>\n","protected":false},"excerpt":{"rendered":"<p>Home &gt;Selbsthilfe &gt;Chronisch &gt;Senioren &gt;Demenz &gt;Wohnen &gt;Labyrinth Sutter3KG \u2013 Einzug am Kunzenhof in Littenweiler\u00a0(8.10.2019) https:\/\/www.freiburg-schwarzwald.de\/blog\/demenz-wg-hirschen-15-jahre\/\u00a0(6.2.2019) Birkenhof &#8211; WG f\u00fcr Demente in Kircharten-Burg &gt;Kirchzarten5 Hirschen &#8211; WG f\u00fcr Demente in Freiburg-Ebnet &gt;Ebnet Verein Labyrinth unterh\u00e4lt zwei WGs \u2013 Ohrw\u00fcrmer mit Benefizkonzert &hellip; <a href=\"https:\/\/www.freiburg-schwarzwald.de\/blog\/selbsthilfe\/chronisch\/demenz\/labyrinth\/\">Weiterlesen <span class=\"meta-nav\">&rarr;<\/span><\/a><\/p>\n","protected":false},"author":2,"featured_media":0,"parent":4266,"menu_order":0,"comment_status":"open","ping_status":"closed","template":"","meta":{"footnotes":""},"class_list":["post-56936","page","type-page","status-publish","hentry"],"_links":{"self":[{"href":"https:\/\/www.freiburg-schwarzwald.de\/blog\/wp-json\/wp\/v2\/pages\/56936","targetHints":{"allow":["GET"]}}],"collection":[{"href":"https:\/\/www.freiburg-schwarzwald.de\/blog\/wp-json\/wp\/v2\/pages"}],"about":[{"href":"https:\/\/www.freiburg-schwarzwald.de\/blog\/wp-json\/wp\/v2\/types\/page"}],"author":[{"embeddable":true,"href":"https:\/\/www.freiburg-schwarzwald.de\/blog\/wp-json\/wp\/v2\/users\/2"}],"replies":[{"embeddable":true,"href":"https:\/\/www.freiburg-schwarzwald.de\/blog\/wp-json\/wp\/v2\/comments?post=56936"}],"version-history":[{"count":0,"href":"https:\/\/www.freiburg-schwarzwald.de\/blog\/wp-json\/wp\/v2\/pages\/56936\/revisions"}],"up":[{"embeddable":true,"href":"https:\/\/www.freiburg-schwarzwald.de\/blog\/wp-json\/wp\/v2\/pages\/4266"}],"wp:attachment":[{"href":"https:\/\/www.freiburg-schwarzwald.de\/blog\/wp-json\/wp\/v2\/media?parent=56936"}],"curies":[{"name":"wp","href":"https:\/\/api.w.org\/{rel}","templated":true}]}}