{"id":56015,"date":"2015-08-17T13:21:29","date_gmt":"2015-08-17T11:21:29","guid":{"rendered":"https:\/\/www.freiburg-schwarzwald.de\/blog\/?page_id=56015"},"modified":"2015-08-17T14:18:13","modified_gmt":"2015-08-17T12:18:13","slug":"tour-hilfe","status":"publish","type":"page","link":"https:\/\/www.freiburg-schwarzwald.de\/blog\/selbsthilfe\/soziales\/tour-hilfe\/","title":{"rendered":"Tour-Hilfe"},"content":{"rendered":"<p>Home &gt;<a title=\"Selbsthilfe\" href=\"https:\/\/www.freiburg-schwarzwald.de\/blog\/selbsthilfe\/\">Selbsthilfe<\/a>\u00a0&gt;<a title=\"Soziales\" href=\"https:\/\/www.freiburg-schwarzwald.de\/blog\/selbsthilfe\/soziales\/\">Soziales<\/a>\u00a0&gt;<a href=\"https:\/\/freiburg-schwarzwald.de\/blog\/vereine\/hilfe\">Hilfe<\/a> &gt;Tour-Hilfe<\/p>\n<div id=\"attachment_56019\" style=\"width: 647px\" class=\"wp-caption alignnone\"><a href=\"https:\/\/www.freiburg-schwarzwald.de\/blog\/selbsthilfe\/soziales\/tour-hilfe\/feigen3reif-pan150809\/\" rel=\"attachment wp-att-56019\"><img loading=\"lazy\" decoding=\"async\" aria-describedby=\"caption-attachment-56019\" class=\"size-full wp-image-56019\" src=\"https:\/\/www.freiburg-schwarzwald.de\/blog\/wp-content\/uploads\/2015\/08\/feigen3reif-pan150809.jpg\" alt=\"Reife Feigen am 9.8.2015 in Freiburg - Feigenbaum an einer Gartenmauer\" width=\"637\" height=\"277\" srcset=\"https:\/\/www.freiburg-schwarzwald.de\/blog\/wp-content\/uploads\/2015\/08\/feigen3reif-pan150809.jpg 637w, https:\/\/www.freiburg-schwarzwald.de\/blog\/wp-content\/uploads\/2015\/08\/feigen3reif-pan150809-180x78.jpg 180w\" sizes=\"auto, (max-width: 637px) 100vw, 637px\" \/><\/a><p id=\"caption-attachment-56019\" class=\"wp-caption-text\">Reife Feigen am 9.8.2015 in Freiburg &#8211; Feigenbaum an einer Gartenmauer<\/p><\/div>\n<ul>\n<li>Tour de Hoffnung &#8211; Radtour f\u00fcr leukaemiekranke Kinder (17.8.2015)<\/li>\n<li><a href=\"https:\/\/www.freiburg-schwarzwald.de\/blog\/europa-ein-rad-viele-radler\/\">https:\/\/www.freiburg-schwarzwald.de\/blog\/europa-ein-rad-viele-radler\/<\/a>\u00a0(14.6.2013)<\/li>\n<li><\/li>\n<li><a title=\"Ride2Live\" href=\"https:\/\/www.freiburg-schwarzwald.de\/blog\/vereine\/hilfe\/ride2live\/\">Ride2Live<\/a><\/li>\n<li><a title=\"Reiseberichte\" href=\"https:\/\/www.freiburg-schwarzwald.de\/blog\/tourismus\/reiseberichte\/\">Reiseberichte<\/a><\/li>\n<li><a title=\"Schlaganfall\" href=\"https:\/\/www.freiburg-schwarzwald.de\/blog\/selbsthilfe\/krise\/schlaganfall\/\">Schlaganfall<\/a><\/li>\n<li><a title=\"Selbsthilfe\" href=\"https:\/\/www.freiburg-schwarzwald.de\/blog\/selbsthilfe\/\">Selbsthilfe<\/a><\/li>\n<\/ul>\n<p>&nbsp;<\/p>\n<p><strong>Eine Tour (Fahrrad, per Pedes, Auto, Trampen, &#8230;) durchf\u00fchren, um zu helfen<\/strong><\/p>\n<p>&nbsp;<\/p>\n<p>&nbsp;<\/p>\n<div>\n<div><strong>Tour de Hoffnung &#8211; Radtour f\u00fcr leukaemiekranke Kinder<\/strong><\/div>\n<div>Bei der &#8222;Tour der Hoffnung&#8220; werden Spenden f\u00fcr leuk\u00e4miekranke Kinder gesammelt. Vor 32 Jahren wurde die Radsportveranstaltung in Gie\u00dfen ins Leben gerufen \u2013 seitdem kamen 32 Millionen Euro Spenden zusammen. In diesem Jahr geht die Tour durch die Ortenau, die Spenden kommen zum Gutteil der Kinderklinik in Freiburg zugute. Deshalb schwingt sich auch deren \u00e4rztliche Direktorin, Charlotte Niemeyer, in den Sattel. Katharina Meyer sprach mit ihr sowie dem Mitorganisator der Tour, dem Offenburger Arzt Jo Schraeder. &#8230;. Alles vom 17.8.2015 auf<br \/>\n<a href=\"https:\/\/www.badische-zeitung.de\/suedwest-1\/tour-der-hoffnung-strampeln-fuer-guten-zweck--109780025.htm\">https:\/\/www.badische-zeitung.de\/suedwest-1\/tour-der-hoffnung-strampeln-fuer-guten-zweck&#8211;109780025.htm<\/a>l<\/div>\n<div><\/div>\n<p>Mittwoch, 19. August:<br \/>\nProlog der Tour in Gie\u00dfen<br \/>\nDonnerstag, 20. August:<br \/>\nStart 10.45 in B\u00fchl, \u00fcber Kappelrodeck und Oberkirch nach Offenburg. Ankunft gegen 17.15 Uhr am Rathausplatz.<br \/>\nFreitag, 21. August:<br \/>\nStart um 10.45 Uhr in Rheinau. In Stra\u00dfburg bekommt das Peloton einen Segen, n\u00e4chste Stopps sind Neuried und Schwanau. Ankunft ab 17 Uhr im Europa-Park.<br \/>\nSamstag, 22. August:<br \/>\nAb 10.15 Uhr von Freudenstadt \u00fcber Alpirsbach, Schiltach, Wolfach nach Gengenbach. Ankunft gegen 16.30 Uhr.<\/p>\n<p>Schirmherrin ist die neunfache Biathlon-Weltmeisterin Petra Behle, Kapit\u00e4n des Feldes mit 200 Fahrern ist der vierfache Radweltmeister Klaus Peter Thaler. B\u00fcrgermeister und Firmenvertreter \u00fcbergeben unterwegs ihre Spenden. Ehrenschirmherren sind die Ministerpr\u00e4sidenten Volker Bouffier (Hessen) und Winfried Kretschmann. Seit mehr als 25 Jahren gehen Spendengelder an die Freiburger Krebsforschung \u2013 laut Veranstalter in den letzten zehn Jahren 420 000 Euro. Diesmal wird unter anderem auch die Freiburger &#8222;Initiative f\u00fcr unsere Kinder und Jugendklinik&#8220; unterst\u00fctzt.<\/p>\n<p>Spenden: Volksbank Mittelhessen, IBAN: DE63 5139 0000 0000 9797 08<br \/>\n<a href=\"https:\/\/www.%20tour-der-hoffung.de\">www. tour-der-hoffung.de<\/a><\/p>\n<\/div>\n","protected":false},"excerpt":{"rendered":"<p>Home &gt;Selbsthilfe\u00a0&gt;Soziales\u00a0&gt;Hilfe &gt;Tour-Hilfe Tour de Hoffnung &#8211; Radtour f\u00fcr leukaemiekranke Kinder (17.8.2015) https:\/\/www.freiburg-schwarzwald.de\/blog\/europa-ein-rad-viele-radler\/\u00a0(14.6.2013) Ride2Live Reiseberichte Schlaganfall Selbsthilfe &nbsp; Eine Tour (Fahrrad, per Pedes, Auto, Trampen, &#8230;) durchf\u00fchren, um zu helfen &nbsp; &nbsp; Tour de Hoffnung &#8211; Radtour f\u00fcr leukaemiekranke Kinder &hellip; <a href=\"https:\/\/www.freiburg-schwarzwald.de\/blog\/selbsthilfe\/soziales\/tour-hilfe\/\">Weiterlesen <span class=\"meta-nav\">&rarr;<\/span><\/a><\/p>\n","protected":false},"author":2,"featured_media":0,"parent":42,"menu_order":0,"comment_status":"open","ping_status":"closed","template":"","meta":{"footnotes":""},"class_list":["post-56015","page","type-page","status-publish","hentry"],"_links":{"self":[{"href":"https:\/\/www.freiburg-schwarzwald.de\/blog\/wp-json\/wp\/v2\/pages\/56015","targetHints":{"allow":["GET"]}}],"collection":[{"href":"https:\/\/www.freiburg-schwarzwald.de\/blog\/wp-json\/wp\/v2\/pages"}],"about":[{"href":"https:\/\/www.freiburg-schwarzwald.de\/blog\/wp-json\/wp\/v2\/types\/page"}],"author":[{"embeddable":true,"href":"https:\/\/www.freiburg-schwarzwald.de\/blog\/wp-json\/wp\/v2\/users\/2"}],"replies":[{"embeddable":true,"href":"https:\/\/www.freiburg-schwarzwald.de\/blog\/wp-json\/wp\/v2\/comments?post=56015"}],"version-history":[{"count":0,"href":"https:\/\/www.freiburg-schwarzwald.de\/blog\/wp-json\/wp\/v2\/pages\/56015\/revisions"}],"up":[{"embeddable":true,"href":"https:\/\/www.freiburg-schwarzwald.de\/blog\/wp-json\/wp\/v2\/pages\/42"}],"wp:attachment":[{"href":"https:\/\/www.freiburg-schwarzwald.de\/blog\/wp-json\/wp\/v2\/media?parent=56015"}],"curies":[{"name":"wp","href":"https:\/\/api.w.org\/{rel}","templated":true}]}}