{"id":53551,"date":"2015-03-11T10:27:45","date_gmt":"2015-03-11T09:27:45","guid":{"rendered":"https:\/\/www.freiburg-schwarzwald.de\/blog\/?page_id=53551"},"modified":"2025-07-27T09:25:56","modified_gmt":"2025-07-27T07:25:56","slug":"aleviten","status":"publish","type":"page","link":"https:\/\/www.freiburg-schwarzwald.de\/blog\/religion\/aleviten\/","title":{"rendered":"Aleviten"},"content":{"rendered":"<p><a href=\"https:\/\/freiburg-schwarzwald.de\/blog\">Home<\/a> &gt;<a title=\"Religion\" href=\"https:\/\/www.freiburg-schwarzwald.de\/blog\/religion\/\">Religion<\/a> &gt;<a title=\"Islam\" href=\"https:\/\/www.freiburg-schwarzwald.de\/blog\/religion\/islam\/\">Islam<\/a>\u00a0&gt;Aleviten<\/p>\n<div id=\"attachment_51158\" style=\"width: 651px\" class=\"wp-caption alignnone\"><a href=\"https:\/\/www.freiburg-schwarzwald.de\/blog\/global\/iran\/yazd3tuermedesschweigens-pan141014\/\" rel=\"attachment wp-att-51158\"><img loading=\"lazy\" decoding=\"async\" aria-describedby=\"caption-attachment-51158\" class=\"size-full wp-image-51158\" src=\"https:\/\/www.freiburg-schwarzwald.de\/blog\/wp-content\/uploads\/2012\/04\/yazd3tuermedesschweigens-pan141014.jpg\" alt=\"Blick auf Yazd von den Tuermen des Schweigens aus am 13.10.2014\" width=\"641\" height=\"257\" srcset=\"https:\/\/www.freiburg-schwarzwald.de\/blog\/wp-content\/uploads\/2012\/04\/yazd3tuermedesschweigens-pan141014.jpg 641w, https:\/\/www.freiburg-schwarzwald.de\/blog\/wp-content\/uploads\/2012\/04\/yazd3tuermedesschweigens-pan141014-180x72.jpg 180w, https:\/\/www.freiburg-schwarzwald.de\/blog\/wp-content\/uploads\/2012\/04\/yazd3tuermedesschweigens-pan141014-640x256.jpg 640w\" sizes=\"auto, (max-width: 641px) 100vw, 641px\" \/><\/a><p id=\"caption-attachment-51158\" class=\"wp-caption-text\">Blick auf Yazd von den Tuermen des Schweigens aus am 13.10.2014<\/p><\/div>\n<ul>\n<li><em>Listenauswahl eines Beitrags (Artikel\/Datum, Seite\/Inhalt):\u00a0<span style=\"text-decoration: underline;\">Klicken<\/span>\u00a0oder scrollen<\/em><\/li>\n<li><a href=\"https:\/\/www.freiburg-schwarzwald.de\/blog\/drusen-ermordet-berlin-jubelt\/\">Drusen ermordet \u2013 Berlin jubelt<\/a>\u00a0(23.7.2025)<\/li>\n<li><a href=\"https:\/\/www.freiburg-schwarzwald.de\/blog\/global\/integration\/illerkirchberg-messermord05-12-2022\/\">Mord von Illerkirchberg: Blick in die Augen der Familie<\/a> (16.12.2022)<\/li>\n<li><a title=\"Deutschtuerken\" href=\"https:\/\/www.freiburg-schwarzwald.de\/blog\/global\/integration\/deutschtuerken\/\">Aleviten in Deutschland unterst\u00fctzen<\/a> (28.7.2016)<\/li>\n<li>Muslimin Muhterem Aras Landtagspr\u00e4sidentin eines christlichen Landes (18.5.2016)<\/li>\n<li>Alevitische Gemeinde Freiburg<\/li>\n<li>Aleviten bzw. Alawiten<\/li>\n<li>Alevitische F\u00f6deration der Ehli Beyt in Europa<\/li>\n<li>Alevitisch-Islamische Union in Deutschland (AAIB)<\/li>\n<li><\/li>\n<li><a title=\"Deutschtuerken\" href=\"https:\/\/www.freiburg-schwarzwald.de\/blog\/global\/integration\/deutschtuerken\/\">Deutschtuerken<\/a><\/li>\n<li><a href=\"https:\/\/www.freiburg-schwarzwald.de\/blog\/global\/integration\/illerkirchberg-messermord05-12-2022\/\">Illerkirchberg-Messermord05-12-2022<\/a><\/li>\n<li><a title=\"Islam-Organisationen\" href=\"https:\/\/www.freiburg-schwarzwald.de\/blog\/religion\/islam\/islam-organisationen\/\">Islam-Organisationen<\/a><\/li>\n<\/ul>\n<p>&nbsp;<\/p>\n<p>&nbsp;<\/p>\n<p>&nbsp;<\/p>\n<p><strong>Muslimin Muhterem Aras Landtagspr\u00e4sidentin eines christlichen Landes<br \/>\n<\/strong>Muhterem Aras (Gr\u00fcne) ist eine gro\u00dfartige Frau, die sich als Alevitin auch in Deutschland vielen Anfeindungen &#8211; vor allem von streng islamische Seite (Sunniten, Schiiten) her &#8211; ausgesetzt sieht und in Baden-W\u00fcrttemberg vehement f\u00fcr die Demokratie einsetzt.<br \/>\nDie oft in der Presse zu lesenden Aussagen sind doppelt falsch:<br \/>\n1) Die neue BW-Landtagspr\u00e4sidentin Muhterem Aras ist Alevitin, also keine Muslimin. Die Aleviten werden vom sunnitischen Islam als Ketzer und Sektierer abgewiesen und auch verfolgt.<br \/>\n2)\u00a0Deutschland sollte man nicht als christliches Land bezeichnen (schlie\u00dflich bilden die Konfessionsfreien mit \u00fcber 40% die gr\u00f6\u00dfte &#8218;Glaubensgemeinschaft&#8216;), sondern als ein von einer christlichen Tradition gepr\u00e4gtes Land. Deutschland ist ohne das Christentum nicht erkl\u00e4rbar &#8211; \u00a0ohne den Islam aber schon, da der Islam keine Spuren in der deutschen Identit\u00e4t hinterlassen hat.<br \/>\n.<\/p>\n<p><strong>Der Glaube ist Privatsache<\/strong><br \/>\nMuhterem Aras hei\u00dft die neue Pr\u00e4sidentin des baden-w\u00fcrttembergischen Landtags, und sie sagte vor Jahren dem Magazin der Islam-Konferenz, Religion habe in ihrer Familie nie eine gro\u00dfe Rolle gespielt, sie spiele bis heute in ihrem Alltag keine Rolle. Muhterem Aras ist Alevitin, eine sehr tolerante Richtung des Islam. Aras\u2019 Kinder besuchen in Stuttgart den christlichen Religionsunterricht. &#8230;.<br \/>\nAlles vom 18.5.2016 bitte lesen auf<br \/>\n<a href=\"https:\/\/www.badische-zeitung.de\/kommentare-1\/religion-und-politik-der-glaube-ist-privatsache--122174796.html\">https:\/\/www.badische-zeitung.de\/kommentare-1\/religion-und-politik-der-glaube-ist-privatsache&#8211;122174796.html<\/a><\/p>\n<p>I<\/p>\n<p>&nbsp;<\/p>\n<p><strong>Alevitische Gemeinde Freiburg<\/strong><\/p>\n<p><span class=\"ngBold\">Die Alevitische Gemeinde wurde 2014 gegr\u00fcndet mit 120 Mitgliedern.<br \/>\nMitgliedsbeitrag:<span class=\"Apple-converted-space\"><span style=\"font-family: Verdana;\">\u00a0<\/span><\/span>20 Euro\/Monat, erm\u00e4\u00dfigt 10 Euro, f\u00fcr Familien 30 Euro.<\/span><\/p>\n<p>Folklore (samstags 14 bis 15 Uhr), Semah (Glaubensritual, sonntags 16 bis 17 Uhr),<br \/>\nSaz (Gitarreunterricht: sonntags 12 bis 14 Uhr),<br \/>\nEnglischunterricht (sonntags 10.30 bis 11 Uhr),<br \/>\nSch\u00fcler-Nachhilfe (Mathematik, Franz\u00f6sisch, Deutsch, samstags ab 12 Uhr).<br \/>\nDemn\u00e4chst: T\u00fcrkischunterricht und Theatergruppe.<\/p>\n<p>Alevitische Gemeinde, Heckerstra\u00dfe 29,<span class=\"Apple-converted-space\"><span style=\"font-family: Verdana;\">\u00a0Tel <\/span><\/span>0761\/88861916,<br \/>\n<a class=\"ngLink\" title=\"\" href=\"https:\/\/www.freiburg-akm.de\/\" target=\"_blank\" rel=\"noopener\">https:\/\/www.freiburg-akm.de<\/a><\/p>\n<p>Freiburg Alevi K\u00fclt\u00fcr Dergah\u0131<br \/>\n<a href=\"https:\/\/de-de.facebook.com\/FreiburgAleviKulturDergahi\/\">https:\/\/de-de.facebook.com\/FreiburgAleviKulturDergahi\/<\/a><\/p>\n<p>Alevitische Jugend Freiburg <a href=\"https:\/\/www.facebook.com\/alevitischejugendfreiburg\/videos\/semah-kursumuzdan-sonra-tabi-halaysiz-olmaz-\/239878749803982\/\">https:\/\/www.facebook.com\/alevitischejugendfreiburg\/videos\/semah-kursumuzdan-sonra-tabi-halaysiz-olmaz-\/239878749803982\/<\/a><\/p>\n<p>&nbsp;<\/p>\n<p><strong>Aleviten<\/strong><br \/>\nDie Aleviten werden teils zum Islam zugeh\u00f6rig betrachtet, teils als eigene Religion. Das Alevitentum ist viel \u00e4lter als der Islam und anerkennt die vollen Frauenrechte: Gleichberechtigung von Mann und Frau, im Gebetsraum beten alle Geschlechter zusammen (anders als in der Moschee), Kein Kopftuchzwang, Vorsitzende der Freiburger Alevitengemeinde ist eine Frau (Saadet Aksu, 46).<br \/>\nDie Aleviten wurden\/werden immer wieder von Sunniten wie Schiiten als Abtr\u00fcnnige verfolgt. Auch der IS verfolgt die Aleviten als Ungl\u00e4ubige.<br \/>\nDie \u00fcber 500.000 Aleviten in Deutschland gelten hinsichtlich Toleranz und Gleichberechtigung Mann-Frau als &#8222;modern&#8220;.<\/p>\n<p>&nbsp;<\/p>\n<p><strong>Alevitische F\u00f6deration der Ehli Beyt in Europa<\/strong><br \/>\n<strong>Alevitisch-Islamische Union in Deutschland (AAIB)<\/strong><\/p>\n","protected":false},"excerpt":{"rendered":"<p>Home &gt;Religion &gt;Islam\u00a0&gt;Aleviten Listenauswahl eines Beitrags (Artikel\/Datum, Seite\/Inhalt):\u00a0Klicken\u00a0oder scrollen Drusen ermordet \u2013 Berlin jubelt\u00a0(23.7.2025) Mord von Illerkirchberg: Blick in die Augen der Familie (16.12.2022) Aleviten in Deutschland unterst\u00fctzen (28.7.2016) Muslimin Muhterem Aras Landtagspr\u00e4sidentin eines christlichen Landes (18.5.2016) Alevitische Gemeinde Freiburg &hellip; <a href=\"https:\/\/www.freiburg-schwarzwald.de\/blog\/religion\/aleviten\/\">Weiterlesen <span class=\"meta-nav\">&rarr;<\/span><\/a><\/p>\n","protected":false},"author":2,"featured_media":0,"parent":171,"menu_order":0,"comment_status":"open","ping_status":"closed","template":"","meta":{"footnotes":""},"class_list":["post-53551","page","type-page","status-publish","hentry"],"_links":{"self":[{"href":"https:\/\/www.freiburg-schwarzwald.de\/blog\/wp-json\/wp\/v2\/pages\/53551","targetHints":{"allow":["GET"]}}],"collection":[{"href":"https:\/\/www.freiburg-schwarzwald.de\/blog\/wp-json\/wp\/v2\/pages"}],"about":[{"href":"https:\/\/www.freiburg-schwarzwald.de\/blog\/wp-json\/wp\/v2\/types\/page"}],"author":[{"embeddable":true,"href":"https:\/\/www.freiburg-schwarzwald.de\/blog\/wp-json\/wp\/v2\/users\/2"}],"replies":[{"embeddable":true,"href":"https:\/\/www.freiburg-schwarzwald.de\/blog\/wp-json\/wp\/v2\/comments?post=53551"}],"version-history":[{"count":5,"href":"https:\/\/www.freiburg-schwarzwald.de\/blog\/wp-json\/wp\/v2\/pages\/53551\/revisions"}],"predecessor-version":[{"id":136944,"href":"https:\/\/www.freiburg-schwarzwald.de\/blog\/wp-json\/wp\/v2\/pages\/53551\/revisions\/136944"}],"up":[{"embeddable":true,"href":"https:\/\/www.freiburg-schwarzwald.de\/blog\/wp-json\/wp\/v2\/pages\/171"}],"wp:attachment":[{"href":"https:\/\/www.freiburg-schwarzwald.de\/blog\/wp-json\/wp\/v2\/media?parent=53551"}],"curies":[{"name":"wp","href":"https:\/\/api.w.org\/{rel}","templated":true}]}}

<p><a href="https://freiburg-schwarzwald.de/blog">Home</a> &gt;<a title="Religion" href="https://www.freiburg-schwarzwald.de/blog/religion/">Religion</a> &gt;<a title="Islam" href="https://www.freiburg-schwarzwald.de/blog/religion/islam/">Islam</a> &gt;Aleviten</p>
<div id="attachment_51158" style="width: 651px" class="wp-caption alignnone"><a href="https://www.freiburg-schwarzwald.de/blog/global/iran/yazd3tuermedesschweigens-pan141014/" rel="attachment wp-att-51158"><img loading="lazy" decoding="async" aria-describedby="caption-attachment-51158" class="size-full wp-image-51158" src="https://www.freiburg-schwarzwald.de/blog/wp-content/uploads/2012/04/yazd3tuermedesschweigens-pan141014.jpg" alt="Blick auf Yazd von den Tuermen des Schweigens aus am 13.10.2014" width="641" height="257" srcset="https://www.freiburg-schwarzwald.de/blog/wp-content/uploads/2012/04/yazd3tuermedesschweigens-pan141014.jpg 641w, https://www.freiburg-schwarzwald.de/blog/wp-content/uploads/2012/04/yazd3tuermedesschweigens-pan141014-180x72.jpg 180w, https://www.freiburg-schwarzwald.de/blog/wp-content/uploads/2012/04/yazd3tuermedesschweigens-pan141014-640x256.jpg 640w" sizes="auto, (max-width: 641px) 100vw, 641px" /></a><p id="caption-attachment-51158" class="wp-caption-text">Blick auf Yazd von den Tuermen des Schweigens aus am 13.10.2014</p></div>
<ul>
<li><em>Listenauswahl eines Beitrags (Artikel/Datum, Seite/Inhalt): <span style="text-decoration: underline;">Klicken</span> oder scrollen</em></li>
<li><a href="https://www.freiburg-schwarzwald.de/blog/drusen-ermordet-berlin-jubelt/">Drusen ermordet – Berlin jubelt</a> (23.7.2025)</li>
<li><a href="https://www.freiburg-schwarzwald.de/blog/global/integration/illerkirchberg-messermord05-12-2022/">Mord von Illerkirchberg: Blick in die Augen der Familie</a> (16.12.2022)</li>
<li><a title="Deutschtuerken" href="https://www.freiburg-schwarzwald.de/blog/global/integration/deutschtuerken/">Aleviten in Deutschland unterstützen</a> (28.7.2016)</li>
<li>Muslimin Muhterem Aras Landtagspräsidentin eines christlichen Landes (18.5.2016)</li>
<li>Alevitische Gemeinde Freiburg</li>
<li>Aleviten bzw. Alawiten</li>
<li>Alevitische Föderation der Ehli Beyt in Europa</li>
<li>Alevitisch-Islamische Union in Deutschland (AAIB)</li>
<li></li>
<li><a title="Deutschtuerken" href="https://www.freiburg-schwarzwald.de/blog/global/integration/deutschtuerken/">Deutschtuerken</a></li>
<li><a href="https://www.freiburg-schwarzwald.de/blog/global/integration/illerkirchberg-messermord05-12-2022/">Illerkirchberg-Messermord05-12-2022</a></li>
<li><a title="Islam-Organisationen" href="https://www.freiburg-schwarzwald.de/blog/religion/islam/islam-organisationen/">Islam-Organisationen</a></li>
</ul>
<p>&nbsp;</p>
<p>&nbsp;</p>
<p>&nbsp;</p>
<p><strong>Muslimin Muhterem Aras Landtagspräsidentin eines christlichen Landes<br />
</strong>Muhterem Aras (Grüne) ist eine großartige Frau, die sich als Alevitin auch in Deutschland vielen Anfeindungen &#8211; vor allem von streng islamische Seite (Sunniten, Schiiten) her &#8211; ausgesetzt sieht und in Baden-Württemberg vehement für die Demokratie einsetzt.<br />
Die oft in der Presse zu lesenden Aussagen sind doppelt falsch:<br />
1) Die neue BW-Landtagspräsidentin Muhterem Aras ist Alevitin, also keine Muslimin. Die Aleviten werden vom sunnitischen Islam als Ketzer und Sektierer abgewiesen und auch verfolgt.<br />
2) Deutschland sollte man nicht als christliches Land bezeichnen (schließlich bilden die Konfessionsfreien mit über 40% die größte &#8218;Glaubensgemeinschaft&#8216;), sondern als ein von einer christlichen Tradition geprägtes Land. Deutschland ist ohne das Christentum nicht erklärbar &#8211;  ohne den Islam aber schon, da der Islam keine Spuren in der deutschen Identität hinterlassen hat.<br />
.</p>
<p><strong>Der Glaube ist Privatsache</strong><br />
Muhterem Aras heißt die neue Präsidentin des baden-württembergischen Landtags, und sie sagte vor Jahren dem Magazin der Islam-Konferenz, Religion habe in ihrer Familie nie eine große Rolle gespielt, sie spiele bis heute in ihrem Alltag keine Rolle. Muhterem Aras ist Alevitin, eine sehr tolerante Richtung des Islam. Aras’ Kinder besuchen in Stuttgart den christlichen Religionsunterricht. &#8230;.<br />
Alles vom 18.5.2016 bitte lesen auf<br />
<a href="https://www.badische-zeitung.de/kommentare-1/religion-und-politik-der-glaube-ist-privatsache--122174796.html">https://www.badische-zeitung.de/kommentare-1/religion-und-politik-der-glaube-ist-privatsache&#8211;122174796.html</a></p>
<p>I</p>
<p>&nbsp;</p>
<p><strong>Alevitische Gemeinde Freiburg</strong></p>
<p><span class="ngBold">Die Alevitische Gemeinde wurde 2014 gegründet mit 120 Mitgliedern.<br />
Mitgliedsbeitrag:<span class="Apple-converted-space"><span style="font-family: Verdana;"> </span></span>20 Euro/Monat, ermäßigt 10 Euro, für Familien 30 Euro.</span></p>
<p>Folklore (samstags 14 bis 15 Uhr), Semah (Glaubensritual, sonntags 16 bis 17 Uhr),<br />
Saz (Gitarreunterricht: sonntags 12 bis 14 Uhr),<br />
Englischunterricht (sonntags 10.30 bis 11 Uhr),<br />
Schüler-Nachhilfe (Mathematik, Französisch, Deutsch, samstags ab 12 Uhr).<br />
Demnächst: Türkischunterricht und Theatergruppe.</p>
<p>Alevitische Gemeinde, Heckerstraße 29,<span class="Apple-converted-space"><span style="font-family: Verdana;"> Tel </span></span>0761/88861916,<br />
<a class="ngLink" title="" href="https://www.freiburg-akm.de/" target="_blank" rel="noopener">https://www.freiburg-akm.de</a></p>
<p>Freiburg Alevi Kültür Dergahı<br />
<a href="https://de-de.facebook.com/FreiburgAleviKulturDergahi/">https://de-de.facebook.com/FreiburgAleviKulturDergahi/</a></p>
<p>Alevitische Jugend Freiburg <a href="https://www.facebook.com/alevitischejugendfreiburg/videos/semah-kursumuzdan-sonra-tabi-halaysiz-olmaz-/239878749803982/">https://www.facebook.com/alevitischejugendfreiburg/videos/semah-kursumuzdan-sonra-tabi-halaysiz-olmaz-/239878749803982/</a></p>
<p>&nbsp;</p>
<p><strong>Aleviten</strong><br />
Die Aleviten werden teils zum Islam zugehörig betrachtet, teils als eigene Religion. Das Alevitentum ist viel älter als der Islam und anerkennt die vollen Frauenrechte: Gleichberechtigung von Mann und Frau, im Gebetsraum beten alle Geschlechter zusammen (anders als in der Moschee), Kein Kopftuchzwang, Vorsitzende der Freiburger Alevitengemeinde ist eine Frau (Saadet Aksu, 46).<br />
Die Aleviten wurden/werden immer wieder von Sunniten wie Schiiten als Abtrünnige verfolgt. Auch der IS verfolgt die Aleviten als Ungläubige.<br />
Die über 500.000 Aleviten in Deutschland gelten hinsichtlich Toleranz und Gleichberechtigung Mann-Frau als &#8222;modern&#8220;.</p>
<p>&nbsp;</p>
<p><strong>Alevitische Föderation der Ehli Beyt in Europa</strong><br />
<strong>Alevitisch-Islamische Union in Deutschland (AAIB)</strong></p>

<p>Home &gt;Religion &gt;Islam &gt;Aleviten Listenauswahl eines Beitrags (Artikel/Datum, Seite/Inhalt): Klicken oder scrollen Drusen ermordet – Berlin jubelt (23.7.2025) Mord von Illerkirchberg: Blick in die Augen der Familie (16.12.2022) Aleviten in Deutschland unterstützen (28.7.2016) Muslimin Muhterem Aras Landtagspräsidentin eines christlichen Landes (18.5.2016) Alevitische Gemeinde Freiburg &hellip; <a href="https://www.freiburg-schwarzwald.de/blog/religion/aleviten/">Weiterlesen <span class="meta-nav">&rarr;</span></a></p>
