{"id":5337,"date":"2012-06-21T15:36:06","date_gmt":"2012-06-21T15:36:06","guid":{"rendered":"https:\/\/www.freiburg-schwarzwald.de\/blog\/?page_id=5337"},"modified":"2014-11-28T16:59:08","modified_gmt":"2014-11-28T15:59:08","slug":"kinderschutzbund","status":"publish","type":"page","link":"https:\/\/www.freiburg-schwarzwald.de\/blog\/selbsthilfe\/kinder\/kinderschutzbund\/","title":{"rendered":"Kinderschutzbund"},"content":{"rendered":"<p>Home &gt;<a title=\"Selbsthilfe\" href=\"https:\/\/www.freiburg-schwarzwald.de\/blog\/selbsthilfe\/\">Selbsthilfe<\/a> &gt;<a title=\"Kinder\" href=\"https:\/\/www.freiburg-schwarzwald.de\/blog\/selbsthilfe\/kinder\/\">Kinder<\/a> &gt;Kinderschutzbund<\/p>\n<div id=\"attachment_5346\" style=\"width: 647px\" class=\"wp-caption alignnone\"><a href=\"https:\/\/www.freiburg-schwarzwald.de\/blog\/natur\/nano\/blumenwiese25pan120621\/\" rel=\"attachment wp-att-5346\"><img loading=\"lazy\" decoding=\"async\" aria-describedby=\"caption-attachment-5346\" class=\"size-full wp-image-5346\" title=\"blumenwiese25pan120621\" src=\"https:\/\/www.freiburg-schwarzwald.de\/blog\/wp-content\/uploads\/2012\/06\/blumenwiese25pan120621.jpg\" alt=\"\" width=\"637\" height=\"216\" srcset=\"https:\/\/www.freiburg-schwarzwald.de\/blog\/wp-content\/uploads\/2012\/06\/blumenwiese25pan120621.jpg 637w, https:\/\/www.freiburg-schwarzwald.de\/blog\/wp-content\/uploads\/2012\/06\/blumenwiese25pan120621-180x61.jpg 180w\" sizes=\"auto, (max-width: 637px) 100vw, 637px\" \/><\/a><p id=\"caption-attachment-5346\" class=\"wp-caption-text\">Blumenwiese am 21.6.2012<\/p><\/div>\n<ul>\n<li><a href=\"https:\/\/www.freiburg-schwarzwald.de\/blog\/kinderschutzbund-freiburg-40\/\">https:\/\/www.freiburg-schwarzwald.de\/blog\/kinderschutzbund-freiburg-40\/<\/a> (28.11.2014)<\/li>\n<li><a href=\"https:\/\/www.freiburg-schwarzwald.de\/blog\/begleiteter-umgang-kinderschutz\/\">https:\/\/www.freiburg-schwarzwald.de\/blog\/begleiteter-umgang-kinderschutz\/<\/a>\u00a0(6.11.2013)<\/li>\n<li><a href=\"https:\/\/www.freiburg-schwarzwald.de\/blog\/weltkindertag-22-9-im-seepark\/\">https:\/\/www.freiburg-schwarzwald.de\/blog\/weltkindertag-22-9-im-seepark\/<\/a>\u00a0(18.9.2013)<\/li>\n<li><a href=\"https:\/\/www.freiburg-schwarzwald.de\/blog\/safer-internet-day-elterntelefon\/\">https:\/\/www.freiburg-schwarzwald.de\/blog\/safer-internet-day-elterntelefon\/<\/a>\u00a0(31.1.2013)<\/li>\n<li><a href=\"https:\/\/www.frsw.de\/kinder4.htm#Kinderschutzbund Freiburg sucht neue ehrenamtliche Mitarbeiter\">Kinderschutzbund Freiburg sucht neue ehrenamtliche Mitarbeiter<\/a> &gt;Kinder4 (12.5.2011)<\/li>\n<li><a href=\"https:\/\/www.frsw.de\/littenweiler\/kinder3.htm#Kinderarzt Lothar Schuchmann im Freiburger Gemeinderat\">Kinderarzt Lothar Schuchmann im Freiburger Gemeinderat<\/a> &gt;Kinder3 (21.8.2009)<\/li>\n<li><a href=\"https:\/\/www.frsw.de\/littenweiler\/soziales4.htm#Fritz-Munder-Preis f\u00fcr soziales Engagement f\u00fcr neun Initiativen\">Fritz-Munder-Preis f\u00fcr soziales Engagement f\u00fcr neun Initiativen<\/a> &gt;Soziales4 (10.10.2008)<\/li>\n<li><a href=\"https:\/\/www.frsw.de\/armut.htm#5000 Kinder und ihre Familien in Freiburg sind arm\">5000 Kinder und ihre Familien in Freiburg sind arm<\/a> &gt;Armut (12.3.2008)<\/li>\n<li><a href=\"https:\/\/www.frsw.de\/emmendingen1.htm#30 Jahre Kinderschutzbund: Familienzentrum im B\u00fcrkle\/Bleiche\">30 Jahre Kinderschutzbund: Familienzentrum im B\u00fcrkle\/Bleiche<\/a> &gt;Emmendingen1 (2.2.2008)<\/li>\n<li><a href=\"https:\/\/www.frsw.de\/kinder3.htm#Misshandlungen: Wird f\u00fcr die Kinder Datenschutz zum T\u00e4terschutz\">Misshandlungen: Wird f\u00fcr die Kinder Datenschutz zum T\u00e4terschutz?<\/a> &gt;Kinder3 (3.9.2007)<\/li>\n<li><a href=\"https:\/\/www.frsw.de\/littenweiler\/bildung3.htm#Kinderlernhaus bringt Kindergarten und Grundschule unter ein Dach\">Kinderlernhaus bringt Kindergarten und Grundschule unter ein Dach<\/a> &gt;Bildung3 (26.9.2006)<\/li>\n<li><a href=\"https:\/\/www.frsw.de\/littenweiler\/bildung2.htm#Kinderschutzbund vereint Kindergarten und Grundschule\">Kinderschutzbund vereint Kindergarten und Grundschule<\/a> &gt;Bildung2 (4.1.2005)<\/li>\n<li><\/li>\n<li>Kinderschutzbund Freiburg<\/li>\n<li>Kinderschutzbund Emmendingen<\/li>\n<li><a title=\"Scheidungskinder\" href=\"https:\/\/www.freiburg-schwarzwald.de\/blog\/selbsthilfe\/kinder\/scheidungskinder\/\">Scheidungskinder<\/a><\/li>\n<li>Starke Eltern &#8211; Starke Kinder: Elternkurse<\/li>\n<\/ul>\n<p>&nbsp;<\/p>\n<p><strong>Kinderschutzbund Freiburg<\/strong><\/p>\n<p>Der Kinderschutzbund finanziert sich durch Mitgliedsbeitr\u00e4ge, Spenden, Bu\u00dfgelder und Zusch\u00fcsse der Landes baden-W\u00fcrttemberg. Vier festangestellte und etliche ehrenamtliche Mitarbeiter.<br \/>\nKart\u00e4userstra\u00dfe 49a, 79098 Freiburg, Tel\u00a00761\/71311<br \/>\nSprechzeiten\u00a0Montag bis Freitag von 9 Uhr bis 12 Uhr,<br \/>\n<a title=\"\" href=\"mailto:info@kinderschutzbund-freiburg.de\" target=\"_blank\">info@kinderschutzbund-freiburg.de<\/a>.<br \/>\n<a href=\"https:\/\/www.kinderschutzbund-freiburg.de\/\">www.kinderschutzbund-freiburg.de<\/a><br \/>\n<a href=\"https:\/\/www.dksb.de\">www.dksb.de<\/a><\/p>\n<p>Vorstand: Gabriele Daniel-Schnitzer, Ute M\u00fcller-Wiegand und Lothar Schuchmann<br \/>\nGundel Schneider, Betreuter Umgang, 0761 &#8211; 70438883<br \/>\nUwe G\u00f6de, Kinder- und Jugendtelefon und Elterntelefon 0761 &#8211; 71218<br \/>\nWaldtraud Strohmeier, Schulsozialarbeit 0761 &#8211; 2017336<br \/>\nMarion Dyllick Office Manager, T\u00fcrlenlouisstrasse 24, 79102 Freiburg, Tel 0761\/71311,<\/p>\n<p>Kinder- und Jugendtelefon Tel\u00a00800\/1110333\u00a0&#8211; kostenfrei von Montag bis Samstag<br \/>\nElterntelefon 0800\/1110550\u00a0 &#8211; Montag bis Freitag von 9 bis 11 Uhr sowie Dienstag und Donnerstag von 17 bis 19 Uhr<\/p>\n<p>&nbsp;<\/p>\n<p><strong>Kinderschutzbund Emmendingen<br \/>\n<\/strong><br \/>\n<a href=\"https:\/\/www.kinderschutzbund-emmendingen.de\/\">www.kinderschutzbund-emmendingen.de<\/a><\/p>\n<p>&nbsp;<\/p>\n<p><strong>Starke Eltern &#8211; Starke Kinder: Elternkurse<\/strong><\/p>\n<p>Wir im <a href=\"https:\/\/www.dksb.de\/\" target=\"_blank\">Deutschen Kinderschutzbund<\/a> freuen uns sehr \u00fcber die enorme Verbreitung und Beliebtheit unserer Elternkurse. Seit den letzten 10 Jahren hat sich unser Elternbildungsangebot Starke Eltern \u2013 Starke Kinder\u00ae kontinuierlich weiterentwickelt. Mit der neuen Internetpr\u00e4senz wollen wir Ihnen diese Entwicklungen zeigen und einen aktuellen \u00dcberblick \u00fcber unser breites und vielf\u00e4ltiges Kursangebot bieten.<br \/>\n<a href=\"https:\/\/www.starkeeltern-starkekinder.de\">https:\/\/www.starkeeltern-starkekinder.de<\/a><\/p>\n<p>&nbsp;<\/p>\n<p><strong>Der begleitete Umgang<\/strong><\/p>\n<p>In gesch\u00fctzten R\u00e4umen haben Kinder und Jugendliche hier die M\u00f6glichkeit, den Elternteil zu treffen, bei dem sie nicht leben. &#8222;Meistens sind es die V\u00e4ter&#8220;, erkl\u00e4rt Franziska Gestle. Zur\u00fcckliegende Verletzungen und Misstrauen machen es f\u00fcr die M\u00fctter oft schwer, die Kinder mit dem Ex-Partner alleine zu lassen. Daher muss der <em>begleitete Umgang<\/em> akribisch geplant werden. &#8222;Vom Vesperbrot bis hin zu den m\u00f6glichen Freizeitaktivit\u00e4ten besprechen wir das Treffen&#8220;, so Gestle. Die Umgangsbegleiter sind geschulte Ehrenamtliche, die sich im Hintergrund halten, w\u00e4hrend die Kinder mit ihren V\u00e4tern spielen, kochen oder spazieren gehen. Daraus hat sich Laufe der Zeit ein weiteres Projekt ergeben: Im Rahmen eines 14-t\u00e4gig stattfindenden Gruppenangebotes soll die Bindung zwischen den Kindern und ihren V\u00e4tern verbessert werden. F\u00fcr die V\u00e4ter besteht die M\u00f6glichkeit, Erfahrungen mit der Gruppenleitung und den anderen Teilnehmern auszutauschen und zu reflektieren.<br \/>\nAlles vom 21.6.2012 bitte lesen auf<br \/>\n<a href=\"https:\/\/www.badische-zeitung.de\/kreis-breisgau-hochschwarzwald\/eine-lobby-nicht-nur-fuer-kinder--60831606.html\">https:\/\/www.badische-zeitung.de\/kreis-breisgau-hochschwarzwald\/eine-lobby-nicht-nur-fuer-kinder&#8211;60831606.html<\/a><\/p>\n","protected":false},"excerpt":{"rendered":"<p>Home &gt;Selbsthilfe &gt;Kinder &gt;Kinderschutzbund https:\/\/www.freiburg-schwarzwald.de\/blog\/kinderschutzbund-freiburg-40\/ (28.11.2014) https:\/\/www.freiburg-schwarzwald.de\/blog\/begleiteter-umgang-kinderschutz\/\u00a0(6.11.2013) https:\/\/www.freiburg-schwarzwald.de\/blog\/weltkindertag-22-9-im-seepark\/\u00a0(18.9.2013) https:\/\/www.freiburg-schwarzwald.de\/blog\/safer-internet-day-elterntelefon\/\u00a0(31.1.2013) Kinderschutzbund Freiburg sucht neue ehrenamtliche Mitarbeiter &gt;Kinder4 (12.5.2011) Kinderarzt Lothar Schuchmann im Freiburger Gemeinderat &gt;Kinder3 (21.8.2009) Fritz-Munder-Preis f\u00fcr soziales Engagement f\u00fcr neun Initiativen &gt;Soziales4 (10.10.2008) 5000 Kinder und ihre Familien in &hellip; <a href=\"https:\/\/www.freiburg-schwarzwald.de\/blog\/selbsthilfe\/kinder\/kinderschutzbund\/\">Weiterlesen <span class=\"meta-nav\">&rarr;<\/span><\/a><\/p>\n","protected":false},"author":2,"featured_media":0,"parent":274,"menu_order":0,"comment_status":"open","ping_status":"closed","template":"","meta":{"footnotes":""},"class_list":["post-5337","page","type-page","status-publish","hentry"],"_links":{"self":[{"href":"https:\/\/www.freiburg-schwarzwald.de\/blog\/wp-json\/wp\/v2\/pages\/5337","targetHints":{"allow":["GET"]}}],"collection":[{"href":"https:\/\/www.freiburg-schwarzwald.de\/blog\/wp-json\/wp\/v2\/pages"}],"about":[{"href":"https:\/\/www.freiburg-schwarzwald.de\/blog\/wp-json\/wp\/v2\/types\/page"}],"author":[{"embeddable":true,"href":"https:\/\/www.freiburg-schwarzwald.de\/blog\/wp-json\/wp\/v2\/users\/2"}],"replies":[{"embeddable":true,"href":"https:\/\/www.freiburg-schwarzwald.de\/blog\/wp-json\/wp\/v2\/comments?post=5337"}],"version-history":[{"count":0,"href":"https:\/\/www.freiburg-schwarzwald.de\/blog\/wp-json\/wp\/v2\/pages\/5337\/revisions"}],"up":[{"embeddable":true,"href":"https:\/\/www.freiburg-schwarzwald.de\/blog\/wp-json\/wp\/v2\/pages\/274"}],"wp:attachment":[{"href":"https:\/\/www.freiburg-schwarzwald.de\/blog\/wp-json\/wp\/v2\/media?parent=5337"}],"curies":[{"name":"wp","href":"https:\/\/api.w.org\/{rel}","templated":true}]}}

<p>Home &gt;<a title="Selbsthilfe" href="https://www.freiburg-schwarzwald.de/blog/selbsthilfe/">Selbsthilfe</a> &gt;<a title="Kinder" href="https://www.freiburg-schwarzwald.de/blog/selbsthilfe/kinder/">Kinder</a> &gt;Kinderschutzbund</p>
<div id="attachment_5346" style="width: 647px" class="wp-caption alignnone"><a href="https://www.freiburg-schwarzwald.de/blog/natur/nano/blumenwiese25pan120621/" rel="attachment wp-att-5346"><img loading="lazy" decoding="async" aria-describedby="caption-attachment-5346" class="size-full wp-image-5346" title="blumenwiese25pan120621" src="https://www.freiburg-schwarzwald.de/blog/wp-content/uploads/2012/06/blumenwiese25pan120621.jpg" alt="" width="637" height="216" srcset="https://www.freiburg-schwarzwald.de/blog/wp-content/uploads/2012/06/blumenwiese25pan120621.jpg 637w, https://www.freiburg-schwarzwald.de/blog/wp-content/uploads/2012/06/blumenwiese25pan120621-180x61.jpg 180w" sizes="auto, (max-width: 637px) 100vw, 637px" /></a><p id="caption-attachment-5346" class="wp-caption-text">Blumenwiese am 21.6.2012</p></div>
<ul>
<li><a href="https://www.freiburg-schwarzwald.de/blog/kinderschutzbund-freiburg-40/">https://www.freiburg-schwarzwald.de/blog/kinderschutzbund-freiburg-40/</a> (28.11.2014)</li>
<li><a href="https://www.freiburg-schwarzwald.de/blog/begleiteter-umgang-kinderschutz/">https://www.freiburg-schwarzwald.de/blog/begleiteter-umgang-kinderschutz/</a> (6.11.2013)</li>
<li><a href="https://www.freiburg-schwarzwald.de/blog/weltkindertag-22-9-im-seepark/">https://www.freiburg-schwarzwald.de/blog/weltkindertag-22-9-im-seepark/</a> (18.9.2013)</li>
<li><a href="https://www.freiburg-schwarzwald.de/blog/safer-internet-day-elterntelefon/">https://www.freiburg-schwarzwald.de/blog/safer-internet-day-elterntelefon/</a> (31.1.2013)</li>
<li><a href="https://www.frsw.de/kinder4.htm#Kinderschutzbund Freiburg sucht neue ehrenamtliche Mitarbeiter">Kinderschutzbund Freiburg sucht neue ehrenamtliche Mitarbeiter</a> &gt;Kinder4 (12.5.2011)</li>
<li><a href="https://www.frsw.de/littenweiler/kinder3.htm#Kinderarzt Lothar Schuchmann im Freiburger Gemeinderat">Kinderarzt Lothar Schuchmann im Freiburger Gemeinderat</a> &gt;Kinder3 (21.8.2009)</li>
<li><a href="https://www.frsw.de/littenweiler/soziales4.htm#Fritz-Munder-Preis für soziales Engagement für neun Initiativen">Fritz-Munder-Preis für soziales Engagement für neun Initiativen</a> &gt;Soziales4 (10.10.2008)</li>
<li><a href="https://www.frsw.de/armut.htm#5000 Kinder und ihre Familien in Freiburg sind arm">5000 Kinder und ihre Familien in Freiburg sind arm</a> &gt;Armut (12.3.2008)</li>
<li><a href="https://www.frsw.de/emmendingen1.htm#30 Jahre Kinderschutzbund: Familienzentrum im Bürkle/Bleiche">30 Jahre Kinderschutzbund: Familienzentrum im Bürkle/Bleiche</a> &gt;Emmendingen1 (2.2.2008)</li>
<li><a href="https://www.frsw.de/kinder3.htm#Misshandlungen: Wird für die Kinder Datenschutz zum Täterschutz">Misshandlungen: Wird für die Kinder Datenschutz zum Täterschutz?</a> &gt;Kinder3 (3.9.2007)</li>
<li><a href="https://www.frsw.de/littenweiler/bildung3.htm#Kinderlernhaus bringt Kindergarten und Grundschule unter ein Dach">Kinderlernhaus bringt Kindergarten und Grundschule unter ein Dach</a> &gt;Bildung3 (26.9.2006)</li>
<li><a href="https://www.frsw.de/littenweiler/bildung2.htm#Kinderschutzbund vereint Kindergarten und Grundschule">Kinderschutzbund vereint Kindergarten und Grundschule</a> &gt;Bildung2 (4.1.2005)</li>
<li></li>
<li>Kinderschutzbund Freiburg</li>
<li>Kinderschutzbund Emmendingen</li>
<li><a title="Scheidungskinder" href="https://www.freiburg-schwarzwald.de/blog/selbsthilfe/kinder/scheidungskinder/">Scheidungskinder</a></li>
<li>Starke Eltern &#8211; Starke Kinder: Elternkurse</li>
</ul>
<p>&nbsp;</p>
<p><strong>Kinderschutzbund Freiburg</strong></p>
<p>Der Kinderschutzbund finanziert sich durch Mitgliedsbeiträge, Spenden, Bußgelder und Zuschüsse der Landes baden-Württemberg. Vier festangestellte und etliche ehrenamtliche Mitarbeiter.<br />
Kartäuserstraße 49a, 79098 Freiburg, Tel 0761/71311<br />
Sprechzeiten Montag bis Freitag von 9 Uhr bis 12 Uhr,<br />
<a title="" href="mailto:info@kinderschutzbund-freiburg.de" target="_blank">info@kinderschutzbund-freiburg.de</a>.<br />
<a href="https://www.kinderschutzbund-freiburg.de/">www.kinderschutzbund-freiburg.de</a><br />
<a href="https://www.dksb.de">www.dksb.de</a></p>
<p>Vorstand: Gabriele Daniel-Schnitzer, Ute Müller-Wiegand und Lothar Schuchmann<br />
Gundel Schneider, Betreuter Umgang, 0761 &#8211; 70438883<br />
Uwe Göde, Kinder- und Jugendtelefon und Elterntelefon 0761 &#8211; 71218<br />
Waldtraud Strohmeier, Schulsozialarbeit 0761 &#8211; 2017336<br />
Marion Dyllick Office Manager, Türlenlouisstrasse 24, 79102 Freiburg, Tel 0761/71311,</p>
<p>Kinder- und Jugendtelefon Tel 0800/1110333 &#8211; kostenfrei von Montag bis Samstag<br />
Elterntelefon 0800/1110550  &#8211; Montag bis Freitag von 9 bis 11 Uhr sowie Dienstag und Donnerstag von 17 bis 19 Uhr</p>
<p>&nbsp;</p>
<p><strong>Kinderschutzbund Emmendingen<br />
</strong><br />
<a href="https://www.kinderschutzbund-emmendingen.de/">www.kinderschutzbund-emmendingen.de</a></p>
<p>&nbsp;</p>
<p><strong>Starke Eltern &#8211; Starke Kinder: Elternkurse</strong></p>
<p>Wir im <a href="https://www.dksb.de/" target="_blank">Deutschen Kinderschutzbund</a> freuen uns sehr über die enorme Verbreitung und Beliebtheit unserer Elternkurse. Seit den letzten 10 Jahren hat sich unser Elternbildungsangebot Starke Eltern – Starke Kinder® kontinuierlich weiterentwickelt. Mit der neuen Internetpräsenz wollen wir Ihnen diese Entwicklungen zeigen und einen aktuellen Überblick über unser breites und vielfältiges Kursangebot bieten.<br />
<a href="https://www.starkeeltern-starkekinder.de">https://www.starkeeltern-starkekinder.de</a></p>
<p>&nbsp;</p>
<p><strong>Der begleitete Umgang</strong></p>
<p>In geschützten Räumen haben Kinder und Jugendliche hier die Möglichkeit, den Elternteil zu treffen, bei dem sie nicht leben. &#8222;Meistens sind es die Väter&#8220;, erklärt Franziska Gestle. Zurückliegende Verletzungen und Misstrauen machen es für die Mütter oft schwer, die Kinder mit dem Ex-Partner alleine zu lassen. Daher muss der <em>begleitete Umgang</em> akribisch geplant werden. &#8222;Vom Vesperbrot bis hin zu den möglichen Freizeitaktivitäten besprechen wir das Treffen&#8220;, so Gestle. Die Umgangsbegleiter sind geschulte Ehrenamtliche, die sich im Hintergrund halten, während die Kinder mit ihren Vätern spielen, kochen oder spazieren gehen. Daraus hat sich Laufe der Zeit ein weiteres Projekt ergeben: Im Rahmen eines 14-tägig stattfindenden Gruppenangebotes soll die Bindung zwischen den Kindern und ihren Vätern verbessert werden. Für die Väter besteht die Möglichkeit, Erfahrungen mit der Gruppenleitung und den anderen Teilnehmern auszutauschen und zu reflektieren.<br />
Alles vom 21.6.2012 bitte lesen auf<br />
<a href="https://www.badische-zeitung.de/kreis-breisgau-hochschwarzwald/eine-lobby-nicht-nur-fuer-kinder--60831606.html">https://www.badische-zeitung.de/kreis-breisgau-hochschwarzwald/eine-lobby-nicht-nur-fuer-kinder&#8211;60831606.html</a></p>

<p>Home &gt;Selbsthilfe &gt;Kinder &gt;Kinderschutzbund https://www.freiburg-schwarzwald.de/blog/kinderschutzbund-freiburg-40/ (28.11.2014) https://www.freiburg-schwarzwald.de/blog/begleiteter-umgang-kinderschutz/ (6.11.2013) https://www.freiburg-schwarzwald.de/blog/weltkindertag-22-9-im-seepark/ (18.9.2013) https://www.freiburg-schwarzwald.de/blog/safer-internet-day-elterntelefon/ (31.1.2013) Kinderschutzbund Freiburg sucht neue ehrenamtliche Mitarbeiter &gt;Kinder4 (12.5.2011) Kinderarzt Lothar Schuchmann im Freiburger Gemeinderat &gt;Kinder3 (21.8.2009) Fritz-Munder-Preis für soziales Engagement für neun Initiativen &gt;Soziales4 (10.10.2008) 5000 Kinder und ihre Familien in &hellip; <a href="https://www.freiburg-schwarzwald.de/blog/selbsthilfe/kinder/kinderschutzbund/">Weiterlesen <span class="meta-nav">&rarr;</span></a></p>
