{"id":49771,"date":"2014-08-02T10:37:03","date_gmt":"2014-08-02T08:37:03","guid":{"rendered":"https:\/\/www.freiburg-schwarzwald.de\/blog\/?page_id=49771"},"modified":"2014-08-02T11:06:47","modified_gmt":"2014-08-02T09:06:47","slug":"loeffingen","status":"publish","type":"page","link":"https:\/\/www.freiburg-schwarzwald.de\/blog\/regio\/orte\/loeffingen\/","title":{"rendered":"Loeffingen"},"content":{"rendered":"<p><a href=\"https:\/\/www.freiburg-schwarzwald.de\/blog\">Home<\/a> &gt;<a title=\"Regio\" href=\"https:\/\/www.freiburg-schwarzwald.de\/blog\/regio\/\">Regio<\/a> &gt;<a title=\"Orte\" href=\"https:\/\/www.freiburg-schwarzwald.de\/blog\/regio\/orte\/\">Orte<\/a> &gt;Loeffingen<\/p>\n<div id=\"attachment_49782\" style=\"width: 649px\" class=\"wp-caption alignnone\"><a href=\"https:\/\/www.freiburg-schwarzwald.de\/blog\/regio\/orte\/loeffingen\/loeffingen4pan140801\/\" rel=\"attachment wp-att-49782\"><img loading=\"lazy\" decoding=\"async\" aria-describedby=\"caption-attachment-49782\" class=\"size-full wp-image-49782\" alt=\"L\u00f6ffingen auf der Baar mit dem &quot;F\u00fcrstenhaus&quot; rechts am 1.8.2014\" src=\"https:\/\/www.freiburg-schwarzwald.de\/blog\/wp-content\/uploads\/2014\/08\/loeffingen4pan140801.jpg\" width=\"639\" height=\"327\" srcset=\"https:\/\/www.freiburg-schwarzwald.de\/blog\/wp-content\/uploads\/2014\/08\/loeffingen4pan140801.jpg 639w, https:\/\/www.freiburg-schwarzwald.de\/blog\/wp-content\/uploads\/2014\/08\/loeffingen4pan140801-180x92.jpg 180w\" sizes=\"auto, (max-width: 639px) 100vw, 639px\" \/><\/a><p id=\"caption-attachment-49782\" class=\"wp-caption-text\">L\u00f6ffingen auf der Baar mit dem &#8222;F\u00fcrstenhaus&#8220; rechts am 1.8.2014<\/p><\/div>\n<ul>\n<li><a title=\"Mohn\" href=\"https:\/\/www.freiburg-schwarzwald.de\/blog\/natur\/flora\/mohn\/\">Mohnfeld bei L\u00f6ffingen<\/a> &gt;Mohn (1.8.2014)<\/li>\n<li><a href=\"https:\/\/www.freiburg-schwarzwald.de\/loeffingen1.htm\">Aktuelle Infos zu L\u00f6ffingen ab Dezember 2005<\/a> &gt;Loeffingen1<\/li>\n<li><a href=\"https:\/\/www.freiburg-schwarzwald.de\/biogas.htm#Biogasanlage im Stettholz bei L\u00f6ffingen in Betrieb\">Biogasanlage im Stettholz bei L\u00f6ffingen in Betrieb<\/a>\u00a0&gt;Biogas\u00a0(31.8.2005)<\/li>\n<li><a href=\"https:\/\/www.freiburg-schwarzwald.de\/loeffingen#L\u00f6ffingerin Tanja K\u00fchnel bietet Internet-Plattform f\u00fcr Jobsucher\">L\u00f6ffingerin Tanja K\u00fchnel bietet Internet-Plattform f\u00fcr Jobsucher<\/a>\u00a0(28.4.2005)<\/li>\n<li><a href=\"https:\/\/www.freiburg-schwarzwald.de\/loeffingen#Segelfluggruppe Hochschwarzwald in Reiselfingen\">Segelfluggruppe Hochschwarzwald in Reiselfingen<\/a> (1.2.2005)<\/li>\n<li><a href=\"https:\/\/www.freiburg-schwarzwald.de\/dichter2.htm#Heimatdichter und Schwarzwaldpoet Siegfried Wiggert aus G\u00f6schweiler\">Siegfried Wiggert &#8211; Heimatdichter und Schwarzwaldpoet aus G\u00f6schweiler<\/a> &gt;Dichter2 (20.1.2005)<\/li>\n<li><a href=\"https:\/\/www.freiburg-schwarzwald.de\/schulen1.htm#Eine Nonne integriert junge T\u00fcrken\u00a0in H\u00fcfingen\">Eine Nonne integriert junge T\u00fcrken\u00a0in H\u00fcfingen<\/a> &gt;Schulen1 (1.1.2005)<\/li>\n<li><a href=\"https:\/\/www.freiburg-schwarzwald.de\/energiepolitik1.htm#Nutzung von Erdw\u00e4rme durch Grabenkollektorsystem-Verfahren\">Nutzung von Erdw\u00e4rme durch Grabenkollektorsystem-Verfahren<\/a>\u00a0&gt;Energiepolitik1 (11.12.2004)<\/li>\n<li><a href=\"https:\/\/www.freiburg-schwarzwald.de\/landwirt2.htm#L\u00f6ffinger Erkl\u00e4rung - Landwirte gegen gentechnisch ver\u00e4ndertes Saatgut\"> L\u00f6ffinger Erkl\u00e4rung &#8211; Landwirte gegen gentechnisch ver\u00e4ndertes Saatgut<\/a> &gt;Landwirt2 (4.12.2004)<\/li>\n<li><a href=\"https:\/\/www.freiburg-schwarzwald.de\/loeffingen#Udo Scherer hat die Bachheimer Website erstellt\">Udo Scherer hat die\u00a0\u00a0 Bachheimer Website erstellt<\/a> (19.8.2004)<\/li>\n<li><a href=\"https:\/\/www.freiburg-schwarzwald.de\/rinder.htm#Hochschwarzw\u00e4lder Weiderind GbR in G\u00f6schweiler\"> Hochschwarzw\u00e4lder Weiderind GbR in G\u00f6schweiler<\/a> &gt;Rinder (16.8.2004)<\/li>\n<li><a href=\"https:\/\/www.freiburg-schwarzwald.de\/loeffingen#Orientierung: L\u00f6ffingen zwischen Titisee-Neustadt und Donaueschingen\">Orientierung: L\u00f6ffingen zwischen Titisee-Neustadt und Donaueschingen<\/a><\/li>\n<\/ul>\n<ul>\n<li><!--?xml:namespace prefix = \"o\" \/--><strong><a href=\"https:\/\/www.freiburg-schwarzwald.de\/loeffingen.htm\">www.freiburg-schwarzwald.de\/loeffingen.htm<\/a> &gt;Archivseite L\u00f6ffingen<\/strong><\/li>\n<li><a href=\"https:\/\/www.freiburg-schwarzwald.de\/tierschutzverein.htm#Abseits ? Hilfe f\u00fcr Tier und Mensch in Freiburg\">Abseits \u2013 Hilfe f\u00fcr Tier und Mensch in L\u00f6ffingen-Dittishausen<\/a>\u00a0&gt;Tierschutzverein<\/li>\n<li><a href=\"https:\/\/www.freiburg-schwarzwald.de\/pferde.htm#Araberhof Kirchner in L\u00f6ffingen\">Araberhof Kirchner in L\u00f6ffingen<\/a> &gt;Pferde<\/li>\n<li><a href=\"https:\/\/www.freiburg-schwarzwald.de\/loeffingen5.htm\">Bauernh\u00f6fe\u00a0 (Ferienwohnungen, Hofl\u00e4den, Brauchtum)<\/a> &gt;Loeffingen5<\/li>\n<li><a href=\"https:\/\/www.freiburg-schwarzwald.de\/kunst.htm#Malerin Ulrike Fritsch aus Bachheim\/L\u00f6ffingen\">Ulrike Fritsch, Malerin aus Bachheim\/L\u00f6ffingen<\/a> &gt;kunst<\/li>\n<li><a href=\"https:\/\/www.freiburg-schwarzwald.de\/goeschweiler.htm\">G\u00f6schweiler &#8211; Alpenpanorama von der Hohen Wacht<\/a> &gt;Goeschweiler (30.1.2005)<\/li>\n<li><a href=\"https:\/\/www.freiburg-schwarzwald.de\/hochschwarzwald.htm#Hochschwarzwald Tourismus GmbH in Hinterzarten\">Hochschwarzwald Tourismus GmbH in Hinterzarten<\/a> &gt;Hochschwarzwald<\/li>\n<li><a href=\"https:\/\/www.freiburg-schwarzwald.de\/loeffingen#L\u00f6ffinger Heimatmuseum - Die alte Zeit lebt auf\">L\u00f6ffinger Heimatmuseum\u00a0&#8211; Die alte Zeit lebt auf<\/a>\u00a0 (23.11.2005)<\/li>\n<\/ul>\n<ul>\n<li><a href=\"https:\/\/www.freiburg-schwarzwald.de\/freizeitparks1.htm#Schwarzwaldpark in L\u00f6ffingen: Ganz nah an die Tiere ran\">Schwarzwaldpark in L\u00f6ffingen: Ganz nah an die Tiere ran<\/a>\u00a0\u00a0 &gt;Freizeitparks1 (23.7.2010)<\/li>\n<li><a href=\"https:\/\/www.freiburg-schwarzwald.de\/schwarzwaldverein.htm#Schwarzwaldverein L\u00f6ffingen\">Schwarzwaldverein L\u00f6ffingen<\/a> &gt;Schwarzwaldverein<\/li>\n<li><a href=\"https:\/\/www.freiburg-schwarzwald.de\/littenweiler\/solar.htm#Solarforum Hochschwarzwald\">Solarforum\u00a0Hochschwarzwald<\/a> &gt;Solar<\/li>\n<li><a href=\"https:\/\/www.freiburg-schwarzwald.de\/loeffingen#Weltladen L\u00f6ffingen\">Weltladen L\u00f6ffingen<\/a> &gt; Loeffingen<\/li>\n<li><a href=\"https:\/\/www.freiburg-schwarzwald.de\/loeffingen#Links\">Links<\/a><\/li>\n<li><\/li>\n<li><a href=\"https:\/\/www.freiburg-schwarzwald.de\/friedenweiler5.htm\">Ferien auf dem\u00a0\u00a0 Bauernhof in Friedenweiler<\/a> &gt;Friedenweiler5<\/li>\n<li><a href=\"https:\/\/www.freiburg-schwarzwald.de\/bonndorf5.htm\">Ferien auf dem\u00a0\u00a0 Bauernhof in Bonndorf<\/a> &gt;Bonndorf5<\/li>\n<li><a href=\"https:\/\/www.freiburg-schwarzwald.de\/lenzkirch5.htm\">Ferien auf dem\u00a0\u00a0 Bauernhof in Lenzkirch<\/a> &gt;Lenzkirch5<\/li>\n<li><a href=\"https:\/\/www.freiburg-schwarzwald.de\/langenordnach5.htm\">Ferien auf dem\u00a0\u00a0 Bauernhof im Langenordnachtal<\/a> &gt;Langenordnach5<\/li>\n<li><a href=\"https:\/\/www.freiburg-schwarzwald.de\/waldau5.htm\">Ferien auf dem Bauernhof\u00a0\u00a0 in Waldau<\/a> &gt;Waldau5<\/li>\n<li><a href=\"https:\/\/www.freiburg-schwarzwald.de\/jostal5.htm\">Ferien auf dem\u00a0\u00a0 Bauernhof in Titisee-Jostal <\/a>&gt;jostal\/jostal5<\/li>\n<\/ul>\n<p>&nbsp;<\/p>\n<p>&nbsp;<\/p>\n<p><a href=\"https:\/\/www.freiburg-schwarzwald.de\/blog\/regio\/orte\/loeffingen\/loeffingen2stadt140801\/\" rel=\"attachment wp-att-49778\"><img loading=\"lazy\" decoding=\"async\" class=\"alignnone size-thumbnail wp-image-49778\" alt=\"loeffingen2stadt140801\" src=\"https:\/\/www.freiburg-schwarzwald.de\/blog\/wp-content\/uploads\/2014\/08\/loeffingen2stadt140801-180x135.jpg\" width=\"180\" height=\"135\" srcset=\"https:\/\/www.freiburg-schwarzwald.de\/blog\/wp-content\/uploads\/2014\/08\/loeffingen2stadt140801-180x135.jpg 180w, https:\/\/www.freiburg-schwarzwald.de\/blog\/wp-content\/uploads\/2014\/08\/loeffingen2stadt140801.jpg 640w\" sizes=\"auto, (max-width: 180px) 100vw, 180px\" \/><\/a>\u00a0\u00a0\u00a0\u00a0\u00a0\u00a0\u00a0\u00a0\u00a0\u00a0<a href=\"https:\/\/www.freiburg-schwarzwald.de\/blog\/regio\/orte\/loeffingen\/loeffingen3stadt140801\/\" rel=\"attachment wp-att-49779\"><img loading=\"lazy\" decoding=\"async\" class=\"alignnone size-thumbnail wp-image-49779\" alt=\"loeffingen3stadt140801\" src=\"https:\/\/www.freiburg-schwarzwald.de\/blog\/wp-content\/uploads\/2014\/08\/loeffingen3stadt140801-180x135.jpg\" width=\"180\" height=\"135\" srcset=\"https:\/\/www.freiburg-schwarzwald.de\/blog\/wp-content\/uploads\/2014\/08\/loeffingen3stadt140801-180x135.jpg 180w, https:\/\/www.freiburg-schwarzwald.de\/blog\/wp-content\/uploads\/2014\/08\/loeffingen3stadt140801.jpg 640w\" sizes=\"auto, (max-width: 180px) 100vw, 180px\" \/><\/a>\u00a0\u00a0\u00a0\u00a0\u00a0\u00a0\u00a0\u00a0\u00a0 <a href=\"https:\/\/www.freiburg-schwarzwald.de\/blog\/regio\/orte\/loeffingen\/loeffingen1-spiegel140801\/\" rel=\"attachment wp-att-49780\"><img loading=\"lazy\" decoding=\"async\" class=\"alignnone size-thumbnail wp-image-49780\" alt=\"loeffingen1-spiegel140801\" src=\"https:\/\/www.freiburg-schwarzwald.de\/blog\/wp-content\/uploads\/2014\/08\/loeffingen1-spiegel140801-135x180.jpg\" width=\"135\" height=\"180\" srcset=\"https:\/\/www.freiburg-schwarzwald.de\/blog\/wp-content\/uploads\/2014\/08\/loeffingen1-spiegel140801-135x180.jpg 135w, https:\/\/www.freiburg-schwarzwald.de\/blog\/wp-content\/uploads\/2014\/08\/loeffingen1-spiegel140801.jpg 480w\" sizes=\"auto, (max-width: 135px) 100vw, 135px\" \/><\/a><br \/>\n(1) L\u00f6ffingen am 1.8.2014\u00a0\u00a0\u00a0\u00a0\u00a0\u00a0\u00a0\u00a0\u00a0\u00a0\u00a0\u00a0\u00a0\u00a0\u00a0\u00a0\u00a0\u00a0\u00a0\u00a0\u00a0 (2) Hauptstrasse\u00a0\u00a0\u00a0\u00a0\u00a0\u00a0\u00a0\u00a0\u00a0\u00a0\u00a0\u00a0\u00a0\u00a0\u00a0\u00a0\u00a0\u00a0\u00a0\u00a0\u00a0\u00a0\u00a0\u00a0\u00a0\u00a0\u00a0\u00a0\u00a0\u00a0\u00a0\u00a0\u00a0\u00a0\u00a0\u00a0\u00a0\u00a0 (3) Heilkr\u00e4uterst\u00fcble L\u00f6ffingen<\/p>\n<p>&nbsp;<\/p>\n<p>(3) Johanna L\u00f6ffler vor ihrem Heilkr\u00e4uterst\u00fcble im &#8222;Haus Spiegel&#8220; in L\u00f6ffingen.<br \/>\n<a href=\"https:\/\/www.heilkraeuterstueble.de\">www.heilkraeuterstueble.de<\/a> , Tel 07654\/807875, <a href=\"mailto:heilkreaeutersterstueble@gmx.de\">heilkreaeutersterstueble@gmx.de<\/a><\/p>\n<p>&nbsp;<\/p>\n<p align=\"left\"><strong><span style=\"font-family: Arial; font-size: small;\">L\u00f6ffingen<\/span><\/strong><\/p>\n<p align=\"left\"><span style=\"font-family: Arial; font-size: small;\">L\u00f6ffingen mit den Ortsteilen Bachheim, Dittshausen, <a href=\"https:\/\/www.freiburg-schwarzwald.de\/goeschweiler.htm\">G\u00f6schweiler<\/a>, Reiselfingen , Seppenhofen und Unadingen liegt zwischen dem Naturschutzgebiet <a href=\"https:\/\/www.freiburg-schwarzwald.de\/wutach.htm\">Wutachschlucht<\/a> und dem Kirnbergsee. Das St\u00e4dtchen und die reizvolle H\u00fcgellandschaft bieten dem Gast Erholung pur. L\u00f6ffingen ist gut zu erreichen mit dem Zug oder mit dem Auto auf der\u00a0\u00a0\u00a0\u00a0\u00a0 B31. Bei \u00dcbernachtung in Eisenbach, Friedenweiler, Lenzkirch, L\u00f6ffingen\u00a0\u00a0\u00a0\u00a0\u00a0 und den jeweiligen Ortsteilen: Benutzung von Bussen und Bahnen im\u00a0Schwarzwald kostenfrei. Info unter <a href=\"https:\/\/www.konus-schwarzwald.info\/\" target=\"_blank\">www.KONUS-Schwarzwald.info<\/a> <\/span><\/p>\n<p><span style=\"font-family: Abadi MT Condensed Light; font-size: large;\"><span style=\"font-family: Arial; font-size: small;\">Tourist-Information,\u00a0Rathausplatz 14, 79843 L\u00f6ffingen, Tel 07654\/400, Fax 77250<\/span><span style=\"font-family: Arial; font-size: small;\">eMail<br \/>\n<\/span><span style=\"font-family: Arial; font-size: small;\"><a href=\"https:\/\/www.loeffingen.de\/\">www.loeffingen.de<\/a>,\u00a0<\/span><\/span> <span style=\"font-family: Arial; font-size: small;\"><a href=\"https:\/\/www.sonnenwinkel.net\/\">www.sonnenwinkel.net<\/a><\/span><\/p>\n<p><a href=\"https:\/\/www.freiburg-schwarzwald.de\/eisenbach.htm#Sonnenwinkel.net - Tourismus in Eisenbach, Friedenweiler und L\u00f6ffingen\"><span style=\"font-family: Arial; font-size: small;\">Sonnenwinkel.net &#8211; Tourismus in Eisenbach, Friedenweiler und L\u00f6ffingen<\/span><\/a><span style=\"font-family: Arial; font-size: small;\"> &gt;Eisenbach<\/span><\/p>\n<p>&nbsp;<\/p>\n<div>\n<dl id=\"attachment_49772\">\n<dt><a href=\"https:\/\/www.freiburg-schwarzwald.de\/blog\/regio\/orte\/loeffingen\/mohn3baar-pan140801\/\" rel=\"attachment wp-att-49772\"><img loading=\"lazy\" decoding=\"async\" alt=\"Mohnfeld bei L\u00f6ffingen auf der Baar \u00f6stlich vom Hochschwarzwald am 1.8.2014\" src=\"https:\/\/www.freiburg-schwarzwald.de\/blog\/wp-content\/uploads\/2014\/08\/mohn3baar-pan140801.jpg\" width=\"639\" height=\"182\" \/><\/a><\/dt>\n<dd>Mohnfeld bei L\u00f6ffingen auf der Baar \u00f6stlich vom Hochschwarzwald am 1.8.2014<\/dd>\n<\/dl>\n<\/div>\n<p>&nbsp;<\/p>\n<p>&nbsp;<\/p>\n<p>&nbsp;<\/p>\n","protected":false},"excerpt":{"rendered":"<p>Home &gt;Regio &gt;Orte &gt;Loeffingen Mohnfeld bei L\u00f6ffingen &gt;Mohn (1.8.2014) Aktuelle Infos zu L\u00f6ffingen ab Dezember 2005 &gt;Loeffingen1 Biogasanlage im Stettholz bei L\u00f6ffingen in Betrieb\u00a0&gt;Biogas\u00a0(31.8.2005) L\u00f6ffingerin Tanja K\u00fchnel bietet Internet-Plattform f\u00fcr Jobsucher\u00a0(28.4.2005) Segelfluggruppe Hochschwarzwald in Reiselfingen (1.2.2005) Siegfried Wiggert &#8211; Heimatdichter &hellip; <a href=\"https:\/\/www.freiburg-schwarzwald.de\/blog\/regio\/orte\/loeffingen\/\">Weiterlesen <span class=\"meta-nav\">&rarr;<\/span><\/a><\/p>\n","protected":false},"author":2,"featured_media":0,"parent":363,"menu_order":0,"comment_status":"open","ping_status":"closed","template":"","meta":{"footnotes":""},"class_list":["post-49771","page","type-page","status-publish","hentry"],"_links":{"self":[{"href":"https:\/\/www.freiburg-schwarzwald.de\/blog\/wp-json\/wp\/v2\/pages\/49771","targetHints":{"allow":["GET"]}}],"collection":[{"href":"https:\/\/www.freiburg-schwarzwald.de\/blog\/wp-json\/wp\/v2\/pages"}],"about":[{"href":"https:\/\/www.freiburg-schwarzwald.de\/blog\/wp-json\/wp\/v2\/types\/page"}],"author":[{"embeddable":true,"href":"https:\/\/www.freiburg-schwarzwald.de\/blog\/wp-json\/wp\/v2\/users\/2"}],"replies":[{"embeddable":true,"href":"https:\/\/www.freiburg-schwarzwald.de\/blog\/wp-json\/wp\/v2\/comments?post=49771"}],"version-history":[{"count":0,"href":"https:\/\/www.freiburg-schwarzwald.de\/blog\/wp-json\/wp\/v2\/pages\/49771\/revisions"}],"up":[{"embeddable":true,"href":"https:\/\/www.freiburg-schwarzwald.de\/blog\/wp-json\/wp\/v2\/pages\/363"}],"wp:attachment":[{"href":"https:\/\/www.freiburg-schwarzwald.de\/blog\/wp-json\/wp\/v2\/media?parent=49771"}],"curies":[{"name":"wp","href":"https:\/\/api.w.org\/{rel}","templated":true}]}}