{"id":49212,"date":"2014-07-06T09:12:45","date_gmt":"2014-07-06T07:12:45","guid":{"rendered":"https:\/\/www.freiburg-schwarzwald.de\/blog\/?page_id=49212"},"modified":"2026-02-21T21:24:28","modified_gmt":"2026-02-21T20:24:28","slug":"sharing-economy","status":"publish","type":"page","link":"https:\/\/www.freiburg-schwarzwald.de\/blog\/engagement\/verbraucher\/sharing-economy\/","title":{"rendered":"Sharing-Economy"},"content":{"rendered":"<p><a href=\"https:\/\/www.freiburg-schwarzwald.de\/blog\">Home<\/a> &gt;<a title=\"Engagement\" href=\"https:\/\/www.freiburg-schwarzwald.de\/blog\/engagement\/\">Engagement<\/a> &gt;<a title=\"Verbraucher\" href=\"https:\/\/www.freiburg-schwarzwald.de\/blog\/engagement\/verbraucher\/\">Verbraucher<\/a> &gt;Sharing-Economy<\/p>\n<div id=\"attachment_49193\" style=\"width: 649px\" class=\"wp-caption alignnone\"><a href=\"https:\/\/www.freiburg-schwarzwald.de\/blog\/natur\/flora\/wildblumen\/wildblumen1fahrrad-pan140703\/\" rel=\"attachment wp-att-49193\"><img loading=\"lazy\" decoding=\"async\" aria-describedby=\"caption-attachment-49193\" class=\" wp-image-49193 \" src=\"https:\/\/www.freiburg-schwarzwald.de\/blog\/wp-content\/uploads\/2014\/07\/wildblumen1fahrrad-pan140703.jpg\" alt=\"Blick \u00fcber Wildblumen bei der Annakapelle in Freiburg-Ebnet nach Osten ins Dreisamtal bis hoch zum Schwarzwald anfang Juli 2014\" width=\"639\" height=\"285\" srcset=\"https:\/\/www.freiburg-schwarzwald.de\/blog\/wp-content\/uploads\/2014\/07\/wildblumen1fahrrad-pan140703.jpg 639w, https:\/\/www.freiburg-schwarzwald.de\/blog\/wp-content\/uploads\/2014\/07\/wildblumen1fahrrad-pan140703-180x80.jpg 180w\" sizes=\"auto, (max-width: 639px) 100vw, 639px\" \/><\/a><p id=\"caption-attachment-49193\" class=\"wp-caption-text\">Blick \u00fcber Wildblumen bei der Annakapelle in Freiburg-Ebnet nach Osten ins Dreisamtal hoch zum Schwarzwald am 4.7.2014<\/p><\/div>\n<p>&nbsp;<\/p>\n<ul>\n<li><em>Listenauswahl eines Beitrags (Artikel\/Datum, Seite\/Inhalt):\u00a0Klicken\u00a0oder scrollen<\/em><\/li>\n<li><a href=\"https:\/\/www.freiburg-schwarzwald.de\/blog\/business\/genossenschaften\/\">Genossenschaften: Biog\u00e4rtnerei Piluweri H\u00fcgelheim \u2013 Glaskiste Freiburg<\/a>\u00a0(21.2.2026)<\/li>\n<li><a title=\"Neo-Feudalismus\" href=\"https:\/\/www.freiburg-schwarzwald.de\/blog\/global\/globalisierung\/neo-feudalismus\/\">Joel Kotkin: Der kommende Neo-Feudalismus \u2013\u00a0BigTech-Konzerne<\/a>\u00a0(19.6.2020)I<\/li>\n<li>nvestoren machen Sharing-Economy zu Rendite-Kapitalismus (7.7.2014)<\/li>\n<li><\/li>\n<li><a title=\"Car-Sharing\" href=\"https:\/\/www.freiburg-schwarzwald.de\/blog\/regio\/verkehr\/car-sharing\/\">Car-Sharing<\/a><\/li>\n<li><a title=\"Konsum\" href=\"https:\/\/www.freiburg-schwarzwald.de\/blog\/engagement\/verbraucher\/konsum\/\">Konsum<\/a><\/li>\n<li><a title=\"Reparatur\" href=\"https:\/\/www.freiburg-schwarzwald.de\/blog\/engagement\/verbraucher\/konsum\/reparatur\/\">Reparatur<\/a><\/li>\n<li><a title=\"Internetoekonomie\" href=\"https:\/\/www.freiburg-schwarzwald.de\/blog\/business\/internetoekonomie\/\">Internetoekonomie<\/a><\/li>\n<li><a title=\"Neo-Feudalismus\" href=\"https:\/\/www.freiburg-schwarzwald.de\/blog\/global\/globalisierung\/neo-feudalismus\/\">Neo-Feudalismus<\/a><\/li>\n<li><a title=\"Social-Networking\" href=\"https:\/\/www.freiburg-schwarzwald.de\/blog\/kultur\/internet\/social-networking\/\">Social-Networking und Community-Portale<\/a><\/li>\n<li><a title=\"Smartphone\" href=\"https:\/\/www.freiburg-schwarzwald.de\/blog\/kultur\/medien\/smartphone\/\">Smartphone<\/a><\/li>\n<li><a title=\"Verbraucher\" href=\"https:\/\/www.freiburg-schwarzwald.de\/blog\/engagement\/verbraucher\/\">Verbraucher<\/a><\/li>\n<li><a title=\"Wegwerfkultur\" href=\"https:\/\/www.freiburg-schwarzwald.de\/blog\/kultur\/wegwerfkultur\/\">Wegwerfkultur<\/a><\/li>\n<\/ul>\n<p><em>\u00a0<\/em><\/p>\n<p><em>Die Lebensl\u00fcge der Sharing Economy ist das\u00a0&#8222;Gemeinn\u00fctzige Teilen&#8220;<\/em><br \/>\n<em>Sascha Lobo am 8.1.2015 in der ARD-Sendung <a href=\"https:\/\/www.panorama.de%20\">www.panorama.de <\/a><\/em><\/p>\n<p>&nbsp;<\/p>\n<p>&nbsp;<\/p>\n<p><strong>Investoren machen Sharing-Economy zu Rendite-Kapitalismus<\/strong><\/p>\n<p>Teilen ist gut. F\u00fcnf Gartenbesitzer nutzen einen\u00a0Rasenm\u00e4her gemeinsam. Wenn aber der Organisator (bei dem der Rasenm\u00e4her untergestellt ist) von der Nachbarschaft\u00a0ins Internet wandert und dort schlie\u00dflich vom\u00a0renditeorientierten Marktf\u00fchrer RasenMaeh.de oder gar LawnMoverBnb.com\u00a0\u00fcbernommen wird, dann bleibt vom Teilen bzw. dem zugrundeliegenden Wert der gesellschaftlichen Solidarit\u00e4t nichts \u00fcbrig, dann gilt Sharing-Economy.<\/p>\n<p><strong>(1) Sharing-Economy als Rettungsideologie<\/strong>:<br \/>\nDie Probleme des ungez\u00fcgelten Kapitalismus mitsamt Wachstumseuphorie sind erkannt: \u00dcberproduktion, Ressourcenverschwendung, Wegwerfkultur,\u00a0Umweltbelastung und Klimazerst\u00f6rung. Die R\u00fcckbesinnung auf das\u00a0Teilen, Ausleihen und Mieten von Produkten, R\u00e4umen und KnowHow, also auf\u00a0Co-Konsum, Gemeinschaftsgedanke, &#8222;Zugang wichtiger als Besitz&#8220;, Nachhaltigkeit und Partizipation in der Wirtschaft verspricht Rettung. Durch das Internet mitsamt Smartphone-Apps wird diese Rettungsideologie hip und smart\u00a0&#8211; sie nennt sich nun Sharing-Economy. Diese greift die ehrenamtlich getragenen Initiativen zum Teilen (Sharing) auf und installiert extrem renditeorientierte Online-Firmen\u00a0 (Economy), die von\u00a0Risikokapitalgebern mit riesigen Summen zur Marktreife hochgepusht werden.<\/p>\n<p><strong>(2) Beispiele der Sharing-Economy:<\/strong><br \/>\nWohnungsb\u00f6rse <a href=\"https:\/\/www.airbnb.com\">www.airbnb.com<\/a> . Privatpersonen k\u00f6nnen ein Zimmer oder die ganze Wohnung \u00fcbers Internet untervermieten. Marktwert \u00fcber 10 Mrd Dollar<br \/>\nRidesharing-Portal <a href=\"https:\/\/www.uber.com\">www.uber.com<\/a> \u00a0Private Mitfahrgelegenheit per App organisieren. Marktwert 17 Mrd Dollar \u00a0<a href=\"https:\/\/www.wundercar.org\">www.wundercar.org<\/a><br \/>\nAuto vermieten bzw. teilen: <a href=\"https:\/\/www.getaround.com\">www.getaround.com<\/a> , <a href=\"https:\/\/www.relayrides.com\">www.relayrides.com<\/a> , <a href=\"https:\/\/www.zipcar.com\">www.zipcar.com<\/a><br \/>\nEssen und Kosten:\u00a0 <a href=\"https:\/\/www.eatFeastly.com\">www.eatFeastly.com<\/a>\u00a0Bei Hobbyk\u00f6chen zum Essen einladen lassen.<br \/>\nKleider ausleihen: <a href=\"https:\/\/www.thredup.com\">www.thredup.com<\/a><br \/>\nHund ausf\u00fchren: <a href=\"https:\/\/www.dogvacay.com\">www.dogvacay.com<\/a><br \/>\nParkplatz; <a href=\"https:\/\/www.parkatmyhouse.com\">www.parkatmyhouse.com<\/a> Vor der eigenen Haust\u00fcre parken lassen.<br \/>\nBoot vermieten: <a href=\"https:\/\/www.boatbound.com\">www.boatbound.com<\/a><br \/>\nWerkzeug ausleihen: <a href=\"https:\/\/www.ziplok.com\">www.ziplok.com<\/a><br \/>\nPaketzustellung: <a href=\"https:\/\/www.myways.com\">www.myways.com<\/a>\u00a0 Ein Paket f\u00fcr andere beim Zusteller abholen.<br \/>\nPutzkr\u00e4fte vermitteln: <a href=\"https:\/\/www.homejoy.com\">www.homejoy.com<\/a> .<br \/>\nArbeitskr\u00e4fte versteigern: <a href=\"https:\/\/www.TaskRabbit.com\">www.TaskRabbit.com<\/a>\u00a0 Jobber als Micro-Entrepreneurs<br \/>\nJobs online: <a href=\"https:\/\/www.oDesk.com\">www.oDesk.com<\/a>, <a href=\"https:\/\/www.mila.de\">www.mila.de<\/a>; <a href=\"https:\/\/www.helpling.de\">www.helpling.de<\/a> <a href=\"https:\/\/www.bookatiger.de\">www.bookatiger.de<\/a> , <a href=\"https:\/\/www.cleanagents.com\">www.cleanagents.com<\/a><\/p>\n<p><strong>(3) Idealistische Idee zu profitablem Gesch\u00e4ftsmodell machen<\/strong><br \/>\nDie Website <a href=\"https:\/\/www.couchsurfing.org\">www.couchsurfing.org<\/a> wurde anfangs von Ehrenamtlichen gratis programmiert und ins Internet gestellt, um eine tolle Idee zu verbreiten: Kostenfrei in einer Wohnung irgendwo auf der Welt \u00fcbernachten, wenn man im Gegenzug einen Schlafplatz in den eigenen vier W\u00e4nden bereitstellt. Guter Co-Konsum f\u00fcr freundliche Menschen, die Vertrauen geben und erwarten. Inzwischen wurde daraus durch viel Risikokapital des Investmentunternehmens Omidyar Networks ein gewinnorientiertes Dotcom-Portal. Vom Werk und Engagement vieler freiwillig und ehrenamtlich arbeitender Programmierer, Gr\u00fcnder und Macherprofitieren jetzt einige wenige private Investoren. Die Sharing-Economy hat also\u00a0eine idealistische Idee zu einem renditeorientierten Gesch\u00e4ftsmodell umfunktioniert.<\/p>\n<p><strong>(4) Sharing-Economy mi\u00dfachtet Rechtsvorschriften<\/strong><br \/>\nDie Taxibranche mu\u00df Rechtsvorschriften (Versicherung, Haftung, &#8230;) und Standards (Arbeitszeiten, Taxizentrale, &#8230;) einhalten, die Kosten verursachen. Der Privatchauffeur, der sein Auto mit einem\u00a0Uber-Kunden &#8222;teilt&#8220;, kann sich diese Kosten sparen. Eine Fahrt mit Uber ist\u00a0preiswerter als mit einem altmodisch-normalen Taxi,\u00a0die 20% Vermittlungsgeb\u00fchr vom Fahrpreis kassiert Uber, ohne wesentliche Kosten daf\u00fcr zu haben.<\/p>\n<p><strong>(5) Online-Portale verdienen an dem, was alteingesessene Firmen anbieten<\/strong><br \/>\nDer Verdr\u00e4ngungswettbewerb nimmt seinen Lauf: Immer mehr Taxis klagen \u00fcber Zahlungsschwierigkeiten. In allen St\u00e4dten\u00a0entstehen Uber-Dependancen mit Mitfahrportalen, in denen sich dann die \u00fcbriggebliebenen Taxis eintragen k\u00f6nnen. Nat\u00fcrlich m\u00fcssen diese an Uber Geb\u00fchren zahlen mit der Begr\u00fcndung, dieses \u00fcbernehme die Funktion der fr\u00fcheren Taxizentrale. Fazit: Uber hat alte Strukturen zerst\u00f6rt, zwingt deren Anbieter in seine kostenpflichtigen Online-Portale. Der gesamte Markt der privaten und kostenlosen Dienstleistungen (Mitfahrzentralen, Schwarze Bretter, Kleinanzeigen) wird durch Sharing-Economy per App so ge\u00e4ndert, dass der Vermittler jedes Mal dazuverdient.<\/p>\n<p><strong>(6) Neues Prekariat von Online-Tagel\u00f6hnern durch Sharing-Economy<br \/>\n<\/strong>Das digitale Zeitalter erfindet unsere Wirtschaft neu. Nach Mitwohnen durch Airbnb\u00a0und Mitfahren durch Uber geht&#8217;s nun an\u00a0die Nachbarschaftshilfe-Jobs durch TaskRabbit, die Arbeitsauftr\u00e4ge jeglicher Art an die Crowd vergibt. Beispiel: Der Nutzer nennt Aufgabe (Kleider bei Reinigung abholen, Ikea-M\u00f6bel zusammenbauen) und Preis, die registrierten TaskRabbit-H\u00e4schen bewerben sich f\u00fcr den Job. Durch dieses &#8222;Microjobbing&#8220; kann ein Auftraggeber manch l\u00e4stige Aufgabe f\u00fcr kleines Geld outsourcen. Weltweit pr\u00fcgeln sich dann die Arbeitslosen, Rentner, Hausfrauen\u00a0und mittellosen Studenten vor den Bildschirmen um diese kostbaren Auftr\u00e4ge. Die Versteigerungsplattformen f\u00fcr Onlinejobs bzw. Dienstleistungen TaskRabbit und\u00a0oDesk (USA) sowie Mila und Helpling (Deutschland) haben erkannt, dass sozialversicherungspflichtige, ordentlich bezahlte und sichere Jobs nicht f\u00fcr jeden zu haben sind\u00a0und unterst\u00fctzen deshalb diejenigen, &#8222;die sich unkompliziert etwas hinzuverdienen&#8220; &#8211; sie\u00a0schaffen ein Prekariat an Online-Tagel\u00f6hnern. TaskRabbit schl\u00e4gt aus wenig qualifizierter Arbeit mit Erfolg Rendite und h\u00e4lt sein Heer von Rabbits alias Microjobbern mit Methoden der Gamifikation bei Laune: Wie beim Computerspiel erhalten die Microjobber Punkte, wer durch Punktesammeln auf Level 5 ist, bekommt ein T-Shirt , ab Level 10 eigene Visitenkarten &#8211; alles sch\u00f6n.<\/p>\n<p><strong>(7) Sharing-Economy nutzt den Wohlhabenderen<\/strong><br \/>\nVon Mitwohnportalen wie Airbnb profitiert vor allem die gehobene Mittelklasse. Je teurer das Zimmer, desto unproblematischer und distinguierter das Publikum. Je chicker die Wohnung in einer interessanten und teuren \u00a0Stadt, desto stressfreier die Vermietung und attraktiver die Rendite. Billige Unterk\u00fcnfte und kumpelhaftes Vertrauen werden durch Vandalismus und Dreck bestraft &#8211; so Untersuchungen der Harvard University.<\/p>\n<p><strong>(8) Sharing-Economy \u00f6konomisiert Zeit und Beziehungen\u00a0<\/strong><br \/>\nEs ist noch kein Dotcom-Portal der Sharing-Economy bekannt geworden, das f\u00fcr &#8222;Einkaufen f\u00fcr den Nachbarn mit Gehfrei&#8220; oder &#8222;Socken stricken f\u00fcr den Adventsbazar&#8220; Webspace bereitstellt, da sich aus solch unrentablem Zeitvertreib\u00a0 kein Profit generieren l\u00e4\u00dft. Denn &#8222;f\u00fcr einen guten Zweck&#8220; ist nutzlos, da es\u00a0sich nicht \u00f6konomisieren l\u00e4\u00dft.<br \/>\nUnser ganzes Leben wird \u00fcber Internet und App als Kapital vermarktet: Hobbykoch? Dann Essen-Events online . offerieren. Rentner vom Bauamt? Dann als Berater f\u00fcr Bauherren t\u00e4tig werden. Samstags frei? Dann als Mikrounternehmer mitbieten. Nat\u00fcrlich als registrierter User in abc-sharing-xyz.com, nat\u00fcrlich incl. Nutzergeb\u00fchren. Jeder wird zum Einzel-Mikro-Unternehmer. Nicht nur F\u00e4higkeiten, sondern auch zwischenmenschliche\u00a0Beziehungen werden\u00a0&#8222;to make Money&#8220; ins Internet gestellt.<br \/>\n.<\/p>\n<p>Fazit: Die Ressourcenprobleme von Konsumwahn und Globalkapitalismus lassen sich nicht \u00fcber die Smartphone-Apps der Meins-ist-Deins-\u00d6konomie online l\u00f6sen. Im Gegenteil: Die Gesch\u00e4ftsprinzipien der Marktf\u00fchrer der Sharing-Economy entsprechen dem Wertekanon des ungeregelten Kapitalismus.<br \/>\nDie vielen nicht nur jungen\u00a0Menschen, die mit St\u00f6psel im Ohr und Display in der Hand rumlaufend st\u00e4ndig teilen, mitteilen, mieten, kaufen, informieren, einladen, &#8230;m\u00f6gen sich auch noch so hip, smart, geil und modern vorkommen &#8211; sie liefern ihre pers\u00f6nlichen Daten permanent und gratis an\u00a0diejenigen Dotcom-Unternehmen, die sich in der Sharing-Economy als Markt- oder Nischenf\u00fchrer durchgesetzt haben und mit diesen ihren Nutzerdaten so richtig viel Geld machen. Der Raubtierkapitalismus hat sich die\u00a0Idee des Teilens gekrallt und im WWW zur Geldmaschine umfunktioniert.<\/p>\n<p>Die Job-Portale schaffen einen neuartigen Niedriglohnsektor, an dem diese an den prek\u00e4ren Einnahmen ihrer FronarbeiterInnen (die nat\u00fcrlich noch das mikrounternehmerische Risiko tragen) \u00fcber die Nutzergeb\u00fchren noch mitverdienen. Dadurch entsteht eine Schattenwirtschaft, die nichts mehr mit dem urspr\u00fcnglichen Ziel des Sharing gemein hat, ungenutzre Ressourcen durch gleichberechtigten Tausch zwschen Anbietern produktiv zu gestalten.<br \/>\nDie Mitwohn- und Mitfahr-Portale haben nichts mehr mit dem urspr\u00fcnglichen Ziel des Teilens bzw. dem zugrundeliegenden Wert der gesellschaftlichen Solidarit\u00e4t gemein. Bei ihren App-basierten Gesch\u00e4ftsmodellen steht die Maximierung der Rendite von Investoren\u00a0im Zentrum.<br \/>\nSharing-Economy wandelt die urspr\u00fcnglich altruistischen Ideen von gesellschaftlicher Solidarit\u00e4t sowie individuellem Teilen und Tauschen in ihr Gegenteil &#8211;\u00a0 Geld machen.<\/p>\n<p>&nbsp;<\/p>\n<p>&nbsp;<\/p>\n","protected":false},"excerpt":{"rendered":"<p>Home &gt;Engagement &gt;Verbraucher &gt;Sharing-Economy &nbsp; Listenauswahl eines Beitrags (Artikel\/Datum, Seite\/Inhalt):\u00a0Klicken\u00a0oder scrollen Genossenschaften: Biog\u00e4rtnerei Piluweri H\u00fcgelheim \u2013 Glaskiste Freiburg\u00a0(21.2.2026) Joel Kotkin: Der kommende Neo-Feudalismus \u2013\u00a0BigTech-Konzerne\u00a0(19.6.2020)I nvestoren machen Sharing-Economy zu Rendite-Kapitalismus (7.7.2014) Car-Sharing Konsum Reparatur Internetoekonomie Neo-Feudalismus Social-Networking und Community-Portale Smartphone Verbraucher &hellip; <a href=\"https:\/\/www.freiburg-schwarzwald.de\/blog\/engagement\/verbraucher\/sharing-economy\/\">Weiterlesen <span class=\"meta-nav\">&rarr;<\/span><\/a><\/p>\n","protected":false},"author":2,"featured_media":0,"parent":2234,"menu_order":0,"comment_status":"open","ping_status":"closed","template":"","meta":{"footnotes":""},"class_list":["post-49212","page","type-page","status-publish","hentry"],"_links":{"self":[{"href":"https:\/\/www.freiburg-schwarzwald.de\/blog\/wp-json\/wp\/v2\/pages\/49212","targetHints":{"allow":["GET"]}}],"collection":[{"href":"https:\/\/www.freiburg-schwarzwald.de\/blog\/wp-json\/wp\/v2\/pages"}],"about":[{"href":"https:\/\/www.freiburg-schwarzwald.de\/blog\/wp-json\/wp\/v2\/types\/page"}],"author":[{"embeddable":true,"href":"https:\/\/www.freiburg-schwarzwald.de\/blog\/wp-json\/wp\/v2\/users\/2"}],"replies":[{"embeddable":true,"href":"https:\/\/www.freiburg-schwarzwald.de\/blog\/wp-json\/wp\/v2\/comments?post=49212"}],"version-history":[{"count":1,"href":"https:\/\/www.freiburg-schwarzwald.de\/blog\/wp-json\/wp\/v2\/pages\/49212\/revisions"}],"predecessor-version":[{"id":146027,"href":"https:\/\/www.freiburg-schwarzwald.de\/blog\/wp-json\/wp\/v2\/pages\/49212\/revisions\/146027"}],"up":[{"embeddable":true,"href":"https:\/\/www.freiburg-schwarzwald.de\/blog\/wp-json\/wp\/v2\/pages\/2234"}],"wp:attachment":[{"href":"https:\/\/www.freiburg-schwarzwald.de\/blog\/wp-json\/wp\/v2\/media?parent=49212"}],"curies":[{"name":"wp","href":"https:\/\/api.w.org\/{rel}","templated":true}]}}