{"id":49167,"date":"2014-07-04T20:58:25","date_gmt":"2014-07-04T18:58:25","guid":{"rendered":"https:\/\/www.freiburg-schwarzwald.de\/blog\/?page_id=49167"},"modified":"2024-05-14T10:03:14","modified_gmt":"2024-05-14T08:03:14","slug":"kajo","status":"publish","type":"page","link":"https:\/\/www.freiburg-schwarzwald.de\/blog\/regio\/freiburg\/kajo\/","title":{"rendered":"KaJo"},"content":{"rendered":"<p>Home &gt;<a title=\"Regio\" href=\"https:\/\/www.freiburg-schwarzwald.de\/blog\/regio\/\">Regio<\/a> &gt;<a title=\"Orte\" href=\"https:\/\/www.freiburg-schwarzwald.de\/blog\/regio\/orte\/\">Orte<\/a> &gt;<a title=\"Freiburg\" href=\"https:\/\/www.freiburg-schwarzwald.de\/blog\/regio\/freiburg\/\">Freiburg<\/a> &gt;<a title=\"Strassen\" href=\"https:\/\/www.freiburg-schwarzwald.de\/blog\/tourismus\/strassen\/\">Strassen<\/a> &gt;KaJo<\/p>\n<div id=\"attachment_94882\" style=\"width: 647px\" class=\"wp-caption alignnone\"><a href=\"https:\/\/www.freiburg-schwarzwald.de\/blog\/wp-content\/uploads\/2021\/09\/kajo265freiburg-chocolaterie210916pan.jpg\"><img loading=\"lazy\" decoding=\"async\" aria-describedby=\"caption-attachment-94882\" class=\"size-full wp-image-94882\" src=\"https:\/\/www.freiburg-schwarzwald.de\/blog\/wp-content\/uploads\/2021\/09\/kajo265freiburg-chocolaterie210916pan.jpg\" alt=\"\" width=\"637\" height=\"321\" srcset=\"https:\/\/www.freiburg-schwarzwald.de\/blog\/wp-content\/uploads\/2021\/09\/kajo265freiburg-chocolaterie210916pan.jpg 637w, https:\/\/www.freiburg-schwarzwald.de\/blog\/wp-content\/uploads\/2021\/09\/kajo265freiburg-chocolaterie210916pan-180x91.jpg 180w\" sizes=\"auto, (max-width: 637px) 100vw, 637px\" \/><\/a><p id=\"caption-attachment-94882\" class=\"wp-caption-text\">Brunnen an der KaJo 265 Chocolaterie: J\u00f6rg Kuenzer spielt Trompete um 11.11 Uhr<\/p><\/div>\n<ul>\n<li><a href=\"https:\/\/www.freiburg-schwarzwald.de\/blog\/tourismus\/gastro\/restaurant\/\">Syrisches Restaurant in Freiburg bietet israelisches Gericht an \u2013 und wird bedroht<\/a> (23.3.2024)<\/li>\n<li><a href=\"https:\/\/www.freiburg-schwarzwald.de\/blog\/regio\/freiburg\/freiburg1944\/freiburg1944heute\/\">Europaplatz\/Friedrichring: 1944 und heute<\/a>\u00a0(22.11.2021)<\/li>\n<li><a href=\"https:\/\/www.freiburg-schwarzwald.de\/blog\/eine-trompete-in-der-kajo\/\">Eine Trompete in der KaJo<\/a>\u00a0(18.9.2021)<\/li>\n<li><a href=\"https:\/\/www.freiburg-schwarzwald.de\/blog\/natur\/tiere\/wildbienen\/\">Wildbienen am Tuniberg \u2013 Foto-Wanderausstellung in der Schwarzwald City<\/a> (23.7.21)<\/li>\n<li><a href=\"https:\/\/www.freiburg-schwarzwald.de\/blog\/engagement\/buergerinitiativen\/demonstrationsrecht\/\">Corona-Demo Freiburg: Wie die Staatsmacht gegen friedliche B\u00fcrger vorging<\/a>\u00a0(29.12.2020)<\/li>\n<li><a title=\"Demo mit Kochl\u00f6ffel: Freiburg\" href=\"https:\/\/www.freiburg-schwarzwald.de\/blog\/demo-mit-kochloeffel-freiburg\/\">Demo-Marsch im Takt von Kochl\u00f6ffeln in Freiburg<\/a>\u00a0(16.10.2020)<\/li>\n<li><a title=\"#freiburgh\u00e4ltzusammen\" href=\"https:\/\/www.freiburg-schwarzwald.de\/blog\/freiburghaeltzusammen\/\">#freiburgh\u00e4ltzusammen<\/a>\u00a0 (27.3.2020)<\/li>\n<li><a title=\"Freiburg 1944: Nie wieder Krieg\" href=\"https:\/\/www.freiburg-schwarzwald.de\/blog\/freiburg-1944-nie-wieder-krieg\/\">Freiburg 1944: Nie wieder Krieg<\/a>\u00a0(28.11.2019)<\/li>\n<li><a title=\"zFriburginderStadt\" href=\"https:\/\/www.freiburg-schwarzwald.de\/blog\/business\/handel\/zfriburginderstadt\/\">Die Gerberau steht vor Ver\u00e4nderungen<\/a>\u00a0(23.11.2019)<\/li>\n<li><strong><a href=\"https:\/\/www.freiburg-dreisamtal.de\/KaJo.htm\">www.freiburg-dreisamtal.de\/KaJo.htm<\/a> &gt;Archivseite KaJo<\/strong><\/li>\n<li>Wie sieht die Einkaufsstrasse der Zukunft aus? (31.12.2018)<\/li>\n<li>M\u00fcll und Wildpinkler (2.9.2014)<\/li>\n<li><a href=\"https:\/\/www.freiburg-schwarzwald.de\/akw13.htm#Ein Jahr nach Fukushima: Sayonara Atomkraft - Stop Fessenheimstop\">Ein Jahr nach Fukushima: Sayonara Atomkraft &#8211; Stop Fessenheimstop<\/a>\u00a0&gt;AKW13 (7.3.2012)<\/li>\n<li><!--?xml:namespace prefix = \"o\" \/--><a href=\"https:\/\/www.freiburg-schwarzwald.de\/littenweiler\/kajo#Ein Platz am ehemaligen J\u00fcdischen Kaufhaus Knopf - zur Erinnerung\">Ein Platz am ehemaligen J\u00fcdischen Kaufhaus Knopf &#8211; zur Erinnerung<\/a>\u00a0&gt;KaJo (5.10.2011)<\/li>\n<li><a href=\"https:\/\/www.freiburg-schwarzwald.de\/akw13.htm#Montags-Atom-Demo am 3.10: Von KaJo zum SC-Stadion 7 km laufen\">Montags-Atom-Demo am 3.10: Von KaJo zum SC-Stadion 7 km laufen<\/a>\u00a0&gt;AKW13 (29.9.2011)<\/li>\n<li><a href=\"https:\/\/www.freiburg-schwarzwald.de\/littenweiler\/kajo.htm#Abri\u00df des Sparkassengeb\u00e4udes gibt Blick frei auf Kirche St. Martin\">Abri\u00df des Sparkassengeb\u00e4udes gibt Blick frei auf Kirche St. Martin\u00a0<\/a>&gt;Kajo (4.9.2011)<\/li>\n<li><a href=\"https:\/\/www.freiburg-schwarzwald.de\/barrierefrei.htm#Bertoldsbrunnen - behindertenfeindlicher Verkehrsknoten\">Bertoldsbrunnen &#8211; behindertenfeindlicher Verkehrsknoten<\/a>\u00a0&gt;Barrierefrei (31.8.2011)<\/li>\n<li><a href=\"https:\/\/www.freiburg-schwarzwald.de\/freiburgermuenstermarkt1.htm#St\u00e4nde des M\u00fcnstermarktes m\u00fcssen Platz machen f\u00fcr Events\">St\u00e4nde des M\u00fcnstermarktes m\u00fcssen Platz machen f\u00fcr Events<\/a>\u00a0&gt;FreiMuenstermarkt1 (2.7.11)<\/li>\n<li><a href=\"https:\/\/www.freiburg-schwarzwald.de\/demo.htm#Montags-Demo gegen Kernkraft am Freiburger Rathausplatz\">Montags-Demo gegen Kernkraft am Freiburger Rathausplatz<\/a>\u00a0&gt;Demo (12.4.2011)<\/li>\n<li><a href=\"https:\/\/www.freiburg-schwarzwald.de\/littenweiler\/kajo#neue Bank am Bertoldsbrunnen\">Neue Bank am Bertoldsbrunnen<\/a><\/li>\n<li><a href=\"https:\/\/www.freiburg-schwarzwald.de\/freiburg4.htm#\u00dcber 50% Umsatzverlust in FR-Altstadt beim deutsch-franz\u00f6sischen Gipfeltreffen\">\u00dcber 50% Umsatzverlust in FR-Altstadt beim deutsch-franz\u00f6sischen Gipfeltreffen<\/a>\u00a0&gt;Fr4 (27.1.11)<\/li>\n<li><a href=\"https:\/\/www.freiburg-schwarzwald.de\/littenweiler\/gasthaus1.htm#Osteria in der Gr\u00fcnw\u00e4lderstrasse schlie\u00dft, Sport-Bohny w\u00e4chst\">Osteria in der Gr\u00fcnw\u00e4lderstrasse schlie\u00dft, Sport-Bohny w\u00e4chst<\/a>\u00a0&gt;Gasthaus1 (6.1.2011)<\/li>\n<li><a href=\"https:\/\/www.freiburg-schwarzwald.de\/littenweiler\/kajo#Knopf - J\u00fcdische Kaufh\u00e4user bis 1979\">Knopf &#8211; J\u00fcdische Kaufhauskette bis 1979<\/a>\u00a0&gt;KaJo (15.1.2011)<\/li>\n<li><a href=\"https:\/\/www.freiburg-schwarzwald.de\/freiburg4.htm#Deutsch-franz\u00f6sisches Gipfeltreffen in Freiburg am 10.12.2010\">Deutsch-franz\u00f6sisches Gipfeltreffen in Freiburg am 10.12.2010<\/a>\u00a0&gt;Freiburg4 (15.12.2010)<\/li>\n<li><a href=\"https:\/\/www.freiburg-schwarzwald.de\/barrierefrei.htm#Freiburg f\u00fcr Alle am 3.12.2010: Behindertenfreundliches Einkaufen\">Freiburg f\u00fcr Alle am 3.12.2010: Behindertenfreundliches Einkaufen<\/a>\u00a0&gt;Barrierefrei (29.11.2010)<\/li>\n<li><a href=\"https:\/\/www.freiburg-schwarzwald.de\/littenweiler\/kajo.htm#Abrisspl\u00e4ne der Sparkasse: Keinerlei Verst\u00e4ndnis der Freiburger\">Abrisspl\u00e4ne der Sparkasse:\u00a0Keinerlei Verst\u00e4ndnis der Freiburger<\/a>\u00a0&gt;KaJo (29.11.2010)<\/li>\n<li><a href=\"https:\/\/www.freiburg-schwarzwald.de\/littenweiler\/kajo#Einkaufsstrasse KaJo auf Platz 2 der St\u00e4dte bis 250000 Einwohner\">Einkaufsstrasse KaJo auf Platz 2 der St\u00e4dte bis 250000 Einwohner<\/a>\u00a0&gt;KaJo (25.11.2010)<\/li>\n<li><a href=\"https:\/\/www.freiburg-schwarzwald.de\/littenweiler\/kajo#Einst totgesagt, nun hoch gelobt: Freiburgs Kaufh\u00e4user\">Einst totgesagt, nun hoch gelobt: Freiburgs Kaufh\u00e4user<\/a>\u00a0&gt;KaJo (25.11.2010)<\/li>\n<li><a href=\"https:\/\/www.freiburg-schwarzwald.de\/freiburg4.htm#Megasamstag am 2. Oktober: z\u00b4Friburg in der Stadt\">Megasamstag am 2. Oktober:\u00a0z\u00b4Friburg in der Stadt<\/a>\u00a0 &gt;Freiburg4 (21.9.2010)<\/li>\n<li><a href=\"https:\/\/www.freiburg-schwarzwald.de\/littenweiler\/oeffentlicher-raum.htm#Freiburg: Green City - Flowerless City\">Blumen &#8211; wenig in Freiburg: Green City &#8211; Flowerless City<\/a>\u00a0&gt;Oeffentlicher-Raum (5.8.2010)<\/li>\n<li><a href=\"https:\/\/www.freiburg-schwarzwald.de\/littenweiler\/kajo#Bakola-Baugrube birgt Mittelalter-Sch\u00e4tze\">Bakola-Baugrube birgt Mittelalter-Sch\u00e4tze<\/a>\u00a0&gt;Unterlinden (7.10.2008)<\/li>\n<li><\/li>\n<li><a title=\"Insel\" href=\"https:\/\/www.freiburg-schwarzwald.de\/blog\/regio\/freiburg\/insel\/\">Insel<\/a><\/li>\n<li><a href=\"https:\/\/www.freiburg-schwarzwald.de\/littenweiler\/kajo#Kaiser-Joseph-Strasse\">Kaiser-Joseph-Strasse &#8211; Bilder<\/a><\/li>\n<li><a href=\"https:\/\/www.freiburg-schwarzwald.de\/littenweiler\/kajo#Kaufh\u00e4user in der Kiser-Joseph-Strasse\">Kaufh\u00e4user in der Kaiser-Joseph-Strasse<\/a>\u00a0&gt;KaJo<\/li>\n<li><a title=\"Oberlinden\" href=\"https:\/\/www.freiburg-schwarzwald.de\/blog\/regio\/freiburg\/oberlinden\/\">Oberlinden<\/a><\/li>\n<li><a href=\"https:\/\/www.freiburg-schwarzwald.de\/blog\/tourismus\/gastro\/restaurant\/\">Restaurant<\/a><\/li>\n<li><a href=\"https:\/\/www.freiburg-schwarzwald.de\/littenweiler\/architektur-abriss.htm\">Abriss alter Bauten<\/a>\u00a0&gt;Architektur-Abriss<\/li>\n<\/ul>\n<p>&nbsp;<\/p>\n<h5><a href=\"https:\/\/www.freiburg-schwarzwald.de\/blog\/regio\/freiburg\/kajo\/bertoldsbrunnen-baustelle140628-2\/\" rel=\"attachment wp-att-49169\"><img loading=\"lazy\" decoding=\"async\" class=\"alignnone size-thumbnail wp-image-49169\" src=\"https:\/\/www.freiburg-schwarzwald.de\/blog\/wp-content\/uploads\/2014\/07\/bertoldsbrunnen-baustelle140628-135x180.jpg\" alt=\"bertoldsbrunnen-baustelle140628\" width=\"135\" height=\"180\" srcset=\"https:\/\/www.freiburg-schwarzwald.de\/blog\/wp-content\/uploads\/2014\/07\/bertoldsbrunnen-baustelle140628-135x180.jpg 135w, https:\/\/www.freiburg-schwarzwald.de\/blog\/wp-content\/uploads\/2014\/07\/bertoldsbrunnen-baustelle140628.jpg 480w\" sizes=\"auto, (max-width: 135px) 100vw, 135px\" \/><\/a>\u00a0 \u00a0 \u00a0 \u00a0 \u00a0 \u00a0 \u00a0 \u00a0 \u00a0 \u00a0 \u00a0 \u00a0 \u00a0<a href=\"https:\/\/www.freiburg-schwarzwald.de\/blog\/business\/handwerk\/zimmerei\/zimmermann-freiburg150916\/\" rel=\"attachment wp-att-56505\"><img loading=\"lazy\" decoding=\"async\" class=\"alignnone size-thumbnail wp-image-56505\" src=\"https:\/\/www.freiburg-schwarzwald.de\/blog\/wp-content\/uploads\/2013\/05\/zimmermann-freiburg150916-135x180.jpg\" alt=\"zimmermann-freiburg150916\" width=\"135\" height=\"180\" srcset=\"https:\/\/www.freiburg-schwarzwald.de\/blog\/wp-content\/uploads\/2013\/05\/zimmermann-freiburg150916-135x180.jpg 135w, https:\/\/www.freiburg-schwarzwald.de\/blog\/wp-content\/uploads\/2013\/05\/zimmermann-freiburg150916.jpg 480w\" sizes=\"auto, (max-width: 135px) 100vw, 135px\" \/><\/a><br \/>\n(1) Baustelle Bertoldsbrunnen \u00a0 \u00a0 \u00a0 \u00a0 \u00a0 \u00a0 \u00a0 (2) Zwei reisende <a title=\"Zimmerei\" href=\"https:\/\/www.freiburg-schwarzwald.de\/blog\/business\/handwerk\/zimmerei\/\">Gesellen<\/a> 16.9.2015<\/h5>\n<p>(1) Blick vom <a title=\"Cafe\" href=\"https:\/\/www.freiburg-schwarzwald.de\/blog\/tourismus\/gastro\/cafe\/\">Cafe-Restaurant SKajo<\/a> nach Osten am 2.7.2014 \u00fcber die Baustelle am Bertoldsbrunnen zum Martinstor<\/p>\n<p>.<\/p>\n<div id=\"attachment_108334\" style=\"width: 650px\" class=\"wp-caption alignnone\"><a href=\"https:\/\/www.freiburg-schwarzwald.de\/blog\/wp-content\/uploads\/2023\/01\/freiburg-muenster-kajo-pan2022.jpg\"><img loading=\"lazy\" decoding=\"async\" aria-describedby=\"caption-attachment-108334\" class=\"size-full wp-image-108334\" src=\"https:\/\/www.freiburg-schwarzwald.de\/blog\/wp-content\/uploads\/2023\/01\/freiburg-muenster-kajo-pan2022.jpg\" alt=\"\" width=\"640\" height=\"370\" srcset=\"https:\/\/www.freiburg-schwarzwald.de\/blog\/wp-content\/uploads\/2023\/01\/freiburg-muenster-kajo-pan2022.jpg 640w, https:\/\/www.freiburg-schwarzwald.de\/blog\/wp-content\/uploads\/2023\/01\/freiburg-muenster-kajo-pan2022-180x104.jpg 180w\" sizes=\"auto, (max-width: 640px) 100vw, 640px\" \/><\/a><p id=\"caption-attachment-108334\" class=\"wp-caption-text\">Blick nach Westen \u00fcber das Freiburger M\u00fcnster zur Kaiser-Joseph-Strasse, genannt KaJo, zwischen Martinstor (links) und Europaplatz (rechts)<\/p><\/div>\n<p>.<br \/>\n<strong>Wie sieht die Einkaufsstrasse der Zukunft aus?<\/strong><br \/>\nAngesichts steigender Online-Verk\u00e4ufe wird dem station\u00e4ren Detailhandel und damit auch den Einkaufsstrassen zuweilen eine d\u00fcstere Zukunft vorausgesagt. Zu Unrecht: Denn was sich beobachten l\u00e4sst, ist weniger eine Verlagerung s\u00e4mtlicher Aspekte des Detailhandels ins Internet als vielmehr eine neue Arbeitsteilung zwischen Online- und Offline-Welt.<br \/>\nJede Etappe im Verkaufsprozess, von der Inspiration potenzieller Kunden \u00fcber die Vorstellung des Produkts bis zum eigentlichen Verkauf und der Nachverkaufs-Betreuung findet m\u00f6glichst \u00fcber jenen Kanal statt, der am besten passt.<br \/>\nDie physische Pr\u00e4senz eignet sich vor allem, um Konsumenten die M\u00f6glichkeit zu geben, Produkte unverbindlich auszuprobieren und sie sich von kompetentem Personal erkl\u00e4ren zu lassen. Auch das Markenimage l\u00e4sst sich \u00fcber die Architektur und Einrichtung eines Shops gut transportieren. Moderne Ladenkonzepte fokussieren denn auch genau auf diese Funktionen: Inspiration, Information und Touch &amp; Feel.<br \/>\nDer Verkauf von Produkten bleibt zwar nach wie vor das Ziel. Aber statt unmittelbar eine Transaktion anzustreben, werden die Besucher fast beil\u00e4ufig zum Kaufen animiert \u2013 mit einer Kombination aus inspirierendem Ambiente, gem\u00fctlichem Setting (z. B. dank einem Caf\u00e9 im Laden) und eventuell sogar Gratisleistungen, wie etwa kostenlose Yoga-Kurse bei einem Anbieter von Sportbekleidung.<\/p>\n<p>Wo die eigentliche Transaktion stattfindet, ob direkt im Laden, im Tram oder zu Hause auf dem Sofa, ob der Kunde das Produkt gleich mitnimmt oder es sich nach Hause liefern l\u00e4sst, wird zweitrangig. Dies spiegelt sich auch in den Bezeichnungen, die moderne Anbieter ihren Fl\u00e4chen geben. Statt von Verkaufslokal ist immer mehr von Showroom, Ausprobier-Laden oder \u2013 wie im Fall von Apple \u2013 sogar von Marktplatz die Rede, weil es ein Ort sein soll, wo man sich trifft und jeder willkommen ist.<br \/>\nEinkaufsstrassen werden verst\u00e4rkt zu Strassen des Genusses und der Inspiration werden, wo der Konsum auf ungezwungene Art angekurbelt wird. Gefragt sein werden dabei vor allem die bekannten Adressen dieser Welt, da sie die gesuchten Besucherstr\u00f6me bieten k\u00f6nnen. Da in der Summe allerdings eher weniger Fl\u00e4che ben\u00f6tigt wird, d\u00fcrften weniger gute Lagen unter Druck kommen.<br \/>\n&#8230;. Alles vom 31.12.2018 bitte lesen auf<br \/>\n<a href=\"https:\/\/www.nzz.ch\/wirtschaft\/2019-acht-fragen-zu-politik-und-wirtschaft-ld.1447449?mktcid=nled&amp;mktcval=107&amp;kid=_2018-12-31#subtitle-wer-schutzt-den-wettbewerb-vor-facebook-co\">https:\/\/www.nzz.ch\/wirtschaft\/2019-acht-fragen-zu-politik-und-wirtschaft-ld.1447449?mktcid=nled&amp;mktcval=107&amp;kid=_2018-12-31#subtitle-wer-schutzt-den-wettbewerb-vor-facebook-co<\/a><br \/>\n.<br \/>\n<strong>M\u00fcll und Wildpinkler<\/strong><br \/>\nDer Eingang der Gerberau dient nicht nur als M\u00fclleimer f\u00fcr Kunden von McDonald\u2019s \u2013 auch hier nutzen die Leute immer wieder die Nischen der Eing\u00e4nge als Klos. Der Vermieter des Hauses, in dem eine Galerie und ein Schallplattenladen untergebracht sind, hat schon vor ein paar Jahren die Nischen vor den T\u00fcren vergittern lassen, berichtet Annett Berges, die die Galerie &#8222;Pro Arte&#8220; betreibt. Leider tr\u00e4fen die Pinkler auch zwischen den Gitterst\u00e4ben durch, k\u00f6nnten sich aber immerhin nicht mehr in die Nische setzen, um gr\u00f6\u00dfere Notdurft zu verrichten. &#8230;.<br \/>\nAlles vom 2.9.2014 bitte lesen\u00a0 auf<br \/>\n<a href=\"https:\/\/www.badische-zeitung.de\/freiburger-innenstadt-anwohner-klagen-ueber-muell-und-wildpinkler\">https:\/\/www.badische-zeitung.de\/freiburger-innenstadt-anwohner-klagen-ueber-muell-und-wildpinkler<\/a><br \/>\n.<br \/>\n<strong>Nach Urin stinkende Altstadt<\/strong><br \/>\nDie Stadt schaut seit Jahren zu, wie die Innenstadt nachts zum Ballermann wird. Vieles von dem, was sich da abspielt, hat mit einer Festkultur nichts zu tun und ist einfach primitiv. Das finde ich sehr schade.<br \/>\nIch bin vor 23 Jahren als Studentin nach Freiburg gekommen. Da gab es so etwas noch nicht! Und wir haben selbstverst\u00e4ndlich auch gefeiert. Ich frage mich manchmal, was wohl Touristen im mittleren Alter denken, wenn sie durch die zunehmend verm\u00fcllte und nach Urin stinkende Altstadt flanieren. Es ist nicht einzusehen, dass die ASF morgens immer M\u00fcllberge entsorgen muss, weil es ja so leicht ist, seinen Dreck \u00fcberall liegen zu lassen. Man\u00a0 sollte die Verursacher an den Kosten beteiligen oder zur Verantwortung ziehen. Wer anderswo illegal seinen M\u00fcll entsorgt, muss doch auch mit einer Anzeige rechnen, oder liege ich da falsch? Aber in Freiburg gibt es ja eine S\u00e4ule der Toleranz, die im Gr\u00fcnde von Anfang an eine Lachnummer war und die leider auch noch viel Geld gekostet hat&#8230;<br \/>\n2.9.2014,\u00a0Silke Seemann<\/p>\n<p><strong>Pinkel-B\u00e4chle<\/strong><br \/>\nSeien wird froh, dass es in der Altstadt die <a title=\"Baechle\" href=\"https:\/\/www.freiburg-schwarzwald.de\/blog\/regio\/freiburg\/baechle\/\">B\u00e4chle<\/a> gibt. Man sollte sie ehrlicherweise als Pinkel-B\u00e4chle oder Urinier-B\u00e4chle bezeichnen, dann w\u00fc\u00dften auch die Touristen, woran sie sind &#8211; bei dem Mangel an \u00f6ffentlichen Toiletten. FWTM, bitte die Tourist-Infos \u00fcberarbeiten! Schlimm wird es nur in Zeiten des Bachabschlags, wenn die Pinkel-B\u00e4chle kein Wasser mehr f\u00fchren und trockengelegt sind. Dann stinken nicht nur die H\u00e4usernischen, sondern auch die B\u00e4chle.<br \/>\n2.9.2014, H. Baumeister<\/p>\n","protected":false},"excerpt":{"rendered":"<p>Home &gt;Regio &gt;Orte &gt;Freiburg &gt;Strassen &gt;KaJo Syrisches Restaurant in Freiburg bietet israelisches Gericht an \u2013 und wird bedroht (23.3.2024) Europaplatz\/Friedrichring: 1944 und heute\u00a0(22.11.2021) Eine Trompete in der KaJo\u00a0(18.9.2021) Wildbienen am Tuniberg \u2013 Foto-Wanderausstellung in der Schwarzwald City (23.7.21) Corona-Demo Freiburg: &hellip; <a href=\"https:\/\/www.freiburg-schwarzwald.de\/blog\/regio\/freiburg\/kajo\/\">Weiterlesen <span class=\"meta-nav\">&rarr;<\/span><\/a><\/p>\n","protected":false},"author":2,"featured_media":0,"parent":389,"menu_order":0,"comment_status":"open","ping_status":"closed","template":"","meta":{"footnotes":""},"class_list":["post-49167","page","type-page","status-publish","hentry"],"_links":{"self":[{"href":"https:\/\/www.freiburg-schwarzwald.de\/blog\/wp-json\/wp\/v2\/pages\/49167","targetHints":{"allow":["GET"]}}],"collection":[{"href":"https:\/\/www.freiburg-schwarzwald.de\/blog\/wp-json\/wp\/v2\/pages"}],"about":[{"href":"https:\/\/www.freiburg-schwarzwald.de\/blog\/wp-json\/wp\/v2\/types\/page"}],"author":[{"embeddable":true,"href":"https:\/\/www.freiburg-schwarzwald.de\/blog\/wp-json\/wp\/v2\/users\/2"}],"replies":[{"embeddable":true,"href":"https:\/\/www.freiburg-schwarzwald.de\/blog\/wp-json\/wp\/v2\/comments?post=49167"}],"version-history":[{"count":5,"href":"https:\/\/www.freiburg-schwarzwald.de\/blog\/wp-json\/wp\/v2\/pages\/49167\/revisions"}],"predecessor-version":[{"id":123560,"href":"https:\/\/www.freiburg-schwarzwald.de\/blog\/wp-json\/wp\/v2\/pages\/49167\/revisions\/123560"}],"up":[{"embeddable":true,"href":"https:\/\/www.freiburg-schwarzwald.de\/blog\/wp-json\/wp\/v2\/pages\/389"}],"wp:attachment":[{"href":"https:\/\/www.freiburg-schwarzwald.de\/blog\/wp-json\/wp\/v2\/media?parent=49167"}],"curies":[{"name":"wp","href":"https:\/\/api.w.org\/{rel}","templated":true}]}}