{"id":49083,"date":"2014-06-30T16:35:08","date_gmt":"2014-06-30T14:35:08","guid":{"rendered":"https:\/\/www.freiburg-schwarzwald.de\/blog\/?page_id=49083"},"modified":"2024-08-27T21:29:55","modified_gmt":"2024-08-27T19:29:55","slug":"cyberkapitalismus","status":"publish","type":"page","link":"https:\/\/www.freiburg-schwarzwald.de\/blog\/kultur\/internet\/cyberkapitalismus\/","title":{"rendered":"Cyberkapitalismus"},"content":{"rendered":"<p><a href=\"https:\/\/www.freiburg-schwarzwald.de\/blog\">\u00a0Home<\/a> &gt;<a title=\"Kultur\" href=\"https:\/\/www.freiburg-schwarzwald.de\/blog\/kultur\/\">Kultur<\/a>\u00a0&gt;<a title=\"Soziales\" href=\"https:\/\/www.freiburg-schwarzwald.de\/blog\/soziales\/\">Soziales<\/a> &gt;<a title=\"Medien\" href=\"https:\/\/www.freiburg-schwarzwald.de\/blog\/kultur\/medien\/\">Medien<\/a> &gt;<a title=\"Internet\" href=\"https:\/\/www.freiburg-schwarzwald.de\/blog\/kultur\/internet\/\">Internet<\/a> &gt;Cyberkapitalismus<\/p>\n<div id=\"attachment_47920\" style=\"width: 649px\" class=\"wp-caption alignnone\"><a href=\"https:\/\/www.freiburg-schwarzwald.de\/blog\/global\/italien\/venedig\/strand19schiff-pan140510\/\" rel=\"attachment wp-att-47920\"><img loading=\"lazy\" decoding=\"async\" aria-describedby=\"caption-attachment-47920\" class=\"size-full wp-image-47920\" src=\"https:\/\/www.freiburg-schwarzwald.de\/blog\/wp-content\/uploads\/2014\/05\/strand19schiff-pan140510.jpg\" alt=\"Kreuzfahrtschiff Costa Faszinosa am 12.5.2014 vor Venedig an der Punta Sabbioni\" width=\"639\" height=\"258\" srcset=\"https:\/\/www.freiburg-schwarzwald.de\/blog\/wp-content\/uploads\/2014\/05\/strand19schiff-pan140510.jpg 639w, https:\/\/www.freiburg-schwarzwald.de\/blog\/wp-content\/uploads\/2014\/05\/strand19schiff-pan140510-180x72.jpg 180w\" sizes=\"auto, (max-width: 639px) 100vw, 639px\" \/><\/a><p id=\"caption-attachment-47920\" class=\"wp-caption-text\">Kreuzfahrtschiff Costa Faszinosa am 12.5.2014 vor Venedig an der Punta Sabbioni<\/p><\/div>\n<p>&nbsp;<\/p>\n<ul>\n<li><a href=\"https:\/\/www.freiburg-schwarzwald.de\/blog\/telegram-fb-meinungsfreiheit\/\">Telegram FB: Meinungsfreiheit?<\/a>\u00a0(27.8.2024)<\/li>\n<li><a href=\"https:\/\/www.freiburg-schwarzwald.de\/blog\/ernst-wolff-geld-finanz-system\/\">Ernst Wolff: Geld-Finanz-System<\/a>\u00a0(3.11.2023)<\/li>\n<li><a href=\"https:\/\/www.freiburg-schwarzwald.de\/blog\/journos-helfen-journos-appell\/\">Journalisten helfen Journalisten \u2013 Appell<\/a>\u00a0(7.4.2021)<\/li>\n<li>Kapitalismus und Cyberkapitalismus (digitaler Kapitalismus) (30.6.2014)<\/li>\n<li><\/li>\n<li><a title=\"Social-Networking\" href=\"https:\/\/www.freiburg-schwarzwald.de\/blog\/kultur\/internet\/social-networking\/\">Social Networking<\/a><\/li>\n<\/ul>\n<p>&nbsp;<\/p>\n<p><strong>Kapitalismus und Cyberkapitalismus (digitaler Kapitalismus)<\/strong><br \/>\n&#8222;All diese Firmen, Amazon, Facebook, Google sind deshalb so anders, weil sie einerseits kapitalistische Unternehmen sind, die Profit machen wollen, andererseits aber von einem digitalen Utopismus getragen sind, der letztlich zum Ziel hat, die gesamte Gesellschaft zu optimieren. &#8230;.<br \/>\nDiese Unternehmer, Larry Page, Jeff Bezos, Mark Zuckerberg, haben eine Mission, die gr\u00f6\u00dfer ist als der Kapitalismus. Sie hat religi\u00f6se Z\u00fcge. &#8230;<br \/>\nMacht erlangt man , indem man Menschen auf kurze Sucht etwas gibt, was si wollen oder brauchen, und damit eine langfristige Abh\u00e4ngigkeit schafft. Fr\u00fcher wurde man K\u00f6nig. Heute wird man Mark Zuckerberg&#8230;.<\/p>\n<p>Im herk\u00f6mmlichen Kapitalismus konkurrieren verschiedene Marktteilnehmer, jeder mit seinen eigenen Informationen, seiner eigenen Strategie, seinen Vor- und Nachteilen.\u00a0Im Cyberkapitalismus erledigt das der Computer &#8211; und derjenige mit dem gr\u00f6\u00dften Computer ist den anderen \u00fcberlegen und wird letztlich weltbeherrschenden Macht.&#8220;<br \/>\nJaron Lanier in &#8222;Die Umsonstkultur ist eine T\u00e4uschung &#8211; irgendjemand zahlt immer&#8220;,<br \/>\nDER SPIEGEL 27\/2014, Seite 120-123<\/p>\n<p>Jaron Lanier ist einer der sch\u00e4rfsten Kritiker des digitalen Kapitalismus und dessen allm\u00e4chtiger Monopole.<\/p>\n<p>Jaron Lanier: Wem geh\u00f6rt die Zukunft,<br \/>\nHoffmann und Campe Verlag, 480 S., 24,99 Euro<\/p>\n<p>30.6.2014<\/p>\n<p>&nbsp;<\/p>\n","protected":false},"excerpt":{"rendered":"<p>\u00a0Home &gt;Kultur\u00a0&gt;Soziales &gt;Medien &gt;Internet &gt;Cyberkapitalismus &nbsp; Telegram FB: Meinungsfreiheit?\u00a0(27.8.2024) Ernst Wolff: Geld-Finanz-System\u00a0(3.11.2023) Journalisten helfen Journalisten \u2013 Appell\u00a0(7.4.2021) Kapitalismus und Cyberkapitalismus (digitaler Kapitalismus) (30.6.2014) Social Networking &nbsp; Kapitalismus und Cyberkapitalismus (digitaler Kapitalismus) &#8222;All diese Firmen, Amazon, Facebook, Google sind deshalb so &hellip; <a href=\"https:\/\/www.freiburg-schwarzwald.de\/blog\/kultur\/internet\/cyberkapitalismus\/\">Weiterlesen <span class=\"meta-nav\">&rarr;<\/span><\/a><\/p>\n","protected":false},"author":2,"featured_media":0,"parent":2000,"menu_order":0,"comment_status":"open","ping_status":"closed","template":"","meta":{"footnotes":""},"class_list":["post-49083","page","type-page","status-publish","hentry"],"_links":{"self":[{"href":"https:\/\/www.freiburg-schwarzwald.de\/blog\/wp-json\/wp\/v2\/pages\/49083","targetHints":{"allow":["GET"]}}],"collection":[{"href":"https:\/\/www.freiburg-schwarzwald.de\/blog\/wp-json\/wp\/v2\/pages"}],"about":[{"href":"https:\/\/www.freiburg-schwarzwald.de\/blog\/wp-json\/wp\/v2\/types\/page"}],"author":[{"embeddable":true,"href":"https:\/\/www.freiburg-schwarzwald.de\/blog\/wp-json\/wp\/v2\/users\/2"}],"replies":[{"embeddable":true,"href":"https:\/\/www.freiburg-schwarzwald.de\/blog\/wp-json\/wp\/v2\/comments?post=49083"}],"version-history":[{"count":3,"href":"https:\/\/www.freiburg-schwarzwald.de\/blog\/wp-json\/wp\/v2\/pages\/49083\/revisions"}],"predecessor-version":[{"id":126436,"href":"https:\/\/www.freiburg-schwarzwald.de\/blog\/wp-json\/wp\/v2\/pages\/49083\/revisions\/126436"}],"up":[{"embeddable":true,"href":"https:\/\/www.freiburg-schwarzwald.de\/blog\/wp-json\/wp\/v2\/pages\/2000"}],"wp:attachment":[{"href":"https:\/\/www.freiburg-schwarzwald.de\/blog\/wp-json\/wp\/v2\/media?parent=49083"}],"curies":[{"name":"wp","href":"https:\/\/api.w.org\/{rel}","templated":true}]}}

<p><a href="https://www.freiburg-schwarzwald.de/blog"> Home</a> &gt;<a title="Kultur" href="https://www.freiburg-schwarzwald.de/blog/kultur/">Kultur</a> &gt;<a title="Soziales" href="https://www.freiburg-schwarzwald.de/blog/soziales/">Soziales</a> &gt;<a title="Medien" href="https://www.freiburg-schwarzwald.de/blog/kultur/medien/">Medien</a> &gt;<a title="Internet" href="https://www.freiburg-schwarzwald.de/blog/kultur/internet/">Internet</a> &gt;Cyberkapitalismus</p>
<div id="attachment_47920" style="width: 649px" class="wp-caption alignnone"><a href="https://www.freiburg-schwarzwald.de/blog/global/italien/venedig/strand19schiff-pan140510/" rel="attachment wp-att-47920"><img loading="lazy" decoding="async" aria-describedby="caption-attachment-47920" class="size-full wp-image-47920" src="https://www.freiburg-schwarzwald.de/blog/wp-content/uploads/2014/05/strand19schiff-pan140510.jpg" alt="Kreuzfahrtschiff Costa Faszinosa am 12.5.2014 vor Venedig an der Punta Sabbioni" width="639" height="258" srcset="https://www.freiburg-schwarzwald.de/blog/wp-content/uploads/2014/05/strand19schiff-pan140510.jpg 639w, https://www.freiburg-schwarzwald.de/blog/wp-content/uploads/2014/05/strand19schiff-pan140510-180x72.jpg 180w" sizes="auto, (max-width: 639px) 100vw, 639px" /></a><p id="caption-attachment-47920" class="wp-caption-text">Kreuzfahrtschiff Costa Faszinosa am 12.5.2014 vor Venedig an der Punta Sabbioni</p></div>
<p>&nbsp;</p>
<ul>
<li><a href="https://www.freiburg-schwarzwald.de/blog/telegram-fb-meinungsfreiheit/">Telegram FB: Meinungsfreiheit?</a> (27.8.2024)</li>
<li><a href="https://www.freiburg-schwarzwald.de/blog/ernst-wolff-geld-finanz-system/">Ernst Wolff: Geld-Finanz-System</a> (3.11.2023)</li>
<li><a href="https://www.freiburg-schwarzwald.de/blog/journos-helfen-journos-appell/">Journalisten helfen Journalisten – Appell</a> (7.4.2021)</li>
<li>Kapitalismus und Cyberkapitalismus (digitaler Kapitalismus) (30.6.2014)</li>
<li></li>
<li><a title="Social-Networking" href="https://www.freiburg-schwarzwald.de/blog/kultur/internet/social-networking/">Social Networking</a></li>
</ul>
<p>&nbsp;</p>
<p><strong>Kapitalismus und Cyberkapitalismus (digitaler Kapitalismus)</strong><br />
&#8222;All diese Firmen, Amazon, Facebook, Google sind deshalb so anders, weil sie einerseits kapitalistische Unternehmen sind, die Profit machen wollen, andererseits aber von einem digitalen Utopismus getragen sind, der letztlich zum Ziel hat, die gesamte Gesellschaft zu optimieren. &#8230;.<br />
Diese Unternehmer, Larry Page, Jeff Bezos, Mark Zuckerberg, haben eine Mission, die größer ist als der Kapitalismus. Sie hat religiöse Züge. &#8230;<br />
Macht erlangt man , indem man Menschen auf kurze Sucht etwas gibt, was si wollen oder brauchen, und damit eine langfristige Abhängigkeit schafft. Früher wurde man König. Heute wird man Mark Zuckerberg&#8230;.</p>
<p>Im herkömmlichen Kapitalismus konkurrieren verschiedene Marktteilnehmer, jeder mit seinen eigenen Informationen, seiner eigenen Strategie, seinen Vor- und Nachteilen. Im Cyberkapitalismus erledigt das der Computer &#8211; und derjenige mit dem größten Computer ist den anderen überlegen und wird letztlich weltbeherrschenden Macht.&#8220;<br />
Jaron Lanier in &#8222;Die Umsonstkultur ist eine Täuschung &#8211; irgendjemand zahlt immer&#8220;,<br />
DER SPIEGEL 27/2014, Seite 120-123</p>
<p>Jaron Lanier ist einer der schärfsten Kritiker des digitalen Kapitalismus und dessen allmächtiger Monopole.</p>
<p>Jaron Lanier: Wem gehört die Zukunft,<br />
Hoffmann und Campe Verlag, 480 S., 24,99 Euro</p>
<p>30.6.2014</p>
<p>&nbsp;</p>
