{"id":48590,"date":"2014-06-10T17:19:24","date_gmt":"2014-06-10T15:19:24","guid":{"rendered":"https:\/\/www.freiburg-schwarzwald.de\/blog\/?page_id=48590"},"modified":"2026-04-10T08:27:46","modified_gmt":"2026-04-10T06:27:46","slug":"saudi-arabien","status":"publish","type":"page","link":"https:\/\/www.freiburg-schwarzwald.de\/blog\/global\/saudi-arabien\/","title":{"rendered":"Saudi-Arabien"},"content":{"rendered":"<p><a href=\"https:\/\/www.freiburg-schwarzwald.de\/blog\/\">Home<\/a> &gt;<a title=\"Global\" href=\"https:\/\/www.freiburg-schwarzwald.de\/blog\/global\/\">Globa<\/a>l &gt;Saudi-Arabien<\/p>\n<div id=\"attachment_47932\" style=\"width: 649px\" class=\"wp-caption alignnone\"><a href=\"https:\/\/www.freiburg-schwarzwald.de\/blog\/global\/integration\/fluechtlinge\/strand25abendsonne-burg-pan140510\/\" rel=\"attachment wp-att-47932\"><img loading=\"lazy\" decoding=\"async\" aria-describedby=\"caption-attachment-47932\" class=\"size-full wp-image-47932\" src=\"https:\/\/www.freiburg-schwarzwald.de\/blog\/wp-content\/uploads\/2014\/05\/strand25abendsonne-burg-pan140510.jpg\" alt=\"Am Mittelmeer zwischen Venedig und Jesolo 12.5.2014 - Adria\" width=\"639\" height=\"259\" srcset=\"https:\/\/www.freiburg-schwarzwald.de\/blog\/wp-content\/uploads\/2014\/05\/strand25abendsonne-burg-pan140510.jpg 639w, https:\/\/www.freiburg-schwarzwald.de\/blog\/wp-content\/uploads\/2014\/05\/strand25abendsonne-burg-pan140510-180x72.jpg 180w\" sizes=\"auto, (max-width: 639px) 100vw, 639px\" \/><\/a><p id=\"caption-attachment-47932\" class=\"wp-caption-text\">Am Mittelmeer zwischen Venedig und Jesolo 12.5.2014 &#8211; Adria<\/p><\/div>\n<ul>\n<li><em>Listenauswahl eines Beitrags: Bitte anklicken oder runterscrollen<\/em><\/li>\n<li><a href=\"https:\/\/www.freiburg-schwarzwald.de\/blog\/global\/migration\/migration-kriminalitaet\/\">Zahlen des Generalbundesanwalts: Meist arabische und afghanische Verd\u00e4chtige<\/a>\u00a0(21..2025)<\/li>\n<li><a href=\"https:\/\/www.freiburg-schwarzwald.de\/blog\/magdeburg-weihnachtsmarkt\/\">Magdeburg Weihnachtsmarkt<\/a>\u00a0(22.12.2024)<\/li>\n<li><a href=\"https:\/\/www.freiburg-schwarzwald.de\/blog\/9-11-20-jahre-weiterhin-terror\/\">9\/11 \u2013 20 Jahre weiterhin Terror<\/a>\u00a0(11.9.2021)<\/li>\n<li><a title=\"Abraham-Abkommen Israel-VAE\" href=\"https:\/\/www.freiburg-schwarzwald.de\/blog\/abraham-abkommen-israel-vae\/\">Abraham-Abkommen von Israel mit Bahrein und VAE<\/a>\u00a0(20.9.2020)<\/li>\n<li><a href=\"https:\/\/www.freiburg-schwarzwald.de\/blog\/is\">Youtube l\u00f6scht Kanal von Hamed Abdel-Samad<\/a>\u00a0(19.6.2019)<\/li>\n<li>Schurkenstaaten werden Migrationspakt unterschreiben &#8211; moralischer Zusatzgewinn (22.11.2018)<\/li>\n<li>Salafisten werben &#8211; Kinder sterben &#8211; Saudis finanzieren (3.8.2016)<\/li>\n<li>Schulb\u00fccher von IS und Saudi-Arabien zu 95% identisch (19.10.2015)<\/li>\n<li>Waffenexporte ins Land der Salafisten (12.6.2014)<\/li>\n<li>Vergewaltigung von Hausangestellten (10.6.2014)<\/li>\n<li>Saudi-Arabien &#8211; der reichste islamische Staat weltweit<\/li>\n<li>Saudi-Arabien &#8211; \u00fcber 8 Mio Gastarbeiter<\/li>\n<li>Saudi-Arabien &#8211; Frauenrechte gelten nicht<\/li>\n<li><\/li>\n<li><a href=\"https:\/\/www.freiburg-schwarzwald.de\/blog\/global\/arabien\/\">Arabien<\/a><\/li>\n<li><a title=\"Islam\" href=\"https:\/\/www.freiburg-schwarzwald.de\/blog\/religion\/islam\/\">Islam<\/a><\/li>\n<li><a title=\"Maghreb\" href=\"https:\/\/www.freiburg-schwarzwald.de\/blog\/global\/maghreb\/\">Maghreb<\/a><\/li>\n<\/ul>\n<p><strong>Schurkenstaaten werden Migrationspakt unterschreiben &#8211; moralischer Zusatzgewinn<\/strong><br \/>\nDass auch ein Bluts\u00e4ufer wie Assad seine Unterschrift unter ein Abkommen setzt, das sich der F\u00f6rderung einer &#8222;geschlechtersensiblen Migrationspolitik&#8220; verpflichtet f\u00fchlt, kann man f\u00fcr einen bedeutenden Fortschritt halten &#8211; oder eine gigantische Farce. Kein Autokrat denkt ernsthaft daran, &#8222;inklusive, von sozialem Zusammenhalt gepr\u00e4gte Gesellschaften zu f\u00f6rdern&#8220;, wie es im Vertragstext hei\u00dft. W\u00e4re es anders, m\u00fcsste er heute noch seinen R\u00fccktritt einreichen.<br \/>\nWarum dann trotzdem nahezu alle Schurkenstaaten\u00a0den <a title=\"Global-Migration\" href=\"https:\/\/www.freiburg-schwarzwald.de\/blog\/global\/globalisierung\/global-migration\/\">UN-Migrationspakt<\/a> unterschreiben? Weil die Unterschrift Reputation verschafft. So funktioniert die ganze Uno: Man sitzt als Folterstaat im Menschenrechtsrat, wo man dann den demokratischen L\u00e4ndern die Leviten lesen kann. Billiger l\u00e4sst sich moralischer Zusatzgewinn nicht einstreichen.<br \/>\n&#8230; Alles von Jan Fleischhauer vom 22.11.2018 bitte lesen auf<br \/>\n<a href=\"https:\/\/www.spiegel.de\/politik\/deutschland\/migrationspakt-warum-deutschland-nicht-unterzeichnen-darf-kolumne-a-1239796.html\">https:\/\/www.spiegel.de\/politik\/deutschland\/migrationspakt-warum-deutschland-nicht-unterzeichnen-darf-kolumne-a-1239796.html<\/a><\/p>\n<p>&nbsp;<\/p>\n<p>&nbsp;<\/p>\n<p><strong>Salafisten werben &#8211; Kinder sterben &#8211; Saudis finanzieren<\/strong><br \/>\nHassprediger und Salafisten werben offen in unseren Fu\u00dfg\u00e4ngerzonen f\u00fcr ihre fanatischen Ideen und die Finanzierung des Terrors. Ismail Tipi fordert ein Bet\u00e4tigungsverbot. &#8230;.<br \/>\nSalafisten sind Seelenverk\u00e4ufer. Sie vergiften die Gedanken der Jugend. Salafisten stellen eine gro\u00dfe Gefahr f\u00fcr unseren inneren Frieden, die innere Sicherheut und die Demokratie dar. Lies-St\u00e4nde und die inzwischen in Europa verbreiteten Projekte sind eine Bedrohung f\u00fcr unseren Rechtsstaat. Es kann nicht sein, dass Salafisten vor unseren Augen unsere Kinder f\u00fcr ihre Ideologie anwerben. Sie sind hinter unseren Jugendlichen her. Das ist gef\u00e4hrlich. Jeden Tag verlieren wir dutzende Kinder und Jugendliche an die H\u00e4nde der Salafisten. Das m\u00fcssen wir stoppen. Das m\u00fcssen wir verhindern. Nicht vergessen: Salafisten werben \u2013 Kinder sterben! &#8230;..<br \/>\nAlles vom 3.8.2016 lesen auf<br \/>\n<a href=\"https:\/\/www.rolandtichy.de\/gastbeitrag\/salafisten-werben-kinder-sterben\/\">https:\/\/www.rolandtichy.de\/gastbeitrag\/salafisten-werben-kinder-sterben\/<br \/>\n<\/a>\u00a0 \u00a0.<br \/>\n<strong>Neben Saudi-Arabien finanziert auch Katar den Islamterror<\/strong><br \/>\nGeld regiert die Welt, oder? Wer finanziert die Salafisten? Dass der Wahabismus der dem Salafismus gleicht Staatsreligion in Saudi Arabien ist, ist bekannt, doch daneben ist auch noch ein Schlitzohr zu finden, ein ganz hinterfotziges wie wir in Bayern sagen. KATAR <a href=\"https:\/\/www.handelsblatt.com\/politik\/international\/die-winzige-weltmacht-katar-soll-radikalislamische-salafisten-unterstuetzen\/6718158-2.html\">https:\/\/www.handelsblatt.com\/politik\/international\/die-winzige-weltmacht-katar-soll-radikalislamische-salafisten-unterstuetzen\/6718158-2.html<\/a><br \/>\nKatar mit den Radio und TV-Sendern Al Djazzera. Katar mit den Beteiligungen in westlichen Fu\u00dfballklubs und Finanzierung von Sport nicht nur im Fu\u00dfball \u2013 googeln noolympia Katar. Katar mit riesigen Finanzierungen in Firmenbeteiligungen. Mir scheint, dass gerade zwar von den Medien das T\u00fcrkei-Ditip-Bashing etwas hochkocht, aber aufgrund nicht genommener Recherchezeit wichtige Drahtzieher des Steinzeitislams nicht auf dem Schirm hat. Ruhig ist es auch von Regierungsseite. Die strategischen Partner der USA Saudi Arabien und auch Katar haben wohl Narrenfreiheit. Herr Steinmeier spricht gar von seinem Freund Abdel, dem saudischen Minister. Sollten diese Staaten mit dem Islam- Expansionsdrang Erfolg haben, dann ist es auch dem Schweigen wegen diverser Geostrategien und Kapital zu verdanken. Ein Wunder, dass die Gr\u00fcnen und die Linken da noch nicht abgefahren sind, w\u00e4re doch ein gefundenes Fressen, um den USA eins auszuwischen. Aber schalten wir die Lichter aus. Nur wohin mit unseren M\u00e4dchen?<br \/>\n3.8.016, Hippiem\u00e4dchen, TO<\/p>\n<p>&nbsp;<\/p>\n<p><strong>Schulb\u00fccher von IS und Saudi-Arabien zu 95% identisch<\/strong><br \/>\nNotwendig sei eine breite gesellschaftliche Debatte \u00fcber die Ursachen des islamistischen Terrors und der Fluchtbewegung. \u201eWir fragen nicht, warum unser engster Partner im Nahen Osten ausgerechnet Saudi-Arabien ist\u201c, kritisierte Kermani. Man ignoriere, dass die Schulb\u00fccher und Lehrpl\u00e4ne des \u201eIslamischen Staats\u201c (<a class=\"rtr-entity\" href=\"https:\/\/www.faz.net\/aktuell\/politik\/thema\/islamischer-staat\" data-rtr-id=\"291b4d5085079ba785fa8de5832717765f869779\">IS<\/a>) zu 95 Prozent identisch seien mit jenen Saudi-Arabiens. Der \u201ereligi\u00f6se Faschismus\u201c des IS stelle nur den Endpunkt eines langen Niedergangs \u201eauch und gerade des religi\u00f6sen Denkens\u201c dar. \u201eGesponsert mit Milliardenbetr\u00e4gen aus dem \u00d6l\u201c sei der Terror \u00fcber Jahrzehnte \u201ein Moscheen, in B\u00fcchern, im Fernsehen\u201c ideologisch vorbereitet worden. &#8230;.<br \/>\nAlles zu Kermani vom 19.10.2015 bitte lesen auf<br \/>\n<a href=\"https:\/\/www.faz.net\/aktuell\/feuilleton\/friedenspreis-fuer-kermani-der-westen-muss-den-krieg-in-syrien-beenden-13862016.html\">https:\/\/www.faz.net\/aktuell\/feuilleton\/friedenspreis-fuer-kermani-der-westen-muss-den-krieg-in-syrien-beenden-13862016.html<\/a><\/p>\n<p><em>\u00a0Der Westen muss den Krieg in Syrien beenden<\/em><br \/>\n<em>Navid Kermani erh\u00e4lt den Friedenspreis des Deutschen Buchhandels und kritisiert in seiner Dankesrede das unzureichende Eingreifen des Westens in Syrien. Auch milit\u00e4rische Reaktionen m\u00fcssten erwogen werden.<\/em><\/p>\n<p><strong>Der Sufismus-Islam ist verloren<\/strong><br \/>\nVon einem Augenblick auf den anderen versetzte Kermani die Festgesellschaft nach Syrien \u2013 in das katholische Kloster Mar Musa, in dem die M\u00f6nche seit vielen Jahren das Miteinander der christlichen und der islamischen Religion leben. Bruder Paolo und Bruder Jacques, so ein von den beiden \u00c4bten offenbar tief beeindruckter Kermani, h\u00e4tten sich in den Islam verliebt und diesen genauso ernst genommen wie ihre eigene Religion. \u00a0&#8230;..<br \/>\nDer von Toleranz, Erbarmen und Feindesliebe des Sufismus gepr\u00e4gte Islam, wie ihn Kermani erlebt und erlesen hat, ist vermutlich unwiederbringlich verloren: So weit ging der Friedenspreistr\u00e4ger in der Paulskirche&#8230;.<br \/>\nAlles von Bettina Schulte vom 20.10.2015 auf<br \/>\n<a href=\"https:\/\/www.badische-zeitung.de\/literatur-und-vortraege\/preistraeger-navid-kermaani-haelt-denkwuerdige-rede\">https:\/\/www.badische-zeitung.de\/literatur-und-vortraege\/preistraeger-navid-kermaani-haelt-denkwuerdige-rede<\/a><\/p>\n<p class=\"vorwort\"><strong>Eine islamische Kultur gibt es nicht mehr<\/strong><br \/>\nDanke an Bettina Schulte f\u00fcr den Bericht \u00fcber die Rede von Navid Kermani. Er ist ein profunder Kenner des Islam und hat in vielen Passagen seiner Rede die Problematik dezidiert angesprochen: das katholische Kloster Mar Musa in Syrien, das ein Miteinander der christlichen und islamischen Religionen praktiziert, die Fanatiker des IS, Anh\u00e4nger des Wahhabismus, von Saudi Arabien mit Millionen Dollar unterst\u00fctzt \u2013 ebenso unterst\u00fctzt der Westen diesen Fundamentalismus massiv \u2013, die Gleichg\u00fcltigkeit von Europa m\u00fcsse ein Ende haben.<br \/>\nWarum lassen sich unsere Politiker nicht von solchen Menschen beraten? Warum treiben wir immer noch Handel mit Saudi Arabien? Wer zettelt all die Kriege an, weswegen die Fl\u00fcchtlinge uns nun \u00fcberschwemmen? M\u00fcssen wir den gewaltbereiten Islam einfach hinnehmen?<br \/>\nKermani kritisiert die Verzerrung religi\u00f6ser Texte. Diese Verzerrung erkennt er im Islam und den gewaltorientierten Passagen des Koran. Er setzt sich f\u00fcr die weltanschauliche Neutralit\u00e4t des Staates ein. Dieser Artikel ist hervorragend und verdient gro\u00dfes Lob.<br \/>\n24.10.2015, Rosalinde St\u00f6cker, March-Holzhausen<\/p>\n<p>&nbsp;<\/p>\n<div class=\"subject\"><strong>Terror-Financiers<\/strong><br \/>\nBemerkenswert ist, wie geschickt Politik und Medien (nach dem Attentat auf &#8222;Charlie Hebdo in Paris am 7.1.2015) die Urheber des islamistischen Terrors weltweit, n\u00e4mlich das Saud-Regime in Riad und die Terror-Finanziers in den Emiraten au\u00dfen vor lassen. Nicht der Islam als Religion ist eine Gefahr f\u00fcr Europa und die Welt, sondern die wahhabitische Auslegeung desselben, wie sie in Saudi-Arabien Staatreligion ist. Ohne Gelder und Koranschulen aus den genannten Staaten g\u00e4be es weder IS noch Boko Haram, die erst dieser Tage Hunderte Menschen ermordet haben. Aber offenbar ist die Verflechtung der westlichen Finanzindustrie mit den oben genannten Staaten so gro\u00df,<\/div>\n<div class=\"subject\">da\u00df man den von dort ausgehenden Terror billigend in Kauf nimmt. Das ist das eigentlich Erb\u00e4rmliche an der westlichen Politik.<br \/>\n9.1.2015, Watcher55, DIE ZEIT<\/div>\n<p>&nbsp;<\/p>\n<p><strong>Waffenexporte ins Land der Salafisten<\/strong><br \/>\nDie ganze Diskussion um den ach so gef\u00e4hrlichen Salafismus stellt ein Musterbeispiel dar, wie schizophren unsere Politik und mit ihr die Medien mittlerweile funktionieren. Ist doch der Salafismus die herrschende Religion in Saudi-Arabien. Seltsam nur, dass die Bundesregierung dorthin Waffen exportiert, im Jahre 2013 allein \u00fcber 18000 Gewehre und 80000 Teile f\u00fcr Maschinenpistolen. Wenn nun also der Verfassungsschutz gegen die Salafisten ermittelt, m\u00fcsste er ja im Grunde genommen auch gegen die Bundesregierung ermitteln. Denn diese unterst\u00fctzt ja ganz offensichtlich Salafisten.<br \/>\nDas eine sind die Fundamentalisten bzw. Salafisten, die anderen die Neofundamentalisten. Praktisch ergibt sich aber dadurch kein Unterschied. Denn in Saudi-Arabien ist der \u00dcbertritt zum Christentum bei Todesstrafe verboten, die im \u00dcbrigen auch angewendet wird. Laut einem Bericht der evangelischen Allianz in Deutschland geh\u00f6rt Saudi-Arabien zu den Staaten, in den die Religionsfreiheit am meisten verletzt wird. Festzustellen bleibt also, dass unser geliebtes Vaterland mit einem Pastor als Bundespr\u00e4sidenten und einer Pastorentochter als Kanzlerin ein Regime mit Waffen unterst\u00fctzt, das offiziell Christen allein um ihres Glaubens willen t\u00f6tet. W\u00fcrde Vogel das predigen, was w\u00e4re dann wohl los. Noch Fragen?<br \/>\n12.6.2014, Siegfried Isele<\/p>\n<p>&nbsp;<\/p>\n<p><strong>Vergewaltigung von Hausangestellten<\/strong><br \/>\nKommen die Hausm\u00e4dchen in Saudi-Arabien an, nimmt man ihnen den Pass weg.\u00a0&#8230; <b>\u00a0<\/b>Viele Ausl\u00e4nderinnen, die als Nanny arbeiten, werden von den S\u00f6hnen oder Hausherren vergewaltigt. Einmal habe ich eine \u00c4thiopierin gefahren, die vor Schmerzen kaum laufen konnte. In der Klinik habe ich den Sachverhalt einer \u00c4rztin geschildert. Sie sagte: Schlimm, aber da kann man nichts machen. Wenn wir jetzt die Polizei einschalten, geht diese Frau ins Gef\u00e4ngnis. &#8230; Wer\u00a0eine Vergewaltigung anzeigt, gibt nach dortigem Verst\u00e4ndnis automatisch zu, au\u00dferehelichen Sex gehabt zu haben &#8211; ein schweres Vergehen. &#8230;.<br \/>\nAlles vom 10.6.2014 bitte lesen auf<br \/>\n<a href=\"https:\/\/www.spiegel.de\/panorama\/gesellschaft\/deutscher-rettungswagenfahrer-in-saudi-arabien-blaulicht-durch-riad-a-956053-2.html#js-article-comments-box-pager\">https:\/\/www.spiegel.de\/panorama\/gesellschaft\/deutscher-rettungswagenfahrer-in-saudi-arabien-blaulicht-durch-riad-a-956053-2.html#js-article-comments-box-pager<\/a><\/p>\n<div>\n<div><strong>Menschenverachtende Religionskultur<\/strong><br \/>\nIch versuche wirklich, andere Kulturen zu verstehen und soweit es mir als westeurop\u00e4isch undogmatischem Menschen m\u00f6glich ist, .aber diese Religionskultur ist schlicht und ergreifend das bescheuerteste, wor\u00fcber ich tagt\u00e4glich seit Jahren lese. R\u00fcckst\u00e4ndig, barbarisch und menschenverachtend, ich hoffe, da\u00df dieser unfassbare Schwachsinn irgendwann mal eine Ende findet, vielleicht ja auch durch mehr Bildung\/Aufkl\u00e4rung\/ich -wei\u00df-leider-nicht-was&#8230; Islam &#8211; gr\u00f6\u00dfter Massenm\u00f6rder &#8211; Irrsinn.<\/div>\n<\/div>\n<div>\n<div>\u00a0\u00a0\u00a0 .<\/div>\n<\/div>\n<div>\n<div><strong>Wir Deutsche machen Gesch\u00e4fte mit den Saudis<\/strong><br \/>\nWas soll man da noch kommentieren? Au\u00dfer an dieser Stelle nochmal ausdr\u00fccklich darauf hinzuweisen, dass alle westlichen, ach so demokratischen und Menschenrechts-verpflichteten Regierungen, gerade auch die Deutsche, gerne und umfangreich Gesch\u00e4fte mit der herrschend Sippe in diesem Land machen. In unser aller Namen.<br \/>\n10.6.2014, Zaharoff<br \/>\n.<br \/>\n<strong>Eine Diktatur, die Frauen und einen Gro\u00dfteil ausl\u00e4ndischer Arbeiter versklavt<\/strong><br \/>\nAber gegen dieses Unrechtsregime gibt es keine Sanktionen. Die Politik und die Konzerne unterst\u00fctzen diese Barbarei aus strategischen Interessen bzw. Profitgier. F\u00fcr die Ukraine \u00fcberschlagen sich westliche Politiker geradezu weil es ja angeblich um Menschlichkeit geht. F\u00fcr die Geknechteten und Versklavten in Saudi-Arabien r\u00fchrten sie keinen Finger. Geld kennt keine Moral &#8211; und Politik leider auch nicht.<br \/>\n10.6.2014, D. Regen<br \/>\n.<br \/>\n<strong>Der islamische Terror \u00fcberlebt das\u00a0\u00d6l<\/strong><br \/>\nDiese L\u00e4nder gewannen Geld und Einfluss letztlich durch den Verkauf von \u00d6l an die restliche Welt und damit die M\u00f6glichkeit, islamistische Aktivit\u00e4ten auch weltweit zu f\u00f6rdern. Und dass mit dem Ende des \u00d6ls der islamistische Terror beendet sein wird, das wage ich zu bezweifeln &#8211; schlie\u00dflich haben die Scheichs ihre Dollars schon l\u00e4ngst weltweit in andere Gesch\u00e4fte investiert! Den Islamterror sollte man nicht mit amerikanischen Infantristen bek\u00e4mpfen, sondern mit der Unterbindung der Geldstr\u00f6me in diese Richtung. Da w\u00fcrde es allerdings dem einen oder anderen westlichen Gierhals an den Kragen gehen &#8211; und das wissen unsere wirtschaftsfreundlichen Regierungen nat\u00fcrlich zu unterbinden&#8230; Im Westen wie im Osten: nichts neues.<br \/>\n10.6.2014, Georg Alexander<\/div>\n<\/div>\n<p>&nbsp;<\/p>\n<p><strong>Saudi-Arabien &#8211; der reichste islamische Staat weltweit<\/strong><br \/>\nSaudi-Arabien ist das aufgrund seiner Erd\u00f6lvorkommen reichste und damit einflu\u00dfreichste islamische Land weltweit. Es gilt das Recht der Scharia, somit gibt es\u00a0wie in allen islamischen L\u00e4ndern zum einen\u00a0keine Trennung von Kirche und Staat bzw. keine Gewaltenteilung mit unabh\u00e4ngiger Justiz. \u00a0Zum anderen werden die von der UN verk\u00fcndeten allgemeinen Menschenrechte und\u00a0 speziell die Frauenrechte nicht anerkannt.<\/p>\n<p>&nbsp;<\/p>\n<p><strong>Saudi-Arabien &#8211; \u00fcber 8 Mio Gastarbeiter<\/strong><br \/>\nDas Problem in Saudi-Arabien ist &#8222;viel Geld aber wenige Saudis&#8220; &#8211; fast ein Drittel der Menschen im Land sind Ausl\u00e4nder. \u00dcber acht Mio Migranten sind legal in Saudi-Arabien besch\u00e4ftigt.\u00a0Gastarbeiter leben oft in erb\u00e4rmlichen Verh\u00e4ltnissen. So nennt der <a title=\"Berichte\" href=\"https:\/\/www.spiegel.de\/panorama\/saudi-arabien-youtube-video-zeigt-pruegel-fuer-diener-a-931490.html\">Bericht<\/a> des internationalen Gewerkschaftsbundes ITUC &#8222;extreme F\u00e4lle von Gewaltanwendung, Einsch\u00fcchterung, Freiheitsberaubung und Bedrohung&#8220;. Hintergrund ist das\u00a0Kafala-System, bei dem jeder Gastarbeiter einen B\u00fcrgen hat, in der Regel den Arbeitgeber. Ohne Einwilligung des Arbeitgebers k\u00f6nnen sie ihren Job nicht wechseln und auch das Land nicht verlassen.\u00a0Dies gilt f\u00fcr die m\u00e4nnlichen Bauarbeiter wie f\u00fcr die\u00a01,5 Mio Frauen, die als Hausangestellte arbeiten und zumeist von den Philippinen, aus Indonesien oder Sri Lanka stammen. Von &#8222;faktischer Sklaverei&#8220; spricht ein philippinischer Parlamentsausschuss f\u00fcr die Belange von Gastarbeitern in \u00dcbersee.<\/p>\n<p>&nbsp;<\/p>\n<p><strong>Saudi-Arabien &#8211; Frauenrechte gelten nicht<\/strong><br \/>\nRothna Begum von der Hilfsorganisation Human Rights Watch (HRW) verweist auf einen Vorfall, der 2002 weltweit Schlagzeilen machte: Damals\u00a0hinderte die islamische Sittenpolizei in Mekka Sch\u00fclerinnen am Verlassen eines brennenden Schulgeb\u00e4udes, weil die M\u00e4dchen keine Schleier und langen Gew\u00e4nder trugen.\u00a015 von ihnen starben.<\/p>\n","protected":false},"excerpt":{"rendered":"<p>Home &gt;Global &gt;Saudi-Arabien Listenauswahl eines Beitrags: Bitte anklicken oder runterscrollen Zahlen des Generalbundesanwalts: Meist arabische und afghanische Verd\u00e4chtige\u00a0(21..2025) Magdeburg Weihnachtsmarkt\u00a0(22.12.2024) 9\/11 \u2013 20 Jahre weiterhin Terror\u00a0(11.9.2021) Abraham-Abkommen von Israel mit Bahrein und VAE\u00a0(20.9.2020) Youtube l\u00f6scht Kanal von Hamed Abdel-Samad\u00a0(19.6.2019) Schurkenstaaten &hellip; <a href=\"https:\/\/www.freiburg-schwarzwald.de\/blog\/global\/saudi-arabien\/\">Weiterlesen <span class=\"meta-nav\">&rarr;<\/span><\/a><\/p>\n","protected":false},"author":2,"featured_media":0,"parent":27,"menu_order":0,"comment_status":"open","ping_status":"closed","template":"","meta":{"footnotes":""},"class_list":["post-48590","page","type-page","status-publish","hentry"],"_links":{"self":[{"href":"https:\/\/www.freiburg-schwarzwald.de\/blog\/wp-json\/wp\/v2\/pages\/48590","targetHints":{"allow":["GET"]}}],"collection":[{"href":"https:\/\/www.freiburg-schwarzwald.de\/blog\/wp-json\/wp\/v2\/pages"}],"about":[{"href":"https:\/\/www.freiburg-schwarzwald.de\/blog\/wp-json\/wp\/v2\/types\/page"}],"author":[{"embeddable":true,"href":"https:\/\/www.freiburg-schwarzwald.de\/blog\/wp-json\/wp\/v2\/users\/2"}],"replies":[{"embeddable":true,"href":"https:\/\/www.freiburg-schwarzwald.de\/blog\/wp-json\/wp\/v2\/comments?post=48590"}],"version-history":[{"count":5,"href":"https:\/\/www.freiburg-schwarzwald.de\/blog\/wp-json\/wp\/v2\/pages\/48590\/revisions"}],"predecessor-version":[{"id":147654,"href":"https:\/\/www.freiburg-schwarzwald.de\/blog\/wp-json\/wp\/v2\/pages\/48590\/revisions\/147654"}],"up":[{"embeddable":true,"href":"https:\/\/www.freiburg-schwarzwald.de\/blog\/wp-json\/wp\/v2\/pages\/27"}],"wp:attachment":[{"href":"https:\/\/www.freiburg-schwarzwald.de\/blog\/wp-json\/wp\/v2\/media?parent=48590"}],"curies":[{"name":"wp","href":"https:\/\/api.w.org\/{rel}","templated":true}]}}