{"id":48105,"date":"2014-05-23T17:03:52","date_gmt":"2014-05-23T15:03:52","guid":{"rendered":"https:\/\/www.freiburg-schwarzwald.de\/blog\/?page_id=48105"},"modified":"2014-05-25T08:11:24","modified_gmt":"2014-05-25T06:11:24","slug":"christophorus-jugendwerk","status":"publish","type":"page","link":"https:\/\/www.freiburg-schwarzwald.de\/blog\/religion\/kirchen\/caritas\/christophorus-jugendwerk\/","title":{"rendered":"Christophorus-Jugendwerk"},"content":{"rendered":"<p><a href=\"https:\/\/www.freiburg-schwarzwald.de\/blog\">Home<\/a> &gt;<a title=\"Religion\" href=\"https:\/\/www.freiburg-schwarzwald.de\/blog\/religion\/\">Religion<\/a> &gt;<a title=\"Kirchen\" href=\"https:\/\/www.freiburg-schwarzwald.de\/blog\/religion\/kirchen\/\">Kirchen<\/a> &gt;<a title=\"Caritas\" href=\"https:\/\/www.freiburg-schwarzwald.de\/blog\/religion\/kirchen\/caritas\/\">Caritas<\/a> &gt;Christophorus-Jugendwerk<\/p>\n<div id=\"attachment_47932\" style=\"width: 649px\" class=\"wp-caption alignnone\"><a href=\"https:\/\/www.freiburg-schwarzwald.de\/blog\/global\/integration\/fluechtlinge\/strand25abendsonne-burg-pan140510\/\" rel=\"attachment wp-att-47932\"><img loading=\"lazy\" decoding=\"async\" aria-describedby=\"caption-attachment-47932\" class=\"size-full wp-image-47932\" alt=\"Am Mittelmeer zwischen Venedig und Jesolo 12.5.2014 - Adria\" src=\"https:\/\/www.freiburg-schwarzwald.de\/blog\/wp-content\/uploads\/2014\/05\/strand25abendsonne-burg-pan140510.jpg\" width=\"639\" height=\"259\" srcset=\"https:\/\/www.freiburg-schwarzwald.de\/blog\/wp-content\/uploads\/2014\/05\/strand25abendsonne-burg-pan140510.jpg 639w, https:\/\/www.freiburg-schwarzwald.de\/blog\/wp-content\/uploads\/2014\/05\/strand25abendsonne-burg-pan140510-180x72.jpg 180w\" sizes=\"auto, (max-width: 639px) 100vw, 639px\" \/><\/a><p id=\"caption-attachment-47932\" class=\"wp-caption-text\">Am Mittelmeer zwischen Venedig und Jesolo 12.5.2014 &#8211; Adria<\/p><\/div>\n<p>&nbsp;<\/p>\n<ul>\n<li><span style=\"font-size: small;\"><a href=\"https:\/\/www.freiburg-schwarzwald.de\/blog\/umf-polizei-und-politik-hilflos\/\">https:\/\/www.freiburg-schwarzwald.de\/blog\/umf-polizei-und-politik-hilflos\/<\/a><\/span>\u00a0(24.5.2014)<\/li>\n<li>335 Euro pro Tag und UMF bezahlt der Bund an das Jugendwerk. <a title=\"Fluechtlinge\" href=\"https:\/\/www.freiburg-schwarzwald.de\/blog\/global\/integration\/fluechtlinge\/\">mehr<\/a>\u00a0(23.5.2014)<span style=\"font-size: small;\">\u00a0<\/span><\/li>\n<li><span style=\"font-size: small;\"><a href=\"https:\/\/www.freiburg-schwarzwald.de\/blog\/gewalt-jugendlicher-migranten\/\">https:\/\/www.freiburg-schwarzwald.de\/blog\/gewalt-jugendlicher-migranten\/<\/a><\/span>\u00a0(3.5.2014)<\/li>\n<li><\/li>\n<li>Campus Christophorus Jugendwerk Oberrimsingen<\/li>\n<li><a href=\"https:\/\/www.freiburg-schwarzwald.de\/gewalt.htm#H\u00e4rtere Strafen bringen gar nichts\">H\u00e4rtere Strafen bringen\u00a0 gar nichts<\/a> &gt;Gewalt (8.1.2008)<\/li>\n<li><a title=\"Fluechtlinge\" href=\"https:\/\/www.freiburg-schwarzwald.de\/blog\/global\/integration\/fluechtlinge\/\">Fl\u00fcchtlinge &#8211; Unbegleitete minderj\u00e4hrige Fl\u00fcchtlinge UMF<\/a><\/li>\n<\/ul>\n<p>&nbsp;<\/p>\n<p><strong>Campus Christophorus Jugendwerk Oberrimsingen<\/strong><\/p>\n<p>&#8222;Bildung ver\u00e4ndert alles! Bildung ist der Grundstein f\u00fcr junge Menschen zur Teilhabe an der Gesellschaft. Daher leiten wir junge Menschen in schwierigen Situationen zur konstruktiven Konfliktl\u00f6sung und zu einer tragf\u00e4higen Lebensplanung an. &#8230; Neben der Erziehung in Wohngruppen, der Beschulung in einer eigenen Schule f\u00fcr Erziehungshilfe mit dem Bildungsgang Werkrealschule, Ausbildung in sieben Berufen bieten wir auch individual-p\u00e4dagogische Hilfen im In- und Ausland, eine Fernschule f\u00fcr Haupt- und Realsch\u00fcler und Unterst\u00fctzung f\u00fcr Kommunen an.&#8220;<\/p>\n<p>Tr\u00e4ger: <a title=\"Caritas\" href=\"https:\/\/www.freiburg-schwarzwald.de\/blog\/religion\/kirchen\/caritas\/\">Caritas<\/a><span style=\"font-size: small;\"><br \/>\n<\/span>F\u00fcr UMF stellt das Christophorus Jugendwerk mehrere\u00a0Anlaufstellen bereit:<br \/>\nClearingszentrum Haus Christoph, 20 Bereitschaftspflegestellen, Wohngruppe Martin in FR, Aussenwohngruppen in FR und Breisach.<span style=\"font-size: small;\"><br \/>\n<\/span>Gleichwohl ist das Jugendwerk mit der zunehmenden Anzahl von UMFs heute schon weit \u00fcberbelastet.\u00a0 Zwar ist das Jugendwerk mit allen Kr\u00e4ften bem\u00fcht, aber die vom Gesetzgeber geforderten p\u00e4d.-\/psychologischen Aufgaben sind so nicht\u00a0zu leisten.<span style=\"font-size: small;\"><br \/>\n<\/span>\u00a0<a href=\"https:\/\/www.cjw.eu\/stationaerer-bereich\/umf\/index.php\">https:\/\/www.cjw.eu\/stationaerer-bereich\/umf\/index.php<\/a><\/p>\n<p>Thomas K\u00f6ck, Gesamtleiter, Tel 07664-409 202, Tel 07664-409 0<br \/>\n<a href=\"https:\/\/www.jugendwerk-oberrimsingen.de\/\">www.jugendwerk-oberrimsingen.de<\/a>,\u00a0 <a href=\"https:\/\/www.cjw.eu\">www.cjw.eu<\/a><\/p>\n<p>Flexible Hilfe am Christopher Jugendwerk<br \/>\n79206 Breisach am Rhein Telefon: 07664-0409 217 oder 06373 50 52 35<br \/>\n<a href=\"mailto:fh@jugendwerk-oberrimsingen.de\">fh@jugendwerk-oberrimsingen.de<\/a><\/p>\n<p><span style=\"font-family: Arial; font-size: small;\">\u00a0<\/span><\/p>\n","protected":false},"excerpt":{"rendered":"<p>Home &gt;Religion &gt;Kirchen &gt;Caritas &gt;Christophorus-Jugendwerk &nbsp; https:\/\/www.freiburg-schwarzwald.de\/blog\/umf-polizei-und-politik-hilflos\/\u00a0(24.5.2014) 335 Euro pro Tag und UMF bezahlt der Bund an das Jugendwerk. mehr\u00a0(23.5.2014)\u00a0 https:\/\/www.freiburg-schwarzwald.de\/blog\/gewalt-jugendlicher-migranten\/\u00a0(3.5.2014) Campus Christophorus Jugendwerk Oberrimsingen H\u00e4rtere Strafen bringen\u00a0 gar nichts &gt;Gewalt (8.1.2008) Fl\u00fcchtlinge &#8211; Unbegleitete minderj\u00e4hrige Fl\u00fcchtlinge UMF &nbsp; Campus &hellip; <a href=\"https:\/\/www.freiburg-schwarzwald.de\/blog\/religion\/kirchen\/caritas\/christophorus-jugendwerk\/\">Weiterlesen <span class=\"meta-nav\">&rarr;<\/span><\/a><\/p>\n","protected":false},"author":2,"featured_media":0,"parent":628,"menu_order":0,"comment_status":"open","ping_status":"closed","template":"","meta":{"footnotes":""},"class_list":["post-48105","page","type-page","status-publish","hentry"],"_links":{"self":[{"href":"https:\/\/www.freiburg-schwarzwald.de\/blog\/wp-json\/wp\/v2\/pages\/48105","targetHints":{"allow":["GET"]}}],"collection":[{"href":"https:\/\/www.freiburg-schwarzwald.de\/blog\/wp-json\/wp\/v2\/pages"}],"about":[{"href":"https:\/\/www.freiburg-schwarzwald.de\/blog\/wp-json\/wp\/v2\/types\/page"}],"author":[{"embeddable":true,"href":"https:\/\/www.freiburg-schwarzwald.de\/blog\/wp-json\/wp\/v2\/users\/2"}],"replies":[{"embeddable":true,"href":"https:\/\/www.freiburg-schwarzwald.de\/blog\/wp-json\/wp\/v2\/comments?post=48105"}],"version-history":[{"count":0,"href":"https:\/\/www.freiburg-schwarzwald.de\/blog\/wp-json\/wp\/v2\/pages\/48105\/revisions"}],"up":[{"embeddable":true,"href":"https:\/\/www.freiburg-schwarzwald.de\/blog\/wp-json\/wp\/v2\/pages\/628"}],"wp:attachment":[{"href":"https:\/\/www.freiburg-schwarzwald.de\/blog\/wp-json\/wp\/v2\/media?parent=48105"}],"curies":[{"name":"wp","href":"https:\/\/api.w.org\/{rel}","templated":true}]}}

<p><a href="https://www.freiburg-schwarzwald.de/blog">Home</a> &gt;<a title="Religion" href="https://www.freiburg-schwarzwald.de/blog/religion/">Religion</a> &gt;<a title="Kirchen" href="https://www.freiburg-schwarzwald.de/blog/religion/kirchen/">Kirchen</a> &gt;<a title="Caritas" href="https://www.freiburg-schwarzwald.de/blog/religion/kirchen/caritas/">Caritas</a> &gt;Christophorus-Jugendwerk</p>
<div id="attachment_47932" style="width: 649px" class="wp-caption alignnone"><a href="https://www.freiburg-schwarzwald.de/blog/global/integration/fluechtlinge/strand25abendsonne-burg-pan140510/" rel="attachment wp-att-47932"><img loading="lazy" decoding="async" aria-describedby="caption-attachment-47932" class="size-full wp-image-47932" alt="Am Mittelmeer zwischen Venedig und Jesolo 12.5.2014 - Adria" src="https://www.freiburg-schwarzwald.de/blog/wp-content/uploads/2014/05/strand25abendsonne-burg-pan140510.jpg" width="639" height="259" srcset="https://www.freiburg-schwarzwald.de/blog/wp-content/uploads/2014/05/strand25abendsonne-burg-pan140510.jpg 639w, https://www.freiburg-schwarzwald.de/blog/wp-content/uploads/2014/05/strand25abendsonne-burg-pan140510-180x72.jpg 180w" sizes="auto, (max-width: 639px) 100vw, 639px" /></a><p id="caption-attachment-47932" class="wp-caption-text">Am Mittelmeer zwischen Venedig und Jesolo 12.5.2014 &#8211; Adria</p></div>
<p>&nbsp;</p>
<ul>
<li><span style="font-size: small;"><a href="https://www.freiburg-schwarzwald.de/blog/umf-polizei-und-politik-hilflos/">https://www.freiburg-schwarzwald.de/blog/umf-polizei-und-politik-hilflos/</a></span> (24.5.2014)</li>
<li>335 Euro pro Tag und UMF bezahlt der Bund an das Jugendwerk. <a title="Fluechtlinge" href="https://www.freiburg-schwarzwald.de/blog/global/integration/fluechtlinge/">mehr</a> (23.5.2014)<span style="font-size: small;"> </span></li>
<li><span style="font-size: small;"><a href="https://www.freiburg-schwarzwald.de/blog/gewalt-jugendlicher-migranten/">https://www.freiburg-schwarzwald.de/blog/gewalt-jugendlicher-migranten/</a></span> (3.5.2014)</li>
<li></li>
<li>Campus Christophorus Jugendwerk Oberrimsingen</li>
<li><a href="https://www.freiburg-schwarzwald.de/gewalt.htm#Härtere Strafen bringen gar nichts">Härtere Strafen bringen  gar nichts</a> &gt;Gewalt (8.1.2008)</li>
<li><a title="Fluechtlinge" href="https://www.freiburg-schwarzwald.de/blog/global/integration/fluechtlinge/">Flüchtlinge &#8211; Unbegleitete minderjährige Flüchtlinge UMF</a></li>
</ul>
<p>&nbsp;</p>
<p><strong>Campus Christophorus Jugendwerk Oberrimsingen</strong></p>
<p>&#8222;Bildung verändert alles! Bildung ist der Grundstein für junge Menschen zur Teilhabe an der Gesellschaft. Daher leiten wir junge Menschen in schwierigen Situationen zur konstruktiven Konfliktlösung und zu einer tragfähigen Lebensplanung an. &#8230; Neben der Erziehung in Wohngruppen, der Beschulung in einer eigenen Schule für Erziehungshilfe mit dem Bildungsgang Werkrealschule, Ausbildung in sieben Berufen bieten wir auch individual-pädagogische Hilfen im In- und Ausland, eine Fernschule für Haupt- und Realschüler und Unterstützung für Kommunen an.&#8220;</p>
<p>Träger: <a title="Caritas" href="https://www.freiburg-schwarzwald.de/blog/religion/kirchen/caritas/">Caritas</a><span style="font-size: small;"><br />
</span>Für UMF stellt das Christophorus Jugendwerk mehrere Anlaufstellen bereit:<br />
Clearingszentrum Haus Christoph, 20 Bereitschaftspflegestellen, Wohngruppe Martin in FR, Aussenwohngruppen in FR und Breisach.<span style="font-size: small;"><br />
</span>Gleichwohl ist das Jugendwerk mit der zunehmenden Anzahl von UMFs heute schon weit überbelastet.  Zwar ist das Jugendwerk mit allen Kräften bemüht, aber die vom Gesetzgeber geforderten päd.-/psychologischen Aufgaben sind so nicht zu leisten.<span style="font-size: small;"><br />
</span> <a href="https://www.cjw.eu/stationaerer-bereich/umf/index.php">https://www.cjw.eu/stationaerer-bereich/umf/index.php</a></p>
<p>Thomas Köck, Gesamtleiter, Tel 07664-409 202, Tel 07664-409 0<br />
<a href="https://www.jugendwerk-oberrimsingen.de/">www.jugendwerk-oberrimsingen.de</a>,  <a href="https://www.cjw.eu">www.cjw.eu</a></p>
<p>Flexible Hilfe am Christopher Jugendwerk<br />
79206 Breisach am Rhein Telefon: 07664-0409 217 oder 06373 50 52 35<br />
<a href="mailto:fh@jugendwerk-oberrimsingen.de">fh@jugendwerk-oberrimsingen.de</a></p>
<p><span style="font-family: Arial; font-size: small;"> </span></p>

<p>Home &gt;Religion &gt;Kirchen &gt;Caritas &gt;Christophorus-Jugendwerk &nbsp; https://www.freiburg-schwarzwald.de/blog/umf-polizei-und-politik-hilflos/ (24.5.2014) 335 Euro pro Tag und UMF bezahlt der Bund an das Jugendwerk. mehr (23.5.2014)  https://www.freiburg-schwarzwald.de/blog/gewalt-jugendlicher-migranten/ (3.5.2014) Campus Christophorus Jugendwerk Oberrimsingen Härtere Strafen bringen  gar nichts &gt;Gewalt (8.1.2008) Flüchtlinge &#8211; Unbegleitete minderjährige Flüchtlinge UMF &nbsp; Campus &hellip; <a href="https://www.freiburg-schwarzwald.de/blog/religion/kirchen/caritas/christophorus-jugendwerk/">Weiterlesen <span class="meta-nav">&rarr;</span></a></p>
