{"id":47,"date":"2012-03-28T19:34:57","date_gmt":"2012-03-28T19:34:57","guid":{"rendered":"https:\/\/www.freiburg-schwarzwald.de\/blog\/?page_id=47"},"modified":"2025-03-11T08:57:14","modified_gmt":"2025-03-11T07:57:14","slug":"sport","status":"publish","type":"page","link":"https:\/\/www.freiburg-schwarzwald.de\/blog\/sport\/","title":{"rendered":"Sport"},"content":{"rendered":"<p><a href=\"https:\/\/www.freiburg-schwarzwald.de\/blog\">Home<\/a> &gt;Sport<\/p>\n<div id=\"attachment_1229\" style=\"width: 611px\" class=\"wp-caption alignnone\"><a href=\"https:\/\/www.freiburg-schwarzwald.de\/blog\/sport\/stpeter1pan-071222\/\" rel=\"attachment wp-att-1229\"><img loading=\"lazy\" decoding=\"async\" aria-describedby=\"caption-attachment-1229\" class=\"size-full wp-image-1229\" title=\"stpeter1pan-071222\" src=\"https:\/\/www.freiburg-schwarzwald.de\/blog\/wp-content\/uploads\/2012\/03\/stpeter1pan-071222.jpg\" alt=\"\" width=\"601\" height=\"189\" srcset=\"https:\/\/www.freiburg-schwarzwald.de\/blog\/wp-content\/uploads\/2012\/03\/stpeter1pan-071222.jpg 601w, https:\/\/www.freiburg-schwarzwald.de\/blog\/wp-content\/uploads\/2012\/03\/stpeter1pan-071222-180x56.jpg 180w\" sizes=\"auto, (max-width: 601px) 100vw, 601px\" \/><\/a><p id=\"caption-attachment-1229\" class=\"wp-caption-text\">Blick nach Westen \u00fcber St.Peter und Rheintal-Nebel zu den Vogesen am 22.12.2007 &#8211; Windr\u00e4der Ro\u00dfkopf links<\/p><\/div>\n<ul>\n<li><a href=\"https:\/\/www.freiburg-schwarzwald.de\/blog\/sport\/sport-politik\/\">Netzwerk im DFB: Wie linke Ideologinnen die sch\u00f6nste Nebensache der Welt politisieren<\/a>\u00a0(21.6.2024)<\/li>\n<li><a href=\"https:\/\/www.freiburg-schwarzwald.de\/blog\/kultur\/kulturverlust\/leistung\/\">Josef Kraus: Leistungsprinzip in Bildung und Sport<\/a>\u00a0(7.9.2023)<\/li>\n<li><a href=\"https:\/\/www.freiburg-schwarzwald.de\/blog\/wm-aus-one-love-mund-zu\/\">WM aus: \u201eOne love\u201c \u2013 \u201eMund zu\u201c<\/a>\u00a0(2.12.2022)<\/li>\n<li><a href=\"https:\/\/www.freiburg-schwarzwald.de\/blog\/katar-mund-zu-oder-fussball\/\">Katar: Mund zu oder Fussball<\/a>\u00a0(25.11.2022)<\/li>\n<li><a href=\"https:\/\/www.freiburg-schwarzwald.de\/blog\/sc-freiburg-ist-vize-pokalmeister\/\">SC Freiburg ist Vize-Pokalmeister<\/a>\u00a0(22.5.2022)<\/li>\n<li><a href=\"https:\/\/www.freiburg-schwarzwald.de\/blog\/sport\/paralympics\/\">Ganz St. Peter freut sich mit Leonie Walter \u00fcber Gold<\/a>\u00a0(10.3.2022)<\/li>\n<li><a href=\"https:\/\/www.freiburg-schwarzwald.de\/blog\/kinder-als-corona-leidtragende\/\">Kinder als Corona-Leidtragende<\/a>\u00a0(21.5.2021)<\/li>\n<li><a title=\"Fussball ist unser Leben\" href=\"https:\/\/www.freiburg-schwarzwald.de\/blog\/fussball-ist-unser-leben\/\">Fussball ist unser Leben<\/a>\u00a0(3.3.2020)<\/li>\n<li><a title=\"Stefan Kretzschmar: Meinung\" href=\"https:\/\/www.freiburg-schwarzwald.de\/blog\/stefan-kretzschmar-meinung\/\">https:\/\/www.freiburg-schwarzwald.de\/blog\/stefan-kretzschmar-meinung\/<\/a>\u00a0(10.1.2019)<\/li>\n<li><\/li>\n<li><a title=\"Baeder\" href=\"https:\/\/www.freiburg-schwarzwald.de\/blog\/sport\/baeder\/\">Baeder<\/a><\/li>\n<li><a title=\"Bewegung\" href=\"https:\/\/www.freiburg-schwarzwald.de\/blog\/sport\/bewegung\/\">Bewegung &#8211; Motorik<\/a><\/li>\n<li><a title=\"Biken\" href=\"https:\/\/www.freiburg-schwarzwald.de\/blog\/sport\/sportlern\/biken\/\">Biken<\/a><\/li>\n<li><a title=\"Doping\" href=\"https:\/\/www.freiburg-schwarzwald.de\/blog\/sport\/sportlern\/doping\/\">Doping<\/a><\/li>\n<li><a href=\"https:\/\/www.freiburg-schwarzwald.de\/blog\/kultur\/kulturverlust\/leistung\/\">leistung<\/a><\/li>\n<li><a href=\"https:\/\/www.freiburg-schwarzwald.de\/blog\/sport\/paralympics\/\">Paralympics<\/a><\/li>\n<li><a title=\"SCfreiburg\" href=\"https:\/\/www.freiburg-schwarzwald.de\/blog\/sport\/sportvereine\/scfreiburg\/\">SCfreiburg<\/a><\/li>\n<li>Ski<\/li>\n<li><a title=\"Sotschi\" href=\"https:\/\/www.freiburg-schwarzwald.de\/blog\/sport\/sotschi\/\">Sotschi<\/a><\/li>\n<li><a title=\"Sports\" href=\"https:\/\/www.freiburg-schwarzwald.de\/blog\/sport\/sports\/\">Sportgeschaefte &#8211; Sports<\/a><\/li>\n<li><a title=\"Sportlern\" href=\"https:\/\/www.freiburg-schwarzwald.de\/blog\/sport\/sportlern\/\">Sportlern &#8211; Sportarten<\/a><\/li>\n<li><a title=\"Sportvereine\" href=\"https:\/\/www.freiburg-schwarzwald.de\/blog\/sport\/sportvereine\/\">Sportvereine<\/a><\/li>\n<li><a title=\"Wandern\" href=\"https:\/\/www.freiburg-schwarzwald.de\/blog\/sport\/wandern\/\">Wandern<\/a><\/li>\n<\/ul>\n<div id=\"attachment_131569\" style=\"width: 651px\" class=\"wp-caption alignnone\"><a href=\"https:\/\/www.freiburg-schwarzwald.de\/blog\/wp-content\/uploads\/2025\/03\/meer-lalonde112abends-pan250225.jpg\"><img loading=\"lazy\" decoding=\"async\" aria-describedby=\"caption-attachment-131569\" class=\"size-full wp-image-131569\" src=\"https:\/\/www.freiburg-schwarzwald.de\/blog\/wp-content\/uploads\/2025\/03\/meer-lalonde112abends-pan250225.jpg\" alt=\"\" width=\"641\" height=\"365\" srcset=\"https:\/\/www.freiburg-schwarzwald.de\/blog\/wp-content\/uploads\/2025\/03\/meer-lalonde112abends-pan250225.jpg 641w, https:\/\/www.freiburg-schwarzwald.de\/blog\/wp-content\/uploads\/2025\/03\/meer-lalonde112abends-pan250225-180x102.jpg 180w\" sizes=\"auto, (max-width: 641px) 100vw, 641px\" \/><\/a><p id=\"caption-attachment-131569\" class=\"wp-caption-text\">Abendsport am Strand bei <a href=\"https:\/\/www.freiburg-schwarzwald.de\/blog\/global\/france\/lalonde\/\">la Londe<\/a> an der Cote d&#8217;Azur 25.2.2025<\/p><\/div>\n","protected":false},"excerpt":{"rendered":"<p>Home &gt;Sport Netzwerk im DFB: Wie linke Ideologinnen die sch\u00f6nste Nebensache der Welt politisieren\u00a0(21.6.2024) Josef Kraus: Leistungsprinzip in Bildung und Sport\u00a0(7.9.2023) WM aus: \u201eOne love\u201c \u2013 \u201eMund zu\u201c\u00a0(2.12.2022) Katar: Mund zu oder Fussball\u00a0(25.11.2022) SC Freiburg ist Vize-Pokalmeister\u00a0(22.5.2022) Ganz St. Peter &hellip; <a href=\"https:\/\/www.freiburg-schwarzwald.de\/blog\/sport\/\">Weiterlesen <span class=\"meta-nav\">&rarr;<\/span><\/a><\/p>\n","protected":false},"author":2,"featured_media":0,"parent":0,"menu_order":0,"comment_status":"open","ping_status":"closed","template":"","meta":{"footnotes":""},"class_list":["post-47","page","type-page","status-publish","hentry"],"_links":{"self":[{"href":"https:\/\/www.freiburg-schwarzwald.de\/blog\/wp-json\/wp\/v2\/pages\/47","targetHints":{"allow":["GET"]}}],"collection":[{"href":"https:\/\/www.freiburg-schwarzwald.de\/blog\/wp-json\/wp\/v2\/pages"}],"about":[{"href":"https:\/\/www.freiburg-schwarzwald.de\/blog\/wp-json\/wp\/v2\/types\/page"}],"author":[{"embeddable":true,"href":"https:\/\/www.freiburg-schwarzwald.de\/blog\/wp-json\/wp\/v2\/users\/2"}],"replies":[{"embeddable":true,"href":"https:\/\/www.freiburg-schwarzwald.de\/blog\/wp-json\/wp\/v2\/comments?post=47"}],"version-history":[{"count":5,"href":"https:\/\/www.freiburg-schwarzwald.de\/blog\/wp-json\/wp\/v2\/pages\/47\/revisions"}],"predecessor-version":[{"id":131572,"href":"https:\/\/www.freiburg-schwarzwald.de\/blog\/wp-json\/wp\/v2\/pages\/47\/revisions\/131572"}],"wp:attachment":[{"href":"https:\/\/www.freiburg-schwarzwald.de\/blog\/wp-json\/wp\/v2\/media?parent=47"}],"curies":[{"name":"wp","href":"https:\/\/api.w.org\/{rel}","templated":true}]}}