{"id":4699,"date":"2012-06-10T07:14:17","date_gmt":"2012-06-10T07:14:17","guid":{"rendered":"https:\/\/www.freiburg-schwarzwald.de\/blog\/?page_id=4699"},"modified":"2025-03-06T09:15:13","modified_gmt":"2025-03-06T08:15:13","slug":"bambus","status":"publish","type":"page","link":"https:\/\/www.freiburg-schwarzwald.de\/blog\/natur\/flora\/bambus\/","title":{"rendered":"Bambus"},"content":{"rendered":"<p>Home &gt;<a title=\"Natur\" href=\"https:\/\/www.freiburg-schwarzwald.de\/blog\/natur\/\">Natur<\/a> &gt;<a title=\"Flora\" href=\"https:\/\/www.freiburg-schwarzwald.de\/blog\/natur\/flora\/\">Flora<\/a> &gt;Bambus<\/p>\n<div id=\"attachment_131043\" style=\"width: 649px\" class=\"wp-caption alignnone\"><a href=\"https:\/\/www.freiburg-schwarzwald.de\/blog\/wp-content\/uploads\/2025\/02\/meer-lalonde-baumstamm-pan250213.jpg\"><img loading=\"lazy\" decoding=\"async\" aria-describedby=\"caption-attachment-131043\" class=\"size-full wp-image-131043\" src=\"https:\/\/www.freiburg-schwarzwald.de\/blog\/wp-content\/uploads\/2025\/02\/meer-lalonde-baumstamm-pan250213.jpg\" alt=\"\" width=\"639\" height=\"369\" srcset=\"https:\/\/www.freiburg-schwarzwald.de\/blog\/wp-content\/uploads\/2025\/02\/meer-lalonde-baumstamm-pan250213.jpg 639w, https:\/\/www.freiburg-schwarzwald.de\/blog\/wp-content\/uploads\/2025\/02\/meer-lalonde-baumstamm-pan250213-180x104.jpg 180w\" sizes=\"auto, (max-width: 639px) 100vw, 639px\" \/><\/a><p id=\"caption-attachment-131043\" class=\"wp-caption-text\">MIttelmeer bei La Londe\/Cote d&#8217;Azur am 13.2.2025 &#8211; Zwei Baumst\u00e4mme liegen quer<\/p><\/div>\n<p><strong>Bambus<br \/>\n<\/strong>Bambus geh\u00f6rt zur Familie der Gr\u00e4ser, deshalb ist sein H\u00f6hen- und Dickenwachstum immer einj\u00e4hrig.Alles Halme, sind &#8211;\u00a0wie hoch und dick auch immer &#8211; sind in einem Jahr gewachsen. Die oberirdische Wachstumszeit betr\u00e4gt nur etwa 6 Wochen, die Rhizome im Boden wachsen jedoch fast das ganze Jahr \u00fcber. An schw\u00fclwarmen Tagen sind 40 cm Wachstum nicht selten und\u00a0 man meint. den Bambus f\u00f6rmlich wachsen zu sehen.<br \/>\nDas Problem: Bambus &#8222;waselt&#8220; rasch und intensiv, er breitet sich unterirdisch \u00fcber die Rhizome aus. Deshalb mu\u00df man um den Pflanzbereich herum einen 65 cm tiefen Graben ausheben und einen senkrechten Plastikfolienstreifen als Rhizomsperre einbauen.<\/p>\n<p>&nbsp;<\/p>\n<p><strong>Baumschule Schott &#8211; Bambuswald<br \/>\n<\/strong>Karl-Martin Schott, Baumschule<br \/>\nIm Garten sind \u00fcber 20 Arten von Bambus angepflanzt.<br \/>\nSt\u00f6ckhof, Gro\u00dfmatt 3, beim Sportplatz, 79341 Hecklingen, <a href=\"https:\/\/www.Karl-Martin.Schott@t-online.de\">www.Karl-Martin.Schott@t-online.de<\/a><br \/>\n<a href=\"https:\/\/www.baumschott.homepage.t-online.de\">www.baumschott.homepage.t-online.de<\/a><\/p>\n<p>&nbsp;<\/p>\n<p><strong>European Bamboo Society ESB\u00a0Sektion Deutschland &#8211; Verein deutscher Bambusfreunde<\/strong><\/p>\n<p><a href=\"https:\/\/www.bambus-deutschland.de\">www.bambus-deutschland.de<\/a><\/p>\n<p>Am 10 Juni 2012 von 11.00 bis 18.00 Uhr l\u00e4dt die EBS-Deutschland\u00a0zu den Bambusinformationstagen und zum offenen Garten ein. Auf dem St\u00f6ckhof in hecklingen k\u00f6nnen sich die Besucher rund um das faszinierende Riesengras informieren. Zu bewundern ist nicht nur der Bambuswald sondern auch der sch\u00f6ne Garten rund um den Hof der Familie Schott. F\u00fcr Verpflegung ist gesorgt. Eintritt frei!<\/p>\n<div id='gallery-1' class='gallery galleryid-4699 gallery-columns-3 gallery-size-thumbnail'><dl class='gallery-item'>\n\t\t\t<dt class='gallery-icon portrait'>\n\t\t\t\t<a href='https:\/\/www.freiburg-schwarzwald.de\/blog\/natur\/flora\/bambus\/bambus1-schott120610-2\/'><img loading=\"lazy\" decoding=\"async\" width=\"120\" height=\"180\" src=\"https:\/\/www.freiburg-schwarzwald.de\/blog\/wp-content\/uploads\/2012\/06\/bambus1-schott1206101-120x180.jpg\" class=\"attachment-thumbnail size-thumbnail\" alt=\"\" aria-describedby=\"gallery-1-4962\" srcset=\"https:\/\/www.freiburg-schwarzwald.de\/blog\/wp-content\/uploads\/2012\/06\/bambus1-schott1206101-120x180.jpg 120w, https:\/\/www.freiburg-schwarzwald.de\/blog\/wp-content\/uploads\/2012\/06\/bambus1-schott1206101.jpg 277w\" sizes=\"auto, (max-width: 120px) 100vw, 120px\" \/><\/a>\n\t\t\t<\/dt>\n\t\t\t\t<dd class='wp-caption-text gallery-caption' id='gallery-1-4962'>\n\t\t\t\tBambuswald am St\u00f6ckhof Hecklingen 10.6.2012\n\t\t\t\t<\/dd><\/dl><dl class='gallery-item'>\n\t\t\t<dt class='gallery-icon portrait'>\n\t\t\t\t<a href='https:\/\/www.freiburg-schwarzwald.de\/blog\/natur\/flora\/bambus\/bambus12-schott120610\/'><img loading=\"lazy\" decoding=\"async\" width=\"120\" height=\"180\" src=\"https:\/\/www.freiburg-schwarzwald.de\/blog\/wp-content\/uploads\/2012\/06\/bambus12-schott120610-120x180.jpg\" class=\"attachment-thumbnail size-thumbnail\" alt=\"\" aria-describedby=\"gallery-1-4963\" srcset=\"https:\/\/www.freiburg-schwarzwald.de\/blog\/wp-content\/uploads\/2012\/06\/bambus12-schott120610-120x180.jpg 120w, https:\/\/www.freiburg-schwarzwald.de\/blog\/wp-content\/uploads\/2012\/06\/bambus12-schott120610.jpg 312w\" sizes=\"auto, (max-width: 120px) 100vw, 120px\" \/><\/a>\n\t\t\t<\/dt>\n\t\t\t\t<dd class='wp-caption-text gallery-caption' id='gallery-1-4963'>\n\t\t\t\tBambuswald am St\u00f6ckhof Hecklingen 10.6.2012\n\t\t\t\t<\/dd><\/dl><dl class='gallery-item'>\n\t\t\t<dt class='gallery-icon portrait'>\n\t\t\t\t<a href='https:\/\/www.freiburg-schwarzwald.de\/blog\/natur\/flora\/bambus\/bambus4-schott120610\/'><img loading=\"lazy\" decoding=\"async\" width=\"120\" height=\"180\" src=\"https:\/\/www.freiburg-schwarzwald.de\/blog\/wp-content\/uploads\/2012\/06\/bambus4-schott120610-120x180.jpg\" class=\"attachment-thumbnail size-thumbnail\" alt=\"\" aria-describedby=\"gallery-1-4964\" srcset=\"https:\/\/www.freiburg-schwarzwald.de\/blog\/wp-content\/uploads\/2012\/06\/bambus4-schott120610-120x180.jpg 120w, https:\/\/www.freiburg-schwarzwald.de\/blog\/wp-content\/uploads\/2012\/06\/bambus4-schott120610.jpg 277w\" sizes=\"auto, (max-width: 120px) 100vw, 120px\" \/><\/a>\n\t\t\t<\/dt>\n\t\t\t\t<dd class='wp-caption-text gallery-caption' id='gallery-1-4964'>\n\t\t\t\tBambuswald am St\u00f6ckhof Hecklingen 10.6.2012\n\t\t\t\t<\/dd><\/dl><br style=\"clear: both\" \/><dl class='gallery-item'>\n\t\t\t<dt class='gallery-icon portrait'>\n\t\t\t\t<a href='https:\/\/www.freiburg-schwarzwald.de\/blog\/natur\/flora\/bambus\/bambus5-schott120610\/'><img loading=\"lazy\" decoding=\"async\" width=\"120\" height=\"180\" src=\"https:\/\/www.freiburg-schwarzwald.de\/blog\/wp-content\/uploads\/2012\/06\/bambus5-schott120610-120x180.jpg\" class=\"attachment-thumbnail size-thumbnail\" alt=\"\" aria-describedby=\"gallery-1-4965\" srcset=\"https:\/\/www.freiburg-schwarzwald.de\/blog\/wp-content\/uploads\/2012\/06\/bambus5-schott120610-120x180.jpg 120w, https:\/\/www.freiburg-schwarzwald.de\/blog\/wp-content\/uploads\/2012\/06\/bambus5-schott120610.jpg 277w\" sizes=\"auto, (max-width: 120px) 100vw, 120px\" \/><\/a>\n\t\t\t<\/dt>\n\t\t\t\t<dd class='wp-caption-text gallery-caption' id='gallery-1-4965'>\n\t\t\t\tBambuswald am St\u00f6ckhof Hecklingen 10.6.2012\n\t\t\t\t<\/dd><\/dl><dl class='gallery-item'>\n\t\t\t<dt class='gallery-icon landscape'>\n\t\t\t\t<a href='https:\/\/www.freiburg-schwarzwald.de\/blog\/natur\/flora\/bambus\/bambus3schnecken-schott120610\/'><img loading=\"lazy\" decoding=\"async\" width=\"180\" height=\"120\" src=\"https:\/\/www.freiburg-schwarzwald.de\/blog\/wp-content\/uploads\/2012\/06\/bambus3schnecken-schott120610-180x120.jpg\" class=\"attachment-thumbnail size-thumbnail\" alt=\"\" aria-describedby=\"gallery-1-4966\" srcset=\"https:\/\/www.freiburg-schwarzwald.de\/blog\/wp-content\/uploads\/2012\/06\/bambus3schnecken-schott120610-180x120.jpg 180w, https:\/\/www.freiburg-schwarzwald.de\/blog\/wp-content\/uploads\/2012\/06\/bambus3schnecken-schott120610.jpg 415w\" sizes=\"auto, (max-width: 180px) 100vw, 180px\" \/><\/a>\n\t\t\t<\/dt>\n\t\t\t\t<dd class='wp-caption-text gallery-caption' id='gallery-1-4966'>\n\t\t\t\tSchnecken am St\u00f6ckhof Hecklingen 10.6.2012\n\t\t\t\t<\/dd><\/dl>\n\t\t\t<br style='clear: both' \/>\n\t\t<\/div>\n\n<p>Bilder: Lena Hahner, Freiburg<\/p>\n<p>&nbsp;<\/p>\n<p><strong>Stare w\u00e4hlen Bambuswald als Nachtquartier<\/strong><\/p>\n<p>Tausende von Staren fliegen p\u00fcnktlich zum Sonnenuntergang in gro\u00dfen Schw\u00e4rmen\u00a0beim St\u00f6ckhof von Karl-Martin Schott in Hecklingen ein, um\u00a0in dessen Bambuswald an der Elz die Nacht zu verbringen. Seit zw\u00f6lf Jahren ist das Schauspiel zu beobachten, aber &#8222;so viele V\u00f6gel wie in diesem Jahr waren es selten&#8220; sagt Schott. Schott ist sich sicher: Die V\u00f6gel lieben den immergr\u00fcnen und blickdichten Bambus als Nachtquartier, da er ein sicherer Schutz vor Greifv\u00f6geln ist. Wenn das Spektakel beginnt, werden es innerhalb k\u00fcrzester Zeit immer mehr V\u00f6gel, die sich in den B\u00e4umen ringsherum versammeln und anschlie\u00dfend \u00fcber dem Bambuswald kreisen, ehe sie im Sturzflug in ihr Nachtlager fliegen. Dabei hoffen sie, nicht von Sperbern oder Habichten erwischt zu werden, die ebenfalls ihre Runden drehen, hat Karl-Martin Schott beobachtet. Das Schauspiel findet f\u00fcr etwa einen Monat jeden Abend statt, bis sich die V\u00f6gel in allen Himmelsrichtungen verteilen und Schott mit dem Hochdruckreiniger anr\u00fcckt, um den Bambus vom \u00e4tzenden Vogelkot zu befreien.<br \/>\n31.3.2012, mehr auf <a href=\"https:\/\/www.badische-zeitung.de\/kenzingen\/sturzflug-in-den-bambuswald-in-hecklingen--57233605.html\">https:\/\/www.badische-zeitung.de\/kenzingen\/sturzflug-in-den-bambuswald-in-hecklingen&#8211;57233605.html<\/a><\/p>\n<p>&nbsp;<\/p>\n<p>&nbsp;<\/p>\n","protected":false},"excerpt":{"rendered":"<p>Home &gt;Natur &gt;Flora &gt;Bambus Bambus Bambus geh\u00f6rt zur Familie der Gr\u00e4ser, deshalb ist sein H\u00f6hen- und Dickenwachstum immer einj\u00e4hrig.Alles Halme, sind &#8211;\u00a0wie hoch und dick auch immer &#8211; sind in einem Jahr gewachsen. Die oberirdische Wachstumszeit betr\u00e4gt nur etwa 6 &hellip; <a href=\"https:\/\/www.freiburg-schwarzwald.de\/blog\/natur\/flora\/bambus\/\">Weiterlesen <span class=\"meta-nav\">&rarr;<\/span><\/a><\/p>\n","protected":false},"author":2,"featured_media":0,"parent":1531,"menu_order":0,"comment_status":"open","ping_status":"closed","template":"","meta":{"footnotes":""},"class_list":["post-4699","page","type-page","status-publish","hentry"],"_links":{"self":[{"href":"https:\/\/www.freiburg-schwarzwald.de\/blog\/wp-json\/wp\/v2\/pages\/4699","targetHints":{"allow":["GET"]}}],"collection":[{"href":"https:\/\/www.freiburg-schwarzwald.de\/blog\/wp-json\/wp\/v2\/pages"}],"about":[{"href":"https:\/\/www.freiburg-schwarzwald.de\/blog\/wp-json\/wp\/v2\/types\/page"}],"author":[{"embeddable":true,"href":"https:\/\/www.freiburg-schwarzwald.de\/blog\/wp-json\/wp\/v2\/users\/2"}],"replies":[{"embeddable":true,"href":"https:\/\/www.freiburg-schwarzwald.de\/blog\/wp-json\/wp\/v2\/comments?post=4699"}],"version-history":[{"count":2,"href":"https:\/\/www.freiburg-schwarzwald.de\/blog\/wp-json\/wp\/v2\/pages\/4699\/revisions"}],"predecessor-version":[{"id":131405,"href":"https:\/\/www.freiburg-schwarzwald.de\/blog\/wp-json\/wp\/v2\/pages\/4699\/revisions\/131405"}],"up":[{"embeddable":true,"href":"https:\/\/www.freiburg-schwarzwald.de\/blog\/wp-json\/wp\/v2\/pages\/1531"}],"wp:attachment":[{"href":"https:\/\/www.freiburg-schwarzwald.de\/blog\/wp-json\/wp\/v2\/media?parent=4699"}],"curies":[{"name":"wp","href":"https:\/\/api.w.org\/{rel}","templated":true}]}}

<p>Home &gt;<a title="Natur" href="https://www.freiburg-schwarzwald.de/blog/natur/">Natur</a> &gt;<a title="Flora" href="https://www.freiburg-schwarzwald.de/blog/natur/flora/">Flora</a> &gt;Bambus</p>
<div id="attachment_131043" style="width: 649px" class="wp-caption alignnone"><a href="https://www.freiburg-schwarzwald.de/blog/wp-content/uploads/2025/02/meer-lalonde-baumstamm-pan250213.jpg"><img loading="lazy" decoding="async" aria-describedby="caption-attachment-131043" class="size-full wp-image-131043" src="https://www.freiburg-schwarzwald.de/blog/wp-content/uploads/2025/02/meer-lalonde-baumstamm-pan250213.jpg" alt="" width="639" height="369" srcset="https://www.freiburg-schwarzwald.de/blog/wp-content/uploads/2025/02/meer-lalonde-baumstamm-pan250213.jpg 639w, https://www.freiburg-schwarzwald.de/blog/wp-content/uploads/2025/02/meer-lalonde-baumstamm-pan250213-180x104.jpg 180w" sizes="auto, (max-width: 639px) 100vw, 639px" /></a><p id="caption-attachment-131043" class="wp-caption-text">MIttelmeer bei La Londe/Cote d&#8217;Azur am 13.2.2025 &#8211; Zwei Baumstämme liegen quer</p></div>
<p><strong>Bambus<br />
</strong>Bambus gehört zur Familie der Gräser, deshalb ist sein Höhen- und Dickenwachstum immer einjährig.Alles Halme, sind &#8211; wie hoch und dick auch immer &#8211; sind in einem Jahr gewachsen. Die oberirdische Wachstumszeit beträgt nur etwa 6 Wochen, die Rhizome im Boden wachsen jedoch fast das ganze Jahr über. An schwülwarmen Tagen sind 40 cm Wachstum nicht selten und  man meint. den Bambus förmlich wachsen zu sehen.<br />
Das Problem: Bambus &#8222;waselt&#8220; rasch und intensiv, er breitet sich unterirdisch über die Rhizome aus. Deshalb muß man um den Pflanzbereich herum einen 65 cm tiefen Graben ausheben und einen senkrechten Plastikfolienstreifen als Rhizomsperre einbauen.</p>
<p>&nbsp;</p>
<p><strong>Baumschule Schott &#8211; Bambuswald<br />
</strong>Karl-Martin Schott, Baumschule<br />
Im Garten sind über 20 Arten von Bambus angepflanzt.<br />
Stöckhof, Großmatt 3, beim Sportplatz, 79341 Hecklingen, <a href="https://www.Karl-Martin.Schott@t-online.de">www.Karl-Martin.Schott@t-online.de</a><br />
<a href="https://www.baumschott.homepage.t-online.de">www.baumschott.homepage.t-online.de</a></p>
<p>&nbsp;</p>
<p><strong>European Bamboo Society ESB Sektion Deutschland &#8211; Verein deutscher Bambusfreunde</strong></p>
<p><a href="https://www.bambus-deutschland.de">www.bambus-deutschland.de</a></p>
<p>Am 10 Juni 2012 von 11.00 bis 18.00 Uhr lädt die EBS-Deutschland zu den Bambusinformationstagen und zum offenen Garten ein. Auf dem Stöckhof in hecklingen können sich die Besucher rund um das faszinierende Riesengras informieren. Zu bewundern ist nicht nur der Bambuswald sondern auch der schöne Garten rund um den Hof der Familie Schott. Für Verpflegung ist gesorgt. Eintritt frei!</p>
<div id='gallery-1' class='gallery galleryid-4699 gallery-columns-3 gallery-size-thumbnail'><dl class='gallery-item'>
			<dt class='gallery-icon portrait'>
				<a href='https://www.freiburg-schwarzwald.de/blog/natur/flora/bambus/bambus1-schott120610-2/'><img loading="lazy" decoding="async" width="120" height="180" src="https://www.freiburg-schwarzwald.de/blog/wp-content/uploads/2012/06/bambus1-schott1206101-120x180.jpg" class="attachment-thumbnail size-thumbnail" alt="" aria-describedby="gallery-1-4962" srcset="https://www.freiburg-schwarzwald.de/blog/wp-content/uploads/2012/06/bambus1-schott1206101-120x180.jpg 120w, https://www.freiburg-schwarzwald.de/blog/wp-content/uploads/2012/06/bambus1-schott1206101.jpg 277w" sizes="auto, (max-width: 120px) 100vw, 120px" /></a>
			</dt>
				<dd class='wp-caption-text gallery-caption' id='gallery-1-4962'>
				Bambuswald am Stöckhof Hecklingen 10.6.2012
				</dd></dl><dl class='gallery-item'>
			<dt class='gallery-icon portrait'>
				<a href='https://www.freiburg-schwarzwald.de/blog/natur/flora/bambus/bambus12-schott120610/'><img loading="lazy" decoding="async" width="120" height="180" src="https://www.freiburg-schwarzwald.de/blog/wp-content/uploads/2012/06/bambus12-schott120610-120x180.jpg" class="attachment-thumbnail size-thumbnail" alt="" aria-describedby="gallery-1-4963" srcset="https://www.freiburg-schwarzwald.de/blog/wp-content/uploads/2012/06/bambus12-schott120610-120x180.jpg 120w, https://www.freiburg-schwarzwald.de/blog/wp-content/uploads/2012/06/bambus12-schott120610.jpg 312w" sizes="auto, (max-width: 120px) 100vw, 120px" /></a>
			</dt>
				<dd class='wp-caption-text gallery-caption' id='gallery-1-4963'>
				Bambuswald am Stöckhof Hecklingen 10.6.2012
				</dd></dl><dl class='gallery-item'>
			<dt class='gallery-icon portrait'>
				<a href='https://www.freiburg-schwarzwald.de/blog/natur/flora/bambus/bambus4-schott120610/'><img loading="lazy" decoding="async" width="120" height="180" src="https://www.freiburg-schwarzwald.de/blog/wp-content/uploads/2012/06/bambus4-schott120610-120x180.jpg" class="attachment-thumbnail size-thumbnail" alt="" aria-describedby="gallery-1-4964" srcset="https://www.freiburg-schwarzwald.de/blog/wp-content/uploads/2012/06/bambus4-schott120610-120x180.jpg 120w, https://www.freiburg-schwarzwald.de/blog/wp-content/uploads/2012/06/bambus4-schott120610.jpg 277w" sizes="auto, (max-width: 120px) 100vw, 120px" /></a>
			</dt>
				<dd class='wp-caption-text gallery-caption' id='gallery-1-4964'>
				Bambuswald am Stöckhof Hecklingen 10.6.2012
				</dd></dl><br style="clear: both" /><dl class='gallery-item'>
			<dt class='gallery-icon portrait'>
				<a href='https://www.freiburg-schwarzwald.de/blog/natur/flora/bambus/bambus5-schott120610/'><img loading="lazy" decoding="async" width="120" height="180" src="https://www.freiburg-schwarzwald.de/blog/wp-content/uploads/2012/06/bambus5-schott120610-120x180.jpg" class="attachment-thumbnail size-thumbnail" alt="" aria-describedby="gallery-1-4965" srcset="https://www.freiburg-schwarzwald.de/blog/wp-content/uploads/2012/06/bambus5-schott120610-120x180.jpg 120w, https://www.freiburg-schwarzwald.de/blog/wp-content/uploads/2012/06/bambus5-schott120610.jpg 277w" sizes="auto, (max-width: 120px) 100vw, 120px" /></a>
			</dt>
				<dd class='wp-caption-text gallery-caption' id='gallery-1-4965'>
				Bambuswald am Stöckhof Hecklingen 10.6.2012
				</dd></dl><dl class='gallery-item'>
			<dt class='gallery-icon landscape'>
				<a href='https://www.freiburg-schwarzwald.de/blog/natur/flora/bambus/bambus3schnecken-schott120610/'><img loading="lazy" decoding="async" width="180" height="120" src="https://www.freiburg-schwarzwald.de/blog/wp-content/uploads/2012/06/bambus3schnecken-schott120610-180x120.jpg" class="attachment-thumbnail size-thumbnail" alt="" aria-describedby="gallery-1-4966" srcset="https://www.freiburg-schwarzwald.de/blog/wp-content/uploads/2012/06/bambus3schnecken-schott120610-180x120.jpg 180w, https://www.freiburg-schwarzwald.de/blog/wp-content/uploads/2012/06/bambus3schnecken-schott120610.jpg 415w" sizes="auto, (max-width: 180px) 100vw, 180px" /></a>
			</dt>
				<dd class='wp-caption-text gallery-caption' id='gallery-1-4966'>
				Schnecken am Stöckhof Hecklingen 10.6.2012
				</dd></dl>
			<br style='clear: both' />
		</div>

<p>Bilder: Lena Hahner, Freiburg</p>
<p>&nbsp;</p>
<p><strong>Stare wählen Bambuswald als Nachtquartier</strong></p>
<p>Tausende von Staren fliegen pünktlich zum Sonnenuntergang in großen Schwärmen beim Stöckhof von Karl-Martin Schott in Hecklingen ein, um in dessen Bambuswald an der Elz die Nacht zu verbringen. Seit zwölf Jahren ist das Schauspiel zu beobachten, aber &#8222;so viele Vögel wie in diesem Jahr waren es selten&#8220; sagt Schott. Schott ist sich sicher: Die Vögel lieben den immergrünen und blickdichten Bambus als Nachtquartier, da er ein sicherer Schutz vor Greifvögeln ist. Wenn das Spektakel beginnt, werden es innerhalb kürzester Zeit immer mehr Vögel, die sich in den Bäumen ringsherum versammeln und anschließend über dem Bambuswald kreisen, ehe sie im Sturzflug in ihr Nachtlager fliegen. Dabei hoffen sie, nicht von Sperbern oder Habichten erwischt zu werden, die ebenfalls ihre Runden drehen, hat Karl-Martin Schott beobachtet. Das Schauspiel findet für etwa einen Monat jeden Abend statt, bis sich die Vögel in allen Himmelsrichtungen verteilen und Schott mit dem Hochdruckreiniger anrückt, um den Bambus vom ätzenden Vogelkot zu befreien.<br />
31.3.2012, mehr auf <a href="https://www.badische-zeitung.de/kenzingen/sturzflug-in-den-bambuswald-in-hecklingen--57233605.html">https://www.badische-zeitung.de/kenzingen/sturzflug-in-den-bambuswald-in-hecklingen&#8211;57233605.html</a></p>
<p>&nbsp;</p>
<p>&nbsp;</p>

<p>Home &gt;Natur &gt;Flora &gt;Bambus Bambus Bambus gehört zur Familie der Gräser, deshalb ist sein Höhen- und Dickenwachstum immer einjährig.Alles Halme, sind &#8211; wie hoch und dick auch immer &#8211; sind in einem Jahr gewachsen. Die oberirdische Wachstumszeit beträgt nur etwa 6 &hellip; <a href="https://www.freiburg-schwarzwald.de/blog/natur/flora/bambus/">Weiterlesen <span class="meta-nav">&rarr;</span></a></p>
