{"id":45708,"date":"2014-03-03T09:07:32","date_gmt":"2014-03-03T08:07:32","guid":{"rendered":"https:\/\/www.freiburg-schwarzwald.de\/blog\/?page_id=45708"},"modified":"2024-06-01T18:58:06","modified_gmt":"2024-06-01T16:58:06","slug":"bildungsplan","status":"publish","type":"page","link":"https:\/\/www.freiburg-schwarzwald.de\/blog\/bildung\/bildungsplan\/","title":{"rendered":"Bildungsplan"},"content":{"rendered":"<p><a href=\"https:\/\/www.freiburg-schwarzwald.de\/blog\">Home<\/a> &gt;<a title=\"Bildung\" href=\"https:\/\/www.freiburg-schwarzwald.de\/blog\/bildung\/\">Bildung<\/a> &gt;Bildungsplan<\/p>\n<div id=\"attachment_45732\" style=\"width: 649px\" class=\"wp-caption alignnone\"><a href=\"https:\/\/www.freiburg-schwarzwald.de\/blog\/bildung\/bildungsplan\/schneegloeckchen-pan140224\/\" rel=\"attachment wp-att-45732\"><img loading=\"lazy\" decoding=\"async\" aria-describedby=\"caption-attachment-45732\" class=\"size-full wp-image-45732\" src=\"https:\/\/www.freiburg-schwarzwald.de\/blog\/wp-content\/uploads\/2014\/03\/schneegloeckchen-pan140224.jpg\" alt=\"Schneegl\u00f6ckchen am 24.2.2014 - Fr\u00fchling im Winter in Freiburg\" width=\"639\" height=\"228\" srcset=\"https:\/\/www.freiburg-schwarzwald.de\/blog\/wp-content\/uploads\/2014\/03\/schneegloeckchen-pan140224.jpg 639w, https:\/\/www.freiburg-schwarzwald.de\/blog\/wp-content\/uploads\/2014\/03\/schneegloeckchen-pan140224-180x64.jpg 180w\" sizes=\"auto, (max-width: 639px) 100vw, 639px\" \/><\/a><p id=\"caption-attachment-45732\" class=\"wp-caption-text\">Schneegl\u00f6ckchen am 24.2.2014 &#8211; Fr\u00fchling im Winter in Freiburg<\/p><\/div>\n<ul>\n<li><a href=\"https:\/\/www.freiburg-schwarzwald.de\/blog\/iw-studie-bildung-migration\/\">IW-Studie: Bildung \u2013 Migration<\/a>\u00a0(1.6.2024)<\/li>\n<li>Schulreform: &#8222;Wir m\u00fcssen Schule neu denken&#8220; (4.3.2023)<\/li>\n<li>Respekt (statt Toleranz) gegen\u00fcber anderen Lebensformen (23.6.2015)<\/li>\n<li>Kinder brauchen Liebe \u2013 und keinen Sex (3.3.2014)<\/li>\n<li><a href=\"https:\/\/www.freiburg-schwarzwald.de\/blog\/bildungsplan-2015-widerstand\/\">https:\/\/www.freiburg-schwarzwald.de\/blog\/bildungsplan-2015-widerstand\/<\/a>\u00a0(10.1.2014)<\/li>\n<li>Bildungplan Baden-W\u00fcrttemberg<\/li>\n<li><a title=\"Schulen\" href=\"https:\/\/www.freiburg-schwarzwald.de\/blog\/bildung\/schulen\/\">Schulen<\/a><\/li>\n<\/ul>\n<p>&nbsp;<\/p>\n<p><strong>Schulreform: &#8222;Wir m\u00fcssen Schule neu denken&#8220;<\/strong><br \/>\nGr\u00fcnen-Landeschefin Lena Schwelling will ihre Partei in Schulfragen bis zur Landtagswahl 2026 klarer positionieren. Ein Gespr\u00e4ch \u00fcber Bildung und unpopul\u00e4re Debatten.<br \/>\n&#8230;<br \/>\nLena Schwelling (1992 geboren) ist seit 2021 Landesvorsitzende der Gr\u00fcnen. Schwelling legte ihr Abitur an der Waldorfschule in T\u00fcbingen ab und studierte Germanistik und Geschichte. Au\u00dferdem hat sie einen Master in Public Management.<br \/>\n&#8230; Alles vom 4.3.2023 bitte lesen auf<br \/>\n<a href=\"https:\/\/www.badische-zeitung.de\/wir-muessen-schule-neu-denken--246261970.html\">https:\/\/www.badische-zeitung.de\/wir-muessen-schule-neu-denken&#8211;246261970.html<\/a><\/p>\n<p>Kommentar:<br \/>\nWie kann jemand &#8222;Schule neu denken&#8220;, der in seinem Leben noch nie etwas anderes erfahren hat als Schule, d.h. immer in der staatlichen Blase gelebt hat. Erst Schule, dann Hochschule mit Public Management, dann Partei und Politik. Wenn Schule (schon wieder) reformiert werden soll, dann in Richtung <a href=\"https:\/\/www.freiburg-schwarzwald.de\/blog\/bildung\/duale-bildung\/\">&#8222;duale Bildung&#8220;<\/a>, also Verkn\u00fcpfung mit Wirtschaft und Beruf. Dazu braucht man Bildungspolitiker, die mindestens 10 Jahre in der freien Wirtschaft gearbeitet haben. E.K.<br \/>\nEnde Kommentar<\/p>\n<p>&nbsp;<\/p>\n<p><strong>Bildungplan Baden-W\u00fcrttemberg<\/strong><\/p>\n<p>Die Vielzahl von\u00a0Lehrpl\u00e4nen sollen in einem Bildungplan \u00fcberarbeitet zusamengefa\u00dft werden.\u00a0darin werden Lehrziele und Lehrinhalte zusammengefasst , so z.B.\u00a0f\u00fcr die allgemeinbildenden Schulen zusammen. Seit 2004 gibt er in Baden-W\u00fcrttemberg auch Methoden-, Sach- und Fachkompetenzen vor, die den Sch\u00fclern vermittelt werden sollen.<br \/>\nDie Regierung Gr\u00fcn-Rot m\u00f6chte den Bildungsplan bis 2015 \u00fcberarbeiten &#8211; deshalb &#8222;Bildungsplan 2015&#8220;. Unter anderem soll die\u00a0Medienkompetenz\u00a0der Sch\u00fcler gest\u00e4rkt werden. Auch das Thema\u00a0gesunde Ern\u00e4hrung\u00a0soll mehr Raum erhalten. Zudem soll die hohe Durchl\u00e4ssigkeit zwischen den Schularten weiterentwickelt werden. F\u00fcr Proteste sorgt jedoch das Vorhaben, auch Wissen \u00fcber\u00a0<strong>sexuelle Vielfalt\u00a0<\/strong>fest im Lehrplan zu verankern \u2013 nicht als eigenes Fach, sondern als f\u00e4cher\u00fcbergreifendes Lernziel.<\/p>\n<p>&#8212;&#8212;&#8212;&#8212;&#8212;&#8212;&#8212;<\/p>\n<p>&nbsp;<\/p>\n<p><strong>Respekt (statt Toleranz) gegen\u00fcber anderen Lebensformen<\/strong><br \/>\nDer Unterschied zwischen Respekt und Toleranz ist der, dass letztere oftmals nichts mehr ist als Gleichg\u00fcltigkeit.<br \/>\nWarum hei\u00dft das Thema der geplanten Bildungseinheit nicht &#8222;Respekt gegen\u00fcber anderen Lebensformen&#8220;, die Lernende (gender-gerecht) kennen lernen sollen? Dabei kann es keineswegs nur um sexuelle Lebensformen gehen.<br \/>\nWer mehr zu diesem angedachten Bildungsplan wissen will, soll sich informieren unter:<br \/>\n<a class=\"normalPfeil\" href=\"https:\/\/www.gender-curricula.com\/\" target=\"_blank\" rel=\"noopener\">https:\/\/www.gender-curricula.com<\/a><br \/>\nDas hier zu Lesende wird in manchen Bundesl\u00e4ndern bereits umgesetzt.\u00a0Das Problem besteht weniger in der Darlegung verschiedener sexueller Lebensformen (die sind mittlerweile zur Gen\u00fcge bekannt), sondern in der Intention und Urheberschaft dieses Bildungsplans.\u00a0Am Ausgangspunkt befindet sich die Gesellschaft f\u00fcr Sexualp\u00e4dagogik und deren Prof.Uwe Sielert als Verk\u00fcnder einer Gender-Sexualp\u00e4dagogik. Dieser m\u00f6chte drei Lebensumst\u00e4nde \u201centnaturalisieren\u201d:<br \/>\n<em>a) die Kernfamilie<\/em><br \/>\n<em>b) die Heterosexualit\u00e4t<\/em><br \/>\n<em>c) die Generativit\u00e4t<\/em><br \/>\nSielert kommt wiederum aus der Kentler-Schule der 70iger Jahre, in der auch <a title=\"Odenwaldschule Missbrauch TV\" href=\"https:\/\/www.freiburg-schwarzwald.de\/blog\/odenwaldschule-missbrauch-tv\/\">P\u00e4derastie<\/a> \u2013 durchaus in Verbindung mit der Odenwald-Schule \u2013 als menschliche Befreiung propagiert wurde. Wie man wei\u00df, gab es in dieser Zeit auch einen Arbeitskreis bei den Gr\u00fcnen, der solches Verhalten in das Parteiprogramm aufnehmen wollte. Offensichtlich gibt es davon immer noch Ausl\u00e4ufer.<br \/>\nNach gr\u00fcndlicher Lekt\u00fcre des Curriculums kam der gewiss unverd\u00e4chtige <a title=\"Kinderschutzbund\" href=\"https:\/\/www.freiburg-schwarzwald.de\/blog\/selbsthilfe\/kinder\/kinderschutzbund\/\">Kinderschutzbund<\/a> \u201cZartbitter\u201d zur Erkenntnis, dass diese Inhalte an den Bed\u00fcrfnissen der Kinder vorbeigehen und schon fast als \u00fcbergriffig bezeichnet werden m\u00fcssen. Man darf auch gespannt sein, wie muslimische Sch\u00fcler reagieren werden.<br \/>\nEs steht zu bef\u00fcrchten, dass irgendwann auch noch das wissenschaftlich orientierte Fach Biologie zugunsten des <a title=\"Gender\" href=\"https:\/\/www.freiburg-schwarzwald.de\/blog\/selbsthilfe\/frauen\/gender\/\">Gender<\/a>-Quarks ins Hintertreffen ger\u00e4t.<br \/>\n24.6.2015, Ekkehard Senn<\/p>\n<p>&nbsp;<\/p>\n<p><strong>Kinder brauchen Liebe \u2013 und keinen Sex<\/strong><br \/>\n&#8222;Gehirnw\u00e4sche&#8220; wird Gr\u00fcn-Rot vorgehalten. &#8222;Moralisch-ideologische Umerziehung&#8220;, &#8222;Indoktrination&#8220; und &#8222;gr\u00fcner Gesinnungsterrorismus&#8220; sind Schlagworte auf Demonstrationen mit wachsenden Teilnehmerzahlen. Die Demonstranten sehen die Familie als Kern der Gesellschaft bedroht, singen Kirchenlieder und skandieren &#8222;Kinder brauchen Liebe \u2013 und keinen Sex&#8220;. Sie warnen vor homosexuellen oder anderen Lebensformen neben Vater-Mutter-Kind. Suizide, Drogen, Aids und psychische Erkrankungen werden ins Feld gef\u00fchrt. Geschlechtserziehung geh\u00f6re in den Biologieunterricht, nicht aber in sozialwissenschaftliche F\u00e4cher. Angesichts radikaler Gegner brauchten sie bei ihrem Protest in Stuttgart am Samstag massiven Polizeischutz. &#8230;..<br \/>\n190 000 Menschen haben die Petition &#8222;Kein Bildungsplan unter der Ideologie des Regenbogens&#8220; unterschrieben \u2013 82 000 davon aus Baden-W\u00fcrttemberg. Zwei Gegenpetitionen kommen auf \u00e4hnlich hohe Zustimmungswerte. &#8230;Alles vom 3.3.2014 bitte lesen auf<br \/>\n<a href=\"https:\/\/www.badische-zeitung.de\/suedwest-1\/der-staat-wird-niemanden-zur-homosexualitaet-erziehen--81417346.html\">https:\/\/www.badische-zeitung.de\/suedwest-1\/der-staat-wird-niemanden-zur-homosexualitaet-erziehen&#8211;81417346.html<\/a><\/p>\n","protected":false},"excerpt":{"rendered":"<p>Home &gt;Bildung &gt;Bildungsplan IW-Studie: Bildung \u2013 Migration\u00a0(1.6.2024) Schulreform: &#8222;Wir m\u00fcssen Schule neu denken&#8220; (4.3.2023) Respekt (statt Toleranz) gegen\u00fcber anderen Lebensformen (23.6.2015) Kinder brauchen Liebe \u2013 und keinen Sex (3.3.2014) https:\/\/www.freiburg-schwarzwald.de\/blog\/bildungsplan-2015-widerstand\/\u00a0(10.1.2014) Bildungplan Baden-W\u00fcrttemberg Schulen &nbsp; Schulreform: &#8222;Wir m\u00fcssen Schule neu denken&#8220; &hellip; <a href=\"https:\/\/www.freiburg-schwarzwald.de\/blog\/bildung\/bildungsplan\/\">Weiterlesen <span class=\"meta-nav\">&rarr;<\/span><\/a><\/p>\n","protected":false},"author":2,"featured_media":0,"parent":93,"menu_order":0,"comment_status":"open","ping_status":"closed","template":"","meta":{"footnotes":""},"class_list":["post-45708","page","type-page","status-publish","hentry"],"_links":{"self":[{"href":"https:\/\/www.freiburg-schwarzwald.de\/blog\/wp-json\/wp\/v2\/pages\/45708","targetHints":{"allow":["GET"]}}],"collection":[{"href":"https:\/\/www.freiburg-schwarzwald.de\/blog\/wp-json\/wp\/v2\/pages"}],"about":[{"href":"https:\/\/www.freiburg-schwarzwald.de\/blog\/wp-json\/wp\/v2\/types\/page"}],"author":[{"embeddable":true,"href":"https:\/\/www.freiburg-schwarzwald.de\/blog\/wp-json\/wp\/v2\/users\/2"}],"replies":[{"embeddable":true,"href":"https:\/\/www.freiburg-schwarzwald.de\/blog\/wp-json\/wp\/v2\/comments?post=45708"}],"version-history":[{"count":3,"href":"https:\/\/www.freiburg-schwarzwald.de\/blog\/wp-json\/wp\/v2\/pages\/45708\/revisions"}],"predecessor-version":[{"id":124062,"href":"https:\/\/www.freiburg-schwarzwald.de\/blog\/wp-json\/wp\/v2\/pages\/45708\/revisions\/124062"}],"up":[{"embeddable":true,"href":"https:\/\/www.freiburg-schwarzwald.de\/blog\/wp-json\/wp\/v2\/pages\/93"}],"wp:attachment":[{"href":"https:\/\/www.freiburg-schwarzwald.de\/blog\/wp-json\/wp\/v2\/media?parent=45708"}],"curies":[{"name":"wp","href":"https:\/\/api.w.org\/{rel}","templated":true}]}}

<p><a href="https://www.freiburg-schwarzwald.de/blog">Home</a> &gt;<a title="Bildung" href="https://www.freiburg-schwarzwald.de/blog/bildung/">Bildung</a> &gt;Bildungsplan</p>
<div id="attachment_45732" style="width: 649px" class="wp-caption alignnone"><a href="https://www.freiburg-schwarzwald.de/blog/bildung/bildungsplan/schneegloeckchen-pan140224/" rel="attachment wp-att-45732"><img loading="lazy" decoding="async" aria-describedby="caption-attachment-45732" class="size-full wp-image-45732" src="https://www.freiburg-schwarzwald.de/blog/wp-content/uploads/2014/03/schneegloeckchen-pan140224.jpg" alt="Schneeglöckchen am 24.2.2014 - Frühling im Winter in Freiburg" width="639" height="228" srcset="https://www.freiburg-schwarzwald.de/blog/wp-content/uploads/2014/03/schneegloeckchen-pan140224.jpg 639w, https://www.freiburg-schwarzwald.de/blog/wp-content/uploads/2014/03/schneegloeckchen-pan140224-180x64.jpg 180w" sizes="auto, (max-width: 639px) 100vw, 639px" /></a><p id="caption-attachment-45732" class="wp-caption-text">Schneeglöckchen am 24.2.2014 &#8211; Frühling im Winter in Freiburg</p></div>
<ul>
<li><a href="https://www.freiburg-schwarzwald.de/blog/iw-studie-bildung-migration/">IW-Studie: Bildung – Migration</a> (1.6.2024)</li>
<li>Schulreform: &#8222;Wir müssen Schule neu denken&#8220; (4.3.2023)</li>
<li>Respekt (statt Toleranz) gegenüber anderen Lebensformen (23.6.2015)</li>
<li>Kinder brauchen Liebe – und keinen Sex (3.3.2014)</li>
<li><a href="https://www.freiburg-schwarzwald.de/blog/bildungsplan-2015-widerstand/">https://www.freiburg-schwarzwald.de/blog/bildungsplan-2015-widerstand/</a> (10.1.2014)</li>
<li>Bildungplan Baden-Württemberg</li>
<li><a title="Schulen" href="https://www.freiburg-schwarzwald.de/blog/bildung/schulen/">Schulen</a></li>
</ul>
<p>&nbsp;</p>
<p><strong>Schulreform: &#8222;Wir müssen Schule neu denken&#8220;</strong><br />
Grünen-Landeschefin Lena Schwelling will ihre Partei in Schulfragen bis zur Landtagswahl 2026 klarer positionieren. Ein Gespräch über Bildung und unpopuläre Debatten.<br />
&#8230;<br />
Lena Schwelling (1992 geboren) ist seit 2021 Landesvorsitzende der Grünen. Schwelling legte ihr Abitur an der Waldorfschule in Tübingen ab und studierte Germanistik und Geschichte. Außerdem hat sie einen Master in Public Management.<br />
&#8230; Alles vom 4.3.2023 bitte lesen auf<br />
<a href="https://www.badische-zeitung.de/wir-muessen-schule-neu-denken--246261970.html">https://www.badische-zeitung.de/wir-muessen-schule-neu-denken&#8211;246261970.html</a></p>
<p>Kommentar:<br />
Wie kann jemand &#8222;Schule neu denken&#8220;, der in seinem Leben noch nie etwas anderes erfahren hat als Schule, d.h. immer in der staatlichen Blase gelebt hat. Erst Schule, dann Hochschule mit Public Management, dann Partei und Politik. Wenn Schule (schon wieder) reformiert werden soll, dann in Richtung <a href="https://www.freiburg-schwarzwald.de/blog/bildung/duale-bildung/">&#8222;duale Bildung&#8220;</a>, also Verknüpfung mit Wirtschaft und Beruf. Dazu braucht man Bildungspolitiker, die mindestens 10 Jahre in der freien Wirtschaft gearbeitet haben. E.K.<br />
Ende Kommentar</p>
<p>&nbsp;</p>
<p><strong>Bildungplan Baden-Württemberg</strong></p>
<p>Die Vielzahl von Lehrplänen sollen in einem Bildungplan überarbeitet zusamengefaßt werden. darin werden Lehrziele und Lehrinhalte zusammengefasst , so z.B. für die allgemeinbildenden Schulen zusammen. Seit 2004 gibt er in Baden-Württemberg auch Methoden-, Sach- und Fachkompetenzen vor, die den Schülern vermittelt werden sollen.<br />
Die Regierung Grün-Rot möchte den Bildungsplan bis 2015 überarbeiten &#8211; deshalb &#8222;Bildungsplan 2015&#8220;. Unter anderem soll die Medienkompetenz der Schüler gestärkt werden. Auch das Thema gesunde Ernährung soll mehr Raum erhalten. Zudem soll die hohe Durchlässigkeit zwischen den Schularten weiterentwickelt werden. Für Proteste sorgt jedoch das Vorhaben, auch Wissen über <strong>sexuelle Vielfalt </strong>fest im Lehrplan zu verankern – nicht als eigenes Fach, sondern als fächerübergreifendes Lernziel.</p>
<p>&#8212;&#8212;&#8212;&#8212;&#8212;&#8212;&#8212;</p>
<p>&nbsp;</p>
<p><strong>Respekt (statt Toleranz) gegenüber anderen Lebensformen</strong><br />
Der Unterschied zwischen Respekt und Toleranz ist der, dass letztere oftmals nichts mehr ist als Gleichgültigkeit.<br />
Warum heißt das Thema der geplanten Bildungseinheit nicht &#8222;Respekt gegenüber anderen Lebensformen&#8220;, die Lernende (gender-gerecht) kennen lernen sollen? Dabei kann es keineswegs nur um sexuelle Lebensformen gehen.<br />
Wer mehr zu diesem angedachten Bildungsplan wissen will, soll sich informieren unter:<br />
<a class="normalPfeil" href="https://www.gender-curricula.com/" target="_blank" rel="noopener">https://www.gender-curricula.com</a><br />
Das hier zu Lesende wird in manchen Bundesländern bereits umgesetzt. Das Problem besteht weniger in der Darlegung verschiedener sexueller Lebensformen (die sind mittlerweile zur Genüge bekannt), sondern in der Intention und Urheberschaft dieses Bildungsplans. Am Ausgangspunkt befindet sich die Gesellschaft für Sexualpädagogik und deren Prof.Uwe Sielert als Verkünder einer Gender-Sexualpädagogik. Dieser möchte drei Lebensumstände “entnaturalisieren”:<br />
<em>a) die Kernfamilie</em><br />
<em>b) die Heterosexualität</em><br />
<em>c) die Generativität</em><br />
Sielert kommt wiederum aus der Kentler-Schule der 70iger Jahre, in der auch <a title="Odenwaldschule Missbrauch TV" href="https://www.freiburg-schwarzwald.de/blog/odenwaldschule-missbrauch-tv/">Päderastie</a> – durchaus in Verbindung mit der Odenwald-Schule – als menschliche Befreiung propagiert wurde. Wie man weiß, gab es in dieser Zeit auch einen Arbeitskreis bei den Grünen, der solches Verhalten in das Parteiprogramm aufnehmen wollte. Offensichtlich gibt es davon immer noch Ausläufer.<br />
Nach gründlicher Lektüre des Curriculums kam der gewiss unverdächtige <a title="Kinderschutzbund" href="https://www.freiburg-schwarzwald.de/blog/selbsthilfe/kinder/kinderschutzbund/">Kinderschutzbund</a> “Zartbitter” zur Erkenntnis, dass diese Inhalte an den Bedürfnissen der Kinder vorbeigehen und schon fast als übergriffig bezeichnet werden müssen. Man darf auch gespannt sein, wie muslimische Schüler reagieren werden.<br />
Es steht zu befürchten, dass irgendwann auch noch das wissenschaftlich orientierte Fach Biologie zugunsten des <a title="Gender" href="https://www.freiburg-schwarzwald.de/blog/selbsthilfe/frauen/gender/">Gender</a>-Quarks ins Hintertreffen gerät.<br />
24.6.2015, Ekkehard Senn</p>
<p>&nbsp;</p>
<p><strong>Kinder brauchen Liebe – und keinen Sex</strong><br />
&#8222;Gehirnwäsche&#8220; wird Grün-Rot vorgehalten. &#8222;Moralisch-ideologische Umerziehung&#8220;, &#8222;Indoktrination&#8220; und &#8222;grüner Gesinnungsterrorismus&#8220; sind Schlagworte auf Demonstrationen mit wachsenden Teilnehmerzahlen. Die Demonstranten sehen die Familie als Kern der Gesellschaft bedroht, singen Kirchenlieder und skandieren &#8222;Kinder brauchen Liebe – und keinen Sex&#8220;. Sie warnen vor homosexuellen oder anderen Lebensformen neben Vater-Mutter-Kind. Suizide, Drogen, Aids und psychische Erkrankungen werden ins Feld geführt. Geschlechtserziehung gehöre in den Biologieunterricht, nicht aber in sozialwissenschaftliche Fächer. Angesichts radikaler Gegner brauchten sie bei ihrem Protest in Stuttgart am Samstag massiven Polizeischutz. &#8230;..<br />
190 000 Menschen haben die Petition &#8222;Kein Bildungsplan unter der Ideologie des Regenbogens&#8220; unterschrieben – 82 000 davon aus Baden-Württemberg. Zwei Gegenpetitionen kommen auf ähnlich hohe Zustimmungswerte. &#8230;Alles vom 3.3.2014 bitte lesen auf<br />
<a href="https://www.badische-zeitung.de/suedwest-1/der-staat-wird-niemanden-zur-homosexualitaet-erziehen--81417346.html">https://www.badische-zeitung.de/suedwest-1/der-staat-wird-niemanden-zur-homosexualitaet-erziehen&#8211;81417346.html</a></p>

<p>Home &gt;Bildung &gt;Bildungsplan IW-Studie: Bildung – Migration (1.6.2024) Schulreform: &#8222;Wir müssen Schule neu denken&#8220; (4.3.2023) Respekt (statt Toleranz) gegenüber anderen Lebensformen (23.6.2015) Kinder brauchen Liebe – und keinen Sex (3.3.2014) https://www.freiburg-schwarzwald.de/blog/bildungsplan-2015-widerstand/ (10.1.2014) Bildungplan Baden-Württemberg Schulen &nbsp; Schulreform: &#8222;Wir müssen Schule neu denken&#8220; &hellip; <a href="https://www.freiburg-schwarzwald.de/blog/bildung/bildungsplan/">Weiterlesen <span class="meta-nav">&rarr;</span></a></p>
