{"id":45414,"date":"2014-02-18T16:39:02","date_gmt":"2014-02-18T15:39:02","guid":{"rendered":"https:\/\/www.freiburg-schwarzwald.de\/blog\/?page_id=45414"},"modified":"2023-01-21T09:30:08","modified_gmt":"2023-01-21T08:30:08","slug":"buergerentscheid","status":"publish","type":"page","link":"https:\/\/www.freiburg-schwarzwald.de\/blog\/engagement\/buergerentscheid\/","title":{"rendered":"Buergerentscheid"},"content":{"rendered":"<p><a href=\"https:\/\/www.freiburg-schwarzwald.de\/blog\">\u00a0Home<\/a> &gt;<a title=\"Engagement\" href=\"https:\/\/www.freiburg-schwarzwald.de\/blog\/engagement\/\">Engagement<\/a> &gt;Buergerentscheid<\/p>\n<div id=\"attachment_45402\" style=\"width: 647px\" class=\"wp-caption alignnone\"><a href=\"https:\/\/www.freiburg-schwarzwald.de\/blog\/global\/ukraine\/schneegloeckchen-vogelnest-pan140210\/\" rel=\"attachment wp-att-45402\"><img loading=\"lazy\" decoding=\"async\" aria-describedby=\"caption-attachment-45402\" class=\"size-full wp-image-45402\" src=\"https:\/\/www.freiburg-schwarzwald.de\/blog\/wp-content\/uploads\/2014\/02\/schneegloeckchen-vogelnest-pan140210.jpg\" alt=\"Schneegl\u00f6ckchen und Vogelnest vom Vorjahr am 14.2.2014 - Es wird Fr\u00fchling\" width=\"637\" height=\"235\" srcset=\"https:\/\/www.freiburg-schwarzwald.de\/blog\/wp-content\/uploads\/2014\/02\/schneegloeckchen-vogelnest-pan140210.jpg 637w, https:\/\/www.freiburg-schwarzwald.de\/blog\/wp-content\/uploads\/2014\/02\/schneegloeckchen-vogelnest-pan140210-180x66.jpg 180w\" sizes=\"auto, (max-width: 637px) 100vw, 637px\" \/><\/a><p id=\"caption-attachment-45402\" class=\"wp-caption-text\">Schneegl\u00f6ckchen und Vogelnest vom Vorjahr am 14.2.2014 &#8211; Es wird Fr\u00fchling<\/p><\/div>\n<p>&nbsp;<\/p>\n<ul>\n<li><a href=\"https:\/\/www.freiburg-schwarzwald.de\/blog\/direkte-demokratie-waehlerwille\/\">Direkte Demokratie: W\u00e4hlerwille<\/a>\u00a0(21.1.2023)<\/li>\n<li>B\u00fcrgerentscheide in Freiburg<\/li>\n<li><a title=\"Direkte-Demokratie\" href=\"https:\/\/www.freiburg-schwarzwald.de\/blog\/engagement\/zukunft\/demokratie\/direkte-demokratie\/\">Direkte Demokratie<\/a><\/li>\n<\/ul>\n<p>&nbsp;<\/p>\n<div><strong>B\u00fcrgerentscheide in Freiburg<\/strong><\/div>\n<p>Vier B\u00fcrgerentscheide hat es in den vergangenen 26 Jahren in Freiburg gegeben. 2015 kommt der n\u00e4chste.<br \/>\n1. Den Anfang machte 1988 die Abstimmung \u00fcber den\u00a0Bau des Konzerthauses. Die Wahlbeteiligung lag bei 50 Prozent, es gab 36 439 (55,4 Prozent) Nein-Stimmen \u2013 damit war das Quorum um 3100 Stimmen verfehlt worden. 30 Prozent der Wahlberechtigten h\u00e4tten mit Nein stimmen m\u00fcssen.<br \/>\n2. 1995 sprachen sich 71 Prozent der Freiburger f\u00fcr den\u00a0Erhalt des Flugplatzes\u00a0aus. Auch hier wurde das Quorum verfehlt, der Gemeinderat hielt sich dennoch an die Abstimmung.<br \/>\n3. Nur 22,2 Prozent der Freiburger nahmen 1999 am B\u00fcrgerentscheid \u00fcber die\u00a0Linienf\u00fchrung der Stra\u00dfenbahn\u00a0\u00fcber den Rotteckring teil \u2013 Quorum verfehlt.<br \/>\n4. Der B\u00fcrgerentscheid 2006 zum\u00a0Verkauf der Stadtbau\u00a0ging eindeutig aus und schaffte locker die Mindestzahl an Stimmen: 70,5 Prozent sprachen sich gegen den Verkauf aus, nur 29,5 Prozent daf\u00fcr.<br \/>\n5. B\u00fcrgerentscheid zum SC-Stadion am Wolfswinkel 2015.<\/p>\n","protected":false},"excerpt":{"rendered":"<p>\u00a0Home &gt;Engagement &gt;Buergerentscheid &nbsp; Direkte Demokratie: W\u00e4hlerwille\u00a0(21.1.2023) B\u00fcrgerentscheide in Freiburg Direkte Demokratie &nbsp; B\u00fcrgerentscheide in Freiburg Vier B\u00fcrgerentscheide hat es in den vergangenen 26 Jahren in Freiburg gegeben. 2015 kommt der n\u00e4chste. 1. Den Anfang machte 1988 die Abstimmung \u00fcber &hellip; <a href=\"https:\/\/www.freiburg-schwarzwald.de\/blog\/engagement\/buergerentscheid\/\">Weiterlesen <span class=\"meta-nav\">&rarr;<\/span><\/a><\/p>\n","protected":false},"author":2,"featured_media":0,"parent":148,"menu_order":0,"comment_status":"open","ping_status":"closed","template":"","meta":{"footnotes":""},"class_list":["post-45414","page","type-page","status-publish","hentry"],"_links":{"self":[{"href":"https:\/\/www.freiburg-schwarzwald.de\/blog\/wp-json\/wp\/v2\/pages\/45414","targetHints":{"allow":["GET"]}}],"collection":[{"href":"https:\/\/www.freiburg-schwarzwald.de\/blog\/wp-json\/wp\/v2\/pages"}],"about":[{"href":"https:\/\/www.freiburg-schwarzwald.de\/blog\/wp-json\/wp\/v2\/types\/page"}],"author":[{"embeddable":true,"href":"https:\/\/www.freiburg-schwarzwald.de\/blog\/wp-json\/wp\/v2\/users\/2"}],"replies":[{"embeddable":true,"href":"https:\/\/www.freiburg-schwarzwald.de\/blog\/wp-json\/wp\/v2\/comments?post=45414"}],"version-history":[{"count":1,"href":"https:\/\/www.freiburg-schwarzwald.de\/blog\/wp-json\/wp\/v2\/pages\/45414\/revisions"}],"predecessor-version":[{"id":108775,"href":"https:\/\/www.freiburg-schwarzwald.de\/blog\/wp-json\/wp\/v2\/pages\/45414\/revisions\/108775"}],"up":[{"embeddable":true,"href":"https:\/\/www.freiburg-schwarzwald.de\/blog\/wp-json\/wp\/v2\/pages\/148"}],"wp:attachment":[{"href":"https:\/\/www.freiburg-schwarzwald.de\/blog\/wp-json\/wp\/v2\/media?parent=45414"}],"curies":[{"name":"wp","href":"https:\/\/api.w.org\/{rel}","templated":true}]}}