{"id":45262,"date":"2014-02-13T19:32:08","date_gmt":"2014-02-13T18:32:08","guid":{"rendered":"https:\/\/www.freiburg-schwarzwald.de\/blog\/?page_id=45262"},"modified":"2022-11-18T10:57:12","modified_gmt":"2022-11-18T09:57:12","slug":"schwarzarbeit","status":"publish","type":"page","link":"https:\/\/www.freiburg-schwarzwald.de\/blog\/selbsthilfe\/soziales\/arbeit\/schwarzarbeit\/","title":{"rendered":"Schwarzarbeit"},"content":{"rendered":"<p><a href=\"https:\/\/www.freiburg-schwarzwald.de\/blog\">\u00a0Home<\/a>\u00a0&gt;<a title=\"Arbeit\" href=\"https:\/\/www.freiburg-schwarzwald.de\/blog\/selbsthilfe\/soziales\/arbeit\/\">Soziales<\/a>\u00a0&gt;<a title=\"Arbeit\" href=\"https:\/\/www.freiburg-schwarzwald.de\/blog\/soziales\/arbeit\/\">Arbeit<\/a>\u00a0&gt;Schwarzarbeit<\/p>\n<div id=\"attachment_45081\" style=\"width: 650px\" class=\"wp-caption alignnone\"><a href=\"https:\/\/www.freiburg-schwarzwald.de\/blog\/sport\/sotschi\/hofsgrund28feldberg-breitnau-pan140131\/\" rel=\"attachment wp-att-45081\"><img loading=\"lazy\" decoding=\"async\" aria-describedby=\"caption-attachment-45081\" class=\"size-full wp-image-45081\" src=\"https:\/\/www.freiburg-schwarzwald.de\/blog\/wp-content\/uploads\/2014\/02\/hofsgrund28feldberg-breitnau-pan140131.jpg\" alt=\"Blick vom Schauinsland nach Osten zu Feldberg, Tote Mann mit Stollenbach und Nessellachen bei Breitnau (von rechts) am 31.1.2014\" width=\"640\" height=\"195\" srcset=\"https:\/\/www.freiburg-schwarzwald.de\/blog\/wp-content\/uploads\/2014\/02\/hofsgrund28feldberg-breitnau-pan140131.jpg 640w, https:\/\/www.freiburg-schwarzwald.de\/blog\/wp-content\/uploads\/2014\/02\/hofsgrund28feldberg-breitnau-pan140131-180x54.jpg 180w\" sizes=\"auto, (max-width: 640px) 100vw, 640px\" \/><\/a><p id=\"caption-attachment-45081\" class=\"wp-caption-text\">Blick vom Schauinsland nach Osten zu Feldberg, Tote Mann mit Stollenbach und Nessellachen bei Breitnau (von rechts) am 31.1.2014<\/p><\/div>\n<p>&nbsp;<\/p>\n<ul>\n<li><a href=\"https:\/\/www.freiburg-schwarzwald.de\/blog\/buergergeld-45-fuer-migranten\/\">B\u00fcrgergeld \u2013 45 % f\u00fcr Migranten<\/a>\u00a0(17.11.2022)<\/li>\n<li><a href=\"https:\/\/www.freiburg-schwarzwald.de\/blog\/selbsthilfe\/soziales\/arbeit\/buergergeld\/\">B\u00fcrgergeld \u2013 Eine Reise ins Land Schlaraffia<\/a> (10.10.2022)<\/li>\n<li><a href=\"https:\/\/www.freiburg-schwarzwald.de\/blog\/engagement\/zukunft\/demokratie\/arbeiter\/\">Eberhard Hamer: Warum noch arbeiten?<\/a>\u00a0(10.2.2022)<\/li>\n<li><a href=\"https:\/\/www.freiburg-schwarzwald.de\/blog\/global\/deutschland\/steuerzahler\/\">Steuerzahler und Steuergeldempf\u00e4nger<\/a>\u00a0(2.1.2021)<\/li>\n<li>Hunderttausende Migranten fl\u00fcchten in die Schwarzarbeit (25.5.2016)<\/li>\n<li>F\u00f6rdert der Mindestlohn die Schwarzarbeit?<\/li>\n<li><a title=\"Steuern\" href=\"https:\/\/www.freiburg-schwarzwald.de\/blog\/engagement\/verbraucher\/steuern\/\">Schwarzgeld der Reichen &#8211; Schwarzarbeit der Normalverbraucher<\/a> &gt;Steuern (20.1.2014)<\/li>\n<li><a href=\"https:\/\/www.freiburg-schwarzwald.de\/blog\/pflege-schwarzarbeit-osteuropa\/\">https:\/\/www.freiburg-schwarzwald.de\/blog\/pflege-schwarzarbeit-osteuropa\/<\/a> (10.1.2014)<\/li>\n<li><a href=\"https:\/\/www.freiburg-schwarzwald.de\/blog\/eu-arbeitsmarkt-oeffnung-2014\/\">https:\/\/www.freiburg-schwarzwald.de\/blog\/eu-arbeitsmarkt-oeffnung-2014<\/a>\/ (31.12.2013)<\/li>\n<li><\/li>\n<li><a href=\"https:\/\/www.freiburg-schwarzwald.de\/blog\/engagement\/zukunft\/demokratie\/arbeiter\/\">Arbeiter<\/a><\/li>\n<li><a href=\"https:\/\/www.freiburg-schwarzwald.de\/blog\/selbsthilfe\/soziales\/arbeit\/buergergeld\/\">Buergergeld<\/a><\/li>\n<li><a title=\"Job\" href=\"https:\/\/www.freiburg-schwarzwald.de\/blog\/selbsthilfe\/soziales\/arbeit\/job\/\">Job<\/a><\/li>\n<li><a title=\"Korruption\" href=\"https:\/\/www.freiburg-schwarzwald.de\/blog\/engagement\/zukunft\/korruption\/\">Korruption<\/a><\/li>\n<li><a title=\"Pflegehelfer\" href=\"https:\/\/www.freiburg-schwarzwald.de\/blog\/business\/dienste\/pflege\/pflegehelfer\/\">Pflegehelferinnen aus dem Ausland<\/a><\/li>\n<li><a title=\"Steuern\" href=\"https:\/\/www.freiburg-schwarzwald.de\/blog\/engagement\/verbraucher\/steuern\/\">Steuern<\/a><\/li>\n<li><a href=\"https:\/\/www.freiburg-schwarzwald.de\/blog\/global\/deutschland\/steuerzahler\/\">Steuerzahler<\/a><\/li>\n<\/ul>\n<p>&nbsp;<\/p>\n<p>Die\u00a0Einf\u00fchrung des gesetzlichen Mindestlohns von 8,50 Euro im Januar 2015 hat den R\u00fcckgang der Schwarzarbeit nicht stoppen k\u00f6nnen&#8230;..<br \/>\n\u00d6konom Friedrich Schneider (Uni Linz) h\u00e4lt hingegen nichts davon, die Schattenwirtschaft mit Kontrollen und Bestrafung bek\u00e4mpfen zu wollen: &#8222;Schwarzarbeit ist eine Rebellion der B\u00fcrger gegen \u00fcberbordende Regulierung und eine zu hohe Abgabenbelastung&#8220;.<br \/>\nIm internationalen Vergleich stehen die Deutschen mit ihrer Steuermoral aber durchaus noch vergleichsweise gut da. In Italien betr\u00e4gt die Schwarzarbeit rund 20 Prozent, in Griechenland sogar 22 Prozent vom BIP. \u00a0In den USA\u00a05,6 Prozent des BIP und in der\u00a0Schweiz \u00a06,2 Prozent.<br \/>\nDer Deutsche Gewerkschaftsbund (DGB) sch\u00e4tzt, dass 80 bis 90 Prozent der Arbeitsverh\u00e4ltnisse in privaten Haushalten in der Schattenwirtschaft stattfinden.<br \/>\n&#8212;&#8212;&#8212;&#8212;&#8212;&#8212;&#8212;&#8212;&#8212;&#8212;&#8212;&#8212;&#8212;&#8212;&#8211;<\/p>\n<p>&nbsp;<\/p>\n<p><strong>Hunderttausende Migranten fl\u00fcchten in die Schwarzarbeit<\/strong><br \/>\nVielen Migranten fehlt eine berufliche Qualifikation. Sie haben kaum Chancen auf dem Arbeitsmarkt. Und so werden Hunderttausende von ihnen k\u00fcnftig schwarz arbeiten \u2013 f\u00fcr sehr wenig Geld. &#8230;.\u00a0Im vergangenen Jahr kamen 1,1 Millionen Asylsuchende ins Land. &#8222;Realistisch ist, dass im laufenden Jahr 300.000 Fl\u00fcchtlinge zus\u00e4tzlich schwarz besch\u00e4ftigt werden&#8220;, sagte der an der Universit\u00e4t Linz forschende \u00d6konom Friedrich Schneider der &#8222;Welt&#8220;. &#8230;.<br \/>\nAlles von Dorothea Sims vom 27.5.2016 bitte lesen auf<br \/>\n<a href=\"https:\/\/www.welt.de\/wirtschaft\/article155727730\/Hunderttausende-Migranten-fluechten-in-die-Schwarzarbeit.html\">https:\/\/www.welt.de\/wirtschaft\/article155727730\/Hunderttausende-Migranten-fluechten-in-die-Schwarzarbeit.html<br \/>\n<\/a>\u00a0 \u00a0.<br \/>\n<strong>&#8218;&#8220;fl\u00fcchten in die Schwarzarbeit&#8220;<\/strong><br \/>\nNette Formulierung. Werden die genauso bestraft, wie die Einheimischen, die in Schwarzarbeit fl\u00fcchten, oder gibt es da Unterschiede?<br \/>\nK.D.Werner<br \/>\n.<br \/>\n<strong>Rente mit 73 ade?<\/strong><br \/>\nWenn denn die schon heutigen Schwarzarbeiter Sozialversicherungsbeitr\u00e4ge zahlen w\u00fcrden, so br\u00e4uchten wir \u00fcber die Rente mit 73 \u00fcberhaupt nicht zu diskutieren. Zur Einordnung: Die hinterzogenen Eink\u00fcnfte in H\u00f6he von heute schon 340 Milliarden Euro pro Jahr belaufen sich auf rund 40 % der j\u00e4hrlich legal deklarierten (Brutto-) Eink\u00fcnfte aus nichtselbst\u00e4ndiger Arbeit bzw. rund 140 % der j\u00e4hrlichen Rentenausgaben der gRV.<br \/>\nConsultant<br \/>\n&#8222;Politisch organisiertes Lohndumping&#8220;. Von Angela Merkel ab 9\/2015 pers\u00f6nlich und ohne Nachfrage beim B\u00fcrger. Das bringt es kurz und knapp auf den Punkt.<br \/>\nTina M\u00f6ller<\/p>\n<p><strong>Hartz 4 plus 10 \u20ac \/ netto Schwarzarbeit + Miteinnahmen in der T\u00fcrkei<br \/>\n<\/strong>= sorgenfreies Leben im Alter in der Heimat. Nix da Rente mit 73, da lachen die doch dr\u00fcber, und zwar mit Recht.<br \/>\nWieviele Steuern und Sozialversicherungsbeitr\u00e4ge zahlt denn die schwarzarbeitende Putzfrau, die f\u00fcr einen &#8222;Hungerlohn&#8220; von 10 \u20ac netto putzen geht? Welche Berufsausbildung m\u00fcsste sie absolviert haben, und welche T\u00e4tigkeit m\u00fcsste sie denn aus\u00fcben, um 10 \u20ac netto zu verdienen Also h\u00f6ren Sie einfach mit diesem &#8222;Hungerlohn&#8220;-Geschreibsel auf, es ist knallharte Schwarzarbeit und ein Schlag ins Gesicht jedes regul\u00e4r arbeitenden Deutschen.<br \/>\nWer die Produktivit\u00e4t des Mindestlohns nicht erreicht bzw. erreichen kann &#8211; flieht in die Schwarzarbeit. Wieder mal ein Reform, die es gut gemeint hat, aber schlecht gemacht wurde. Jetzt geht die Leistung komplett an den Sozialkassen vorbei.<br \/>\nThomas Berlin, WO<br \/>\nMan sollte den Begriff &#8222;Flucht&#8220; in Bezug auf die Fluchtgr\u00fcnde wirklich neu definieren. Man fl\u00fcchtet aus sicheren Staaten, in die Kriminalit\u00e4t, in die Schwarzarbeit. Man tr\u00e4gt f\u00fcr nichts selbst Verantwortung. Wie praktisch, dass man sich alles nach Belieben relativieren kann. Auf die Spitze getrieben formuliert, k\u00f6nnte man auch in bestimmte Bereiche der Kriminalit\u00e4t &#8222;fl\u00fcchten&#8220;, weil man keine Frau oder Freundin findet&#8230;<br \/>\nAnja<br \/>\n.<br \/>\n<strong>Arabische Analphabeten werde es NIE in den Arbeitsmarkt schaffen<\/strong><br \/>\nTja, das sagt ja auch der Satz: &#8222;Der gro\u00dfe Zustrom an Fl\u00fcchtlingen, die vielfach wegen mangelnder Deutschkenntnisse und oft fehlender beruflicher Qualifikation kaum Chancen haben, rasch auf dem offiziellen Arbeitsmarkt Fu\u00df zu fassen,&#8220; Wobei mich darin das W\u00f6rtchen &#8222;rasch&#8220; st\u00f6rt. Denn als 25-j\u00e4hriger Analphabet, der nur Arabisch spricht, wird man hier praktisch NIE in den offiziellen Arbeitsmarkt integriert werden k\u00f6nnen. Und ja, diese Leute gibt es und sie sind keineswegs selten und be\u00e4ngstigenderweise nimmt das Qualifikationsniveau derjenigen, die es jetzt noch zu uns schaffen, rapide ab. Und auch das ist alles l\u00e4ngst aktenkundig.<br \/>\n25.5.2016, Hugo Bat<\/p>\n<p>&nbsp;<\/p>\n<p><strong>F\u00f6rdert der Mindestlohn die Schwarzarbeit?<\/strong><br \/>\nDer Mindestlohn verteuert Dienstleistungen und reizt zur Umgehung. Das ist ein Argument mehr gegen die Rentenpl\u00e4ne der Bundesregierung in Berlin und deren hoch angesetzten Mindestlohn&#8230;..<br \/>\nAlles vom 5.2.2014 bitte lesen auf<br \/>\n<a href=\"https:\/\/www.badische-zeitung.de\/kommentare-1\/tagesspiegel-keine-frage-der-moral--80416405.html\">https:\/\/www.badische-zeitung.de\/kommentare-1\/tagesspiegel-keine-frage-der-moral&#8211;80416405.html<br \/>\n<\/a><br \/>\n<strong>Wenn es so einfach w\u00e4re<\/strong><br \/>\nEs ist doch ein Irrglaube, dass durch die Senkung der Rentenbeitr\u00e4ge um wenige Euro die Schwarzarbeit einged\u00e4mmt werden k\u00f6nnte. Die Ursache liegt viel tiefer. Durch die Absenkung der Wochenarbeitszeit haben die Leute mehr Freizeit, und die wird nat\u00fcrlich genutzt, um mehr Schwarzarbeit zu machen.\u00a0Ich bin noch mit einer 48-Stunden-Woche gro\u00df geworden, und trotzdem wurde Schwarzarbeit gemacht. Viele Arbeiten w\u00fcrden ohne Schwarzarbeit gar nicht gemacht werden, da sie nicht zu finanzieren w\u00e4ren. F\u00fcr eine Gesellschaft mit nahezu Vollbesch\u00e4ftigung kann die Schwarzarbeit ein gutes Mittel sein, um auch weniger &#8222;betuchten&#8220; Leuten helfen zu k\u00f6nnen.<br \/>\n13.2.2014,\u00a0Karl Heinz Reichert, Bad Krozingen<\/p>\n","protected":false},"excerpt":{"rendered":"<p>\u00a0Home\u00a0&gt;Soziales\u00a0&gt;Arbeit\u00a0&gt;Schwarzarbeit &nbsp; B\u00fcrgergeld \u2013 45 % f\u00fcr Migranten\u00a0(17.11.2022) B\u00fcrgergeld \u2013 Eine Reise ins Land Schlaraffia (10.10.2022) Eberhard Hamer: Warum noch arbeiten?\u00a0(10.2.2022) Steuerzahler und Steuergeldempf\u00e4nger\u00a0(2.1.2021) Hunderttausende Migranten fl\u00fcchten in die Schwarzarbeit (25.5.2016) F\u00f6rdert der Mindestlohn die Schwarzarbeit? Schwarzgeld der Reichen &#8211; &hellip; <a href=\"https:\/\/www.freiburg-schwarzwald.de\/blog\/selbsthilfe\/soziales\/arbeit\/schwarzarbeit\/\">Weiterlesen <span class=\"meta-nav\">&rarr;<\/span><\/a><\/p>\n","protected":false},"author":2,"featured_media":0,"parent":649,"menu_order":0,"comment_status":"open","ping_status":"closed","template":"","meta":{"footnotes":""},"class_list":["post-45262","page","type-page","status-publish","hentry"],"_links":{"self":[{"href":"https:\/\/www.freiburg-schwarzwald.de\/blog\/wp-json\/wp\/v2\/pages\/45262","targetHints":{"allow":["GET"]}}],"collection":[{"href":"https:\/\/www.freiburg-schwarzwald.de\/blog\/wp-json\/wp\/v2\/pages"}],"about":[{"href":"https:\/\/www.freiburg-schwarzwald.de\/blog\/wp-json\/wp\/v2\/types\/page"}],"author":[{"embeddable":true,"href":"https:\/\/www.freiburg-schwarzwald.de\/blog\/wp-json\/wp\/v2\/users\/2"}],"replies":[{"embeddable":true,"href":"https:\/\/www.freiburg-schwarzwald.de\/blog\/wp-json\/wp\/v2\/comments?post=45262"}],"version-history":[{"count":5,"href":"https:\/\/www.freiburg-schwarzwald.de\/blog\/wp-json\/wp\/v2\/pages\/45262\/revisions"}],"predecessor-version":[{"id":106293,"href":"https:\/\/www.freiburg-schwarzwald.de\/blog\/wp-json\/wp\/v2\/pages\/45262\/revisions\/106293"}],"up":[{"embeddable":true,"href":"https:\/\/www.freiburg-schwarzwald.de\/blog\/wp-json\/wp\/v2\/pages\/649"}],"wp:attachment":[{"href":"https:\/\/www.freiburg-schwarzwald.de\/blog\/wp-json\/wp\/v2\/media?parent=45262"}],"curies":[{"name":"wp","href":"https:\/\/api.w.org\/{rel}","templated":true}]}}

<p><a href="https://www.freiburg-schwarzwald.de/blog"> Home</a> &gt;<a title="Arbeit" href="https://www.freiburg-schwarzwald.de/blog/selbsthilfe/soziales/arbeit/">Soziales</a> &gt;<a title="Arbeit" href="https://www.freiburg-schwarzwald.de/blog/soziales/arbeit/">Arbeit</a> &gt;Schwarzarbeit</p>
<div id="attachment_45081" style="width: 650px" class="wp-caption alignnone"><a href="https://www.freiburg-schwarzwald.de/blog/sport/sotschi/hofsgrund28feldberg-breitnau-pan140131/" rel="attachment wp-att-45081"><img loading="lazy" decoding="async" aria-describedby="caption-attachment-45081" class="size-full wp-image-45081" src="https://www.freiburg-schwarzwald.de/blog/wp-content/uploads/2014/02/hofsgrund28feldberg-breitnau-pan140131.jpg" alt="Blick vom Schauinsland nach Osten zu Feldberg, Tote Mann mit Stollenbach und Nessellachen bei Breitnau (von rechts) am 31.1.2014" width="640" height="195" srcset="https://www.freiburg-schwarzwald.de/blog/wp-content/uploads/2014/02/hofsgrund28feldberg-breitnau-pan140131.jpg 640w, https://www.freiburg-schwarzwald.de/blog/wp-content/uploads/2014/02/hofsgrund28feldberg-breitnau-pan140131-180x54.jpg 180w" sizes="auto, (max-width: 640px) 100vw, 640px" /></a><p id="caption-attachment-45081" class="wp-caption-text">Blick vom Schauinsland nach Osten zu Feldberg, Tote Mann mit Stollenbach und Nessellachen bei Breitnau (von rechts) am 31.1.2014</p></div>
<p>&nbsp;</p>
<ul>
<li><a href="https://www.freiburg-schwarzwald.de/blog/buergergeld-45-fuer-migranten/">Bürgergeld – 45 % für Migranten</a> (17.11.2022)</li>
<li><a href="https://www.freiburg-schwarzwald.de/blog/selbsthilfe/soziales/arbeit/buergergeld/">Bürgergeld – Eine Reise ins Land Schlaraffia</a> (10.10.2022)</li>
<li><a href="https://www.freiburg-schwarzwald.de/blog/engagement/zukunft/demokratie/arbeiter/">Eberhard Hamer: Warum noch arbeiten?</a> (10.2.2022)</li>
<li><a href="https://www.freiburg-schwarzwald.de/blog/global/deutschland/steuerzahler/">Steuerzahler und Steuergeldempfänger</a> (2.1.2021)</li>
<li>Hunderttausende Migranten flüchten in die Schwarzarbeit (25.5.2016)</li>
<li>Fördert der Mindestlohn die Schwarzarbeit?</li>
<li><a title="Steuern" href="https://www.freiburg-schwarzwald.de/blog/engagement/verbraucher/steuern/">Schwarzgeld der Reichen &#8211; Schwarzarbeit der Normalverbraucher</a> &gt;Steuern (20.1.2014)</li>
<li><a href="https://www.freiburg-schwarzwald.de/blog/pflege-schwarzarbeit-osteuropa/">https://www.freiburg-schwarzwald.de/blog/pflege-schwarzarbeit-osteuropa/</a> (10.1.2014)</li>
<li><a href="https://www.freiburg-schwarzwald.de/blog/eu-arbeitsmarkt-oeffnung-2014/">https://www.freiburg-schwarzwald.de/blog/eu-arbeitsmarkt-oeffnung-2014</a>/ (31.12.2013)</li>
<li></li>
<li><a href="https://www.freiburg-schwarzwald.de/blog/engagement/zukunft/demokratie/arbeiter/">Arbeiter</a></li>
<li><a href="https://www.freiburg-schwarzwald.de/blog/selbsthilfe/soziales/arbeit/buergergeld/">Buergergeld</a></li>
<li><a title="Job" href="https://www.freiburg-schwarzwald.de/blog/selbsthilfe/soziales/arbeit/job/">Job</a></li>
<li><a title="Korruption" href="https://www.freiburg-schwarzwald.de/blog/engagement/zukunft/korruption/">Korruption</a></li>
<li><a title="Pflegehelfer" href="https://www.freiburg-schwarzwald.de/blog/business/dienste/pflege/pflegehelfer/">Pflegehelferinnen aus dem Ausland</a></li>
<li><a title="Steuern" href="https://www.freiburg-schwarzwald.de/blog/engagement/verbraucher/steuern/">Steuern</a></li>
<li><a href="https://www.freiburg-schwarzwald.de/blog/global/deutschland/steuerzahler/">Steuerzahler</a></li>
</ul>
<p>&nbsp;</p>
<p>Die Einführung des gesetzlichen Mindestlohns von 8,50 Euro im Januar 2015 hat den Rückgang der Schwarzarbeit nicht stoppen können&#8230;..<br />
Ökonom Friedrich Schneider (Uni Linz) hält hingegen nichts davon, die Schattenwirtschaft mit Kontrollen und Bestrafung bekämpfen zu wollen: &#8222;Schwarzarbeit ist eine Rebellion der Bürger gegen überbordende Regulierung und eine zu hohe Abgabenbelastung&#8220;.<br />
Im internationalen Vergleich stehen die Deutschen mit ihrer Steuermoral aber durchaus noch vergleichsweise gut da. In Italien beträgt die Schwarzarbeit rund 20 Prozent, in Griechenland sogar 22 Prozent vom BIP.  In den USA 5,6 Prozent des BIP und in der Schweiz  6,2 Prozent.<br />
Der Deutsche Gewerkschaftsbund (DGB) schätzt, dass 80 bis 90 Prozent der Arbeitsverhältnisse in privaten Haushalten in der Schattenwirtschaft stattfinden.<br />
&#8212;&#8212;&#8212;&#8212;&#8212;&#8212;&#8212;&#8212;&#8212;&#8212;&#8212;&#8212;&#8212;&#8212;&#8211;</p>
<p>&nbsp;</p>
<p><strong>Hunderttausende Migranten flüchten in die Schwarzarbeit</strong><br />
Vielen Migranten fehlt eine berufliche Qualifikation. Sie haben kaum Chancen auf dem Arbeitsmarkt. Und so werden Hunderttausende von ihnen künftig schwarz arbeiten – für sehr wenig Geld. &#8230;. Im vergangenen Jahr kamen 1,1 Millionen Asylsuchende ins Land. &#8222;Realistisch ist, dass im laufenden Jahr 300.000 Flüchtlinge zusätzlich schwarz beschäftigt werden&#8220;, sagte der an der Universität Linz forschende Ökonom Friedrich Schneider der &#8222;Welt&#8220;. &#8230;.<br />
Alles von Dorothea Sims vom 27.5.2016 bitte lesen auf<br />
<a href="https://www.welt.de/wirtschaft/article155727730/Hunderttausende-Migranten-fluechten-in-die-Schwarzarbeit.html">https://www.welt.de/wirtschaft/article155727730/Hunderttausende-Migranten-fluechten-in-die-Schwarzarbeit.html<br />
</a>   .<br />
<strong>&#8218;&#8220;flüchten in die Schwarzarbeit&#8220;</strong><br />
Nette Formulierung. Werden die genauso bestraft, wie die Einheimischen, die in Schwarzarbeit flüchten, oder gibt es da Unterschiede?<br />
K.D.Werner<br />
.<br />
<strong>Rente mit 73 ade?</strong><br />
Wenn denn die schon heutigen Schwarzarbeiter Sozialversicherungsbeiträge zahlen würden, so bräuchten wir über die Rente mit 73 überhaupt nicht zu diskutieren. Zur Einordnung: Die hinterzogenen Einkünfte in Höhe von heute schon 340 Milliarden Euro pro Jahr belaufen sich auf rund 40 % der jährlich legal deklarierten (Brutto-) Einkünfte aus nichtselbständiger Arbeit bzw. rund 140 % der jährlichen Rentenausgaben der gRV.<br />
Consultant<br />
&#8222;Politisch organisiertes Lohndumping&#8220;. Von Angela Merkel ab 9/2015 persönlich und ohne Nachfrage beim Bürger. Das bringt es kurz und knapp auf den Punkt.<br />
Tina Möller</p>
<p><strong>Hartz 4 plus 10 € / netto Schwarzarbeit + Miteinnahmen in der Türkei<br />
</strong>= sorgenfreies Leben im Alter in der Heimat. Nix da Rente mit 73, da lachen die doch drüber, und zwar mit Recht.<br />
Wieviele Steuern und Sozialversicherungsbeiträge zahlt denn die schwarzarbeitende Putzfrau, die für einen &#8222;Hungerlohn&#8220; von 10 € netto putzen geht? Welche Berufsausbildung müsste sie absolviert haben, und welche Tätigkeit müsste sie denn ausüben, um 10 € netto zu verdienen Also hören Sie einfach mit diesem &#8222;Hungerlohn&#8220;-Geschreibsel auf, es ist knallharte Schwarzarbeit und ein Schlag ins Gesicht jedes regulär arbeitenden Deutschen.<br />
Wer die Produktivität des Mindestlohns nicht erreicht bzw. erreichen kann &#8211; flieht in die Schwarzarbeit. Wieder mal ein Reform, die es gut gemeint hat, aber schlecht gemacht wurde. Jetzt geht die Leistung komplett an den Sozialkassen vorbei.<br />
Thomas Berlin, WO<br />
Man sollte den Begriff &#8222;Flucht&#8220; in Bezug auf die Fluchtgründe wirklich neu definieren. Man flüchtet aus sicheren Staaten, in die Kriminalität, in die Schwarzarbeit. Man trägt für nichts selbst Verantwortung. Wie praktisch, dass man sich alles nach Belieben relativieren kann. Auf die Spitze getrieben formuliert, könnte man auch in bestimmte Bereiche der Kriminalität &#8222;flüchten&#8220;, weil man keine Frau oder Freundin findet&#8230;<br />
Anja<br />
.<br />
<strong>Arabische Analphabeten werde es NIE in den Arbeitsmarkt schaffen</strong><br />
Tja, das sagt ja auch der Satz: &#8222;Der große Zustrom an Flüchtlingen, die vielfach wegen mangelnder Deutschkenntnisse und oft fehlender beruflicher Qualifikation kaum Chancen haben, rasch auf dem offiziellen Arbeitsmarkt Fuß zu fassen,&#8220; Wobei mich darin das Wörtchen &#8222;rasch&#8220; stört. Denn als 25-jähriger Analphabet, der nur Arabisch spricht, wird man hier praktisch NIE in den offiziellen Arbeitsmarkt integriert werden können. Und ja, diese Leute gibt es und sie sind keineswegs selten und beängstigenderweise nimmt das Qualifikationsniveau derjenigen, die es jetzt noch zu uns schaffen, rapide ab. Und auch das ist alles längst aktenkundig.<br />
25.5.2016, Hugo Bat</p>
<p>&nbsp;</p>
<p><strong>Fördert der Mindestlohn die Schwarzarbeit?</strong><br />
Der Mindestlohn verteuert Dienstleistungen und reizt zur Umgehung. Das ist ein Argument mehr gegen die Rentenpläne der Bundesregierung in Berlin und deren hoch angesetzten Mindestlohn&#8230;..<br />
Alles vom 5.2.2014 bitte lesen auf<br />
<a href="https://www.badische-zeitung.de/kommentare-1/tagesspiegel-keine-frage-der-moral--80416405.html">https://www.badische-zeitung.de/kommentare-1/tagesspiegel-keine-frage-der-moral&#8211;80416405.html<br />
</a><br />
<strong>Wenn es so einfach wäre</strong><br />
Es ist doch ein Irrglaube, dass durch die Senkung der Rentenbeiträge um wenige Euro die Schwarzarbeit eingedämmt werden könnte. Die Ursache liegt viel tiefer. Durch die Absenkung der Wochenarbeitszeit haben die Leute mehr Freizeit, und die wird natürlich genutzt, um mehr Schwarzarbeit zu machen. Ich bin noch mit einer 48-Stunden-Woche groß geworden, und trotzdem wurde Schwarzarbeit gemacht. Viele Arbeiten würden ohne Schwarzarbeit gar nicht gemacht werden, da sie nicht zu finanzieren wären. Für eine Gesellschaft mit nahezu Vollbeschäftigung kann die Schwarzarbeit ein gutes Mittel sein, um auch weniger &#8222;betuchten&#8220; Leuten helfen zu können.<br />
13.2.2014, Karl Heinz Reichert, Bad Krozingen</p>

<p> Home &gt;Soziales &gt;Arbeit &gt;Schwarzarbeit &nbsp; Bürgergeld – 45 % für Migranten (17.11.2022) Bürgergeld – Eine Reise ins Land Schlaraffia (10.10.2022) Eberhard Hamer: Warum noch arbeiten? (10.2.2022) Steuerzahler und Steuergeldempfänger (2.1.2021) Hunderttausende Migranten flüchten in die Schwarzarbeit (25.5.2016) Fördert der Mindestlohn die Schwarzarbeit? Schwarzgeld der Reichen &#8211; &hellip; <a href="https://www.freiburg-schwarzwald.de/blog/selbsthilfe/soziales/arbeit/schwarzarbeit/">Weiterlesen <span class="meta-nav">&rarr;</span></a></p>
