{"id":44367,"date":"2014-01-23T15:34:27","date_gmt":"2014-01-23T14:34:27","guid":{"rendered":"https:\/\/www.freiburg-schwarzwald.de\/blog\/?page_id=44367"},"modified":"2014-01-23T15:59:57","modified_gmt":"2014-01-23T14:59:57","slug":"mundologia","status":"publish","type":"page","link":"https:\/\/www.freiburg-schwarzwald.de\/blog\/tourismus\/reiseberichte\/mundologia\/","title":{"rendered":"Mundologia"},"content":{"rendered":"<p><a href=\"https:\/\/www.freiburg-schwarzwald.de\/blog\">Home<\/a>\u00a0&gt;<a title=\"Tourismus\" href=\"https:\/\/www.freiburg-schwarzwald.de\/blog\/tourismus\/\">Tourismus<\/a>\u00a0&gt;<a title=\"Reiseberichte\" href=\"https:\/\/www.freiburg-schwarzwald.de\/blog\/tourismus\/reiseberichte\/\">Reiseberichte<\/a> &gt;Mundologia<\/p>\n<div id=\"attachment_40790\" style=\"width: 646px\" class=\"wp-caption alignnone\"><a href=\"https:\/\/www.freiburg-schwarzwald.de\/blog\/global\/israel\/israel2013\/kibbutz\/totesmeer-pan131026\/\" rel=\"attachment wp-att-40790\"><img loading=\"lazy\" decoding=\"async\" aria-describedby=\"caption-attachment-40790\" class=\"size-full wp-image-40790\" alt=\"An Toten Meer irgendwo zwischen Jerusalem und En Gedi am 28.10.2013\" src=\"https:\/\/www.freiburg-schwarzwald.de\/blog\/wp-content\/uploads\/2013\/11\/totesmeer-pan131026.jpg\" width=\"636\" height=\"228\" srcset=\"https:\/\/www.freiburg-schwarzwald.de\/blog\/wp-content\/uploads\/2013\/11\/totesmeer-pan131026.jpg 636w, https:\/\/www.freiburg-schwarzwald.de\/blog\/wp-content\/uploads\/2013\/11\/totesmeer-pan131026-180x64.jpg 180w\" sizes=\"auto, (max-width: 636px) 100vw, 636px\" \/><\/a><p id=\"caption-attachment-40790\" class=\"wp-caption-text\">An Toten Meer irgendwo zwischen Jerusalem und En Gedi am 28.10.2013<\/p><\/div>\n<p>&nbsp;<\/p>\n<ul>\n<li><a href=\"https:\/\/www.freiburg-schwarzwald.de\/blog\/mundologia-festival-7-9-feb\/\">https:\/\/www.freiburg-schwarzwald.de\/blog\/mundologia-festival-7-9-feb\/<\/a> (23.1.2014)<\/li>\n<li><span style=\"font-family: Arial; font-size: small;\"><a href=\"https:\/\/www.freiburg-schwarzwald.de\/messe1.htm#Mundologia zum 7.Mal am 5.-7.2.2010 im Konzerthaus Freiburg\">Mundologia zum 7.Mal am 5.-7.2.2010 im Konzerthaus Freiburg<\/a>\u00a0&gt;Messe1 (26.1.2010)<\/span><\/li>\n<\/ul>\n<p>&nbsp;<\/p>\n<p><strong>Mundologia-Festival\u00a0<\/strong><\/p>\n<p>Das Mundologia-Festival wurde im Jahr 2004 vom heute 44-j\u00e4hrigen Tobias Hauser gegr\u00fcndet. Hauser wurde in Waldshut-Tiengen geboren und lebt heute in FR-Wiehre.<br \/>\nDie Multivisionsvortr\u00e4ge des Freiburger Mundologia-Festivals entf\u00fchren in entlegene Regionen, ungew\u00f6hnliche Lebenslagen, unbekanntes Terrain und und wecken allj\u00e4hrlich erneut bei so vielen Freiburgern erneut das Fernweh.<\/p>\n<div>Mundologia-Festival 2014,\u00a0Freiburg, Konzerthaus,<br \/>\nFreitag, 7. Feb., bis Sonntag, 9. Feb.,<br \/>\n<a title=\"\" href=\"https:\/\/www.mundologia.de\/\" target=\"_blank\">https:\/\/www.mundologia.de<\/a><\/div>\n","protected":false},"excerpt":{"rendered":"<p>Home\u00a0&gt;Tourismus\u00a0&gt;Reiseberichte &gt;Mundologia &nbsp; https:\/\/www.freiburg-schwarzwald.de\/blog\/mundologia-festival-7-9-feb\/ (23.1.2014) Mundologia zum 7.Mal am 5.-7.2.2010 im Konzerthaus Freiburg\u00a0&gt;Messe1 (26.1.2010) &nbsp; Mundologia-Festival\u00a0 Das Mundologia-Festival wurde im Jahr 2004 vom heute 44-j\u00e4hrigen Tobias Hauser gegr\u00fcndet. Hauser wurde in Waldshut-Tiengen geboren und lebt heute in FR-Wiehre. Die Multivisionsvortr\u00e4ge &hellip; <a href=\"https:\/\/www.freiburg-schwarzwald.de\/blog\/tourismus\/reiseberichte\/mundologia\/\">Weiterlesen <span class=\"meta-nav\">&rarr;<\/span><\/a><\/p>\n","protected":false},"author":2,"featured_media":0,"parent":29965,"menu_order":0,"comment_status":"open","ping_status":"closed","template":"","meta":{"footnotes":""},"class_list":["post-44367","page","type-page","status-publish","hentry"],"_links":{"self":[{"href":"https:\/\/www.freiburg-schwarzwald.de\/blog\/wp-json\/wp\/v2\/pages\/44367","targetHints":{"allow":["GET"]}}],"collection":[{"href":"https:\/\/www.freiburg-schwarzwald.de\/blog\/wp-json\/wp\/v2\/pages"}],"about":[{"href":"https:\/\/www.freiburg-schwarzwald.de\/blog\/wp-json\/wp\/v2\/types\/page"}],"author":[{"embeddable":true,"href":"https:\/\/www.freiburg-schwarzwald.de\/blog\/wp-json\/wp\/v2\/users\/2"}],"replies":[{"embeddable":true,"href":"https:\/\/www.freiburg-schwarzwald.de\/blog\/wp-json\/wp\/v2\/comments?post=44367"}],"version-history":[{"count":0,"href":"https:\/\/www.freiburg-schwarzwald.de\/blog\/wp-json\/wp\/v2\/pages\/44367\/revisions"}],"up":[{"embeddable":true,"href":"https:\/\/www.freiburg-schwarzwald.de\/blog\/wp-json\/wp\/v2\/pages\/29965"}],"wp:attachment":[{"href":"https:\/\/www.freiburg-schwarzwald.de\/blog\/wp-json\/wp\/v2\/media?parent=44367"}],"curies":[{"name":"wp","href":"https:\/\/api.w.org\/{rel}","templated":true}]}}