{"id":43915,"date":"2014-01-15T16:28:34","date_gmt":"2014-01-15T15:28:34","guid":{"rendered":"https:\/\/www.freiburg-schwarzwald.de\/blog\/?page_id=43915"},"modified":"2022-11-20T09:44:41","modified_gmt":"2022-11-20T08:44:41","slug":"regionalplanung","status":"publish","type":"page","link":"https:\/\/www.freiburg-schwarzwald.de\/blog\/regio\/regionalplanung\/","title":{"rendered":"Regionalplanung"},"content":{"rendered":"<p><a href=\"https:\/\/www.freiburg-schwarzwald.de\/blog\">Home<\/a>\u00a0&gt;<a title=\"Regio\" href=\"https:\/\/www.freiburg-schwarzwald.de\/blog\/regio\/\">Regio<\/a>\u00a0&gt;<a title=\"Trirhena\" href=\"https:\/\/www.freiburg-schwarzwald.de\/blog\/regio\/trirhena\/\">TriRhena<\/a> &gt;Regionalplanung<\/p>\n<div id=\"attachment_43797\" style=\"width: 649px\" class=\"wp-caption alignnone\"><a href=\"https:\/\/www.freiburg-schwarzwald.de\/blog\/regio\/orte\/eschbach\/stegen-eschbach-pan140109\/\" rel=\"attachment wp-att-43797\"><img loading=\"lazy\" decoding=\"async\" aria-describedby=\"caption-attachment-43797\" class=\"size-full wp-image-43797\" src=\"https:\/\/www.freiburg-schwarzwald.de\/blog\/wp-content\/uploads\/2012\/07\/stegen-eschbach-pan140109.jpg\" alt=\"Blick \u00fcber Stegen nach Norden ins Eschbachtal am 9.1.2014 bei 15 Grad plus\" width=\"639\" height=\"228\" srcset=\"https:\/\/www.freiburg-schwarzwald.de\/blog\/wp-content\/uploads\/2012\/07\/stegen-eschbach-pan140109.jpg 639w, https:\/\/www.freiburg-schwarzwald.de\/blog\/wp-content\/uploads\/2012\/07\/stegen-eschbach-pan140109-180x64.jpg 180w\" sizes=\"auto, (max-width: 639px) 100vw, 639px\" \/><\/a><p id=\"caption-attachment-43797\" class=\"wp-caption-text\">Blick \u00fcber Stegen nach Norden ins Eschbachtal am 9.1.2014 bei 15 Grad plus<\/p><\/div>\n<ul>\n<li><a href=\"https:\/\/www.freiburg-schwarzwald.de\/blog\/regio\/regional\/\">Die Gesellschaft 4.0 \u2013 Das Prinzip Regionalit\u00e4t<\/a>\u00a0(17.11.2022)<\/li>\n<li><a href=\"https:\/\/www.freiburg-schwarzwald.de\/blog\/verscheusslichung-im-breisgau\/\">https:\/\/www.freiburg-schwarzwald.de\/blog\/verscheusslichung-im-breisgau\/<\/a> (22.1.2014)<\/li>\n<li>Regionalplanung angesichts Bev\u00f6lkerungsr\u00fcckgang und Landflucht (15.1.2014)<\/li>\n<li><\/li>\n<li><a title=\"Eurodistrict\" href=\"https:\/\/www.freiburg-schwarzwald.de\/blog\/regio\/trirhena\/eurodistrict\/\">Eurodistrikt<\/a><\/li>\n<li><a title=\"Laendlicher-Raum\" href=\"https:\/\/www.freiburg-schwarzwald.de\/blog\/regio\/laendlicher-raum\/\">L\u00e4ndlicher Raum<\/a><\/li>\n<li><a title=\"Stadt\" href=\"https:\/\/www.freiburg-schwarzwald.de\/blog\/business\/dienste\/immobilien\/stadt\/\">Recht-auf-Stadt<\/a><\/li>\n<li><a href=\"https:\/\/www.freiburg-schwarzwald.de\/blog\/regio\/regional\/\">Regional<\/a><\/li>\n<\/ul>\n<p>&nbsp;<\/p>\n<p><strong>Regionalplanung angesichts Bev\u00f6lkerungsr\u00fcckgang und Landflucht<\/strong><\/p>\n<p>Bereits heute stehen bundesweit \u00fcber 2,4 Millionen Wohnungen leer, und die Bev\u00f6lkerung wir in den kommenden Jahrzehnten trotz Zuwanderung um 17 Millionen abnehmen. W\u00e4hrend bundesweit die Bev\u00f6lkerung also zu schrumpfen beginnt, versprechen viele Politiker in S\u00fcdbaden immer noch unbegrenztes Wachstum, ein Wachstum auf Kosten der Schwarzwaldt\u00e4ler und vieler anderer, auch weit entfernter Regionen.<br \/>\n\u201eUnser Wachstum ist innerdeutscher Kannibalismus\u201c.<br \/>\nWenn wir wider jede Vernunft dennoch wachsen, dann sollte zumindest sorgf\u00e4ltig \u2013 nachhaltig, fl\u00e4chensparend und unter \u00fcberregionalen Aspekten \u2013 geplant werden. Das Problem der Regionalplanung ist die massive B\u00fcrgermeister\u00fcbermacht in den politischen Gremien, die gerade dabei ist, die Fortschreibung des Regionalplans in zerst\u00f6rerischem Sinne zu \u201emodifizieren\u201c. Hier dagegenzuhalten, ist eine wichtige Aufgabe auch f\u00fcr die Umweltverb\u00e4nde, wenn es darum geht, die Lebensqualit\u00e4t in Endingen und am ganzen Oberrhein zu erhalten. Ein Siedlungsmoloch wie etwa die \u201eMetropolregion Rhein-Neckar\u201c ist f\u00fcr den BUND kein Vorbild, sondern abschreckendes Beispiel.<br \/>\nPlanung muss immer regional, \u00fcberregional und global gedacht \u2013 und zu Ende gedacht \u2013 werden.<br \/>\nDenn unbegrenztes Wachstum zerst\u00f6rt begrenzte Systeme. Das gilt f\u00fcr die Welt, f\u00fcr S\u00fcdbaden und f\u00fcr L\u00f6rrach.<\/p>\n<p>Hintergrundinfos zum Thema Fl\u00e4chenverbrauch finden Sie hier:<br \/>\nDer Vortrag als PDF:<br \/>\n<a href=\"https:\/\/vorort.bund.net\/suedlicher-oberrhein\/flaechenverbrauch_vortrag.html\" target=\"_blank\" rel=\"noopener\">https:\/\/vorort.bund.net\/suedlicher-oberrhein\/flaechenverbrauch_vortrag.html<\/a><br \/>\nEin Hintergrundartikel:<br \/>\n<a href=\"https:\/\/mitwelt.org\/oberrhein-elsass-suedbaden-zerstoerung.html\" target=\"_blank\" rel=\"noopener\">https:\/\/mitwelt.org\/oberrhein-elsass-suedbaden-zerstoerung.html<\/a><br \/>\nInfos zur Fortschreibung des Regionalplanes finden sich hier:<br \/>\n<a href=\"https:\/\/www.region-suedlicher-oberrhein.de\/de\/regionalplanung\/fortschreibung-regionalplan\/20130909_Offenlage_Regionalplan.php\" target=\"_blank\" rel=\"noopener\">https:\/\/www.region-suedlicher-oberrhein.de\/de\/regionalplanung\/fortschreibung-regionalplan\/20130909_Offenlage_Regionalplan.php<\/a><\/p>\n<p>15.1.2014, Axel Mayer, \u00a0BUND Freiburg<\/p>\n","protected":false},"excerpt":{"rendered":"<p>Home\u00a0&gt;Regio\u00a0&gt;TriRhena &gt;Regionalplanung Die Gesellschaft 4.0 \u2013 Das Prinzip Regionalit\u00e4t\u00a0(17.11.2022) https:\/\/www.freiburg-schwarzwald.de\/blog\/verscheusslichung-im-breisgau\/ (22.1.2014) Regionalplanung angesichts Bev\u00f6lkerungsr\u00fcckgang und Landflucht (15.1.2014) Eurodistrikt L\u00e4ndlicher Raum Recht-auf-Stadt Regional &nbsp; Regionalplanung angesichts Bev\u00f6lkerungsr\u00fcckgang und Landflucht Bereits heute stehen bundesweit \u00fcber 2,4 Millionen Wohnungen leer, und die Bev\u00f6lkerung &hellip; <a href=\"https:\/\/www.freiburg-schwarzwald.de\/blog\/regio\/regionalplanung\/\">Weiterlesen <span class=\"meta-nav\">&rarr;<\/span><\/a><\/p>\n","protected":false},"author":2,"featured_media":0,"parent":39,"menu_order":0,"comment_status":"open","ping_status":"closed","template":"","meta":{"footnotes":""},"class_list":["post-43915","page","type-page","status-publish","hentry"],"_links":{"self":[{"href":"https:\/\/www.freiburg-schwarzwald.de\/blog\/wp-json\/wp\/v2\/pages\/43915","targetHints":{"allow":["GET"]}}],"collection":[{"href":"https:\/\/www.freiburg-schwarzwald.de\/blog\/wp-json\/wp\/v2\/pages"}],"about":[{"href":"https:\/\/www.freiburg-schwarzwald.de\/blog\/wp-json\/wp\/v2\/types\/page"}],"author":[{"embeddable":true,"href":"https:\/\/www.freiburg-schwarzwald.de\/blog\/wp-json\/wp\/v2\/users\/2"}],"replies":[{"embeddable":true,"href":"https:\/\/www.freiburg-schwarzwald.de\/blog\/wp-json\/wp\/v2\/comments?post=43915"}],"version-history":[{"count":1,"href":"https:\/\/www.freiburg-schwarzwald.de\/blog\/wp-json\/wp\/v2\/pages\/43915\/revisions"}],"predecessor-version":[{"id":106413,"href":"https:\/\/www.freiburg-schwarzwald.de\/blog\/wp-json\/wp\/v2\/pages\/43915\/revisions\/106413"}],"up":[{"embeddable":true,"href":"https:\/\/www.freiburg-schwarzwald.de\/blog\/wp-json\/wp\/v2\/pages\/39"}],"wp:attachment":[{"href":"https:\/\/www.freiburg-schwarzwald.de\/blog\/wp-json\/wp\/v2\/media?parent=43915"}],"curies":[{"name":"wp","href":"https:\/\/api.w.org\/{rel}","templated":true}]}}

<p><a href="https://www.freiburg-schwarzwald.de/blog">Home</a> &gt;<a title="Regio" href="https://www.freiburg-schwarzwald.de/blog/regio/">Regio</a> &gt;<a title="Trirhena" href="https://www.freiburg-schwarzwald.de/blog/regio/trirhena/">TriRhena</a> &gt;Regionalplanung</p>
<div id="attachment_43797" style="width: 649px" class="wp-caption alignnone"><a href="https://www.freiburg-schwarzwald.de/blog/regio/orte/eschbach/stegen-eschbach-pan140109/" rel="attachment wp-att-43797"><img loading="lazy" decoding="async" aria-describedby="caption-attachment-43797" class="size-full wp-image-43797" src="https://www.freiburg-schwarzwald.de/blog/wp-content/uploads/2012/07/stegen-eschbach-pan140109.jpg" alt="Blick über Stegen nach Norden ins Eschbachtal am 9.1.2014 bei 15 Grad plus" width="639" height="228" srcset="https://www.freiburg-schwarzwald.de/blog/wp-content/uploads/2012/07/stegen-eschbach-pan140109.jpg 639w, https://www.freiburg-schwarzwald.de/blog/wp-content/uploads/2012/07/stegen-eschbach-pan140109-180x64.jpg 180w" sizes="auto, (max-width: 639px) 100vw, 639px" /></a><p id="caption-attachment-43797" class="wp-caption-text">Blick über Stegen nach Norden ins Eschbachtal am 9.1.2014 bei 15 Grad plus</p></div>
<ul>
<li><a href="https://www.freiburg-schwarzwald.de/blog/regio/regional/">Die Gesellschaft 4.0 – Das Prinzip Regionalität</a> (17.11.2022)</li>
<li><a href="https://www.freiburg-schwarzwald.de/blog/verscheusslichung-im-breisgau/">https://www.freiburg-schwarzwald.de/blog/verscheusslichung-im-breisgau/</a> (22.1.2014)</li>
<li>Regionalplanung angesichts Bevölkerungsrückgang und Landflucht (15.1.2014)</li>
<li></li>
<li><a title="Eurodistrict" href="https://www.freiburg-schwarzwald.de/blog/regio/trirhena/eurodistrict/">Eurodistrikt</a></li>
<li><a title="Laendlicher-Raum" href="https://www.freiburg-schwarzwald.de/blog/regio/laendlicher-raum/">Ländlicher Raum</a></li>
<li><a title="Stadt" href="https://www.freiburg-schwarzwald.de/blog/business/dienste/immobilien/stadt/">Recht-auf-Stadt</a></li>
<li><a href="https://www.freiburg-schwarzwald.de/blog/regio/regional/">Regional</a></li>
</ul>
<p>&nbsp;</p>
<p><strong>Regionalplanung angesichts Bevölkerungsrückgang und Landflucht</strong></p>
<p>Bereits heute stehen bundesweit über 2,4 Millionen Wohnungen leer, und die Bevölkerung wir in den kommenden Jahrzehnten trotz Zuwanderung um 17 Millionen abnehmen. Während bundesweit die Bevölkerung also zu schrumpfen beginnt, versprechen viele Politiker in Südbaden immer noch unbegrenztes Wachstum, ein Wachstum auf Kosten der Schwarzwaldtäler und vieler anderer, auch weit entfernter Regionen.<br />
„Unser Wachstum ist innerdeutscher Kannibalismus“.<br />
Wenn wir wider jede Vernunft dennoch wachsen, dann sollte zumindest sorgfältig – nachhaltig, flächensparend und unter überregionalen Aspekten – geplant werden. Das Problem der Regionalplanung ist die massive Bürgermeisterübermacht in den politischen Gremien, die gerade dabei ist, die Fortschreibung des Regionalplans in zerstörerischem Sinne zu „modifizieren“. Hier dagegenzuhalten, ist eine wichtige Aufgabe auch für die Umweltverbände, wenn es darum geht, die Lebensqualität in Endingen und am ganzen Oberrhein zu erhalten. Ein Siedlungsmoloch wie etwa die „Metropolregion Rhein-Neckar“ ist für den BUND kein Vorbild, sondern abschreckendes Beispiel.<br />
Planung muss immer regional, überregional und global gedacht – und zu Ende gedacht – werden.<br />
Denn unbegrenztes Wachstum zerstört begrenzte Systeme. Das gilt für die Welt, für Südbaden und für Lörrach.</p>
<p>Hintergrundinfos zum Thema Flächenverbrauch finden Sie hier:<br />
Der Vortrag als PDF:<br />
<a href="https://vorort.bund.net/suedlicher-oberrhein/flaechenverbrauch_vortrag.html" target="_blank" rel="noopener">https://vorort.bund.net/suedlicher-oberrhein/flaechenverbrauch_vortrag.html</a><br />
Ein Hintergrundartikel:<br />
<a href="https://mitwelt.org/oberrhein-elsass-suedbaden-zerstoerung.html" target="_blank" rel="noopener">https://mitwelt.org/oberrhein-elsass-suedbaden-zerstoerung.html</a><br />
Infos zur Fortschreibung des Regionalplanes finden sich hier:<br />
<a href="https://www.region-suedlicher-oberrhein.de/de/regionalplanung/fortschreibung-regionalplan/20130909_Offenlage_Regionalplan.php" target="_blank" rel="noopener">https://www.region-suedlicher-oberrhein.de/de/regionalplanung/fortschreibung-regionalplan/20130909_Offenlage_Regionalplan.php</a></p>
<p>15.1.2014, Axel Mayer,  BUND Freiburg</p>

<p>Home &gt;Regio &gt;TriRhena &gt;Regionalplanung Die Gesellschaft 4.0 – Das Prinzip Regionalität (17.11.2022) https://www.freiburg-schwarzwald.de/blog/verscheusslichung-im-breisgau/ (22.1.2014) Regionalplanung angesichts Bevölkerungsrückgang und Landflucht (15.1.2014) Eurodistrikt Ländlicher Raum Recht-auf-Stadt Regional &nbsp; Regionalplanung angesichts Bevölkerungsrückgang und Landflucht Bereits heute stehen bundesweit über 2,4 Millionen Wohnungen leer, und die Bevölkerung &hellip; <a href="https://www.freiburg-schwarzwald.de/blog/regio/regionalplanung/">Weiterlesen <span class="meta-nav">&rarr;</span></a></p>
