{"id":4298,"date":"2012-06-01T21:30:47","date_gmt":"2012-06-01T21:30:47","guid":{"rendered":"https:\/\/www.freiburg-schwarzwald.de\/blog\/?page_id=4298"},"modified":"2026-04-24T13:33:11","modified_gmt":"2026-04-24T11:33:11","slug":"narren","status":"publish","type":"page","link":"https:\/\/www.freiburg-schwarzwald.de\/blog\/vereine\/narren\/","title":{"rendered":"Narren"},"content":{"rendered":"<p>Home &gt;<a title=\"Vereine\" href=\"https:\/\/www.freiburg-schwarzwald.de\/blog\/vereine\/\">Vereine<\/a> &gt;Narren<\/p>\n<div id=\"attachment_4274\" style=\"width: 609px\" class=\"wp-caption alignnone\"><a href=\"https:\/\/www.freiburg-schwarzwald.de\/blog\/selbsthilfe\/chronisch\/demenz\/oberibental5pan080718\/\" rel=\"attachment wp-att-4274\"><img loading=\"lazy\" decoding=\"async\" aria-describedby=\"caption-attachment-4274\" class=\"size-full wp-image-4274\" title=\"oberibental5pan080718\" src=\"https:\/\/www.freiburg-schwarzwald.de\/blog\/wp-content\/uploads\/2012\/06\/oberibental5pan080718.jpg\" alt=\"\" width=\"599\" height=\"169\" srcset=\"https:\/\/www.freiburg-schwarzwald.de\/blog\/wp-content\/uploads\/2012\/06\/oberibental5pan080718.jpg 599w, https:\/\/www.freiburg-schwarzwald.de\/blog\/wp-content\/uploads\/2012\/06\/oberibental5pan080718-180x50.jpg 180w\" sizes=\"auto, (max-width: 599px) 100vw, 599px\" \/><\/a><p id=\"caption-attachment-4274\" class=\"wp-caption-text\">Blick vom Zwerisberg zwischen St.Peter und St.M\u00e4rgen nach Norden \u00fcber Oberibental am 18.8.2008<\/p><\/div>\n<p align=\"left\"><strong>Fasnet, <a href=\"https:\/\/www.freiburg-schwarzwald.de\/guggenmusik.htm\">Guggenmusik<\/a>, Fastnacht, Fasching, Karneval, Hexen, Geister, Narren, Zunft, Gilde, Cheerleader, &#8230;.<\/strong><\/p>\n<ul>\n<li><em>Listenauswahl eines Beitrags: Bitte anklicken oder runterscrollen<\/em><\/li>\n<li><a href=\"https:\/\/www.freiburg-schwarzwald.de\/blog\/kultur\/kunst\/satire\/\">Lange Haftstrafe f\u00fcr Karnevalist Tilly \u2013 Orthodoxe Kirche Russland<\/a> (3.4.2026)<\/li>\n<li><a href=\"https:\/\/www.freiburg-schwarzwald.de\/blog\/abwaerts-immer-aufwaerts-nimmer\/\">Abw\u00e4rts immer, aufw\u00e4rts nimmer<\/a>\u00a0(2.3.2025)<\/li>\n<li><a href=\"https:\/\/www.freiburg-schwarzwald.de\/blog\/vereine\/narren\/karneval\/\">Psychogramm Deutschlands zu Karneval bzw. Fasching<\/a> (11.11.2022)<\/li>\n<li>Anti-Indianer-Erlass an Kita in Hamburg (21.3.2019)<\/li>\n<li><a href=\"https:\/\/www.freiburg-schwarzwald.de\/blog\/gute-karneval-gesetz-fuer-2020\/\">https:\/\/www.freiburg-schwarzwald.de\/blog\/gute-karneval-gesetz-fuer-2020\/<\/a> (6.3.2019)<\/li>\n<li><a title=\"Lied\" href=\"https:\/\/www.freiburg-schwarzwald.de\/blog\/kultur\/dichter\/liedermacher\/lied\/\">Reinhard Mey 75 Jahre alt \u2013 Das Narrenschiff<\/a>\u00a0(1.12.2017)<\/li>\n<li>e B\u00fcttered: Hit versuech ich mol e Hit \u00a0f\u00fcr die f\u00fcnfte Johreszit (31.1.2017)<\/li>\n<li><a href=\"https:\/\/www.freiburg-schwarzwald.de\/blog\/politische-fastnacht-kokolores\/\">https:\/\/www.freiburg-schwarzwald.de\/blog\/politische-fastnacht-kokolores\/<\/a> (9.2.2016)<\/li>\n<li><a title=\"Sicherheit\" href=\"https:\/\/www.freiburg-schwarzwald.de\/blog\/selbsthilfe\/soziales\/justiz\/sicherheit\/\">Karnevalsumzug abgesagt wegen Fl\u00fcchtlingen<\/a> (3.2.2016)<\/li>\n<li><a href=\"https:\/\/www.freiburg-schwarzwald.de\/blog\/islam-opferrolle-schere-im-kopf\">https:\/\/www.freiburg-schwarzwald.de\/blog\/islam-opferrolle-schere-im-kopf<\/a>\/ (22.2.2015)<\/li>\n<li><a href=\"https:\/\/www.freiburg-schwarzwald.de\/littenweiler\/narren2.htm\">Aktuelles zur Narren-Seite ab M\u00e4rz 2004<\/a> &gt;Narren2<\/li>\n<li><a href=\"https:\/\/www.freiburg-schwarzwald.de\/littenweiler\/narren1.htm\">Aktuelles zu Narren und Fasnet<\/a> &gt;Narren1<\/li>\n<li>\u00a0.<\/li>\n<li><strong><a href=\"https:\/\/www.freiburg-schwarzwald.de\/narren.htm\">www.freiburg-schwarzwald.de\/narren.htm<\/a> &gt;Archivseite Narren<\/strong><\/li>\n<li><a href=\"https:\/\/www.freiburg-schwarzwald.de\/littenweiler\/narren#Ammonsh\u00f6rner Lehen\">Ammonsh\u00f6rner<\/a> Freiburg-Lehen<\/li>\n<li><a href=\"https:\/\/www.freiburg-schwarzwald.de\/littenweiler\/narren#B\u00e4chleputzer Freiburg\">B\u00e4chleputzer<\/a> Freiburg<\/li>\n<li>Bajass Waldkirch, <a href=\"https:\/\/www.bajass-waldkirch.de\/\">https:\/\/www.bajass-waldkirch.de<\/a><\/li>\n<li><a href=\"https:\/\/www.freiburg-schwarzwald.de\/littenweiler\/narren#Betzitglunki 11 Jahre alt (25.1.2001)\">Betzitglunki St. M\u00e4rgen 11 Jahre alt &#8211; von Monika Rombach<\/a> &gt;frsw.de\/HistStMaergen<\/li>\n<li>Br\u00e4ndbach-Hexen<\/li>\n<li><a href=\"https:\/\/www.freiburg-schwarzwald.de\/littenweiler\/narren#Breisgauer Narrenzunft\">Breisgauer Narrenzunft<\/a><\/li>\n<li><a href=\"https:\/\/www.freiburg-schwarzwald.de\/littenweiler\/narren#Burg Falkensteiner H\u00f6llenhunde aus Buchenbach\">Burg Falkensteiner H\u00f6llenhunde<\/a> aus Buchenbach<\/li>\n<li>Narrenzunft \u201c Burghexen \u201c Waldkirch e.V., <a href=\"https:\/\/www.burghexen-waldkirch.de\/\">https:\/\/www.burghexen-waldkirch.de<\/a><\/li>\n<li>Narrenzunft \u201cDer Wilde Mann e.V.\u201c Waldkirch, <a href=\"https:\/\/www.derwildemann.de\/\">https:\/\/www.derwildemann.de<\/a><\/li>\n<li><a href=\"https:\/\/www.freiburg-schwarzwald.de\/littenweiler\/narren#Erdgeischter Freiburg\">Erdgeischter<\/a> Freiburg<\/li>\n<li><a href=\"https:\/\/www.freiburg-schwarzwald.de\/littenweiler\/narren#Fasnetrufer Freiburg\">Fasnetrufer<\/a> Freiburg<\/li>\n<li>\n<p align=\"left\"><a href=\"https:\/\/www.freiburg-schwarzwald.de\/littenweiler\/narren#Feurige Salamander\">Feurige Salamander<\/a> Ebnet<\/p>\n<\/li>\n<li>\n<p align=\"left\"><a href=\"https:\/\/www.freiburg-schwarzwald.de\/littenweiler\/narren#Narrenzunft Elzach\">Narrenzunft Elzach<\/a><\/p>\n<\/li>\n<li><a href=\"https:\/\/www.freiburg-schwarzwald.de\/littenweiler\/narren#Freiburger Hexen\">Freiburger Hexen<\/a><\/li>\n<li><a href=\"https:\/\/www.freiburg-schwarzwald.de\/freiburg-fasnet.htm\">Freiburg: Fasnet-Rosenmontagsumzug<\/a> &gt;Freiburg-Fasnet (29.2.2006)<\/li>\n<li><a href=\"https:\/\/www.freiburg-schwarzwald.de\/littenweiler\/narren#Friburger Bobbili\">Friburger Bobbili<\/a><\/li>\n<li><a href=\"https:\/\/www.freiburg-schwarzwald.de\/littenweiler\/narren#Fuhrleute e.V. Freiburg\">Fuhrleute<\/a> Freiburg<\/li>\n<li><a href=\"https:\/\/www.freiburg-schwarzwald.de\/littenweiler\/narren#Grottenwald-D\u00e4monen e.V, Narrenzunft in Gutach-Bleibach\">Grottenwald-D\u00e4monen<\/a>, Narrenzunft in Gutach-Bleibach<\/li>\n<li><a href=\"https:\/\/www.freiburg-schwarzwald.de\/guggenmusik.htm\">Guggen im Schwarzwald<\/a> &gt;Guggenmusik<\/li>\n<li>\n<p align=\"left\">d\u00b4Kandel Hirtebue e.V. Waldkirch, <a href=\"https:\/\/www.hirtebue.de\/\">www.hirtebue.de<\/a><\/p>\n<\/li>\n<li><a href=\"https:\/\/www.freiburg-schwarzwald.de\/littenweiler\/narren#De Hirtebue, Narrenzunft in Sch\u00f6nwald\">De Hirtebue<\/a> Sch\u00f6nwald<\/li>\n<li>Hochfirstgeister Saig<\/li>\n<li>\n<p align=\"left\"><a href=\"https:\/\/www.freiburg-schwarzwald.de\/littenweiler\/kirchzarten-fasnet.htm#H\u00f6llenzunft Kirchzarten e.V\">H\u00f6llenzunft Kirchzarten<\/a> &gt;Kirchzarten-Fasnet<\/p>\n<\/li>\n<li>Kandelhexen Waldkirch , <a href=\"https:\/\/www.kandelhexen.de\/\">https:\/\/www.kandelhexen.de<\/a><\/li>\n<li>Narrenzunft Kappel<\/li>\n<li>Kolmenwiber Schw\u00e4rzenbach<\/li>\n<li><a href=\"https:\/\/www.freiburg-schwarzwald.de\/littenweiler\/narren#Krach &amp; Blech\">Krach-und-Blech &#8211; Krutstorze<\/a>, Gottenheim<\/li>\n<li>Narrenzunft \u201cKrakeelia e.V.&#8220; Waldkirch, <a href=\"https:\/\/www.krakeelia.de\/\">https:\/\/www.krakeelia.de<\/a><\/li>\n<li><a href=\"https:\/\/www.freiburg-schwarzwald.de\/littenweiler\/narren#Lumpem\u00e4nnle H\u00f6lzlebruck e.V.\">Lumpem\u00e4nnle<\/a> Neustadt-H\u00f6lzlebruck<\/li>\n<li><a href=\"https:\/\/www.freiburg-schwarzwald.de\/littenweiler\/narren#Miau-Zunft Freiburg\">Miau-Zunft<\/a> Freiburg<\/li>\n<li>\n<p align=\"left\"><a href=\"https:\/\/www.freiburg-schwarzwald.de\/littenweiler\/narren1.htm#Moos-Knodle aus Breitnau feiern ihr f\u00fcnfj\u00e4hriges Bestehen\">Moos-Knodle aus Breitnau feiern ihr f\u00fcnfj\u00e4hriges Bestehen<\/a> &gt;Narren1 (16.2.2004)<\/p>\n<\/li>\n<li>\n<p align=\"left\"><a href=\"https:\/\/www.freiburg-schwarzwald.de\/littenweiler\/narren#Narrenzunft Mooswaldwiibli\">Mooswaldwiibli<\/a> Landwasser<\/p>\n<\/li>\n<li>\n<p align=\"left\"><a href=\"https:\/\/www.freiburg-schwarzwald.de\/littenweiler\/narren#Moskrotten Freiburg\">Mooskrotten<\/a> Freiburg<\/p>\n<\/li>\n<li><a href=\"https:\/\/www.freiburg-schwarzwald.de\/littenweiler\/narren#M\u00f6rchwaldhexen Erlach bei Rechen\">M\u00f6rchwaldhexen<\/a> Erlach bei Renchen<\/li>\n<li><a href=\"https:\/\/www.freiburg-schwarzwald.de\/littenweiler\/narren#Narrenschopf Bad D\u00fcrrheim\">Verein Narrenschopf<\/a> Bad D\u00fcrrheim<\/li>\n<li><a href=\"https:\/\/www.freiburg-schwarzwald.de\/littenweiler\/narren#Narrengilde Oberried\">Narrengilde<\/a> Oberried<\/li>\n<li><a href=\"https:\/\/www.freiburg-schwarzwald.de\/littenweiler\/narren#Narrenzunft Neustadt von 1874 e.V.\">Narrenzunft von 1874 e.V.<\/a> Neustadt<\/li>\n<li><a href=\"https:\/\/www.freiburg-schwarzwald.de\/littenweiler\/narren#Nodelhexen Stegen-Oberbirken\">Nodelhexen Stegen-Oberbirken<\/a><\/li>\n<li><a href=\"https:\/\/www.freiburg-schwarzwald.de\/littenweiler\/narren#Pflumeschlucker in Bonndorf\">Pflumeschlucker in Bonndorf<\/a><\/li>\n<li><a href=\"https:\/\/www.freiburg-schwarzwald.de\/littenweiler\/narren#Ranzengarde\">Ranzengarde<\/a> Freiburg<\/li>\n<li><a href=\"https:\/\/www.freiburg-schwarzwald.de\/langenordnach.htm#Ornemer Raugeisthexen\">Raugeisthexen Langenordnach<\/a> &gt;Langenordnach<\/li>\n<li><a href=\"https:\/\/www.freiburg-schwarzwald.de\/littenweiler\/narren#Reblauszunft Freiburg-St.Georgen e.V.\">Reblauszunft<\/a> Freiburg-St.Georgen<\/li>\n<li><a href=\"https:\/\/www.freiburg-schwarzwald.de\/littenweiler\/narren#Schauinsl\u00e4nder Berggeister\">Schauinsl\u00e4nder Berggeister<\/a> Kappel<\/li>\n<li><a href=\"https:\/\/www.freiburg-schwarzwald.de\/littenweiler\/narren#Schlangenzunft Zarten\">Schlangenzunft<\/a>\u00a0Zarten<\/li>\n<li><a href=\"https:\/\/www.freiburg-schwarzwald.de\/littenweiler\/narren1.htm#Schlappenflicker aus Breitnau 25 Jahre\">Schlappenflickerzunft Breitnau<\/a> &gt;Narren1<\/li>\n<li>Schneeschuhstriezi&#8220; aus Schollach<\/li>\n<li>Schwellegeister aus Feldberg<\/li>\n<li><a href=\"https:\/\/www.freiburg-schwarzwald.de\/littenweiler\/narren#Seer\u00e4uber-Zunft Titisee\">Seer\u00e4uber-Zunft<\/a> Titisee<\/li>\n<li><a href=\"https:\/\/www.freiburg-schwarzwald.de\/suggental.htm#Suggent\u00e4ler Schreckli\">Suggent\u00e4ler Schreckli<\/a> &gt;Suggental<\/li>\n<li><a href=\"https:\/\/www.freiburg-schwarzwald.de\/littenweiler\/narren#Verband Oberrheinischer Narrenz\u00fcnfte (VON)\">Verband Oberrheinischer Narrenz\u00fcnfte (VON)<\/a> Freiburg<\/li>\n<li><a href=\"https:\/\/www.freiburg-schwarzwald.de\/littenweiler\/narren#VSAN - Vereinigung schw\u00e4bisch-alemannischer Narrenz\u00fcnfte\">VSAN &#8211; Vereinigung schw\u00e4bisch-alemannischer Narrenz\u00fcnfte<\/a><\/li>\n<li><a href=\"https:\/\/www.freiburg-schwarzwald.de\/littenweiler\/narren#Waldgeister Stegen\">Waldgeister<\/a> Stegen<\/li>\n<li><a href=\"https:\/\/www.freiburg-schwarzwald.de\/rudenberg5.htm\">Waldhexen Rudenberg<\/a> &gt;Rudenberg5<\/li>\n<li><a href=\"https:\/\/www.freiburg-schwarzwald.de\/littenweiler\/narren#Welle Bengel\">Welle Bengel<\/a> Freiburg<\/li>\n<li><a href=\"https:\/\/www.freiburg-schwarzwald.de\/littenweiler\/narren#W\u00fchlm\u00e4use\">W\u00fchlm\u00e4use<\/a> Littenweiler<\/li>\n<li><a href=\"https:\/\/www.freiburg-schwarzwald.de\/littenweiler\/narren#Zainemacherzunft Buchenbach\">Zainemacherzunft aus Buchenbach<\/a><\/li>\n<li><a href=\"https:\/\/www.freiburg-schwarzwald.de\/littenweiler\/kirchzarten6.htm#Zischdig F\u00e4\u00e4ger: Fasnet seit 44 Jahren\">Zischdig F\u00e4\u00e4ger: Fasnet seit 44 Jahren<\/a> &gt;Kirchzarten6 (25.1.2007)<\/li>\n<li><a href=\"https:\/\/www.freiburg-schwarzwald.de\/littenweiler\/narren#Zundelmacher Todtnau e.V.\">Zundelmacher<\/a> Todtnau e.V.<\/li>\n<li><\/li>\n<li><a href=\"https:\/\/www.freiburg-schwarzwald.de\/littenweiler\/narren#Narren-Links\">Narren-Links<\/a><\/li>\n<li>\n<p align=\"left\"><a href=\"https:\/\/www.freiburg-schwarzwald.de\/guggenmusik.htm\">Guggen im Schwarzwald<\/a> &gt;Guggenmusik<\/p>\n<\/li>\n<li><a href=\"https:\/\/www.freiburg-schwarzwald.de\/blog\/business\/gesund\/lachen\/\">Lachen<\/a><\/li>\n<li><a href=\"https:\/\/www.freiburg-schwarzwald.de\/blog\/kultur\/kunst\/satire\/\">Satire<\/a><\/li>\n<li><a href=\"https:\/\/www.freiburg-schwarzwald.de\/blog\/vereine\/narren\/karneval\/\">Karneval<\/a><\/li>\n<li><a href=\"https:\/\/www.freiburg-schwarzwald.de\/freiburg-fasnet.htm\">Freiburg<\/a> &gt;Freiburg-Fasnet<\/li>\n<li><a href=\"https:\/\/www.freiburg-schwarzwald.de\/littenweiler\/kirchzarten-fasnet.htm\">Kirchzarten<\/a> &gt;Kirchzarten-Fasnet<\/li>\n<li><a href=\"https:\/\/www.freiburg-schwarzwald.de\/littenweiler\/oberried.htm\">Oberried <\/a>&#8211; Oberried-Fasnet<\/li>\n<\/ul>\n<p>&nbsp;<\/p>\n<p><a href=\"https:\/\/www.freiburg-schwarzwald.de\/blog\/vereine\/narren\/fasnacht-trio140227\/\" rel=\"attachment wp-att-45722\"><img loading=\"lazy\" decoding=\"async\" class=\"alignnone size-thumbnail wp-image-45722\" src=\"https:\/\/www.freiburg-schwarzwald.de\/blog\/wp-content\/uploads\/2012\/06\/fasnacht-trio140227-180x180.jpg\" alt=\"fasnacht-trio140227\" width=\"180\" height=\"180\" srcset=\"https:\/\/www.freiburg-schwarzwald.de\/blog\/wp-content\/uploads\/2012\/06\/fasnacht-trio140227-180x180.jpg 180w, https:\/\/www.freiburg-schwarzwald.de\/blog\/wp-content\/uploads\/2012\/06\/fasnacht-trio140227.jpg 640w\" sizes=\"auto, (max-width: 180px) 100vw, 180px\" \/><\/a><br \/>\n(1) Fasnet-Trio am 27.2.2014<\/p>\n<p>&nbsp;<\/p>\n<p><strong>Anti-Indianer-Erlass an Kita in Hamburg<\/strong><br \/>\nIn diesem Jahr lernte ich, dass auch die nat\u00fcrlichen Fressfeinde der Bleichgesichter, also die Roth\u00e4ute, in der f\u00fcnften Jahreszeit nicht mehr wohlgelitten sind. Und zwar unabh\u00e4ngig von der Bewaffnung. Eine Hamburger Kindertagesst\u00e4tte erlangte durch einen entsprechenden Anti-Indianer-Erlass kurzzeitig bundesweite Ber\u00fchmtheit. Laut Hamburger Morgenpost hatte die Kita Eulenstra\u00dfe (Ottensen) den Eltern im Faschingsvorfeld schriftlich mitgeteilt: \u201eIch m\u00f6chte Sie bitten, gemeinsam mit Ihren Kindern bei der Auswahl des Kost\u00fcms darauf zu achten, dass durch selbiges keine Stereotype bedient werden.\u201c Es gehe dabei insbesondere um Faktoren wie Geschlecht, Hautfarbe und Kultur. Neben Indianern waren explizit auch Scheichs unerw\u00fcnscht. Weiter hei\u00dft es in dem Schreiben: \u201eWir achten im Kitaalltag sehr auf eine kultursensible, diskriminierungsfreie und vorurteilsbewusste Erziehung.\u201c Zur tiefergehenden Begr\u00fcndung verwies man auf den Fachartikel einer amtlichen Autorit\u00e4t namens \u201eKiDs aktuell\u201c. Indianer als solche habe es nie gegeben. Au\u00dferdem stehe der Begriff im Zusammenhang mit der brutalen Vernichtung gro\u00dfer Teile dieser Personengruppe.<br \/>\n&#8230; Alles vom 21.3.2019 von Robert von Loewenstern bitte lesen auf<br \/>\n<a href=\"https:\/\/www.achgut.com\/artikel\/kitas_im_parallel_universum\">https:\/\/www.achgut.com\/artikel\/kitas_im_parallel_universum<\/a><\/p>\n<p><strong>Kinder vor Diskriminierung Sch\u00fctzen &#8211; KIDS ??<\/strong><br \/>\n\u201eKiDs \u2013 Kinder vor Diskriminierung sch\u00fctzen!\u201c setzt sich zusammen aus\u2026<br \/>\n&#8211; dem bundesweiten Kampagnenbereich,<br \/>\n&#8211; dem berlinweiten Beratungsangebot zu Diskriminierungsf\u00e4llen, die junge Kinder betreffen,<br \/>\n&#8211; der Prozessbegleitung zu diskriminierungssensiblen Beschwerdeverfahren in Kitas.<br \/>\nIn unserem Team arbeiten sexismus- und rassismuserfahrene Personen sowie Menschen, die Diskriminierungserfahrungen aufgrund von Heteronormativit\u00e4t machen.<br \/>\n<a href=\"https:\/\/kids.kinderwelten.net\/de\">https:\/\/kids.kinderwelten.net\/de<\/a><br \/>\n.<br \/>\n<strong>Alle Kinderverkleidungen ausrotten<\/strong><br \/>\nGut, dann rotten wir die \u201cIndianer\u201d eben endg\u00fcltig aus.<br \/>\nDer \u201cweisse Mann\u201d, respektive: die \u201cweisse Regierung\u201d wird das schon schaffen. Dann m\u00fcssen wir aber auch andere Kost\u00fcme \u00e4chten:<br \/>\nCowboy (geht nicht, ausser zu Ausrottungszwecken, s.o.),<br \/>\nHexe (Diskriminierung entstellter alter Menschen, additive Kr\u00e4he oder Katze f\u00e4llt unter Tierschutz), Mohr (geht wie das N- Wort, geht also gar nicht),<br \/>\nPolizist (Beamtenbeleidigung, da vom Kost\u00fcmtr\u00e4ger zu Karneval nicht das allgemeine Wohlverhalten eines Beamten erwartet werden kann),<br \/>\nBiene Maja (Bienen stehen vor dem Aussterben, es w\u00e4re eine politisch nicht neutrale optische Erscheinung),<br \/>\nPolitiker (geht nicht, Politiker ist als Bezeichnung und Kost\u00fcmierung eher die Beschreibung eines pathologischen Zustandes, denn karnevalistische Auf- den Arm- Nehmung),<br \/>\nClown (impliziert das Nachfolgen von Tr\u00e4nen; \u201cNach den Clowns kamen die Tr\u00e4nen\u201d &#8211; Unhumoristisch) usw.<br \/>\n.<br \/>\n.Wahrscheinlich bleibt als einzig m\u00f6gliches Kost\u00fcm eine Nazi- Uniform. Die diskriminiert nicht, sondern f\u00e4llt in der Rezeption unter\u00b4s Strafrecht. Also anderer statistischer Rechenposten, und der po(!)- litischen Korrektheit w\u00e4re Gen\u00fcge getan. Wird man halt eingesperrt, statt als rechtspopulistischer Hassprediger geoutet zu werden\u2026 denn man kann das Tragen von Symbolen des Dritten Reiches immer noch mit dem Kunstbegriff exculpieren. Da kommt so `ne Indianerkutte mit Pappthomahawk und Knallpl\u00e4ttchen- Silberb\u00fcchse einfach nicht mehr mit.<br \/>\n21.3.2019, H.W.<\/p>\n<p>&nbsp;<\/p>\n<p>&nbsp;<\/p>\n<p><strong>e B\u00fcttered: Hit versuech ich mol e Hit \u00a0f\u00fcr die f\u00fcnfte Johreszit\u00a0<\/strong><\/p>\n<p>Um e B\u00fcttered z\u00b4 verfasse<br \/>\nDo br\u00fcchsch Zit, denn si soll passe.<br \/>\nZ\u00b4 Allererscht, zuem geischtig denke,<br \/>\nbr\u00fcchsch viel geischtigi Getr\u00e4nke,<br \/>\nwu Humor un Witz sich paare<br \/>\nkannsch am Alkohol nit schpare!<br \/>\nWie des klappt mit dem Humor<br \/>\nmacht uns s\u00b4ditsche Fernsehn vor:<br \/>\nDenn wer luschtig si will, kann es,<br \/>\nwenn er Schnaps s\u00fcft, wie der Hannes<br \/>\nun si dicker Burgermeischter,<br \/>\nals versoffni Roth\u00fcsgeischter.<br \/>\nUm so h\u00f6her d\u00b4 Einschaltquote<br \/>\ndeschto tiefer sin die Zote.<br \/>\nAm beschte ischs bi so me Hit<br \/>\nf\u00fcr die f\u00fcnfte Johreszit,<br \/>\nwenn d\u00fc grad so schribsch un bisch,<br \/>\nwie dir di Schnabel g\u00b4wachse isch,<br \/>\nirgendwie un irgendwo eso:<\/p>\n<p>E Sau, die het kei rechter Schwanz,<br \/>\nsie het e Ringelschw\u00e4nzli,<br \/>\ne Dummi isch e dummi Gans,<br \/>\ns\u00b4 fangt a als dummes G\u00e4nsli.<br \/>\nE Brett, wu z\u00b4 kurz isch, oder z\u00b4schmal<br \/>\ngit notfalls noch e Brettli,<br \/>\ndoch Wageschtadt isch gar kei Schtadt,<br \/>\ns\u00b4 isch nit emol e Scht\u00e4dtli.<br \/>\nNe Heifisch isch e rechter Fisch,<br \/>\ne Herig nur e Fischli<br \/>\nun wenn d\u00fc Win wie Wasser s\u00fcfsch,<br \/>\nhesch hinterher e Rischli!<\/p>\n<p>Der Karli isch als b\u00b4sundrer Fall<br \/>\nmit 60 noch der Suhn vum Karl,<br \/>\nsi Enkel het e gro\u00dfi Klappe<br \/>\ndoch nur derheim bi Mamm- un Bappe.<\/p>\n<p>Inzwische isch er \u00fcwer drissig<br \/>\nun eigentlich recht brav un flissig,<br \/>\ndoch er wohnt noch mit der Mamme<br \/>\nun mit sinem Bappe z\u00b4samme.<br \/>\nEr het e Hund, e Rassecolly,<br \/>\nun s\u00b4 Nochbers Tochter, sie hei\u00dft Polly,<br \/>\ndie het e junger Katzerolli!<br \/>\nDer Charly findet s\u00b4 Nochbers Polly<br \/>\nheimlig schtill als ganz e Tolli.<br \/>\nSch\u00fcchtern frogt er jetz doch d\u00b4Polly:<br \/>\n\u201eWenn ich kumm mit minem Colly,<br \/>\nzeigsch d\u00fc mir derf\u00fcr di Rolli?\u201c<\/p>\n<p>D\u00b4Polly kriegt e roter Molli<br \/>\nun frogt ihre Muetter: \u201eSoll i?\u201c<br \/>\nD\u00b4Muetter wei\u00df, in dene F\u00e4lle,<br \/>\ndass die Kerli ebbis welle<br \/>\nbi Meidli an beschtimmte Schtelle!<br \/>\nDoher sait sie: \u201eLiewi Polly,<br \/>\nwenn der kummt mit sinem Colly,<br \/>\nno gib acht zue dinem Rolli!\u201c<br \/>\nUn des gilt vor alle Dinge,<br \/>\nwenn die vorher bringe!<\/p>\n<p>Der Charly, mit sim Rassecolly<br \/>\nawer isch e k\u00e4ber Trolli,<br \/>\nwege dem bringt er der Polly<br \/>\nschtatt Praline nur e Lolly,<br \/>\ndenn er rechnet jeder Cent,<br \/>\nwu er nur au schpare k\u00f6nnt.<br \/>\nTrotzdem schleckt jetz s\u00b4Fr\u00e4ulein Polly<br \/>\nganz zufriede an dem Lolly.<br \/>\nDrusse schient der Mond, e voller,<br \/>\npl\u00f6tzlich r\u00f6hrt der Katzeroller!<br \/>\nD\u00b4Muetter, wu nit g\u00b4schlofe het,<br \/>\ndrillt sich rum in ihrem Bett:<\/p>\n<p>Un sie weckt den Vatter: \u201esoll i<br \/>\nnit doch luege noch der Polly?\u201c<br \/>\nDer Vatter meint: \u201eMer kann nie wisse,<br \/>\neb mer do nit helfe m\u00fcsse!\u201c<br \/>\nGlich druf h\u00f6rt m\u00b4r s\u00b4Muetters volli<br \/>\nl\u00fctti Schtimm:: \u201eHau ab, d\u00fc Lalli,<br \/>\nnimm di Colly un verschwind jetz,<br \/>\nawer dalli!\u201c<br \/>\nFriedlich schnurrt dr Katzerolli,<br \/>\nf\u00fcrchterlich jault s\u00b4 Charlis Colly.<\/p>\n<p>Der Charly packt si Sache z\u00b4samme<br \/>\nun rennt durch den T\u00fcreramme<br \/>\nganz schnell heim zue sinre Mamme.<br \/>\nD\u00b4Polly, die brielt ebbis z\u00b4samme,<br \/>\ns\u00b4 Gsicht rot wie e Gullerkamme.<br \/>\nDoch Hund un Katz<br \/>\nun Mamm- un Bappe,<br \/>\npasse schwer unter ei Kappe!<\/p>\n<p>Wenn ihr mir nit glaube welle,<br \/>\nholla ri un holla ro,<br \/>\nder Katzerolli lernt jetz belle,<br \/>\nhollari haro.<br \/>\nUn wenn er halbwegs belle kann<br \/>\nno fangt er noch mit Singe an,<br \/>\nhollari un holaro.<br \/>\n|: Ritze ratze, Miezekatze,<br \/>\nscharfi Kralle an der Tatze,<br \/>\nhollari haro<\/p>\n<p>31.1.2017, <a title=\"Dichter\" href=\"https:\/\/www.freiburg-schwarzwald.de\/blog\/kultur\/dichter\/\">Bernhard M\u00f6\u00dfner<\/a>, Tutschfelden<br \/>\n<a href=\"mailto:bernhard-moessner@web.de\">bernhard-moessner@web.de<\/a><\/p>\n","protected":false},"excerpt":{"rendered":"<p>Home &gt;Vereine &gt;Narren Fasnet, Guggenmusik, Fastnacht, Fasching, Karneval, Hexen, Geister, Narren, Zunft, Gilde, Cheerleader, &#8230;. Listenauswahl eines Beitrags: Bitte anklicken oder runterscrollen Lange Haftstrafe f\u00fcr Karnevalist Tilly \u2013 Orthodoxe Kirche Russland (3.4.2026) Abw\u00e4rts immer, aufw\u00e4rts nimmer\u00a0(2.3.2025) Psychogramm Deutschlands zu Karneval &hellip; <a href=\"https:\/\/www.freiburg-schwarzwald.de\/blog\/vereine\/narren\/\">Weiterlesen <span class=\"meta-nav\">&rarr;<\/span><\/a><\/p>\n","protected":false},"author":2,"featured_media":0,"parent":49,"menu_order":0,"comment_status":"open","ping_status":"closed","template":"","meta":{"footnotes":""},"class_list":["post-4298","page","type-page","status-publish","hentry"],"_links":{"self":[{"href":"https:\/\/www.freiburg-schwarzwald.de\/blog\/wp-json\/wp\/v2\/pages\/4298","targetHints":{"allow":["GET"]}}],"collection":[{"href":"https:\/\/www.freiburg-schwarzwald.de\/blog\/wp-json\/wp\/v2\/pages"}],"about":[{"href":"https:\/\/www.freiburg-schwarzwald.de\/blog\/wp-json\/wp\/v2\/types\/page"}],"author":[{"embeddable":true,"href":"https:\/\/www.freiburg-schwarzwald.de\/blog\/wp-json\/wp\/v2\/users\/2"}],"replies":[{"embeddable":true,"href":"https:\/\/www.freiburg-schwarzwald.de\/blog\/wp-json\/wp\/v2\/comments?post=4298"}],"version-history":[{"count":4,"href":"https:\/\/www.freiburg-schwarzwald.de\/blog\/wp-json\/wp\/v2\/pages\/4298\/revisions"}],"predecessor-version":[{"id":148217,"href":"https:\/\/www.freiburg-schwarzwald.de\/blog\/wp-json\/wp\/v2\/pages\/4298\/revisions\/148217"}],"up":[{"embeddable":true,"href":"https:\/\/www.freiburg-schwarzwald.de\/blog\/wp-json\/wp\/v2\/pages\/49"}],"wp:attachment":[{"href":"https:\/\/www.freiburg-schwarzwald.de\/blog\/wp-json\/wp\/v2\/media?parent=4298"}],"curies":[{"name":"wp","href":"https:\/\/api.w.org\/{rel}","templated":true}]}}