{"id":42785,"date":"2013-12-20T12:33:41","date_gmt":"2013-12-20T11:33:41","guid":{"rendered":"https:\/\/www.freiburg-schwarzwald.de\/blog\/?page_id=42785"},"modified":"2013-12-20T12:43:04","modified_gmt":"2013-12-20T11:43:04","slug":"svkirchzarten","status":"publish","type":"page","link":"https:\/\/www.freiburg-schwarzwald.de\/blog\/sport\/sportvereine\/svkirchzarten\/","title":{"rendered":"SVkirchzarten"},"content":{"rendered":"<p><a href=\"https:\/\/www.freiburg-schwarzwald.de\/blog\">Home<\/a> &gt;<a title=\"Sport\" href=\"https:\/\/www.freiburg-schwarzwald.de\/blog\/sport\/\">Sport<\/a> &gt;<a title=\"Vereine\" href=\"https:\/\/www.freiburg-schwarzwald.de\/blog\/vereine\/\">Vereine<\/a> &gt;<a title=\"Sportvereine\" href=\"https:\/\/www.freiburg-schwarzwald.de\/blog\/sport\/sportvereine\/\">Sportvereine<\/a> &gt;<a title=\"Kirchzarten\" href=\"https:\/\/www.freiburg-schwarzwald.de\/blog\/regio\/orte\/kirchzarten\/\">Kirchzarten<\/a> &gt;SVkirchzarten<\/p>\n<div id=\"attachment_42429\" style=\"width: 648px\" class=\"wp-caption alignnone\"><a href=\"https:\/\/www.freiburg-schwarzwald.de\/blog\/global\/finanzsystem\/zins\/lindenberg2-nebel-pan131212\/\" rel=\"attachment wp-att-42429\"><img loading=\"lazy\" decoding=\"async\" aria-describedby=\"caption-attachment-42429\" class=\"size-full wp-image-42429\" title=\"lindenberg2-nebel-pan131212\" src=\"https:\/\/www.freiburg-schwarzwald.de\/blog\/wp-content\/uploads\/2013\/12\/lindenberg2-nebel-pan131212.jpg\" alt=\"\" width=\"638\" height=\"206\" srcset=\"https:\/\/www.freiburg-schwarzwald.de\/blog\/wp-content\/uploads\/2013\/12\/lindenberg2-nebel-pan131212.jpg 638w, https:\/\/www.freiburg-schwarzwald.de\/blog\/wp-content\/uploads\/2013\/12\/lindenberg2-nebel-pan131212-180x58.jpg 180w\" sizes=\"auto, (max-width: 638px) 100vw, 638px\" \/><\/a><p id=\"caption-attachment-42429\" class=\"wp-caption-text\">Blick am 12.12.2013 vom Lindenberg bei St.Peter nach S\u00fcden \u00fcbers Dreisamtal im Nebel zum Schauinsland<\/p><\/div>\n<ul>\n<li><a title=\"Skialpin Kids Renngemeinschaft\" href=\"https:\/\/www.freiburg-schwarzwald.de\/blog\/skialpin-kids-renngemeinschaft\/\">Skialpin Kids &#8222;Renngemeinschaft Dreisamtal&#8220;<\/a>\u00a0(20.12.2013)<\/li>\n<li><a href=\"https:\/\/www.freiburg-schwarzwald.de\/littenweiler\/bike-arena.htm#Bike-Arena Kirchzarten: Nachgefragt (1)\">Bike-Arena Kirchzarten: Nachgefragt (1) &gt;Bike-Arena (1.2.2012)<\/a><\/li>\n<li><a href=\"https:\/\/www.freiburg-schwarzwald.de\/littenweiler\/bike-arena.htm#\u00dcber 120 B\u00fcrger bei Ortsbegehung im Giersberggel\u00e4nde\">\u00dcber 120 B\u00fcrger bei Ortsbegehung im Giersberggel\u00e4nde<\/a> &gt;Bike-Arena (23.11.2011)<\/li>\n<li><a href=\"https:\/\/www.freiburg-schwarzwald.de\/biken4.htm#Lexware Racing Team-Fahrer im U23-Rennen auf Rang 13\">Lexware Racing Team-Fahrer im U23-Rennen auf Rang 13<\/a>\u00a0 &gt;Biken4 (22.7.2011)<\/li>\n<li><a href=\"https:\/\/www.freiburg-schwarzwald.de\/littenweiler\/svkirchzarten.htm#SVK ist ?Wahnsinnsmarke in der Region?\">SVK ist \u201eWahnsinnsmarke in der Region\u201c<\/a> &gt;svKirchzarten (15.12.2010)<\/li>\n<li><a href=\"https:\/\/www.freiburg-schwarzwald.de\/biken4.htm#Benjamin Rudiger beendet Mountainbike-Karriere\">Benjamin Rudiger beendet Mountainbike-Karriere<\/a> &gt;Biken4 (21.10.2010)<\/li>\n<li><a href=\"https:\/\/www.freiburg-schwarzwald.de\/laufen1.htm#Schauinslandberglauf: Frauen vom SVK-Lauftreff vorne\">Schauinslandberglauf: Frauen vom SVK-Lauftreff vorne<\/a> &gt;Laufen1 (7.7.2010)<\/li>\n<li><a href=\"https:\/\/www.freiburg-schwarzwald.de\/triathlon.htm#Veit H\u00f6nle auch bei den Junioren Landesmeister\">Veit H\u00f6nle auch bei den Junioren Landesmeister<\/a> &gt;Triathlon (1.7.2010)<\/li>\n<li><a href=\"https:\/\/www.freiburg-schwarzwald.de\/loipe2.htm#SVK-Skilangl\u00e4ufer ehren Vereinsmeister\">SVK-Skilangl\u00e4ufer ehren Vereinsmeister<\/a> &gt;Loipe2 (25.3.2010)<\/li>\n<li><a href=\"https:\/\/www.freiburg-schwarzwald.de\/littenweiler\/svkirchzarten.htm#SVK-Lauftreff: Gerd L\u00fcck gibt Leitung nach 30 Jahren ab\">SVK-Lauftreff: Gerd L\u00fcck gibt Leitung nach 30 Jahren ab<\/a> &gt;svKirchzarten (25.3.2010)<\/li>\n<li><a href=\"https:\/\/www.freiburg-schwarzwald.de\/laufen1.htm#Rucksacklauf Schonach - Belchen:100 km mit 68 Jahren\">Rucksacklauf Schonach &#8211; Belchen:100 km mit 68 Jahren<\/a> &gt;Laufen1 (24.2.2010)<\/li>\n<li><a href=\"https:\/\/www.freiburg-schwarzwald.de\/sportlern2.htm#MTB-ler des SV Kirchzarten: Beste Nachwuchsarbeit 2009\">MTB-ler des SV Kirchzarten: Beste Nachwuchsarbeit 2009<\/a> &gt;Sportlern2 (20.1.2010)<\/li>\n<li><a href=\"https:\/\/www.freiburg-schwarzwald.de\/littenweiler\/svkirchzarten.htm#Die SVK-Gesch\u00e4ftsstelle als Dienstleistungszentrum\">Die SVK-Gesch\u00e4ftsstelle als Dienstleistungszentrum<\/a> &gt;svKirchzarten (17.12.2009)<\/li>\n<li><a href=\"https:\/\/www.freiburg-schwarzwald.de\/littenweiler\/svkirchzarten.htm#Kommunale Vorsorgegruppe: 20 Jahre Rehasport\">Kommunale Vorsorgegruppe: 20 Jahre Rehasport<\/a> &gt;svKirchzarten (30.11.2009<span style=\"font-family: Arial; font-size: x-small;\">)<\/span><\/li>\n<li><\/li>\n<li><a href=\"https:\/\/www.freiburg-schwarzwald.de\/littenweiler\/svkirchzarten.htm#Zweite SVK-Schwimmnacht am 31.Juli im Dreisambad\">Zweite SVK-Schwimmnacht am 31.Juli im Dreisambad <\/a>&gt;svKirchzarten (21.7.2009)<\/li>\n<li><a href=\"https:\/\/www.freiburg-schwarzwald.de\/schluchsee3.htm#Schwere Bedingungen beim Triathlon am Schluchsee\">Schwere Bedingungen beim Triathlon am Schluchsee<\/a> &gt;Schluchsee (1.8.2008)<\/li>\n<li><a href=\"https:\/\/www.freiburg-schwarzwald.de\/stmaergen3.htm#Deutsche Mountainbike-Meisterschaften - Highlight f\u00fcr die Region\">Deutsche Mountainbike-Meisterschaften &#8211; Highlight f\u00fcr die Region<\/a> &gt;StMaergen3 (1.8.2008)<\/li>\n<li><a href=\"https:\/\/www.freiburg-schwarzwald.de\/littenweiler\/svkirchzarten.htm#Gerion Buhl Zweiter beim T\u00e4ler Cup in Neustadt\">Gerion Buhl Zweiter beim T\u00e4ler Cup in Neustadt<\/a> &gt;svKirchzarten (3.7.2008)<\/li>\n<li><a href=\"https:\/\/www.freiburg-schwarzwald.de\/biken3.htm#Fabian Strecker sensationell auf 4. Platz bei MTB-WM in Val di Sole\">Fabian Strecker sensationell auf 4. Platz bei MTB-WM in Val di Sole<\/a> &gt;Biken3 (26.6.2008)<\/li>\n<li><a href=\"https:\/\/www.freiburg-schwarzwald.de\/inlineskating.htm#Freiburg-Inline.de - W\u00f6chentliche Lauftreffs im Dreisamtal\">Freiburg-Inline.de &#8211; W\u00f6chentliche Lauftreffs im Dreisamtal<\/a> &gt;InlineSkating (8.4.2008<\/li>\n<li><a href=\"https:\/\/www.freiburg-schwarzwald.de\/laufen1.htm#Lauftreff des SV Kirchzarten wieder jeden Dienstagabend\">Lauftreff des SV Kirchzarten wieder jeden Dienstagabend<\/a> &gt;Laufen1 (26.3.2008)<\/li>\n<li><a href=\"https:\/\/www.freiburg-schwarzwald.de\/biken3.htm#MTB-Sportwart Herbert Schmied beim SV Kirchzarten verabschiedet\">MTB-Sportwart Herbert Schmied beim SV Kirchzarten verabschiedet<\/a> &gt;Biken3 (17.1.2008)<\/li>\n<li><a href=\"https:\/\/www.freiburg-schwarzwald.de\/littenweiler\/sport2.htm#SV Kirchzarten ist zweitgr\u00f6\u00dfter Sportvereins Badens - Ehrungen\">SV Kirchzarten ist zweitgr\u00f6\u00dfter Sportvereins Badens &#8211; Ehrungen<\/a> (30.11.2007)<\/li>\n<li><a href=\"https:\/\/www.freiburg-schwarzwald.de\/schluchsee2.htm#Schluchseelauf war Triumphlauf des Lauftreffs vom SV Kirchzarten\">Schluchseelauf war Triumphlauf des Lauftreffs vom SV Kirchzarten<\/a> &gt;Schluchsee2 (11.5.2007)<\/li>\n<li><a href=\"https:\/\/www.freiburg-schwarzwald.de\/laufen1.htm#Lauftreff des SV Kirchzarten sein 25j\u00e4hriges Bestehen\">Lauftreff des SV Kirchzarten sein 25j\u00e4hriges Bestehen<\/a> &gt;Laufen1 (22.3.2007)<\/li>\n<li><a href=\"https:\/\/www.freiburg-schwarzwald.de\/littenweiler\/sport2.htm#SV Kirchzarten erh\u00f6hte die Vereinsbeitr\u00e4ge kr\u00e4ftig\">SV Kirchzarten erh\u00f6hte die Vereinsbeitr\u00e4ge kr\u00e4ftig<\/a> &gt;Sport2 (1.12.2006)<\/li>\n<li><a href=\"https:\/\/www.freiburg-schwarzwald.de\/littenweiler\/kirchzarten6.htm#Bertram Scherzinger ist neuer Ehrenb\u00fcrger Kirchzartens\">Bertram Scherzinger ist neuer Ehrenb\u00fcrger Kirchzartens<\/a> &gt;Kirchzarten6 (23.10.2006)<\/li>\n<li><a href=\"https:\/\/www.freiburg-schwarzwald.de\/laufen1.htm#SVK-Lauftreff veranstaltet am 22.10r den ?9. Giersberg-Cross 2006?\">SVK-Lauftreff veranstaltet am 22.10r den \u201e9. Giersberg-Cross 2006\u201c<\/a>\u00a0&gt;Laufen1 (3.10.2006)<\/li>\n<li><a href=\"https:\/\/www.freiburg-schwarzwald.de\/triathlon.htm#Rebecca Kaltenmeier gewinnt Jedermann-Triathlon Freiburg-Landwasser\">Rebecca Kaltenmeier gewinnt Jedermann-Triathlon Freiburg-Landwasser<\/a> &gt;Triathlon (6.7.2006)<\/li>\n<li><a href=\"https:\/\/www.freiburg-schwarzwald.de\/sportlern2.htm#Nachwuchsarbeit der Triathlonabteilung des SV Kirchzarten vor neuer Saison\">Nachwuchsarbeit der Triathlonabteilung des SV Kirchzarten vor neuer Saison<\/a> &gt;Sportlern2 (26.3.2006)<\/li>\n<li><a href=\"https:\/\/www.freiburg-schwarzwald.de\/littenweiler\/sport1.htm#Ehrungen f\u00fcr sportliche Leistungen beim SV Kirchzarten\">Ehrungen f\u00fcr sportliche Leistungen beim SV Kirchzarten<\/a> &gt;Sport1 (2.12.2005)<\/li>\n<li><a href=\"https:\/\/www.freiburg-schwarzwald.de\/nordicwalking1.htm#Nordic-Walking-Schule des SV Kirchzarten erfolgreich gestartet\">Nordic-Walking-Schule des SV Kirchzarten erfolgreich gestartet<\/a> &gt;Nordicwalking1 (29.9.2005)<\/li>\n<li><a href=\"https:\/\/www.freiburg-schwarzwald.de\/littenweiler\/sport1.htm#SV Kirchzarten drittgr\u00f6\u00dfter Sportverein S\u00fcdbadens\">SV Kirchzarten drittgr\u00f6\u00dfter Sportverein S\u00fcdbadens<\/a> &gt;Sport1 (10.12.)<\/li>\n<li>\u00a0\n<ul>\n<li><a href=\"https:\/\/www.freiburg-schwarzwald.de\/littenweiler\/svkirchzarten.htm\">SV Kirchzarten<\/a><\/li>\n<li>Drei Beachball Pl\u00e4tze beim Schulzentrum Kirchzarten. <a href=\"https:\/\/www.lbs-beach-cup.de\/\">www.lbs-beach-cup.de<\/a><\/li>\n<li><a href=\"https:\/\/www.freiburg-schwarzwald.de\/laufen.htm#Kirchzarten: SCK-Lauftreff jeden Dienstagabend\">Kirchzarten: SVK-Lauftreff jeden Dienstagabend<\/a> &gt;Laufen<\/li>\n<\/ul>\n<p>&nbsp;<\/li>\n<\/ul>\n<p>&nbsp;<\/p>\n<p>&nbsp;<\/p>\n<p>&nbsp;<\/p>\n<p align=\"left\"><a name=\"SV Kirchzarten\"><\/a>SV Kirchzarten<\/p>\n<p align=\"left\">Fu\u00dfball, Tischtennis, Turnen\/Gymnastik Tanzen Basketball, Ski, Rad, Schwimmen Triathlon Lauftreff<br \/>\nLeichtathletik, Volleyball, Badminton, Beach Ball<\/p>\n<p align=\"left\">Sportverein Kirchzarten e. V., Oberrieder Stra\u00dfe 3, 79199 Kirchzarten,<br \/>\nemail: <a href=\"mailto:info@sv-kirchzarten.de\">info@svkirchzarten.de<\/a>, Tel 07661\/4018, Fax: 07661\/4018,<br \/>\n<a href=\"https:\/\/www.svkirchzarten.de\/\">www.svkirchzarten.de<\/a><br \/>\nGesch\u00e4ftszeiten: Dienstag 18:00 &#8211; 20:00 Uhr, \u00a0Ralph Diringer, Tel 0761\/627092<br \/>\nZum <a href=\"https:\/\/www.freiburg-schwarzwald.de\/littenweiler\/sport1.htm#Nachwuchs-Crosstriathlon in Kirchzarten\">Cross-Triathlon<\/a><br \/>\nZur <a href=\"https:\/\/www.freiburg-schwarzwald.de\/skiclubs.htm#Skischule des SV Kirchzarten\">DSV-Skischule des SV Kirchzarten<\/a><\/p>\n","protected":false},"excerpt":{"rendered":"<p>Home &gt;Sport &gt;Vereine &gt;Sportvereine &gt;Kirchzarten &gt;SVkirchzarten Skialpin Kids &#8222;Renngemeinschaft Dreisamtal&#8220;\u00a0(20.12.2013) Bike-Arena Kirchzarten: Nachgefragt (1) &gt;Bike-Arena (1.2.2012) \u00dcber 120 B\u00fcrger bei Ortsbegehung im Giersberggel\u00e4nde &gt;Bike-Arena (23.11.2011) Lexware Racing Team-Fahrer im U23-Rennen auf Rang 13\u00a0 &gt;Biken4 (22.7.2011) SVK ist \u201eWahnsinnsmarke in der &hellip; <a href=\"https:\/\/www.freiburg-schwarzwald.de\/blog\/sport\/sportvereine\/svkirchzarten\/\">Weiterlesen <span class=\"meta-nav\">&rarr;<\/span><\/a><\/p>\n","protected":false},"author":4,"featured_media":0,"parent":573,"menu_order":0,"comment_status":"open","ping_status":"closed","template":"","meta":{"footnotes":""},"class_list":["post-42785","page","type-page","status-publish","hentry"],"_links":{"self":[{"href":"https:\/\/www.freiburg-schwarzwald.de\/blog\/wp-json\/wp\/v2\/pages\/42785","targetHints":{"allow":["GET"]}}],"collection":[{"href":"https:\/\/www.freiburg-schwarzwald.de\/blog\/wp-json\/wp\/v2\/pages"}],"about":[{"href":"https:\/\/www.freiburg-schwarzwald.de\/blog\/wp-json\/wp\/v2\/types\/page"}],"author":[{"embeddable":true,"href":"https:\/\/www.freiburg-schwarzwald.de\/blog\/wp-json\/wp\/v2\/users\/4"}],"replies":[{"embeddable":true,"href":"https:\/\/www.freiburg-schwarzwald.de\/blog\/wp-json\/wp\/v2\/comments?post=42785"}],"version-history":[{"count":0,"href":"https:\/\/www.freiburg-schwarzwald.de\/blog\/wp-json\/wp\/v2\/pages\/42785\/revisions"}],"up":[{"embeddable":true,"href":"https:\/\/www.freiburg-schwarzwald.de\/blog\/wp-json\/wp\/v2\/pages\/573"}],"wp:attachment":[{"href":"https:\/\/www.freiburg-schwarzwald.de\/blog\/wp-json\/wp\/v2\/media?parent=42785"}],"curies":[{"name":"wp","href":"https:\/\/api.w.org\/{rel}","templated":true}]}}