{"id":42038,"date":"2013-12-08T16:27:31","date_gmt":"2013-12-08T15:27:31","guid":{"rendered":"https:\/\/www.freiburg-schwarzwald.de\/blog\/?page_id=42038"},"modified":"2020-12-19T11:59:13","modified_gmt":"2020-12-19T10:59:13","slug":"stiftungsverwaltung-freiburg","status":"publish","type":"page","link":"https:\/\/www.freiburg-schwarzwald.de\/blog\/business\/stiftungen\/stiftungsverwaltung-freiburg\/","title":{"rendered":"Stiftungsverwaltung-Freiburg"},"content":{"rendered":"<p><a href=\"https:\/\/www.freiburg-schwarzwald.de\/blog\">Home<\/a> &gt;<a title=\"Business\" href=\"https:\/\/www.freiburg-schwarzwald.de\/blog\/business\/\">Business<\/a> &gt;<a title=\"Stiftungen\" href=\"https:\/\/www.freiburg-schwarzwald.de\/blog\/business\/stiftungen\/\">Stiftungen<\/a> &gt;Stiftungsverwaltung-Freiburg<\/p>\n<div id=\"attachment_41463\" style=\"width: 650px\" class=\"wp-caption alignnone\"><a href=\"https:\/\/www.freiburg-schwarzwald.de\/blog\/regio\/berge\/schauinsland\/schnee8schauinsland-pan131128\/\" rel=\"attachment wp-att-41463\"><img loading=\"lazy\" decoding=\"async\" aria-describedby=\"caption-attachment-41463\" class=\"size-full wp-image-41463\" title=\"schnee8schauinsland-pan131128\" src=\"https:\/\/www.freiburg-schwarzwald.de\/blog\/wp-content\/uploads\/2012\/10\/schnee8schauinsland-pan131128.jpg\" alt=\"\" width=\"640\" height=\"253\" srcset=\"https:\/\/www.freiburg-schwarzwald.de\/blog\/wp-content\/uploads\/2012\/10\/schnee8schauinsland-pan131128.jpg 640w, https:\/\/www.freiburg-schwarzwald.de\/blog\/wp-content\/uploads\/2012\/10\/schnee8schauinsland-pan131128-180x71.jpg 180w\" sizes=\"auto, (max-width: 640px) 100vw, 640px\" \/><\/a><p id=\"caption-attachment-41463\" class=\"wp-caption-text\">Blick nach Norden vom H\u00f6henweg zum Schauinslandturm am 28.11.2013 &#8211; erster Schnee<\/p><\/div>\n<p>&nbsp;<\/p>\n<ul>\n<li><a href=\"https:\/\/www.freiburg-schwarzwald.de\/blog\/sanierung-meierhof-kartaus\/\">Sanierung Meierhof Kartaus durch Willi Sutter<\/a>\u00a0(19.12.20209<\/li>\n<li><a href=\"https:\/\/www.freiburg-schwarzwald.de\/blog\/boule-turnier-27-09-laubenhof\/\">https:\/\/www.freiburg-schwarzwald.de\/blog\/boule-turnier-27-09-laubenhof\/<\/a> (27.9.2015)<\/li>\n<li><a href=\"https:\/\/www.freiburg-schwarzwald.de\/blog\/waisenhaus-guenterstal-doku\/\">https:\/\/www.freiburg-schwarzwald.de\/blog\/waisenhaus-guenterstal-doku\/<\/a>\u00a0(4.3.2014)<\/li>\n<li><a href=\"https:\/\/www.freiburg-schwarzwald.de\/blog\/freundeskreis-altenhilfe-heiliggeistspitalstiftung\/\">https:\/\/www.freiburg-schwarzwald.de\/blog\/freundeskreis-altenhilfe-heiliggeistspitalstiftung\/<\/a>\u00a0(7.10.2012)<\/li>\n<li><a href=\"https:\/\/www.freiburg-schwarzwald.de\/littenweiler\/kartaus1.htm#United World College: Altes Kloster wird zur internationalen Schule\">United World College: Altes Kloster wird zur internationalen Schule<\/a>\u00a0&gt;Kartaus1 (26.4.2011)<\/li>\n<li><a href=\"https:\/\/www.freiburg-schwarzwald.de\/littenweiler\/senioren3.htm#Heiliggeistspital: 2014 werden rund 7000 qm Fl\u00e4che frei\">Heiliggeistspital: 2014 werden rund 7000 qm Fl\u00e4che frei<\/a> &gt;Senioren3 (9.12.2010)<\/li>\n<li><a href=\"https:\/\/www.freiburg-schwarzwald.de\/armut.htm#Armenfonds der Waisenhausstiftung verteilt 76700 Euro in 2010\">Armenfonds der Waisenhausstiftung verteilt 76700 Euro in 2010<\/a> &gt;Armut (30.12.2009)<\/li>\n<li><a href=\"https:\/\/www.freiburg-schwarzwald.de\/gewalt1.htm#Waisenhausstiftung finanziert Studie zur M\u00e4dchen-Gewalt in Freiburg\">Waisenhausstiftung finanziert Studie zur M\u00e4dchen-Gewalt in Freiburg<\/a> &gt;Gewalt1 (26.2.2009)<\/li>\n<li><a href=\"https:\/\/www.freiburg-schwarzwald.de\/stiftungen2.htm#Waiserhausstiftung: Fr\u00fcher Waisen, heute Sozialwaisen\">Waiserhausstiftung: Fr\u00fcher Waisen, heute Sozialwaisen<\/a> &gt;Stiftungen2 (23.10.2008)<\/li>\n<li><a href=\"https:\/\/www.freiburg-schwarzwald.de\/freiburger-muenster2.htm#Wein vom Jesuitenschloss f\u00fcr einen guten Zweck\">Wein vom Jesuitenschloss f\u00fcr einen guten Zweck<\/a> &gt;Freiburg-Muenster2 (18.4.2008)<\/li>\n<li><a href=\"https:\/\/www.freiburg-schwarzwald.de\/demenz.htm#Klangschalen-Therapie f\u00fcr Demenz-Erkrankte im Heiliggeiststift\">Klangschalen-Therapie f\u00fcr Demenz-Erkrankte im Heiliggeiststift<\/a> &gt;Demenz (15.1.2008)<\/li>\n<li><a href=\"https:\/\/www.freiburg-schwarzwald.de\/littenweiler\/universitaet1.htm#Stipendium - leichter, als man glaubt\">Stipendium &#8211; leichter, als man glaubt<\/a> &gt;Universitaet1 (24.11.2007)<\/li>\n<li><a href=\"https:\/\/www.freiburg-schwarzwald.de\/stiftungen1.htm#Stiftungsverwaltung: Lothar B\u00f6hler, EKZ Weingarten, gerechter Lohn, Rendite\">Stiftungsverwaltung: Lothar B\u00f6hler, EKZ Weingarten, gerechter Lohn, Rendite<\/a> &gt;Stiftungen1 (13.10.2007)<\/li>\n<li><a href=\"https:\/\/www.freiburg-schwarzwald.de\/stiftungen1.htm#Stiftungen wollen L\u00f6hne der Pflege dr\u00fccken\">Stiftungen wollen L\u00f6hne der Pflege dr\u00fccken<\/a> &gt;Stiftungen1 (10.8.2007)<\/li>\n<li><a href=\"https:\/\/www.freiburg-schwarzwald.de\/littenweiler\/hauptschulen.htm#Schulabschl\u00fcsse in Jugendhilfe der Waisenhausstiftung Freiburg\">Schulabschl\u00fcsse in Jugendhilfe der Waisenhausstiftung Freiburg<\/a> &gt;Hauptschulen (27.7.2007)<\/li>\n<li><a href=\"https:\/\/www.freiburg-schwarzwald.de\/littenweiler\/senioren3.htm#Tagespflege der Heiliggeistspitalstiftung im Laubenhof in Littenweiler\">Tagespflege der Heiliggeistspitalstiftung im Laubenhof in Littenweiler<\/a> &gt;Senioren3 (5.4.2007)<\/li>\n<li><a href=\"https:\/\/www.freiburg-schwarzwald.de\/littenweiler\/historie1.htm#Geschichte des Spitalwesens im mittelalterlichen Freiburg als Buch\">Geschichte des Spitalwesens im mittelalterlichen Freiburg als Buch<\/a> &gt;Geschichte (3.2.2007)<\/li>\n<li><a href=\"https:\/\/www.freiburg-schwarzwald.de\/stiftungen1.htm#Armenfonds - Waisenhausstiftung unterst\u00fctzt in Freiburg mit ca 70.000 Euro\">Armenfonds &#8211; Waisenhausstiftung unterst\u00fctzt in Freiburg mit ca 70.000 Euro<\/a> &gt;Stiftungen1 (31.1.2007)<\/li>\n<li><a href=\"https:\/\/www.freiburg-schwarzwald.de\/littenweiler\/ehrenamt4.htm#Freundeskreis der Heiliggeistspitalstiftung: Ehrenamtliche st\u00e4rken\">Freundeskreis der Heiliggeistspitalstiftung: Ehrenamtliche st\u00e4rken<\/a> &gt;Ehrenamt4 (22.9.2006)<\/li>\n<li><a href=\"https:\/\/www.freiburg-schwarzwald.de\/littenweiler\/senioren2.htm#Auftakt - Projekt f\u00fcr angehende Altenpflegerinnen\">Auftakt &#8211; Projekt f\u00fcr angehende Altenpflegerinnen<\/a> &gt;Senioren2 (13.12.2005)<\/li>\n<li><\/li>\n<li>Stiftungsverwaltung Freiburg<\/li>\n<li>Freundeskreis Altenhilfe<\/li>\n<li>Johannisheim am Hirzberg<br \/>\n<a href=\"https:\/\/www.stiftungsverwaltung-freiburg.de\/html\/altenhilfe_johannisheim_dienstleistung.htm\">https:\/\/www.stiftungsverwaltung-freiburg.de\/html\/altenhilfe_johannisheim_dienstleistung.htm<\/a><\/li>\n<li><a title=\"Kartaus\" href=\"https:\/\/www.freiburg-schwarzwald.de\/blog\/natur\/garten\/kartaus\/\">Kartaus und Johannisheim<\/a><\/li>\n<li><a title=\"Kreuzsteinaecker\" href=\"https:\/\/www.freiburg-schwarzwald.de\/blog\/selbsthilfe\/senioren\/kreuzsteinaecker\/\">Kreuzstein\u00e4cker<\/a><\/li>\n<li>Laubenhof<br \/>\n<a href=\"https:\/\/www.stiftungsverwaltung-freiburg.de\/html\/altenhilfe_lauben_dienstleistung.htm\">https:\/\/www.stiftungsverwaltung-freiburg.de\/html\/altenhilfe_lauben_dienstleistung.htm<\/a><\/li>\n<li>Integratives Hirnleistungs- und Hirnfunktionstraining in der Wohnanlage Kreuzstein\u00e4cker &#8222;Grips&#8220;<br \/>\n<a href=\"https:\/\/www.stiftungsverwaltung-freiburg.de\/html\/altenhilfe_grips.htm\">www.stiftungsverwaltung-freiburg.de\/html\/altenhilfe_grips.htm<\/a><\/li>\n<li><a href=\"https:\/\/www.freiburg-schwarzwald.de\/wein.htm#Reben des Stiftungsweingutes\">Reben des Stiftungsweingutes<\/a> &gt;Wein<\/li>\n<li><a href=\"https:\/\/www.freiburg-schwarzwald.de\/jesuitenschloss.htm\">Jesuitenschloss am Sch\u00f6nberg oberhalb Merzhausen<\/a> &gt;Jesuitenschloss<\/li>\n<li><a href=\"https:\/\/www.freiburg-schwarzwald.de\/littenweiler\/senioren#Freundeskreis der Altenhilfe-Einrichtungen der Heiliggeistspitalstiftung Freiburg\">Freundeskreis der Altenhilfe-Einrichtungen der Heiliggeistspitalstiftung Freiburg<\/a><\/li>\n<\/ul>\n<p>&nbsp;<\/p>\n<p>&nbsp;<\/p>\n<p><strong>Stiftungsverwaltung Freiburg<\/strong><\/p>\n<p>Zur Stiftungsverwaltung Freiburg geh\u00f6ren heute sechs b\u00fcrgerschaftliche <a href=\"https:\/\/www.freiburg-schwarzwald.de\/stiftungen.htm\">Stiftungen<\/a> mit insgesamt \u00fcber 500 Besch\u00e4ftigten. Der Stiftungsrat ist gleichsam der Aufsichtsrat. Vorsitzender ist der Oberb\u00fcrgermeister. Neben Stadtr\u00e4ten gibt es auch beratende Mitglieder.<\/p>\n<ul>\n<li>Heiliggeistspitalstiftung (seit 1255) f\u00fcr alte und pflegebed\u00fcrftige Menschen. Haupts\u00e4chlich Altenhilfe, zum Beispiel die Pflegeheime Kartaus, Heiliggeiststift, Johannisheim, aber auch betreute Altenwohnungen wie im <a title=\"Kreuzsteinaecker\" href=\"https:\/\/www.freiburg-schwarzwald.de\/blog\/selbsthilfe\/senioren\/kreuzsteinaecker\/\">Kreuzstein\u00e4cker<\/a>.<\/li>\n<li>Waisenhausstiftung (seit 1376) f\u00fcr elternlose Kinder und Jugendliche aus schwierigen sozialen Verh\u00e4ltnissen. Schwerpunkt Jugendhilfe, wie Wohngruppen, Schule f\u00fcr Erziehungshilfe.<\/li>\n<li><strong>Adelhausenstiftung<\/strong>(seit 1867) f\u00fcr die Ausbildung der weiblichen Jugend. Betreuung von Kunstbesitz (Adelhauserkirche, Schwarzes Kloster, Wentzingerhaus), Schwerpunkt Bildung f\u00fcr M\u00e4dchen und Frauen.<\/li>\n<li>Michael-Denzlinger-Stiftung (seit 1910) f\u00fcr bed\u00fcrftige B\u00fcrger in Hochdorf<\/li>\n<li><strong>Dr. Leo-Ricker-Stiftung<\/strong>(seit 1969) unterst\u00fctzt wenig bemittelte Studierende und Doktoranden<\/li>\n<li>Franz-Xaver- und Emma-Sailer-Stiftung (seit 1973) f\u00fcr Jugendliche mit schulischen und sozialen Schwierigkeiten<\/li>\n<\/ul>\n<p><em>Stiftungsdirektor ist Lothar B\u00f6hler seit 1992:<br \/>\nGeboren am 7. April 1951 in Menzenschwand im Hochschwarzwald, Zimmererlehre, Studium an der Katholischen Fachhochschule f\u00fcr Sozialwesen in Freiburg, stellvertretender Gesch\u00e4ftsf\u00fchrer der Arbeiterwohlfahrt, Leiter der Sozialabteilung beim Studentenwerk, Gesch\u00e4ftsf\u00fchrer beim Freiburger Kreisverband des Deutschen Roten Kreuzes. Mitglied im Beirat des Bundesverbandes Deutscher Stiftungen sowie Leiter des Arbeitskreises Kommunale Stiftungen im Bundesverband. <\/em><\/p>\n<p>Stiftungsverwaltung Freiburg,<br \/>\nAdelhauser Stra\u00dfe 33, 79098 Freiburg, Tel 0761\/2108-0, <a href=\"mailto:info@sv-fr.de\">info@sv-fr.de<\/a><br \/>\n<a href=\"https:\/\/www.stiftungsverwaltung-freiburg.de\">www.stiftungsverwaltung-freiburg.de<\/a><br \/>\nAuskunft zur Stiftungsverwaltung: Frau Globisch<br \/>\n<a href=\"mailto:globisch.s@stiftungsverwaltung-freiburg.de\">globisch.s@stiftungsverwaltung-freiburg.de<br \/>\n<\/a>J\u00fcrgen Hammel,\u00a0 Leitung offene Altenhilfe, Heiliggeistspitalstiftung<br \/>\nTel 0761-6968780, <a href=\"mailto:hammel.j@stiftungsverwaltung-freiburg.de\">hammel.j@stiftungsverwaltung-freiburg.de<\/a><\/p>\n<p>&nbsp;<\/p>\n<p><strong>Freundeskreis Altenhilfe <\/strong><\/p>\n<p>Freundeskreis der Altenhilfeeinrichtungen der Heiliggeistspitalstiftung Freiburg<br \/>\nc\/o Karl Wassermann<br \/>\nHeinrich-Heine-Strasse 12-14,\u00a079117 Freiburg,\u00a0Tel 0761\/612915-55<a href=\"https:\/\/www.freundeskreis-altenhilfe.de\/\"><br \/>\n<\/a><a href=\"https:\/\/www.freundeskreis-altenhilfe-freiburg.de\">www.freundeskreis-altenhilfe-freiburg.de<\/a><\/p>\n<p><strong><span style=\"color: #008000;\">Spendenkonto: DE12 6805 01010012543287, BIC: FRSPDE66XXX, Sparkasse Freiburg<\/span><\/strong><\/p>\n<p>Der Freundeskreis wirbt seit Jahren ehrenamtliche Helferinnen und Helfer f\u00fcr die Mitarbeit in Pflegeheimen und betreuten Wohnanlagen. Machen Sie mit! \u00a0Info-Faltblatt liegt in der Gesch\u00e4ftsstelle aus.<\/p>\n<p><a href=\"https:\/\/www.freiburg-schwarzwald.de\/blog\/business\/stiftungen\/stiftungsverwaltung-freiburg\/altenhilfe-wassermann160521\/\" rel=\"attachment wp-att-60940\"><img loading=\"lazy\" decoding=\"async\" class=\"alignnone size-thumbnail wp-image-60940\" src=\"https:\/\/www.freiburg-schwarzwald.de\/blog\/wp-content\/uploads\/2013\/12\/altenhilfe-wassermann160521-135x180.jpg\" alt=\"altenhilfe-wassermann160521\" width=\"135\" height=\"180\" srcset=\"https:\/\/www.freiburg-schwarzwald.de\/blog\/wp-content\/uploads\/2013\/12\/altenhilfe-wassermann160521-135x180.jpg 135w, https:\/\/www.freiburg-schwarzwald.de\/blog\/wp-content\/uploads\/2013\/12\/altenhilfe-wassermann160521.jpg 480w\" sizes=\"auto, (max-width: 135px) 100vw, 135px\" \/><\/a>\u00a0 Karl Wassermann und Berthold Korner am 28.5.2016 am Littenweiler Wochenmarkt<\/p>\n","protected":false},"excerpt":{"rendered":"<p>Home &gt;Business &gt;Stiftungen &gt;Stiftungsverwaltung-Freiburg &nbsp; Sanierung Meierhof Kartaus durch Willi Sutter\u00a0(19.12.20209 https:\/\/www.freiburg-schwarzwald.de\/blog\/boule-turnier-27-09-laubenhof\/ (27.9.2015) https:\/\/www.freiburg-schwarzwald.de\/blog\/waisenhaus-guenterstal-doku\/\u00a0(4.3.2014) https:\/\/www.freiburg-schwarzwald.de\/blog\/freundeskreis-altenhilfe-heiliggeistspitalstiftung\/\u00a0(7.10.2012) United World College: Altes Kloster wird zur internationalen Schule\u00a0&gt;Kartaus1 (26.4.2011) Heiliggeistspital: 2014 werden rund 7000 qm Fl\u00e4che frei &gt;Senioren3 (9.12.2010) Armenfonds der Waisenhausstiftung verteilt 76700 &hellip; <a href=\"https:\/\/www.freiburg-schwarzwald.de\/blog\/business\/stiftungen\/stiftungsverwaltung-freiburg\/\">Weiterlesen <span class=\"meta-nav\">&rarr;<\/span><\/a><\/p>\n","protected":false},"author":4,"featured_media":0,"parent":1400,"menu_order":0,"comment_status":"open","ping_status":"closed","template":"","meta":{"footnotes":""},"class_list":["post-42038","page","type-page","status-publish","hentry"],"_links":{"self":[{"href":"https:\/\/www.freiburg-schwarzwald.de\/blog\/wp-json\/wp\/v2\/pages\/42038","targetHints":{"allow":["GET"]}}],"collection":[{"href":"https:\/\/www.freiburg-schwarzwald.de\/blog\/wp-json\/wp\/v2\/pages"}],"about":[{"href":"https:\/\/www.freiburg-schwarzwald.de\/blog\/wp-json\/wp\/v2\/types\/page"}],"author":[{"embeddable":true,"href":"https:\/\/www.freiburg-schwarzwald.de\/blog\/wp-json\/wp\/v2\/users\/4"}],"replies":[{"embeddable":true,"href":"https:\/\/www.freiburg-schwarzwald.de\/blog\/wp-json\/wp\/v2\/comments?post=42038"}],"version-history":[{"count":1,"href":"https:\/\/www.freiburg-schwarzwald.de\/blog\/wp-json\/wp\/v2\/pages\/42038\/revisions"}],"predecessor-version":[{"id":85909,"href":"https:\/\/www.freiburg-schwarzwald.de\/blog\/wp-json\/wp\/v2\/pages\/42038\/revisions\/85909"}],"up":[{"embeddable":true,"href":"https:\/\/www.freiburg-schwarzwald.de\/blog\/wp-json\/wp\/v2\/pages\/1400"}],"wp:attachment":[{"href":"https:\/\/www.freiburg-schwarzwald.de\/blog\/wp-json\/wp\/v2\/media?parent=42038"}],"curies":[{"name":"wp","href":"https:\/\/api.w.org\/{rel}","templated":true}]}}