{"id":41188,"date":"2013-11-25T19:44:21","date_gmt":"2013-11-25T18:44:21","guid":{"rendered":"https:\/\/www.freiburg-schwarzwald.de\/blog\/?page_id=41188"},"modified":"2025-09-11T09:52:21","modified_gmt":"2025-09-11T07:52:21","slug":"wohnprojekte","status":"publish","type":"page","link":"https:\/\/www.freiburg-schwarzwald.de\/blog\/business\/dienste\/immobilien\/wohnen\/wohnprojekte\/","title":{"rendered":"Wohnprojekte"},"content":{"rendered":"<p>Home &gt;<a title=\"Soziales\" href=\"https:\/\/www.freiburg-schwarzwald.de\/blog\/selbsthilfe\/soziales\/\">Soziales<\/a> &gt;<a title=\"Dienste\" href=\"https:\/\/www.freiburg-schwarzwald.de\/blog\/business\/dienste\/\">Dienste<\/a> &gt;<a title=\"Immobilien\" href=\"https:\/\/www.freiburg-schwarzwald.de\/blog\/business\/dienste\/immobilien\/\">Immobilien<\/a> &gt;<a title=\"Wohnen\" href=\"https:\/\/www.freiburg-schwarzwald.de\/blog\/business\/dienste\/immobilien\/wohnen\/\">Wohnen<\/a> &gt;Wohnprojekte<\/p>\n<div id=\"attachment_37662\" style=\"width: 647px\" class=\"wp-caption alignnone\"><a href=\"https:\/\/www.freiburg-schwarzwald.de\/blog\/business\/dienste\/immobilien\/wohnen\/wagenburg\/flohmarkt3wagenburg-pan130907\/\" rel=\"attachment wp-att-37662\"><img loading=\"lazy\" decoding=\"async\" aria-describedby=\"caption-attachment-37662\" class=\"size-full wp-image-37662\" title=\"flohmarkt3wagenburg-pan130907\" src=\"https:\/\/www.freiburg-schwarzwald.de\/blog\/wp-content\/uploads\/2013\/09\/flohmarkt3wagenburg-pan130907.jpg\" alt=\"\" width=\"637\" height=\"208\" srcset=\"https:\/\/www.freiburg-schwarzwald.de\/blog\/wp-content\/uploads\/2013\/09\/flohmarkt3wagenburg-pan130907.jpg 637w, https:\/\/www.freiburg-schwarzwald.de\/blog\/wp-content\/uploads\/2013\/09\/flohmarkt3wagenburg-pan130907-180x58.jpg 180w\" sizes=\"auto, (max-width: 637px) 100vw, 637px\" \/><\/a><p id=\"caption-attachment-37662\" class=\"wp-caption-text\">Flohmarkt auf dem Parkplatz am Bahnhof Littenweiler am 7.9.2013 &#8211; Wagenburg &#8222;Sand im Getriebe&#8220; rechts<\/p><\/div>\n<p>&nbsp;<\/p>\n<ul>\n<li><em>Listenauswahl eines Beitrags (Artikel\/Datum, Seite\/Inhalt):\u00a0<span style=\"text-decoration: underline;\">Klicken<\/span>\u00a0oder scrollen<\/em><\/li>\n<li><a href=\"https:\/\/www.freiburg-schwarzwald.de\/blog\/business\/dienste\/pflege\/stambulant\/\">Wann kommt das Stambulant-Heim nach Biederbach?<\/a>\u00a0(11.9.2025)<\/li>\n<li><a href=\"https:\/\/www.freiburg-schwarzwald.de\/blog\/business\/dienste\/immobilien\/einfamilienhaus\/\">Einfamilienhausneubauverbot \u2013 ein gr\u00fcner Traum<\/a>\u00a0(31.1.2021)<\/li>\n<li><a href=\"https:\/\/www.freiburg-schwarzwald.de\/blog\/familienfeindliche-etw-preise\/\">Familienfeindliche ETW-Preise<\/a>\u00a0(8.11.2020)<\/li>\n<li><a href=\"https:\/\/www.freiburg-schwarzwald.de\/blog\/zeitbank-55-in-freiburg-ost\/\">https:\/\/www.freiburg-schwarzwald.de\/blog\/zeitbank-55-in-freiburg-ost\/<\/a>\u00a0(2.1.2014)<\/li>\n<li><a href=\"https:\/\/www.freiburg-schwarzwald.de\/blog\/gemeinschaftliches-wohnen\/\">https:\/\/www.freiburg-schwarzwald.de\/blog\/gemeinschaftliches-wohnen\/<\/a>\u00a0(17.11.2013)<\/li>\n<li><a href=\"https:\/\/www.freiburg-dreisamtal.de\/wohnen.htm\">www.freiburg-dreisamtal.de\/wohnen.htm<\/a> &gt;Archivseite Wohnprojekte<\/li>\n<li>AWI &#8211; Alternative Wohninitiative\u00a0&#8211; selbstbetreutes Wohnen im Alter<\/li>\n<li>Arche e.V. \u00a0&#8211; F\u00f6rderverein f\u00fcr gemeinschaftliches Wohnen e.V.<\/li>\n<li>Gemeinschaftliches Wohnen im Hexental<\/li>\n<li>Gewo-Netz &#8211; Netzwerk f\u00fc gemeinschaftliches Wohnen Freiburg<\/li>\n<li><a title=\"Hirschen-WG\" href=\"https:\/\/www.freiburg-schwarzwald.de\/blog\/business\/dienste\/immobilien\/wohnen\/hirschen-wg\/\">Hirschen-WG f\u00fcr Dmente in FR-Ebnet<\/a><\/li>\n<li>Initiative zur Lebensgestaltung im Alter e. V. Buchenbach<\/li>\n<li>Quartier Rundacker \u2013 QuaRund &#8211; Staufen<\/li>\n<li>Quartiersarbeit Weingarten \u2013 West<\/li>\n<li>WirHaus e. V.<\/li>\n<li>Wohnprojekt Ponyhof \u2013 Bad Krozingen<\/li>\n<li>Milan \u2013 Vaubanaise<\/li>\n<li>Wohnen f\u00fcr Hilfe &#8211; Projekt des Studentenwerks<\/li>\n<li><a href=\"https:\/\/www.wohnprojekte-portal.de\/\">https:\/\/www.wohnprojekte-portal.de\/<\/a><\/li>\n<li><\/li>\n<li><a title=\"Barrierefrei\" href=\"https:\/\/www.freiburg-schwarzwald.de\/blog\/selbsthilfe\/behinderung\/barrierefrei\/\">Barrierefrei<\/a><\/li>\n<li><a href=\"https:\/\/www.freiburg-schwarzwald.de\/blog\/business\/dienste\/immobilien\/einfamilienhaus\/\">Einfamilienhaus<\/a><\/li>\n<li><a title=\"Labyrinth\" href=\"https:\/\/www.freiburg-schwarzwald.de\/blog\/selbsthilfe\/chronisch\/demenz\/labyrinth\/\">Labyrinth<\/a><\/li>\n<li><a title=\"Lebensraum-fuer-Alle\" href=\"https:\/\/www.freiburg-schwarzwald.de\/blog\/business\/dienste\/immobilien\/wohnen\/lebensraum-fuer-alle\/\">Lebensraum-fuer-Alle<\/a><\/li>\n<li><a title=\"Senioren\" href=\"https:\/\/www.freiburg-schwarzwald.de\/blog\/selbsthilfe\/senioren\/\">Senioren<\/a><\/li>\n<\/ul>\n<p>&nbsp;<\/p>\n<p>&nbsp;<\/p>\n<p><strong>Arche &#8211; F\u00f6rderverein f\u00fcr gemeinschaftliches Wohnen e.V.<\/strong><\/p>\n<p>Der F\u00f6rderverein DIE ARCHE wurde im Januar 2000 gegr\u00fcndet. Wir setzen uns f\u00fcr ein generations\u00fcbergreifendes selbstbestimmtes Wohnen mit Tieren in naturnaher Umgebung ein. Wir gestalten uns unser Wohnumfeld mit unserer Kreativit\u00e4t und Eigenverantwortung selbst. Ein wichtiges Anliegen ist uns, dass wir uns im Krankheitsfall liebevoll mit kleinen Hilfeleistungen zur Seite stehen und auch die Tiere versorgen. Drei Projekte:<br \/>\nPONYHOF in Bad Krozingen<br \/>\nGlaserweg 12, Gemietete ehemalige Pension im Ortskern gelegen \u2013 bezogen im Oktober 2004<br \/>\nARCHE IM SONNENHOF in Freiburg-Vauban<br \/>\nLise-Meitner-Stra\u00dfe 6\/8<br \/>\nDie Mieter m\u00fcssen mindestens 2 Jahre in Freiburg gelebt haben und im Besitz eines Wohnberechtigungsscheines sein \u2013 bezogen im Dezember 2007<br \/>\nARCHE-HAUS LAND in Gottenheim am Tuniberg<br \/>\nNeubaugebiet Steinacker Berg. Gottenheim liegt eingebettet in einer vom Weinbau gepr\u00e4gten Landschaft und ist mit 12 Minuten per Bahn sehr gut an Freiburg oder Breisach angebunden.<br \/>\nDas Projekt befindet sich in der Planung &#8211; es kann voraussichtlich Mitte 2010 bezogen werden.<\/p>\n<p>Die Arche. Arche-Haus Land: Vera Kresin, Tel 0761\/403197, Margret Drumm 07665\/ 95958.<br \/>\n<a href=\"https:\/\/www.diearche-freiburg.de\/\" target=\"_blank\" rel=\"noopener noreferrer\">www.diearche-freiburg.de<\/a><br \/>\nKonto: 804260 0000, BLZ 430609 67, GLS-Gemeinschafsbank eG<\/p>\n<p><a href=\"https:\/\/www.freiburg-schwarzwald.de\/littenweiler\/wohnen3.htm#13 Wohnungen im Sonnenhof des F\u00f6rdervereins Arche\">13 Wohnungen im Sonnenhof des F\u00f6rdervereins Arche<\/a> &gt;Wohnen3 (24.2.2009)<br \/>\n<a href=\"https:\/\/www.freiburg-schwarzwald.de\/gottenheim1.htm#Arche-Haus Land: Wohnprojekt wirbt um Mitbewohner und Unterst\u00fctzer\">Arche-Haus Land: Wohnprojekt wirbt um Mitbewohner und Unterst\u00fctzer<\/a> &gt;Gottenheim1 (25.9.08)<\/p>\n<p>&nbsp;<\/p>\n<p><strong>AWI &#8211; Alternative Wohninitiative\u00a0&#8211; selbstbetreutes Wohnen im Alter<\/strong><\/p>\n<p>Alternative Wohninitiative (AWI) e.V., selbstbetreutes Wohnen im Alter<br \/>\nRudi Eichenlaub, Tel 28 53 070,\u00a0 <a href=\"mailto:freiburg-ost@zeitbank.eu\">freiburg-ost@zeitbank.eu<\/a><br \/>\n<a href=\"https:\/\/www.treffpunkt-freiburg.de\/awi\">www.treffpunkt-freiburg.de\/awi<\/a><\/p>\n<p><a href=\"https:\/\/www.freiburg-schwarzwald.de\/littenweiler\/senioren4.htm#Zeitbank 55+ der Solidargemeinschaft im Wohnquartier\">Zeitbank 55+ der Solidargemeinschaft im Wohnquartier<\/a> \u00a0&gt;Senioren4 (4.12.2011)<\/p>\n<p>&nbsp;<\/p>\n<p>&nbsp;<\/p>\n<p><strong>Gewo-Netz &#8211; Netzwerk f\u00fcr gemeinschaftliches Wohnen Freiburg<\/strong><\/p>\n<p>Acht\u00a0Initiativen haben sich im M\u00e4rz 2008 zum Netzwerk f\u00fcr gemeinschaftliches Wohnen zusammengeschlossen, um ihre gemeinsamen Interessen zu verfolgen und Erfahrungen auszutauschen.<br \/>\n2012 haben im Gewo-Netz mitgearbeitet oder waren an der Arbeit interessiert: Sylvia Schlicht, Andrea Bachstein (Wohex), Bernarda Deufel, Christa Mohn (Arche Bad Krozingen), Doris Jakobi, Eva-Maria Kreis ( Staufen\/Rundacker), Friederike Moos (WirHaus), Gila Lenk (WirHaus), Heike Laukenmann, Rudi Eichenlaub (AWI), Vera Kresin (ARCHE Waldkirch), Wieland Walther (AWI), Ilse Hartmann ( Die Chance)<\/p>\n<p>Gewo-Netz,<br \/>\nc\/o Dr. Wieland Walther, Albert-Schweitzer-Str. 7 a, 79199 Kirchzarten, Tel.: 07661 981582, <a href=\"mailto:info@gewo-netz.de\">info@gewo-netz.de<\/a><br \/>\n<a href=\"https:\/\/www.gewo-netz.de\">www.gewo-netz.de<\/a><\/p>\n<p>&nbsp;<\/p>\n<p><strong>Wohnen f\u00fcr Hilfe &#8211; Projekt des Studentenwerks <\/strong><\/p>\n<p>Das 2002 vom <a href=\"https:\/\/www.freiburg-schwarzwald.de\/littenweiler\/universitaet.htm\">Studentenwerk<\/a> ins Leben gerufene Projekt &#8222;Wohnen f\u00fcr Hilfe&#8220; hat sich zum Selbstl\u00e4ufer entwickelt. Viele Senioren und immer mehr Familien bieten Studierenden eine Mit-Wohngelegenheit an. Inzwischen ist das Angebot sogar gr\u00f6\u00dfer als die Nachfrage. &#8230;&#8230; Rund 220 Wohngemeinschaften sind bereits vermittelt, sch\u00e4tzungsweise 75 Prozent davon heute noch aktiv. Die Zahl der Neu-Interessenten w\u00e4chst st\u00e4ndig. &#8222;Allein im Januar haben sich 25 neue Vermieter gemeldet. Da war zeitweise mehr Angebot als Nachfrage vorhanden.&#8220; Ein toller Erfolg, den auch Stephan Hinz aus Mannheim unterstreicht. Der 23-J\u00e4hrige studiert an der Uni Freiburg Deutsch und Theologie auf Lehramt und wohnt seit April 2006 bei einer Familie mit drei S\u00f6hnen. &#8222;Ich bin Chauffeur, Teilzeitg\u00e4rtner und vor allem: Lernbetreuung.&#8220; Putzen muss er seltener, was ihm gelegen kommt, und die Hausaufgabenbetreuung sieht er als \u00dcbung f\u00fcr sp\u00e4ter an. &#8222;Wir haben ein sehr gutes Verh\u00e4ltnis, und da ich in separaten R\u00e4umen wohne, f\u00fchle ich mich auch nicht als eine Art \u00e4lterer Bruder in die Pflicht genommen.&#8220; So f\u00fcllt er seine Freizeit mit &#8222;sinnvollen T\u00e4tigkeiten&#8220; , statt f\u00fcr die Miete irgendwo jobben gehen zu m\u00fcssen.<br \/>\nBZ vom 8.3.2007 .<\/p>\n<p>Gertraud Rau ist 87 und wohnt allein in einem gro\u00dfen Haus in Kirchzarten. Sie habe schon \u00f6fter ein schlechtes Gewissen gehabt, wenn sie in der BZ von der Wohnungsnot der Studenten gelesen habe, erz\u00e4hlt sie. Als sie dann von dem Projekt &#8222;Wohnen f\u00fcr Hilfe&#8220; des Studentenwerkes h\u00f6rte, entschied sie sich, dort einmal nachzufragen. &#8222;Ich schaffe meinen Garten nicht mehr&#8220;, sagt sie. Studentin Manuela Kramer (21) ist vor einer Woche in zwei Dachzimmer ihres Hauses eingezogen und wird sich daf\u00fcr k\u00fcnftig um den Garten k\u00fcmmern.<\/p>\n<p>Die Grundidee von &#8222;Wohnen f\u00fcr Hilfe&#8220; ist denkbar einfach: Als Gegenleistung f\u00fcr die Vermietung von Wohnraum stellt der Studierende seine Arbeitskraft zur Verf\u00fcgung. Er hilft im Haushalt, bei Besorgungen oder im Garten. Als Faustregel gilt: Eine Stunde Arbeit pro Monat f\u00fcr einen Quadratmeter Wohnraum. Das Studentenwerk stellt einen Mustermietvertrag zur Verf\u00fcgung, &#8222;ansonsten gilt Vertragsfreiheit&#8220;, sagt Studentenwerksgesch\u00e4ftsf\u00fchrer Clemens Metz. Das Projekt l\u00e4uft seit sechs Wochen, sechs Partnerschaften konnten bisher abgeschlossen werden. Neun bis zehn werden in den n\u00e4chsten Tagen folgen, sch\u00e4tzt Sozialarbeiterin Nicole Krau\u00dfe, die die Verbindungen anbahnt und begleitet. Diese Zahlen wertet das Studentenwerk als Erfolg. Ein vergleichbares Projekt in M\u00fcnchen vermittele 14 Partnerschaften im Jahr. &#8230;.<br \/>\nbeu, BZ vom 5.11.2002, <a href=\"https:\/\/www.bzol.de\/\">mehr<\/a><\/p>\n<p>Interesse? Nicole Krau\u00dfe, Tel 0761\/2101353, montags bis donnerstag 12-16 Uhr, freitags 9-12 Uhr<br \/>\nStudentenwerk Freiburg A. d. \u00f6. R, Schreiberstr. 12-16, 79098 Freiburg<br \/>\nTelefon: (07 61) 21 01-2 00 oder -353, Telefax: (07 61) 21 01-3 03<br \/>\n<a href=\"mailto:swfr@studentenwerk.uni-freiburg.de\">swfr@studentenwerk.uni-freiburg.de<\/a><br \/>\n<a href=\"https:\/\/www.studentenwerk.uni-freiburg.de\/\">www.studentenwerk.uni-freiburg.de<\/a><\/p>\n<p><a href=\"https:\/\/www.freiburg-schwarzwald.de\/littenweiler\/wohnen3.htm#Integrative WG der Caritas: Gemeinsam statt einsam\">Integrative WG der Caritas: Gemeinsam statt einsam<\/a> &gt;Wohnen3 (18.8.2008)<\/p>\n<p>&nbsp;<\/p>\n<p>&nbsp;<\/p>\n","protected":false},"excerpt":{"rendered":"<p>Home &gt;Soziales &gt;Dienste &gt;Immobilien &gt;Wohnen &gt;Wohnprojekte &nbsp; Listenauswahl eines Beitrags (Artikel\/Datum, Seite\/Inhalt):\u00a0Klicken\u00a0oder scrollen Wann kommt das Stambulant-Heim nach Biederbach?\u00a0(11.9.2025) Einfamilienhausneubauverbot \u2013 ein gr\u00fcner Traum\u00a0(31.1.2021) Familienfeindliche ETW-Preise\u00a0(8.11.2020) https:\/\/www.freiburg-schwarzwald.de\/blog\/zeitbank-55-in-freiburg-ost\/\u00a0(2.1.2014) https:\/\/www.freiburg-schwarzwald.de\/blog\/gemeinschaftliches-wohnen\/\u00a0(17.11.2013) www.freiburg-dreisamtal.de\/wohnen.htm &gt;Archivseite Wohnprojekte AWI &#8211; Alternative Wohninitiative\u00a0&#8211; selbstbetreutes Wohnen im Alter Arche &hellip; <a href=\"https:\/\/www.freiburg-schwarzwald.de\/blog\/business\/dienste\/immobilien\/wohnen\/wohnprojekte\/\">Weiterlesen <span class=\"meta-nav\">&rarr;<\/span><\/a><\/p>\n","protected":false},"author":4,"featured_media":0,"parent":965,"menu_order":0,"comment_status":"open","ping_status":"closed","template":"","meta":{"footnotes":""},"class_list":["post-41188","page","type-page","status-publish","hentry"],"_links":{"self":[{"href":"https:\/\/www.freiburg-schwarzwald.de\/blog\/wp-json\/wp\/v2\/pages\/41188","targetHints":{"allow":["GET"]}}],"collection":[{"href":"https:\/\/www.freiburg-schwarzwald.de\/blog\/wp-json\/wp\/v2\/pages"}],"about":[{"href":"https:\/\/www.freiburg-schwarzwald.de\/blog\/wp-json\/wp\/v2\/types\/page"}],"author":[{"embeddable":true,"href":"https:\/\/www.freiburg-schwarzwald.de\/blog\/wp-json\/wp\/v2\/users\/4"}],"replies":[{"embeddable":true,"href":"https:\/\/www.freiburg-schwarzwald.de\/blog\/wp-json\/wp\/v2\/comments?post=41188"}],"version-history":[{"count":3,"href":"https:\/\/www.freiburg-schwarzwald.de\/blog\/wp-json\/wp\/v2\/pages\/41188\/revisions"}],"predecessor-version":[{"id":138954,"href":"https:\/\/www.freiburg-schwarzwald.de\/blog\/wp-json\/wp\/v2\/pages\/41188\/revisions\/138954"}],"up":[{"embeddable":true,"href":"https:\/\/www.freiburg-schwarzwald.de\/blog\/wp-json\/wp\/v2\/pages\/965"}],"wp:attachment":[{"href":"https:\/\/www.freiburg-schwarzwald.de\/blog\/wp-json\/wp\/v2\/media?parent=41188"}],"curies":[{"name":"wp","href":"https:\/\/api.w.org\/{rel}","templated":true}]}}