{"id":3881,"date":"2012-05-25T06:29:21","date_gmt":"2012-05-25T06:29:21","guid":{"rendered":"https:\/\/www.freiburg-schwarzwald.de\/blog\/?page_id=3881"},"modified":"2022-10-13T15:28:40","modified_gmt":"2022-10-13T13:28:40","slug":"gesundheitstourismus","status":"publish","type":"page","link":"https:\/\/www.freiburg-schwarzwald.de\/blog\/business\/gesund\/gesundheitstourismus\/","title":{"rendered":"Gesundheitstourismus"},"content":{"rendered":"<p>Home &gt;<a title=\"Business\" href=\"https:\/\/www.freiburg-schwarzwald.de\/blog\/business\/\">Business<\/a> &gt;<a title=\"Gesund\" href=\"https:\/\/www.freiburg-schwarzwald.de\/blog\/business\/gesund\/\">Gesund<\/a> &gt;<a title=\"Tourismus\" href=\"https:\/\/www.freiburg-schwarzwald.de\/blog\/tourismus\/\">Tourismus<\/a> &gt;Gesundheitstourismus<\/p>\n<div id=\"attachment_3603\" style=\"width: 610px\" class=\"wp-caption alignnone\"><a href=\"https:\/\/www.freiburg-schwarzwald.de\/blog\/engagement\/buergerinitiativen\/freiburgimwandel\/bugginger-freiburg-pan101113\/\" rel=\"attachment wp-att-3603\"><img loading=\"lazy\" decoding=\"async\" aria-describedby=\"caption-attachment-3603\" class=\"size-full wp-image-3603\" title=\"bugginger-freiburg-pan101113\" src=\"https:\/\/www.freiburg-schwarzwald.de\/blog\/wp-content\/uploads\/2012\/05\/bugginger-freiburg-pan101113.jpg\" alt=\"\" width=\"600\" height=\"235\" srcset=\"https:\/\/www.freiburg-schwarzwald.de\/blog\/wp-content\/uploads\/2012\/05\/bugginger-freiburg-pan101113.jpg 600w, https:\/\/www.freiburg-schwarzwald.de\/blog\/wp-content\/uploads\/2012\/05\/bugginger-freiburg-pan101113-180x70.jpg 180w\" sizes=\"auto, (max-width: 600px) 100vw, 600px\" \/><\/a><p id=\"caption-attachment-3603\" class=\"wp-caption-text\">Buggi 50 am 13.11.2010 in Weingarten: Tele-Blick nach Osten \u00fcber Freiburg zu Ro\u00dfkopf-Windr\u00e4dern und Kandel (links)<\/p><\/div>\n<p><strong>Medizintourismus, Gesundheitstourismus, Health Region, &#8230;.<\/strong><\/p>\n<ul>\n<li><a href=\"https:\/\/www.freiburg-schwarzwald.de\/blog\/business\/gesund\/arzt\/kuelken\/\">Dr. K\u00fclken: Die Hygiene als soziales Problem<\/a> (11.10.2022)<\/li>\n<li><a title=\"Wald\" href=\"https:\/\/www.freiburg-schwarzwald.de\/blog\/natur\/wald\/\">Waldbadepfad in Bollschweil l\u00e4dt zur Entspannung ein<\/a>\u00a0(20.6.2020)<\/li>\n<li>International Medical Services (IMS) in der Uniklinik Freiburg (23,2,2913)<\/li>\n<li><a href=\"https:\/\/www.freiburg-schwarzwald.de\/blog\/health-region-freiburg-bringt-medizin-und-tourismus-zusammen\/\">https:\/\/www.freiburg-schwarzwald.de\/blog\/health-region-freiburg-bringt-medizin-und-tourismus-zusammen\/<\/a>\u00a0(25.5.2012)<\/li>\n<li>Health Region Freiburg &#8211; Clusterinitiative sowie Verein<\/li>\n<\/ul>\n<p>&nbsp;<\/p>\n<p><strong>Health Region Freiburg<\/strong><\/p>\n<p>Gesundheit und Tourismus als die beiden st\u00e4rksten Wirtschaftsbereiche im Dreil\u00e4ndereck\u00a0im Rahmen der Initiative &#8222;Health Region Freiburg&#8220; besser miteinander vernetzen, dies ist Ziel der Initiative &#8222;Health Region Freiburg&#8220;. Man will den Medizintourismus durch die von der FWTM angesto\u00dfene Initiative\u00a0mit 195.000 Euro aus Mitteln des Europ\u00e4ischen Fonds f\u00fcr regionale Entwicklung (EFRE)\u00a0drei Jahre lang f\u00f6rdern. Den Eigenanteil von noch mal 195.000 Euro\u00a0bringen die Mitglieder\u00a0Vereins\u00a0von Kliniken, Hotels, Thermen, Beh\u00f6rden und andere Dienstleister auf.\u00a0Ziele: Die Wirtschaftsbereiche Gesundheit und Tourismus st\u00e4rker vernetzen, die Angebote b\u00fcndeln und eine Marke kreieren.<\/p>\n<p>Bernd Dallmann, Gesch\u00e4ftsf\u00fchrer der Freiburg Wirtschaft Touristik und Messe (FWTM) ist zugleich Vorsitzender des Vereins Health Region Freiburg. Der Verein hat Anfang 2013 bereits\u00a033 Mitglieder: Kliniken, Hotels, Thermen, Beh\u00f6rden, Logistikunternehmen und andere Dienstleister. Der Verein soll nach dem Auslaufen der EU-F\u00f6rderung weiter bestehen. Zu zahlen sind pro Jahr 5000 Euro Mitgliedsbeitrag.<\/p>\n<p>Cluster HealthRegion Freiburg<br \/>\nc\/o FWTM GmbH &amp; Co KG, Rathausgasse 33, 79098 Freiburg, Tel +49 (0)761 38 81 12 21<br \/>\n<a href=\"https:\/\/www.healthregion-freiburg.de\">www.healthregion-freiburg.de<\/a><\/p>\n<p>&nbsp;<\/p>\n<p><strong>International Medical Services (IMS)\u00a0der Uniklinik Freiburg<\/strong><\/p>\n<p>In der <a title=\"Uniklinik\" href=\"https:\/\/www.freiburg-schwarzwald.de\/blog\/business\/gesund\/uniklinik\/\">Freiburger Uniklinik <\/a>k\u00fcmmert man sich bereits seit 2000 um die Akquise ausl\u00e4ndischer Patienten.<br \/>\nDamals wurde die Stabsstelle International Medical Services (IMS) gegr\u00fcndet. Sie umwirbt seit 2004 gezielt den russischen Markt, russisch sprechende Mitarbeiterinnen wurden angestellt. 2012 hat die IMS 2400 ausl\u00e4ndische Patienten betreut, haupts\u00e4chlich Russen. &#8230;.<br \/>\nAlles vom 23.2.2013 bitte lesen auf<br \/>\n<a href=\"https:\/\/www.badische-zeitung.de\/der-arabische-wunschpatient-kliniken-locken-auslaendische-kundschaft\">https:\/\/www.badische-zeitung.de\/der-arabische-wunschpatient-kliniken-locken-auslaendische-kundschaft<\/a><\/p>\n<p><strong><br \/>\n<\/strong>International Medical Services &amp; International Business Development (IMS)<br \/>\nUniversit\u00e4tsklinikum Freiburg, Robert-Koch Str 1, D 79106 Freiburg, Tel +49 761 270 19300<br \/>\n<a href=\"https:\/\/www.ims.uniklinik-freiburg.de\/\">https:\/\/www.ims.uniklinik-freiburg.de\/<\/a><\/p>\n<p>&nbsp;<\/p>\n<p>&nbsp;<\/p>\n","protected":false},"excerpt":{"rendered":"<p>Home &gt;Business &gt;Gesund &gt;Tourismus &gt;Gesundheitstourismus Medizintourismus, Gesundheitstourismus, Health Region, &#8230;. Dr. K\u00fclken: Die Hygiene als soziales Problem (11.10.2022) Waldbadepfad in Bollschweil l\u00e4dt zur Entspannung ein\u00a0(20.6.2020) International Medical Services (IMS) in der Uniklinik Freiburg (23,2,2913) https:\/\/www.freiburg-schwarzwald.de\/blog\/health-region-freiburg-bringt-medizin-und-tourismus-zusammen\/\u00a0(25.5.2012) Health Region Freiburg &#8211; Clusterinitiative &hellip; <a href=\"https:\/\/www.freiburg-schwarzwald.de\/blog\/business\/gesund\/gesundheitstourismus\/\">Weiterlesen <span class=\"meta-nav\">&rarr;<\/span><\/a><\/p>\n","protected":false},"author":2,"featured_media":0,"parent":21,"menu_order":0,"comment_status":"open","ping_status":"closed","template":"","meta":{"footnotes":""},"class_list":["post-3881","page","type-page","status-publish","hentry"],"_links":{"self":[{"href":"https:\/\/www.freiburg-schwarzwald.de\/blog\/wp-json\/wp\/v2\/pages\/3881","targetHints":{"allow":["GET"]}}],"collection":[{"href":"https:\/\/www.freiburg-schwarzwald.de\/blog\/wp-json\/wp\/v2\/pages"}],"about":[{"href":"https:\/\/www.freiburg-schwarzwald.de\/blog\/wp-json\/wp\/v2\/types\/page"}],"author":[{"embeddable":true,"href":"https:\/\/www.freiburg-schwarzwald.de\/blog\/wp-json\/wp\/v2\/users\/2"}],"replies":[{"embeddable":true,"href":"https:\/\/www.freiburg-schwarzwald.de\/blog\/wp-json\/wp\/v2\/comments?post=3881"}],"version-history":[{"count":1,"href":"https:\/\/www.freiburg-schwarzwald.de\/blog\/wp-json\/wp\/v2\/pages\/3881\/revisions"}],"predecessor-version":[{"id":105284,"href":"https:\/\/www.freiburg-schwarzwald.de\/blog\/wp-json\/wp\/v2\/pages\/3881\/revisions\/105284"}],"up":[{"embeddable":true,"href":"https:\/\/www.freiburg-schwarzwald.de\/blog\/wp-json\/wp\/v2\/pages\/21"}],"wp:attachment":[{"href":"https:\/\/www.freiburg-schwarzwald.de\/blog\/wp-json\/wp\/v2\/media?parent=3881"}],"curies":[{"name":"wp","href":"https:\/\/api.w.org\/{rel}","templated":true}]}}

<p>Home &gt;<a title="Business" href="https://www.freiburg-schwarzwald.de/blog/business/">Business</a> &gt;<a title="Gesund" href="https://www.freiburg-schwarzwald.de/blog/business/gesund/">Gesund</a> &gt;<a title="Tourismus" href="https://www.freiburg-schwarzwald.de/blog/tourismus/">Tourismus</a> &gt;Gesundheitstourismus</p>
<div id="attachment_3603" style="width: 610px" class="wp-caption alignnone"><a href="https://www.freiburg-schwarzwald.de/blog/engagement/buergerinitiativen/freiburgimwandel/bugginger-freiburg-pan101113/" rel="attachment wp-att-3603"><img loading="lazy" decoding="async" aria-describedby="caption-attachment-3603" class="size-full wp-image-3603" title="bugginger-freiburg-pan101113" src="https://www.freiburg-schwarzwald.de/blog/wp-content/uploads/2012/05/bugginger-freiburg-pan101113.jpg" alt="" width="600" height="235" srcset="https://www.freiburg-schwarzwald.de/blog/wp-content/uploads/2012/05/bugginger-freiburg-pan101113.jpg 600w, https://www.freiburg-schwarzwald.de/blog/wp-content/uploads/2012/05/bugginger-freiburg-pan101113-180x70.jpg 180w" sizes="auto, (max-width: 600px) 100vw, 600px" /></a><p id="caption-attachment-3603" class="wp-caption-text">Buggi 50 am 13.11.2010 in Weingarten: Tele-Blick nach Osten über Freiburg zu Roßkopf-Windrädern und Kandel (links)</p></div>
<p><strong>Medizintourismus, Gesundheitstourismus, Health Region, &#8230;.</strong></p>
<ul>
<li><a href="https://www.freiburg-schwarzwald.de/blog/business/gesund/arzt/kuelken/">Dr. Külken: Die Hygiene als soziales Problem</a> (11.10.2022)</li>
<li><a title="Wald" href="https://www.freiburg-schwarzwald.de/blog/natur/wald/">Waldbadepfad in Bollschweil lädt zur Entspannung ein</a> (20.6.2020)</li>
<li>International Medical Services (IMS) in der Uniklinik Freiburg (23,2,2913)</li>
<li><a href="https://www.freiburg-schwarzwald.de/blog/health-region-freiburg-bringt-medizin-und-tourismus-zusammen/">https://www.freiburg-schwarzwald.de/blog/health-region-freiburg-bringt-medizin-und-tourismus-zusammen/</a> (25.5.2012)</li>
<li>Health Region Freiburg &#8211; Clusterinitiative sowie Verein</li>
</ul>
<p>&nbsp;</p>
<p><strong>Health Region Freiburg</strong></p>
<p>Gesundheit und Tourismus als die beiden stärksten Wirtschaftsbereiche im Dreiländereck im Rahmen der Initiative &#8222;Health Region Freiburg&#8220; besser miteinander vernetzen, dies ist Ziel der Initiative &#8222;Health Region Freiburg&#8220;. Man will den Medizintourismus durch die von der FWTM angestoßene Initiative mit 195.000 Euro aus Mitteln des Europäischen Fonds für regionale Entwicklung (EFRE) drei Jahre lang fördern. Den Eigenanteil von noch mal 195.000 Euro bringen die Mitglieder Vereins von Kliniken, Hotels, Thermen, Behörden und andere Dienstleister auf. Ziele: Die Wirtschaftsbereiche Gesundheit und Tourismus stärker vernetzen, die Angebote bündeln und eine Marke kreieren.</p>
<p>Bernd Dallmann, Geschäftsführer der Freiburg Wirtschaft Touristik und Messe (FWTM) ist zugleich Vorsitzender des Vereins Health Region Freiburg. Der Verein hat Anfang 2013 bereits 33 Mitglieder: Kliniken, Hotels, Thermen, Behörden, Logistikunternehmen und andere Dienstleister. Der Verein soll nach dem Auslaufen der EU-Förderung weiter bestehen. Zu zahlen sind pro Jahr 5000 Euro Mitgliedsbeitrag.</p>
<p>Cluster HealthRegion Freiburg<br />
c/o FWTM GmbH &amp; Co KG, Rathausgasse 33, 79098 Freiburg, Tel +49 (0)761 38 81 12 21<br />
<a href="https://www.healthregion-freiburg.de">www.healthregion-freiburg.de</a></p>
<p>&nbsp;</p>
<p><strong>International Medical Services (IMS) der Uniklinik Freiburg</strong></p>
<p>In der <a title="Uniklinik" href="https://www.freiburg-schwarzwald.de/blog/business/gesund/uniklinik/">Freiburger Uniklinik </a>kümmert man sich bereits seit 2000 um die Akquise ausländischer Patienten.<br />
Damals wurde die Stabsstelle International Medical Services (IMS) gegründet. Sie umwirbt seit 2004 gezielt den russischen Markt, russisch sprechende Mitarbeiterinnen wurden angestellt. 2012 hat die IMS 2400 ausländische Patienten betreut, hauptsächlich Russen. &#8230;.<br />
Alles vom 23.2.2013 bitte lesen auf<br />
<a href="https://www.badische-zeitung.de/der-arabische-wunschpatient-kliniken-locken-auslaendische-kundschaft">https://www.badische-zeitung.de/der-arabische-wunschpatient-kliniken-locken-auslaendische-kundschaft</a></p>
<p><strong><br />
</strong>International Medical Services &amp; International Business Development (IMS)<br />
Universitätsklinikum Freiburg, Robert-Koch Str 1, D 79106 Freiburg, Tel +49 761 270 19300<br />
<a href="https://www.ims.uniklinik-freiburg.de/">https://www.ims.uniklinik-freiburg.de/</a></p>
<p>&nbsp;</p>
<p>&nbsp;</p>

<p>Home &gt;Business &gt;Gesund &gt;Tourismus &gt;Gesundheitstourismus Medizintourismus, Gesundheitstourismus, Health Region, &#8230;. Dr. Külken: Die Hygiene als soziales Problem (11.10.2022) Waldbadepfad in Bollschweil lädt zur Entspannung ein (20.6.2020) International Medical Services (IMS) in der Uniklinik Freiburg (23,2,2913) https://www.freiburg-schwarzwald.de/blog/health-region-freiburg-bringt-medizin-und-tourismus-zusammen/ (25.5.2012) Health Region Freiburg &#8211; Clusterinitiative &hellip; <a href="https://www.freiburg-schwarzwald.de/blog/business/gesund/gesundheitstourismus/">Weiterlesen <span class="meta-nav">&rarr;</span></a></p>
