{"id":38797,"date":"2013-10-03T20:27:19","date_gmt":"2013-10-03T18:27:19","guid":{"rendered":"https:\/\/www.freiburg-schwarzwald.de\/blog\/?page_id=38797"},"modified":"2022-08-04T09:26:21","modified_gmt":"2022-08-04T07:26:21","slug":"sulzburg","status":"publish","type":"page","link":"https:\/\/www.freiburg-schwarzwald.de\/blog\/regio\/orte\/sulzburg\/","title":{"rendered":"Sulzburg"},"content":{"rendered":"<p>Home &gt;<a title=\"Regio\" href=\"https:\/\/www.freiburg-schwarzwald.de\/blog\/regio\/\">Regio<\/a> &gt;<a title=\"Orte\" href=\"https:\/\/www.freiburg-schwarzwald.de\/blog\/regio\/orte\/\">Orte<\/a> &gt;<a title=\"Markgraeflerland\" href=\"https:\/\/www.freiburg-schwarzwald.de\/blog\/regio\/markgraeflerland\/\">Markgraeflerland<\/a> &gt;Sulzburg<\/p>\n<div id=\"attachment_38803\" style=\"width: 610px\" class=\"wp-caption alignnone\"><a href=\"https:\/\/www.freiburg-schwarzwald.de\/blog\/regio\/orte\/sulzburg\/sulzburg-laufen-pan110326\/\" rel=\"attachment wp-att-38803\"><img loading=\"lazy\" decoding=\"async\" aria-describedby=\"caption-attachment-38803\" class=\"size-full wp-image-38803\" title=\"sulzburg-laufen-pan110326\" src=\"https:\/\/www.freiburg-schwarzwald.de\/blog\/wp-content\/uploads\/2013\/10\/sulzburg-laufen-pan110326.jpg\" alt=\"\" width=\"600\" height=\"192\" srcset=\"https:\/\/www.freiburg-schwarzwald.de\/blog\/wp-content\/uploads\/2013\/10\/sulzburg-laufen-pan110326.jpg 600w, https:\/\/www.freiburg-schwarzwald.de\/blog\/wp-content\/uploads\/2013\/10\/sulzburg-laufen-pan110326-180x57.jpg 180w\" sizes=\"auto, (max-width: 600px) 100vw, 600px\" \/><\/a><p id=\"caption-attachment-38803\" class=\"wp-caption-text\">Blick nach Nordosten \u00fcber Laufen in Richtung Sulzburg bis hoch zum schneebedeckten Belchen am 26.3.2011<\/p><\/div>\n<ul>\n<li><a href=\"https:\/\/www.freiburg-schwarzwald.de\/blog\/regio\/orte\/staufen\/\">Zweckverband Breisgau S\u00fcd Touristik<\/a>\u00a0(4.8.2022)<\/li>\n<li>St. Cyriak &#8211; \u00c4ltester Kirchturm S\u00fcddeutschlands (9.10.2015)<\/li>\n<li><a href=\"https:\/\/www.frsw.de\/sulzburg1.htm\">Aktuelle Infos zur Sulzburg.-Seite ab Dezember 2007<\/a> &gt;Sulzburg1<\/li>\n<li><strong><a href=\"https:\/\/www.freiburg-schwarzwald.de\/sulzburg.htm\">www.freiburg-schwarzwald.de\/sulzburg.htm<\/a> &gt;Archivseite Sulzburg<\/strong><\/li>\n<li><a href=\"https:\/\/www.frsw.de\/kinder3.htm#Hans-G\u00fcnter Sch\u00e4fer und Christine Bosch vom SOS-Kinderdorf Sulzburg\">Hans-G\u00fcnter Sch\u00e4fer und Christine Bosch vom SOS-Kinderdorf Sulzburg<\/a> &gt;Kinder3 (15.6.2007)<\/li>\n<li><a href=\"https:\/\/www.frsw.de\/sulzburg.htm#Mittelstandspreis f\u00fcr Firma Hekatron - Soziale Verantwortung\">Mittelstandspreis f\u00fcr Firma Hekatron &#8211; Soziale Verantwortung<\/a> (5.6.2007)<\/li>\n<li><a href=\"https:\/\/www.frsw.de\/huetten2.htm#Homberg-H\u00fctte oberhalb von Laufen eingeweiht\">Homberg-H\u00fctte oberhalb von Laufen eingeweiht<\/a> &gt;Huetten2 (28.3.2007)<\/li>\n<li><a href=\"https:\/\/www.frsw.de\/bergwerk.htm#Ausgrabungen Sulzburg: Bergleute des Mittelalters waren nicht arm\">Ausgrabungen Sulzburg: Bergleute des Mittelalters waren nicht arm<\/a> &gt;Bergwerk (13.3.2007)<\/li>\n<li><a href=\"https:\/\/www.frsw.de\/juden.htm#Auschwitz-Gedenktag in der Synagoge Sulzburg\">Auschwitz-Gedenktag in der Synagoge Sulzburg<\/a> &gt;Juden (2.2.2007)<\/li>\n<li><a href=\"https:\/\/www.frsw.de\/sulzburg.htm#Sulzburger Neujahrsempfang\">Sulzburger Neujahrsempfang<\/a> &gt;Sulzburg (8.1.2006)<\/li>\n<li><a href=\"https:\/\/www.frsw.de\/markgraeflerland4.htm#K\u00fcrzung der Ortsvorsteher-Geh\u00e4lter: Beispiel Sulzburg macht keine Schule\">K\u00fcrzung der Ortsvorsteher-Geh\u00e4lter: Beispiel Sulzburg macht keine Schule<\/a> &gt;markg4 (18.12.)<\/li>\n<li><a href=\"https:\/\/www.frsw.de\/littenweiler\/soziales4.htm#SOS Kinderdorf arbeitet mit der Stra\u00dfenschule zusammen\">SOS Kinderdorf arbeitet mit der Stra\u00dfenschule zusammen<\/a> &gt;Soziales4 (8.12.2006)<\/li>\n<li><a href=\"https:\/\/www.frsw.de\/sulzburg.htm#Bergbaustollen aus dem 18. Jahrhundert in der Langmatt entdeckt\">Bergbaustollen aus dem 18. Jahrhundert in der Langmatt entdeckt<\/a> (21.10.2006)<\/li>\n<li><a href=\"https:\/\/www.frsw.de\/littenweiler\/baeder1.htm#Sulzburg: Naturschwimmbad im \u00e4ltesten St\u00e4dtchen\">Sulzburg: Naturschwimmbad im \u00e4ltesten St\u00e4dtchen<\/a> &gt;Baeder1 (3.8.2006)<\/li>\n<li><a href=\"https:\/\/www.frsw.de\/kirchen3.htm#Sulzburg: Synagoge und Klosterkirche St. Cyriak\">Sulzburg: Synagoge und Klosterkirche St. Cyriak<\/a> &gt;Kirchen3 (16.6.2006)<\/li>\n<li><a href=\"https:\/\/www.frsw.de\/kirchen3.htm#Sulzburger Klosterkirche St. Cyriak - Geschichte seit dem Jahr 993\">Sulzburger Klosterkirche St. Cyriak &#8211; Geschichte seit dem Jahr 993<\/a> &gt;Kirchen3 (26.1.2006)<\/li>\n<li><a href=\"https:\/\/www.frsw.de\/kinder2.htm#SOS Kinderdorf Schwarzwald in Sulzburg seit 50 Jahren\">SOS Kinderdorf Schwarzwald in Sulzburg seit 50 Jahren<\/a>\u00a0&gt;Kinder2 (1.10.2005<\/li>\n<li><\/li>\n<li>Sulzburg &#8211; \u00e4lteste Stadt im Markgr\u00e4flerland<\/li>\n<li><a href=\"https:\/\/www.frsw.de\/sulzburg.htm#Sulzburg - Blicke vom Bubenwegweg aus\">Sulzburg &#8211; Blicke vom Bubenwegweg aus<\/a><\/li>\n<li><a href=\"https:\/\/www.frsw.de\/sulzburg.htm#Bad Sulzburg - Waldhotel und Wanderparadies\">Bad Sulzburg &#8211; Waldhotel und Wanderparadies<\/a><\/li>\n<li><a href=\"https:\/\/www.frsw.de\/camping.htm#Sulzburg\">Campingpl\u00e4tze in Sulzburg<\/a> &gt;Camping<\/li>\n<li><a href=\"https:\/\/www.frsw.de\/industrie.htm#Hekatron in Sulzburg\">Hekatron Technik GmbH &#8211; DER Arbeitgeber in Sulzburg<\/a> &gt;Industrie<\/li>\n<li><a href=\"https:\/\/www.frsw.de\/sulzburg.htm#J\u00fcdischer Friedhof im Sulzbachtal \u00f6stlich Sulzburg\">J\u00fcdischer Friedhof im Sulzbachtal \u00f6stlich Sulzburg <\/a>&gt;Sulzburg<\/li>\n<li><a href=\"https:\/\/www.frsw.de\/sulzburg.htm#Sulzburg - Klosterkirche St.Cyriak\">Klosterkirche St.Cyriak<\/a><\/li>\n<li><a href=\"https:\/\/www.frsw.de\/kinder.htm#SOS-Kinderd\u00f6rfer\">SOS-Kinderdorf<\/a> &gt;Kinder<\/li>\n<li><a href=\"https:\/\/www.frsw.de\/laufen-sulzburg.htm\">Laufen &#8211; Ortsteil im Westen<\/a> &gt;Laufen-Sulzburg<\/li>\n<li><a href=\"https:\/\/www.frsw.de\/muellheim.htm\">M\u00fcllheim &#8211; Herz des Markgr\u00e4flerlandes<\/a> &gt;Muellheim<\/li>\n<li><a href=\"https:\/\/www.frsw.de\/badenweiler.htm\">Badenweiler<\/a> &gt;Badenweiler<\/li>\n<li><a href=\"https:\/\/www.frsw.de\/ballrechten-dottingen.htm\">Ballrechten-Dottingen<\/a> &gt;Ballrechten-Dottingen<\/li>\n<li><a href=\"https:\/\/www.frsw.de\/britzingen.htm\">Britzingen im Nordosten<\/a> &gt;Britzingen<\/li>\n<li><a href=\"https:\/\/www.frsw.de\/castellberg.htm\">Castellberg zwischen Staufen und Badenweiler<\/a> &gt;Castellberg<\/li>\n<li><a href=\"https:\/\/www.frsw.de\/glas.htm#Das Glashaus - Werkstatt und Caf\u00e9 in Ballrechten-Dottingen\">Glashaus &#8211; Werkstatt und Caf\u00e9 in Ballrechten-Dottingen<\/a> &gt;Glas<\/li>\n<li><a href=\"https:\/\/www.frsw.de\/heitersheim.htm\">Heitersheim im Norden<\/a> &gt;Heitersheim<\/li>\n<li><a href=\"https:\/\/www.frsw.de\/muggardt.htm\">Muggardt<\/a> &gt;Muggardt<\/li>\n<li><a href=\"https:\/\/www.frsw.de\/laufen-sulzburg.htm#St.Ilgen zwischen Laufen und Betberg\">St.Ilgen<\/a> &gt;Laufen<\/li>\n<li><a href=\"https:\/\/www.frsw.de\/wiiwegli.htm\">Wiiwegli am westlichen Ortsausgang von Sulzburg<\/a> &gt;Wiiwegli<\/li>\n<li><a href=\"https:\/\/www.frsw.de\/sulzburg.htm#Links\">Links<\/a><\/li>\n<\/ul>\n<p>&nbsp;<\/p>\n<p><strong>Sulzburg<\/strong><\/p>\n<p align=\"left\">Malerisch ist Sulzburg, das im Jahr 821 zum ersten Mal urkundlich als Stadt erw\u00e4hnt wurde, mit seinem barock \u00fcberbauten Stadttor, seinem Rathaus, seiner Stadtkirche und seinem Schloss am Marktplatz, das zweimal im Jahr ein internationales Publikum anzieht, wenn hier Kostbares und Rares versteigert wird. Durch dieses gewachsene Interesse hat die Gastronomie, die schon seit langem ein Feinschmeckertipp war, zus\u00e4tzliche Impulse bekommen. Und dann die historischen und kunstgeschichtlichen Sehensw\u00fcrdigkeiten, etwa die ottonische Pfeilerbasilika &#8222;St. Cyriak&#8220; , gegr\u00fcndet von einem Grafen Birchtilo um 993 herum, sp\u00e4ter in ein Kloster f\u00fcr Benediktinerinnen umgewandelt, 1769 abgebrannt bis auf die heute noch zu bewundernde Kirche, 1960 gr\u00fcndlich saniert, ein Kleinod der besonderen Art. Oder das Bergbaumuseum, untergebracht in der ehemaligen evangelischen Stadtkirche, wo der seit etwa 2000 Jahren im Schwarzwald betriebene Erzbergbau anhand vieler Gesteinsproben, Werkzeuge und Ger\u00e4te dokumentiert und dargestellt wird. Von den Gro\u00dfger\u00e4ten wie Grubenlok und F\u00f6rderwagen bis zu Lampen und Vermessungsger\u00e4ten ist alles zu finden, sogar der Nachbau eines Streckenvortriebs.<br \/>\nEine weitere Kostbarkeit ist die Synagoge, die einzige weit und breit, die nicht nur erhalten geblieben ist, sondern dank der Initiative von Landkreis und Freundeskreis Ehemalige Synagoge Sulzburg e. V. wieder in ihrem alten Glanz erstrahlt und bei den Veranstaltungen, die hier angeboten werden, viele Besucher anzieht.<br \/>\nAnne Freyer am 3.8.2006, <a href=\"https:\/\/www.frsw.de\/littenweiler\/baeder1.htm#Sulzburg: Naturschwimmbad im \u00e4ltesten St\u00e4dtchen\">mehr<\/a><\/p>\n<p align=\"left\">Sulzburg ist bekannt \u00fcber seine Sehensw\u00fcrdigkeiten: Die ottonische St.-Cyriak-Kirche, die restaurierte Synagoge, der Judenfriedhof, das Landesbergbaumuseum in der Weinbrennerkirche am Marktplatz und der Bergbau. Bergbaugeschichtliche Untersuchungen haben gezeigt, dass der Bergbau im Sulzbachtal bis in die Vorzeit zur\u00fcckgeht. Damals wurden nicht Silber und Blei abgebaut wie im Mittelalter, sondern Ockerfarbe aus Eisenablagerungen. Die Reste einer Bergbausiedlung mit Kirche (10. bis 13. Jahrhundert) entdeckte man auf H\u00f6he des Judenfriedhofs. Und unter dieser Seidlung lag ein r\u00f6misches Bad.<\/p>\n<p align=\"left\">Luftkurort Suzburg 375 &#8211; 1114 m mit den Ortsteilen <a href=\"https:\/\/www.frsw.de\/laufen-sulzburg.htm\">Laufen<\/a> und St.Ilgen.<br \/>\nVerkehrsamt, Tel 07634\/56000<\/p>\n<p><a href=\"https:\/\/www.sulzburg.de\/\" target=\"_blank\" rel=\"noopener\">www.sulzburg.de<\/a>,<br \/>\n<a href=\"https:\/\/www.touristik-sulzburg.de\/\">www.touristik-sulzburg.de<\/a><br \/>\nprivat: <a href=\"https:\/\/members.aol.com\/sulzburg\/\" target=\"_blank\" rel=\"noopener\">Sulzburg<\/a><\/p>\n<p>&nbsp;<\/p>\n<p><a href=\"https:\/\/www.freiburg-schwarzwald.de\/blog\/regio\/orte\/sulzburg\/zeppelin-sulzburg130921\/\" rel=\"attachment wp-att-38804\"><img loading=\"lazy\" decoding=\"async\" class=\"alignnone size-thumbnail wp-image-38804\" title=\"zeppelin-sulzburg130921\" src=\"https:\/\/www.freiburg-schwarzwald.de\/blog\/wp-content\/uploads\/2013\/10\/zeppelin-sulzburg130921-180x135.jpg\" alt=\"\" width=\"180\" height=\"135\" srcset=\"https:\/\/www.freiburg-schwarzwald.de\/blog\/wp-content\/uploads\/2013\/10\/zeppelin-sulzburg130921-180x135.jpg 180w, https:\/\/www.freiburg-schwarzwald.de\/blog\/wp-content\/uploads\/2013\/10\/zeppelin-sulzburg130921.jpg 640w\" sizes=\"auto, (max-width: 180px) 100vw, 180px\" \/><\/a>\u00a0\u00a0\u00a0\u00a0\u00a0\u00a0\u00a0\u00a0\u00a0\u00a0 <a href=\"https:\/\/www.freiburg-schwarzwald.de\/blog\/regio\/orte\/sulzburg\/zeppelin1sulzburg130921\/\" rel=\"attachment wp-att-38805\"><img loading=\"lazy\" decoding=\"async\" class=\"alignnone size-thumbnail wp-image-38805\" title=\"zeppelin1sulzburg130921\" src=\"https:\/\/www.freiburg-schwarzwald.de\/blog\/wp-content\/uploads\/2013\/10\/zeppelin1sulzburg130921-180x135.jpg\" alt=\"\" width=\"180\" height=\"135\" srcset=\"https:\/\/www.freiburg-schwarzwald.de\/blog\/wp-content\/uploads\/2013\/10\/zeppelin1sulzburg130921-180x135.jpg 180w, https:\/\/www.freiburg-schwarzwald.de\/blog\/wp-content\/uploads\/2013\/10\/zeppelin1sulzburg130921.jpg 640w\" sizes=\"auto, (max-width: 180px) 100vw, 180px\" \/><\/a><br \/>\n(1) Stauden Graf Zeppelin 21.9.2013\u00a0\u00a0\u00a0 (2) Sultburg-Laufen<\/p>\n<p>&nbsp;<\/p>\n<p>(1) Staudeng\u00e4rtnerei: <a href=\"https:\/\/www.freiburg-schwarzwald.de\/sulzburg-laufen.htm\">www.freiburg-schwarzwald.de\/sulzburg-laufen.htm<\/a><\/p>\n<p>&nbsp;<\/p>\n<p align=\"left\"><strong>St. Cyriak &#8211; \u00c4ltester Kirchturm S\u00fcddeutschlands<\/strong><br \/>\nDie T\u00fcr, h\u00f6lzern und massiv, l\u00e4sst sich mit leichtem Druck \u00f6ffnen. Wer wohl alles schon ein- und ausgegangen sein mag? Bauern, Ritter, K\u00f6nige? Drinnen riecht es nach Stein, Kirche und Stille. Diese Stille ist absolut, umh\u00fcllt einen, kein noch so kleines Ger\u00e4usch ist zu h\u00f6ren, so dass man sich kaum getraut, sich zu bewegen.<br \/>\nDer Kirchenraum selbst ist freundlich hell und wundersch\u00f6n schlicht. Licht f\u00e4llt durch die gotischen Fenster, bringt den sakralen Raum unter der Holzdecke zum Gl\u00e4nzen. Rundb\u00f6gen, mit Ornamenten in warmen Gelb- und Rott\u00f6nen verziert, verbinden breite S\u00e4ulen. Holzst\u00fchle stehen aufgereiht. An den Seitenw\u00e4nden sind auf ansonsten schmucklosem Putz eine Vorzeichnung der vier Evangelisten zu sehen. Oder die klugen und t\u00f6richten Jungfrauen, die als Fresken aufgemalt als steinernes Bilderbuch biblische Geschichten in Fragmenten erz\u00e4hlen.<\/p>\n<p>Alles strahlt W\u00fcrde aus und fast ehrf\u00fcrchtig wird einem zumute, wenn man daran denkt, dass dort schon im Mittelalter Christen gebetet haben. Mehr als 1000 Jahre ist die romanische Kirche des Benediktinerklosters St. Cyriak alt, wurde erstmals 993 urkundlich erw\u00e4hnt, als der Frankenk\u00f6nig Otto III. Liegenschaften und G\u00fcter im Sulzbachtal als Lehen an den Breisgaugrafen Birchtilo \u00fcbertrug. Dieser lie\u00df es sich nicht nehmen, eine Basilika zu Ehren des M\u00e4rtyrers St. Cyriak zu bauen und ein Kloster zu stiften, in das Benediktinerinnen einzogen. Aufgehoben wurde das Kloster 1555. Heutzutage gilt St. Cyriak als herausragendes Zeugnis der ottonischen Sakralbaukunst und sein Turm, im elften Jahrhundert erbaut, ist der \u00e4lteste S\u00fcdwestdeutschlands.<br \/>\nMagisch zieht das dunkelmetallene Kreuz auf dem schlichten Steinaltar die Blicke auf sich. Altare gelten als heilig und so mauerte man in ihn zu fr\u00fcheren Zeiten die k\u00f6rperlichen \u00dcberreste eines Heiligen ein, um von seiner geistigen Kraft zu profitieren. In der Sulzburger Kirche wurde die Stelle, an der urspr\u00fcnglich der Altar stand, mehrfach ver\u00e4ndert und so ist nicht klar, ob auch dort jemals Reliquien eingemauert waren.<br \/>\nDoch wer war eigentlich Cyriakus, und wie kam es, dass ihm das Sulzburger Kloster geweiht wurde? Die &#8222;Legenda Aurea&#8220;, ein Legendenbuch des Mittelalters erz\u00e4hlt, dass er Diakon war, um 300 in Rom lebte und Zwangsarbeit verrichten musste. Weil er einem hinf\u00e4lligen Mitgefangenen half, wurde er in den Kerker geworfen. Dann jedoch rief man Cyriakus zu der erkrankten Tochter des Kaisers Diokletians, die offenbar von einem b\u00f6sen Geist besessen war. Er heilte sie und vollbrachte auch an anderen Besessenen Wundertaten. Dennoch t\u00f6tete der Nachfolger des Kaisers Cyriakus f\u00fcr seinen Glauben. So wurde Cyriakus fortan als Nothelfer gegen b\u00f6se Geister angerufen.<br \/>\nM\u00f6glich, aber nicht sicher ist, dass Gebeine des Heiligen 1847 nach Sulzburg kamen, weil die Franken und Alamannen bevorzugt Reliquien von Heiligen aus Rom \u00fcberf\u00fchrten. St. Cyriak sind viele s\u00fcddeutsche Kirchen geweiht, denn er wurde zum Schutzheiligen der Winzer und soll vor Unwetter und Hagel sch\u00fctzen. Wieder drau\u00dfen blinzelt die Sonne vereinzelt und zaghaft hinter der Wolkendecke hervor, kein Unwetter, kein Hagel ist in Sicht. Dank Cyriak?<br \/>\n9.10.2015, Anita Fertl<\/p>\n","protected":false},"excerpt":{"rendered":"<p>Home &gt;Regio &gt;Orte &gt;Markgraeflerland &gt;Sulzburg Zweckverband Breisgau S\u00fcd Touristik\u00a0(4.8.2022) St. Cyriak &#8211; \u00c4ltester Kirchturm S\u00fcddeutschlands (9.10.2015) Aktuelle Infos zur Sulzburg.-Seite ab Dezember 2007 &gt;Sulzburg1 www.freiburg-schwarzwald.de\/sulzburg.htm &gt;Archivseite Sulzburg Hans-G\u00fcnter Sch\u00e4fer und Christine Bosch vom SOS-Kinderdorf Sulzburg &gt;Kinder3 (15.6.2007) Mittelstandspreis f\u00fcr Firma &hellip; <a href=\"https:\/\/www.freiburg-schwarzwald.de\/blog\/regio\/orte\/sulzburg\/\">Weiterlesen <span class=\"meta-nav\">&rarr;<\/span><\/a><\/p>\n","protected":false},"author":4,"featured_media":0,"parent":363,"menu_order":0,"comment_status":"open","ping_status":"closed","template":"","meta":{"footnotes":""},"class_list":["post-38797","page","type-page","status-publish","hentry"],"_links":{"self":[{"href":"https:\/\/www.freiburg-schwarzwald.de\/blog\/wp-json\/wp\/v2\/pages\/38797","targetHints":{"allow":["GET"]}}],"collection":[{"href":"https:\/\/www.freiburg-schwarzwald.de\/blog\/wp-json\/wp\/v2\/pages"}],"about":[{"href":"https:\/\/www.freiburg-schwarzwald.de\/blog\/wp-json\/wp\/v2\/types\/page"}],"author":[{"embeddable":true,"href":"https:\/\/www.freiburg-schwarzwald.de\/blog\/wp-json\/wp\/v2\/users\/4"}],"replies":[{"embeddable":true,"href":"https:\/\/www.freiburg-schwarzwald.de\/blog\/wp-json\/wp\/v2\/comments?post=38797"}],"version-history":[{"count":1,"href":"https:\/\/www.freiburg-schwarzwald.de\/blog\/wp-json\/wp\/v2\/pages\/38797\/revisions"}],"predecessor-version":[{"id":103116,"href":"https:\/\/www.freiburg-schwarzwald.de\/blog\/wp-json\/wp\/v2\/pages\/38797\/revisions\/103116"}],"up":[{"embeddable":true,"href":"https:\/\/www.freiburg-schwarzwald.de\/blog\/wp-json\/wp\/v2\/pages\/363"}],"wp:attachment":[{"href":"https:\/\/www.freiburg-schwarzwald.de\/blog\/wp-json\/wp\/v2\/media?parent=38797"}],"curies":[{"name":"wp","href":"https:\/\/api.w.org\/{rel}","templated":true}]}}