{"id":36351,"date":"2013-08-14T15:20:21","date_gmt":"2013-08-14T13:20:21","guid":{"rendered":"https:\/\/www.freiburg-schwarzwald.de\/blog\/?page_id=36351"},"modified":"2020-05-10T15:45:44","modified_gmt":"2020-05-10T13:45:44","slug":"hebel","status":"publish","type":"page","link":"https:\/\/www.freiburg-schwarzwald.de\/blog\/kultur\/dichter\/hebel\/","title":{"rendered":"Hebel"},"content":{"rendered":"<p>Home &gt;<a title=\"Kultur\" href=\"https:\/\/www.freiburg-schwarzwald.de\/blog\/kultur\/\">Kultur<\/a> &gt;<a title=\"Dichter\" href=\"https:\/\/www.freiburg-schwarzwald.de\/blog\/kultur\/dichter\/\">Dichter<\/a> &gt;<a title=\"Alemannisch\" href=\"https:\/\/www.freiburg-schwarzwald.de\/blog\/kultur\/alemannisch\/\">Alemannisch<\/a> &gt;Johann Peter Hebel<\/p>\n<div id=\"attachment_34827\" style=\"width: 648px\" class=\"wp-caption alignnone\"><a href=\"https:\/\/www.freiburg-schwarzwald.de\/blog\/selbsthilfe\/sucht\/drogen\/drogenberatung-kobra\/haeussleberg-oberried-pan130715\/\" rel=\"attachment wp-att-34827\"><img loading=\"lazy\" decoding=\"async\" aria-describedby=\"caption-attachment-34827\" class=\"size-full wp-image-34827\" title=\"haeussleberg-oberried.pan130715\" src=\"https:\/\/www.freiburg-schwarzwald.de\/blog\/wp-content\/uploads\/2013\/07\/haeussleberg-oberried.pan130715.jpg\" alt=\"\" width=\"638\" height=\"276\" srcset=\"https:\/\/www.freiburg-schwarzwald.de\/blog\/wp-content\/uploads\/2013\/07\/haeussleberg-oberried.pan130715.jpg 638w, https:\/\/www.freiburg-schwarzwald.de\/blog\/wp-content\/uploads\/2013\/07\/haeussleberg-oberried.pan130715-180x77.jpg 180w\" sizes=\"auto, (max-width: 638px) 100vw, 638px\" \/><\/a><p id=\"caption-attachment-34827\" class=\"wp-caption-text\">Blick nach Nordosten \u00fcber Oberried zum H\u00e4usleberg (Mitte) und Roteck (rechts) vorm Hinterwaldkopf am 15.7.2013<\/p><\/div>\n<ul>\n<li><a title=\"10. Hebeltag als Corona-Video\" href=\"https:\/\/www.freiburg-schwarzwald.de\/blog\/10-hebeltag-als-corona-video\/\">10. Hebeltag als Corona-Video<\/a> (10.5.2020)<\/li>\n<li><a href=\"https:\/\/www.freiburg-schwarzwald.de\/blog\/mund-art-literatur-werkstatt\/\">https:\/\/www.freiburg-schwarzwald.de\/blog\/mund-art-literatur-werkstatt\/<\/a> (8.3.2016)<\/li>\n<li>Ikone (3.8.2013<\/li>\n<li><a href=\"https:\/\/www.freiburg-schwarzwald.de\/hausen.htm#Hebel un kei End, \u00e4 neuer Aafang\">Hebel un kei End, \u00e4 neuer Aafang?<\/a> &gt;Hausen (6.10.2010)<\/li>\n<li><a href=\"https:\/\/www.freiburg-schwarzwald.de\/hausen.htm#Hebeljahr 2010: Zum 250.Geburtstag von Johann Peter Hebel\">Hebeljahr 2010<\/a> &gt;Hausen (26.2.2010)<\/li>\n<li><a href=\"https:\/\/www.freiburg-schwarzwald.de\/dichter2.htm#Hebel-Wetter\">Hebel-Wetter?<\/a> &gt;Dichter2 (18.5.2008)<\/li>\n<li><a href=\"https:\/\/www.freiburg-schwarzwald.de\/wiesental1.htm#Sonniges Hebelfest in Hausen - Pl\u00e4doyer f\u00fcr den Dialekt\">Sonniges Hebelfest in Hausen &#8211; Pl\u00e4doyer f\u00fcr den Dialekt<\/a> &gt;Wiesental1 (13.5.2008)<\/li>\n<li><a href=\"https:\/\/www.freiburg-schwarzwald.de\/alemannisch\/alemannisch-texte3.htm#Hebeltag\">Hebeltag<\/a> &gt;Alemannisch-Texte3 (10.5.2008)<\/li>\n<li><a href=\"https:\/\/www.freiburg-schwarzwald.de\/littenweiler\/ebneter-kultursommer.htm#Film von Sepp Allgeier \u00fcber Johann Peter Hebel\">Film von Sepp Allgeier \u00fcber Johann Peter Hebel<\/a> &gt;Ebneter-Kultursommer (10.8.2007)<\/li>\n<li><a href=\"https:\/\/www.freiburg-schwarzwald.de\/weihnachten.htm#Adventskalender: Ne freudig St\u00fcndli - ischs nit e F\u00fcndli\">Adventskalender: Ne freudig St\u00fcndli &#8211; isch&#8217;s nit e F\u00fcndli?<\/a> &gt;Weihnachten (9.12.2006)<\/li>\n<li><\/li>\n<li>Johann Peter Hebel<\/li>\n<\/ul>\n<p>&nbsp;<\/p>\n<p>&nbsp;<\/p>\n<p><strong>Johann Peter Hebel<\/strong><\/p>\n<p>Geboren am 10. Mai 1760 als Sohn armer Dienstboten, aufgewachsen im <a href=\"https:\/\/www.freiburg-schwarzwald.de\/markgraeflerland.htm\">Markgr\u00e4flerland<\/a>,\u00a0 gestorben am 22. September 1826.<br \/>\nDer Dichter, evangelische Theologe und Schulmann Johann Peter Hebel wurde in Basel geboren, besuchte die Dorfschule in Hausen, die Lateinschule in Schopfheim und die Gymnasien auf dem M\u00fcnsterplatz in Basel und in Karlsruhe. 1798 Professor f\u00fcr Dogmatik und Hebr\u00e4isch am Karlsruher Gymnasium, dessen Direktor er 1808 wurde. 1819 wurde er zum Pr\u00e4laten ernannt und zugleich Mitglied der 1. Kammer des Badischen Landtags.<br \/>\nSeinen dichterischen Ruhm begr\u00fcndete Hebel mit den in den Jahren 1799-1802 in Karlsruhe entstandenen &#8222;Alemannischen Gedichten&#8220;, die er 1803 anonym ver\u00f6ffentlichte die seine Sehnsucht nach der s\u00fcdbadischen l\u00e4ndlichen Heimat zum Ausdruck bringen und mit denen er dem alemannischen Dialekt zu literarischem Ruhm verhalf.<br \/>\n1811 erschien die Sammlung seiner Beitr\u00e4ge im &#8222;Schatzk\u00e4stlein des rheinischen Hausfreundes&#8220;, einer in ihrem Humor bei treffsicherem Ausdruck einzigartigen Schrift.<br \/>\nErnst Bloch gab 1965 Hebels Kalendergeschichten neu heraus, nachdem er sich schon 1926 in einer Monografie mit Hebel befasst hatte.<\/p>\n<p><a href=\"https:\/\/www.freiburg-schwarzwald.de\/blog\/kultur\/dichter\/hebel\/hebel-2\/\" rel=\"attachment wp-att-36368\"><img loading=\"lazy\" decoding=\"async\" class=\"alignnone size-full wp-image-36368\" title=\"Hebel\" src=\"https:\/\/www.freiburg-schwarzwald.de\/blog\/wp-content\/uploads\/2013\/08\/Hebel.jpg\" alt=\"\" width=\"235\" height=\"289\" srcset=\"https:\/\/www.freiburg-schwarzwald.de\/blog\/wp-content\/uploads\/2013\/08\/Hebel.jpg 235w, https:\/\/www.freiburg-schwarzwald.de\/blog\/wp-content\/uploads\/2013\/08\/Hebel-146x180.jpg 146w\" sizes=\"auto, (max-width: 235px) 100vw, 235px\" \/><\/a><\/p>\n<p><span style=\"font-family: Arial; font-size: xx-small;\">Die \u00fcberzeitliche Bedeutung Johann Peter Hebels liegt einerseits darin,<br \/>\nda\u00df er die Mundart seiner alemannischen Heimat auf literarischen Rang emporhob,<br \/>\nandererseits in der Tatsache,<br \/>\nda\u00df er selbst den kleinsten seiner Geschichten und Anekdoten den &#8222;Unterton des Bleibenden, des G\u00fcltigen, des Ewig-Menschlichen&#8220; mitgab.<br \/>\n(Theodor Heuss). <\/span><\/p>\n<p>Alemannische Gedichte von Hebel<br \/>\n<a href=\"https:\/\/www.ghshauseniw.de\/jphebel\/hebhome.htm\">https:\/\/www.ghshauseniw.de\/jphebel\/hebhome.htm<\/a><\/p>\n<p>Hebeldorf Hausen im Wiesental<br \/>\n<a href=\"https:\/\/www.hausen-im-wiesental.de\/jphebel\/hebel_verzweig.htm\">https:\/\/www.hausen-im-wiesental.de\/jphebel\/hebel_verzweig.htm<\/a><\/p>\n<p>Viel Interessantes zu Hebel:<br \/>\n<a href=\"https:\/\/www.blb-karlsruhe.de\/blb\/blbhtml\/besondere-bestaende\/nachlaesse\/hebel.html\">https:\/\/www.blb-karlsruhe.de\/blb\/blbhtml\/besondere-bestaende\/nachlaesse\/hebel.html<\/a><\/p>\n<p>Infos auf der Website &#8222;seiner&#8220; Schule in Hausen im Wiesental:<br \/>\n<a href=\"https:\/\/www.ghshauseniw.de\/jphebel\/hebhome.htm\">https:\/\/www.ghshauseniw.de\/jphebel\/hebhome.htm<\/a><\/p>\n<p>Alemannische Gedichte, nach Alphabet geordnet:<br \/>\n<a href=\"https:\/\/gutenberg.spiegel.de\/hebel\/alemann\/schwarzw.htm\">https:\/\/gutenberg.spiegel.de\/hebel\/alemann\/schwarzw.htm<\/a><\/p>\n<p>Johann Peter Hebel und andere &#8222;Heilige&#8220;:<br \/>\n<a href=\"https:\/\/www.heiligenlexikon.de\/index.htm?BiographienJ\/Johann_Peter_Hebel.html\">https:\/\/www.heiligenlexikon.de\/index.htm?BiographienJ\/Johann_Peter_Hebel.html<\/a><\/p>\n<p>&nbsp;<\/p>\n<p>&nbsp;<\/p>\n<p><strong>Ikone<br \/>\n<\/strong><br \/>\nScho sin bal wider drei Johr umme siter em gro\u00dfe Hebel-Jubil\u00e4um 2010, siter sim 250. Geburtstag. Was isch blibe d\u00e4vo? S Dichtermuseum z Huse, de Hebel-Weg de Wiese entlang, e Schwiizer Briefmarke, zwei intressanti Hebel-Biografie, die eindi vo de Heide Helwig un die ander vom Bernhard Viel: &#8222;Johann Peter Hebel: oder das Gl\u00fcck der Verg\u00e4nglichkeit&#8220;. Isch d Verg\u00e4nglichkeit e Gl\u00fcck?<br \/>\nZ\u00a0L\u00f6rrach-Stette an re Muur vor re Garaasch sin d Bilder vo vir Ikone druf gschprayt: vom Jim Morrison, dem gro\u00dfartige S\u00e4nger vo de &#8222;Doors&#8220;, wo mit drei Gedichtb\u00e4nd zeigt h\u00e4t, wie subtil er cha umgoh mit de Sprooch un wo mit grad emool 28 an sim &#8222;selbstzerst\u00f6rerischen Lebensstil&#8220; kaputt gangen isch; vom Frank Zappa, dem Rockstar, wo au e Dichter gsi isch mit siine b\u00f6se Text gege Rassismus, religi\u00f6se Fanatismus un Chriegshetzerei, vom Michael Jackson, wo f\u00fcr viili de gr\u00f6schti Star in de Musikszene \u00fcberhaupt isch un wo vo Chrankete un Stress schlooflos un verfresse elend an Tablette drufgangen isch; un vom Johann Peter Hebel. Morrison, Zappa, Jackson, Hebel. Worum?<br \/>\nH\u00e4t \u00e4mend &#8222;der allzeit vergn\u00fcgte Tabakraucher&#8220; Hebel, de &#8222;Knaschter&#8220;, d\u00e4, wo amig gern e Virteli, zwei, drei gschlotzt h\u00e4t, eso in d Reihe dri passt vom Heroiniker, vom Zigarette un Kaffi-S\u00fcchtige un vom Tabletteabh\u00e4ngige? Oder gh\u00f6rt er wege siine unsterbliche Text in d Reihe vo d\u00e4ne Gr\u00f6\u00dfe? W\u00e4r er h\u00fct e Star, well er sellemools scho agschribe h\u00e4t gege Rassismus (Moses Mendelson) un Fanatismus (Der gro\u00dfe Sanhedrin zu Paris), gege Chriegshetzerei (Der Schmelzofen,) Egoismus un Oberfl\u00e4chlichkeit (Der Karfunkel)? D Antwort: Leset &#8222;Die Verg\u00e4nglichkeit&#8220;, wo zum Gl\u00fcck sit 210 Johr unverg\u00e4nglich isch.<br \/>\n3.8.2013, <a title=\"Jung\" href=\"https:\/\/www.freiburg-schwarzwald.de\/blog\/kultur\/dichter\/jung\/\">Markus Manfred Jung<br \/>\n<\/a><\/p>\n<p><strong>Sitter 210 Johr unverg\u00e4nglich<\/strong><br \/>\nViele Dank, Markus Manfred Jung, es stimmt: &#8222;Die Verg\u00e4nglichkeit&#8220; vum Johann Peter Hebel isch wirklich sitter 210 Johr unverg\u00e4nglich, und nach dem Ikone-Lueginsland han i mir des Schatzk\u00e4stlein des rheinischen Hausfreundes wieder emol vorgno un in die Verg\u00e4nglichkeit nach \u00f6bbe 15 Johr wieder emol iinegluegt, obwohl selli eim jo jede Tag Begleiter isch! Gang, bring der arme Fischer-Lise S\u00e4ckli Mehl, e Hemdli wi\u00df, nimm au ne Wellen oder zwo, und sag, sie soll au zuenis cho, und Weihe hole, wenni bach, und decket iez der Tisch alsgmach. Der Belche stoht verchohlt, der Blaue au, es schlacht emol e Stund, goht Basel au ins Grab, alles anderi wei\u00df der Lippi L\u00e4ppeli. Isch d Verg\u00e4nglichkeit e Gl\u00fcck? Dodezue von mir, Jahrgang 1939, auch nicht das geringste an Kommentar. Schwetz, Aetti, ch\u00f6nnt i vielliicht vu dir e Empf\u2019ehlig \u00fcbercho, do \u00e4ne n\u00e4ume w\u00fcrd i numme froge, hen ihr chei Dill do?<br \/>\n14.8.2013, Wolf Keller, Freiburg<!-- RSPEAK_STOP --><\/p>\n","protected":false},"excerpt":{"rendered":"<p>Home &gt;Kultur &gt;Dichter &gt;Alemannisch &gt;Johann Peter Hebel 10. Hebeltag als Corona-Video (10.5.2020) https:\/\/www.freiburg-schwarzwald.de\/blog\/mund-art-literatur-werkstatt\/ (8.3.2016) Ikone (3.8.2013 Hebel un kei End, \u00e4 neuer Aafang? &gt;Hausen (6.10.2010) Hebeljahr 2010 &gt;Hausen (26.2.2010) Hebel-Wetter? &gt;Dichter2 (18.5.2008) Sonniges Hebelfest in Hausen &#8211; Pl\u00e4doyer f\u00fcr den &hellip; <a href=\"https:\/\/www.freiburg-schwarzwald.de\/blog\/kultur\/dichter\/hebel\/\">Weiterlesen <span class=\"meta-nav\">&rarr;<\/span><\/a><\/p>\n","protected":false},"author":4,"featured_media":0,"parent":1028,"menu_order":0,"comment_status":"open","ping_status":"closed","template":"","meta":{"footnotes":""},"class_list":["post-36351","page","type-page","status-publish","hentry"],"_links":{"self":[{"href":"https:\/\/www.freiburg-schwarzwald.de\/blog\/wp-json\/wp\/v2\/pages\/36351","targetHints":{"allow":["GET"]}}],"collection":[{"href":"https:\/\/www.freiburg-schwarzwald.de\/blog\/wp-json\/wp\/v2\/pages"}],"about":[{"href":"https:\/\/www.freiburg-schwarzwald.de\/blog\/wp-json\/wp\/v2\/types\/page"}],"author":[{"embeddable":true,"href":"https:\/\/www.freiburg-schwarzwald.de\/blog\/wp-json\/wp\/v2\/users\/4"}],"replies":[{"embeddable":true,"href":"https:\/\/www.freiburg-schwarzwald.de\/blog\/wp-json\/wp\/v2\/comments?post=36351"}],"version-history":[{"count":0,"href":"https:\/\/www.freiburg-schwarzwald.de\/blog\/wp-json\/wp\/v2\/pages\/36351\/revisions"}],"up":[{"embeddable":true,"href":"https:\/\/www.freiburg-schwarzwald.de\/blog\/wp-json\/wp\/v2\/pages\/1028"}],"wp:attachment":[{"href":"https:\/\/www.freiburg-schwarzwald.de\/blog\/wp-json\/wp\/v2\/media?parent=36351"}],"curies":[{"name":"wp","href":"https:\/\/api.w.org\/{rel}","templated":true}]}}

<p>Home &gt;<a title="Kultur" href="https://www.freiburg-schwarzwald.de/blog/kultur/">Kultur</a> &gt;<a title="Dichter" href="https://www.freiburg-schwarzwald.de/blog/kultur/dichter/">Dichter</a> &gt;<a title="Alemannisch" href="https://www.freiburg-schwarzwald.de/blog/kultur/alemannisch/">Alemannisch</a> &gt;Johann Peter Hebel</p>
<div id="attachment_34827" style="width: 648px" class="wp-caption alignnone"><a href="https://www.freiburg-schwarzwald.de/blog/selbsthilfe/sucht/drogen/drogenberatung-kobra/haeussleberg-oberried-pan130715/" rel="attachment wp-att-34827"><img loading="lazy" decoding="async" aria-describedby="caption-attachment-34827" class="size-full wp-image-34827" title="haeussleberg-oberried.pan130715" src="https://www.freiburg-schwarzwald.de/blog/wp-content/uploads/2013/07/haeussleberg-oberried.pan130715.jpg" alt="" width="638" height="276" srcset="https://www.freiburg-schwarzwald.de/blog/wp-content/uploads/2013/07/haeussleberg-oberried.pan130715.jpg 638w, https://www.freiburg-schwarzwald.de/blog/wp-content/uploads/2013/07/haeussleberg-oberried.pan130715-180x77.jpg 180w" sizes="auto, (max-width: 638px) 100vw, 638px" /></a><p id="caption-attachment-34827" class="wp-caption-text">Blick nach Nordosten über Oberried zum Häusleberg (Mitte) und Roteck (rechts) vorm Hinterwaldkopf am 15.7.2013</p></div>
<ul>
<li><a title="10. Hebeltag als Corona-Video" href="https://www.freiburg-schwarzwald.de/blog/10-hebeltag-als-corona-video/">10. Hebeltag als Corona-Video</a> (10.5.2020)</li>
<li><a href="https://www.freiburg-schwarzwald.de/blog/mund-art-literatur-werkstatt/">https://www.freiburg-schwarzwald.de/blog/mund-art-literatur-werkstatt/</a> (8.3.2016)</li>
<li>Ikone (3.8.2013</li>
<li><a href="https://www.freiburg-schwarzwald.de/hausen.htm#Hebel un kei End, ä neuer Aafang">Hebel un kei End, ä neuer Aafang?</a> &gt;Hausen (6.10.2010)</li>
<li><a href="https://www.freiburg-schwarzwald.de/hausen.htm#Hebeljahr 2010: Zum 250.Geburtstag von Johann Peter Hebel">Hebeljahr 2010</a> &gt;Hausen (26.2.2010)</li>
<li><a href="https://www.freiburg-schwarzwald.de/dichter2.htm#Hebel-Wetter">Hebel-Wetter?</a> &gt;Dichter2 (18.5.2008)</li>
<li><a href="https://www.freiburg-schwarzwald.de/wiesental1.htm#Sonniges Hebelfest in Hausen - Plädoyer für den Dialekt">Sonniges Hebelfest in Hausen &#8211; Plädoyer für den Dialekt</a> &gt;Wiesental1 (13.5.2008)</li>
<li><a href="https://www.freiburg-schwarzwald.de/alemannisch/alemannisch-texte3.htm#Hebeltag">Hebeltag</a> &gt;Alemannisch-Texte3 (10.5.2008)</li>
<li><a href="https://www.freiburg-schwarzwald.de/littenweiler/ebneter-kultursommer.htm#Film von Sepp Allgeier über Johann Peter Hebel">Film von Sepp Allgeier über Johann Peter Hebel</a> &gt;Ebneter-Kultursommer (10.8.2007)</li>
<li><a href="https://www.freiburg-schwarzwald.de/weihnachten.htm#Adventskalender: Ne freudig Stündli - ischs nit e Fündli">Adventskalender: Ne freudig Stündli &#8211; isch&#8217;s nit e Fündli?</a> &gt;Weihnachten (9.12.2006)</li>
<li></li>
<li>Johann Peter Hebel</li>
</ul>
<p>&nbsp;</p>
<p>&nbsp;</p>
<p><strong>Johann Peter Hebel</strong></p>
<p>Geboren am 10. Mai 1760 als Sohn armer Dienstboten, aufgewachsen im <a href="https://www.freiburg-schwarzwald.de/markgraeflerland.htm">Markgräflerland</a>,  gestorben am 22. September 1826.<br />
Der Dichter, evangelische Theologe und Schulmann Johann Peter Hebel wurde in Basel geboren, besuchte die Dorfschule in Hausen, die Lateinschule in Schopfheim und die Gymnasien auf dem Münsterplatz in Basel und in Karlsruhe. 1798 Professor für Dogmatik und Hebräisch am Karlsruher Gymnasium, dessen Direktor er 1808 wurde. 1819 wurde er zum Prälaten ernannt und zugleich Mitglied der 1. Kammer des Badischen Landtags.<br />
Seinen dichterischen Ruhm begründete Hebel mit den in den Jahren 1799-1802 in Karlsruhe entstandenen &#8222;Alemannischen Gedichten&#8220;, die er 1803 anonym veröffentlichte die seine Sehnsucht nach der südbadischen ländlichen Heimat zum Ausdruck bringen und mit denen er dem alemannischen Dialekt zu literarischem Ruhm verhalf.<br />
1811 erschien die Sammlung seiner Beiträge im &#8222;Schatzkästlein des rheinischen Hausfreundes&#8220;, einer in ihrem Humor bei treffsicherem Ausdruck einzigartigen Schrift.<br />
Ernst Bloch gab 1965 Hebels Kalendergeschichten neu heraus, nachdem er sich schon 1926 in einer Monografie mit Hebel befasst hatte.</p>
<p><a href="https://www.freiburg-schwarzwald.de/blog/kultur/dichter/hebel/hebel-2/" rel="attachment wp-att-36368"><img loading="lazy" decoding="async" class="alignnone size-full wp-image-36368" title="Hebel" src="https://www.freiburg-schwarzwald.de/blog/wp-content/uploads/2013/08/Hebel.jpg" alt="" width="235" height="289" srcset="https://www.freiburg-schwarzwald.de/blog/wp-content/uploads/2013/08/Hebel.jpg 235w, https://www.freiburg-schwarzwald.de/blog/wp-content/uploads/2013/08/Hebel-146x180.jpg 146w" sizes="auto, (max-width: 235px) 100vw, 235px" /></a></p>
<p><span style="font-family: Arial; font-size: xx-small;">Die überzeitliche Bedeutung Johann Peter Hebels liegt einerseits darin,<br />
daß er die Mundart seiner alemannischen Heimat auf literarischen Rang emporhob,<br />
andererseits in der Tatsache,<br />
daß er selbst den kleinsten seiner Geschichten und Anekdoten den &#8222;Unterton des Bleibenden, des Gültigen, des Ewig-Menschlichen&#8220; mitgab.<br />
(Theodor Heuss). </span></p>
<p>Alemannische Gedichte von Hebel<br />
<a href="https://www.ghshauseniw.de/jphebel/hebhome.htm">https://www.ghshauseniw.de/jphebel/hebhome.htm</a></p>
<p>Hebeldorf Hausen im Wiesental<br />
<a href="https://www.hausen-im-wiesental.de/jphebel/hebel_verzweig.htm">https://www.hausen-im-wiesental.de/jphebel/hebel_verzweig.htm</a></p>
<p>Viel Interessantes zu Hebel:<br />
<a href="https://www.blb-karlsruhe.de/blb/blbhtml/besondere-bestaende/nachlaesse/hebel.html">https://www.blb-karlsruhe.de/blb/blbhtml/besondere-bestaende/nachlaesse/hebel.html</a></p>
<p>Infos auf der Website &#8222;seiner&#8220; Schule in Hausen im Wiesental:<br />
<a href="https://www.ghshauseniw.de/jphebel/hebhome.htm">https://www.ghshauseniw.de/jphebel/hebhome.htm</a></p>
<p>Alemannische Gedichte, nach Alphabet geordnet:<br />
<a href="https://gutenberg.spiegel.de/hebel/alemann/schwarzw.htm">https://gutenberg.spiegel.de/hebel/alemann/schwarzw.htm</a></p>
<p>Johann Peter Hebel und andere &#8222;Heilige&#8220;:<br />
<a href="https://www.heiligenlexikon.de/index.htm?BiographienJ/Johann_Peter_Hebel.html">https://www.heiligenlexikon.de/index.htm?BiographienJ/Johann_Peter_Hebel.html</a></p>
<p>&nbsp;</p>
<p>&nbsp;</p>
<p><strong>Ikone<br />
</strong><br />
Scho sin bal wider drei Johr umme siter em große Hebel-Jubiläum 2010, siter sim 250. Geburtstag. Was isch blibe dävo? S Dichtermuseum z Huse, de Hebel-Weg de Wiese entlang, e Schwiizer Briefmarke, zwei intressanti Hebel-Biografie, die eindi vo de Heide Helwig un die ander vom Bernhard Viel: &#8222;Johann Peter Hebel: oder das Glück der Vergänglichkeit&#8220;. Isch d Vergänglichkeit e Glück?<br />
Z Lörrach-Stette an re Muur vor re Garaasch sin d Bilder vo vir Ikone druf gschprayt: vom Jim Morrison, dem großartige Sänger vo de &#8222;Doors&#8220;, wo mit drei Gedichtbänd zeigt hät, wie subtil er cha umgoh mit de Sprooch un wo mit grad emool 28 an sim &#8222;selbstzerstörerischen Lebensstil&#8220; kaputt gangen isch; vom Frank Zappa, dem Rockstar, wo au e Dichter gsi isch mit siine böse Text gege Rassismus, religiöse Fanatismus un Chriegshetzerei, vom Michael Jackson, wo für viili de gröschti Star in de Musikszene überhaupt isch un wo vo Chrankete un Stress schlooflos un verfresse elend an Tablette drufgangen isch; un vom Johann Peter Hebel. Morrison, Zappa, Jackson, Hebel. Worum?<br />
Hät ämend &#8222;der allzeit vergnügte Tabakraucher&#8220; Hebel, de &#8222;Knaschter&#8220;, dä, wo amig gern e Virteli, zwei, drei gschlotzt hät, eso in d Reihe dri passt vom Heroiniker, vom Zigarette un Kaffi-Süchtige un vom Tabletteabhängige? Oder ghört er wege siine unsterbliche Text in d Reihe vo däne Größe? Wär er hüt e Star, well er sellemools scho agschribe hät gege Rassismus (Moses Mendelson) un Fanatismus (Der große Sanhedrin zu Paris), gege Chriegshetzerei (Der Schmelzofen,) Egoismus un Oberflächlichkeit (Der Karfunkel)? D Antwort: Leset &#8222;Die Vergänglichkeit&#8220;, wo zum Glück sit 210 Johr unvergänglich isch.<br />
3.8.2013, <a title="Jung" href="https://www.freiburg-schwarzwald.de/blog/kultur/dichter/jung/">Markus Manfred Jung<br />
</a></p>
<p><strong>Sitter 210 Johr unvergänglich</strong><br />
Viele Dank, Markus Manfred Jung, es stimmt: &#8222;Die Vergänglichkeit&#8220; vum Johann Peter Hebel isch wirklich sitter 210 Johr unvergänglich, und nach dem Ikone-Lueginsland han i mir des Schatzkästlein des rheinischen Hausfreundes wieder emol vorgno un in die Vergänglichkeit nach öbbe 15 Johr wieder emol iinegluegt, obwohl selli eim jo jede Tag Begleiter isch! Gang, bring der arme Fischer-Lise Säckli Mehl, e Hemdli wiß, nimm au ne Wellen oder zwo, und sag, sie soll au zuenis cho, und Weihe hole, wenni bach, und decket iez der Tisch alsgmach. Der Belche stoht verchohlt, der Blaue au, es schlacht emol e Stund, goht Basel au ins Grab, alles anderi weiß der Lippi Läppeli. Isch d Vergänglichkeit e Glück? Dodezue von mir, Jahrgang 1939, auch nicht das geringste an Kommentar. Schwetz, Aetti, chönnt i vielliicht vu dir e Empf’ehlig übercho, do äne näume würd i numme froge, hen ihr chei Dill do?<br />
14.8.2013, Wolf Keller, Freiburg<!-- RSPEAK_STOP --></p>

<p>Home &gt;Kultur &gt;Dichter &gt;Alemannisch &gt;Johann Peter Hebel 10. Hebeltag als Corona-Video (10.5.2020) https://www.freiburg-schwarzwald.de/blog/mund-art-literatur-werkstatt/ (8.3.2016) Ikone (3.8.2013 Hebel un kei End, ä neuer Aafang? &gt;Hausen (6.10.2010) Hebeljahr 2010 &gt;Hausen (26.2.2010) Hebel-Wetter? &gt;Dichter2 (18.5.2008) Sonniges Hebelfest in Hausen &#8211; Plädoyer für den &hellip; <a href="https://www.freiburg-schwarzwald.de/blog/kultur/dichter/hebel/">Weiterlesen <span class="meta-nav">&rarr;</span></a></p>
