{"id":3470,"date":"2012-05-13T16:39:37","date_gmt":"2012-05-13T16:39:37","guid":{"rendered":"https:\/\/www.freiburg-schwarzwald.de\/blog\/?page_id=3470"},"modified":"2025-10-09T19:08:27","modified_gmt":"2025-10-09T17:08:27","slug":"drogen","status":"publish","type":"page","link":"https:\/\/www.freiburg-schwarzwald.de\/blog\/selbsthilfe\/sucht\/drogen\/","title":{"rendered":"Drogen"},"content":{"rendered":"<p>Home &gt;<a title=\"Selbsthilfe\" href=\"https:\/\/www.freiburg-schwarzwald.de\/blog\/selbsthilfe\/\">Selbsthilfe<\/a> &gt;<a title=\"Sucht\" href=\"https:\/\/www.freiburg-schwarzwald.de\/blog\/selbsthilfe\/sucht\/\">Sucht<\/a> &gt;<a title=\"AGJ-Freiburg\" href=\"https:\/\/www.freiburg-schwarzwald.de\/blog\/selbsthilfe\/sucht\/agj-freiburg\/\">AGJ-Freiburg<\/a> &gt;Drogen<\/p>\n<div id=\"attachment_32828\" style=\"width: 647px\" class=\"wp-caption alignnone\"><a href=\"https:\/\/www.freiburg-schwarzwald.de\/blog\/natur\/flora\/frauenmantel\/frauenmantel6tropfen-pan130610\/\" rel=\"attachment wp-att-32828\"><img loading=\"lazy\" decoding=\"async\" aria-describedby=\"caption-attachment-32828\" class=\"size-full wp-image-32828\" title=\"frauenmantel6tropfen-pan130610\" src=\"https:\/\/www.freiburg-schwarzwald.de\/blog\/wp-content\/uploads\/2013\/06\/frauenmantel6tropfen-pan130610.jpg\" alt=\"\" width=\"637\" height=\"258\" srcset=\"https:\/\/www.freiburg-schwarzwald.de\/blog\/wp-content\/uploads\/2013\/06\/frauenmantel6tropfen-pan130610.jpg 637w, https:\/\/www.freiburg-schwarzwald.de\/blog\/wp-content\/uploads\/2013\/06\/frauenmantel6tropfen-pan130610-180x72.jpg 180w\" sizes=\"auto, (max-width: 637px) 100vw, 637px\" \/><\/a><p id=\"caption-attachment-32828\" class=\"wp-caption-text\">Blatt eines Frauenmantels nach einer Regennacht morgens um 9 Uhr am 10.6.2013<\/p><\/div>\n<ul>\n<li><em>Listenauswahl eines Beitrags (Artikel\/Datum, Seite\/Inhalt):\u00a0<span style=\"text-decoration: underline;\">Klicken<\/span>\u00a0oder scrollen<\/em><\/li>\n<li><a href=\"https:\/\/www.freiburg-schwarzwald.de\/blog\/selbsthilfe\/sucht\/cannabis\/\">Pro &amp; Contra: Soll Cannabis wieder verboten werden?<\/a>\u00a0(8.10.2025)<\/li>\n<li><a href=\"https:\/\/www.freiburg-schwarzwald.de\/blog\/hanfanbau-und-cannabis-neu\/\">Hanfanbau und Cannabis<\/a>\u00a0\u2013 neu (31.12.2021)<\/li>\n<li><a href=\"https:\/\/www.freiburg-schwarzwald.de\/blog\/freiburg-sicher-freiburg-dumm\/\">https:\/\/www.freiburg-schwarzwald.de\/blog\/freiburg-sicher-freiburg-dumm\/<\/a> (27.11.2016)<\/li>\n<li><span style=\"text-decoration: underline;\"><span style=\"color: #0066cc;\"><a href=\"https:\/\/www.freiburg-schwarzwald.de\/blog\/abwasserproben-drogenkonsum\/\">https:\/\/www.freiburg-schwarzwald.de\/blog\/abwasserproben-drogenkonsum\/<\/a><\/span><\/span>\u00a0(27.5.2014)<\/li>\n<li><\/li>\n<li><a href=\"https:\/\/www.freiburg-schwarzwald.de\/drogen2.htm\">Aktuelle Infos zur Drogen-Seite ab 28.10.2008<\/a> &gt;Drogen2<\/li>\n<li><a href=\"https:\/\/www.freiburg-schwarzwald.de\/drogen1.htm\">Aktuelle Infos zur Drogen-Seite<\/a> &gt;Drogen1<\/li>\n<li><a href=\"https:\/\/www.freiburg-schwarzwald.de\/drogen#Drehscheibe - Drogenhilfe L\u00f6rrach\">Drehscheibe &#8211; Drogenhilfe L\u00f6rrach<\/a><\/li>\n<li><a href=\"https:\/\/www.freiburg-schwarzwald.de\/drogen#Drobs - Jugend- und Drogenberatungsstelle Freiburg\">Drobs &#8211; Jugend- und Drogenberatungsstelle Freiburg<\/a><\/li>\n<li><a href=\"https:\/\/www.freiburg-schwarzwald.de\/drogen#Drogenhilfe Freiburg\">Drogenhilfe Freiburg &#8211; Kontaktladen<\/a><\/li>\n<li><a href=\"https:\/\/www.freiburg-schwarzwald.de\/drogen#Drogcom.de: besoffen bekifft, verpeilt, verstrahlt - Check yourself\">Drugcom.de: besoffen bekifft, verpeilt, verstrahlt &#8211; Check yourself<\/a><\/li>\n<li><a href=\"https:\/\/www.freiburg-schwarzwald.de\/drogen#Drogenentzug am ZPE Emmendingen\">Drogenentzug am Zentrum f\u00fcr Psychiatrie Emmendingen &#8211; ZPE<\/a><\/li>\n<li><a href=\"https:\/\/www.freiburg-schwarzwald.de\/drogen#Drogenberatung des blv\">Drogenberatung des blv<\/a><\/li>\n<li><a href=\"https:\/\/www.freiburg-schwarzwald.de\/familie.htm#Elternkreis f\u00fcr drogengef\u00e4hrdete und drogenabh\u00e4ngige Jugendliche Freiburg\">Elternkreis f\u00fcr drogengef\u00e4hrdete und drogenabh\u00e4ngige Jugendliche Freiburg<\/a> &gt;Familie<\/li>\n<li>Elternselbsthilfe Freiburg f\u00fcr Eltern und Angeh\u00f6rige von Drogenabh\u00e4ngigen<\/li>\n<li><a href=\"https:\/\/www.freiburg-schwarzwald.de\/sucht.htm#Emma: Jugend- und Drogenberatungsstelle in Emmendingen\">Emma: Jugend- und Drogenberatungsstelle in Emmendingen<\/a> &gt;Sucht<\/li>\n<li><a href=\"https:\/\/www.freiburg-schwarzwald.de\/endingen.htm#F\u00f6rderverein Drogenhilfe Freundeskreis\">Emma: F\u00f6rderverein Drogenhilfe in Endingen<\/a> &gt;Endingen<\/li>\n<li><a href=\"https:\/\/www.freiburg-schwarzwald.de\/drogen#EUSG - Ex-User Support Group\">EUSG &#8211; Ex-User Support Group in Stegen<\/a><\/li>\n<li><a href=\"https:\/\/www.freiburg-schwarzwald.de\/gbl.htm#Kobra: Die neue Droge GBL ist auf dem Vormarsch\">GBL: Die neue Droge GBL ist auf dem Vormarsch<\/a> &gt;GBL (19.5.2007)<\/li>\n<li><\/li>\n<li><a href=\"https:\/\/www.freiburg-schwarzwald.de\/blog\/natur\/flora\/hanf\/\">Hanf<\/a><\/li>\n<li><a title=\"Drogenberatung-Kobra\" href=\"https:\/\/www.freiburg-schwarzwald.de\/blog\/selbsthilfe\/sucht\/drogen\/drogenberatung-kobra\/\">Kobra &#8211; Kontakt- und Beratungsstelle f\u00fcr Drogenprobleme<\/a> &gt;Drogenberatung-Kobra<\/li>\n<li><a href=\"https:\/\/www.freiburg-schwarzwald.de\/drogen#Drogenhilfe Freiburg\">Kontaktladen der Drogenhilfe Freiburg<\/a><\/li>\n<li><a href=\"https:\/\/www.freiburg-schwarzwald.de\/sucht.htm#KSHN - Kommunales Suchthilfenetzwerk Breisgau-Hochschwarzwald\">KSHN &#8211; Kommunales Suchthilfenetzwerk Breisgau-Hochschwarzwald<\/a> &gt;Sucht<\/li>\n<li><a href=\"https:\/\/www.freiburg-schwarzwald.de\/drogen#Online-Drogenberatung\">Online-Drogenberatung &#8211; Links<\/a><\/li>\n<\/ul>\n<table border=\"1\" width=\"100%\" cellspacing=\"0\" cellpadding=\"0\" bgcolor=\"#e8e8e8\">\n<tbody>\n<tr>\n<td width=\"100%\">\n<p align=\"center\"><span style=\"font-family: Arial; font-size: xx-small;\"><br \/>\nUN-Drogenbericht 27.6.2007:<br \/>\nSchlafmohngebiete in Afganistan erstreckten sich auf eine Fl\u00e4che von 104 000 Hektar. Diese Menge entspricht etwa der Weinanbaufl\u00e4che Deutschlands. Tendenz zunehmend.<\/span><\/p>\n<p>&#8222;Die h\u00e4rteste Droge ist ein klarer Kopf&#8220; (Frank Zappa)<\/td>\n<\/tr>\n<\/tbody>\n<\/table>\n<p>&nbsp;<\/p>\n<p>&nbsp;<\/p>\n<p>&nbsp;<\/p>\n<p><strong>Selbsthilfegruppe f\u00fcr Eltern von Suchtkranken<\/strong><\/p>\n<p>Die Selbsthilfegruppe f\u00fcr Eltern von suchtkranken oder suchtgef\u00e4hrdeten Jugendlichen\/jungen Erwachsenen trifft sich zwei Mal im Monat. Sie bietet betroffenen Eltern die M\u00f6glichkeit f\u00fcr ein offenes Gespr\u00e4ch, gegenseitige Unterst\u00fctzung und weiterf\u00fchrende Infos.<br \/>\nDie Gruppenabende finden jeden zweiten und vierten Montag des Monats von 20:00 bis 22:00 Uhr in den R\u00e4umen der AGJ , Fachverband f\u00fcr Pr\u00e4vention und Rehabilation in der Erzdi\u00f6zese Freiburg e.V. \u00a0Oberau 23, 79102 Freiburg statt.\u00a0Eine Voranmeldung ist nicht erforderlich. Tel\u00a00170\/ 1803640<\/p>\n<p><a href=\"https:\/\/www.elternselbsthilfe-sucht-freiburg.de\/\">https:\/\/www.elternselbsthilfe-sucht-freiburg.de\/\u00a0<\/a><\/p>\n","protected":false},"excerpt":{"rendered":"<p>Home &gt;Selbsthilfe &gt;Sucht &gt;AGJ-Freiburg &gt;Drogen Listenauswahl eines Beitrags (Artikel\/Datum, Seite\/Inhalt):\u00a0Klicken\u00a0oder scrollen Pro &amp; Contra: Soll Cannabis wieder verboten werden?\u00a0(8.10.2025) Hanfanbau und Cannabis\u00a0\u2013 neu (31.12.2021) https:\/\/www.freiburg-schwarzwald.de\/blog\/freiburg-sicher-freiburg-dumm\/ (27.11.2016) https:\/\/www.freiburg-schwarzwald.de\/blog\/abwasserproben-drogenkonsum\/\u00a0(27.5.2014) Aktuelle Infos zur Drogen-Seite ab 28.10.2008 &gt;Drogen2 Aktuelle Infos zur Drogen-Seite &gt;Drogen1 Drehscheibe &hellip; <a href=\"https:\/\/www.freiburg-schwarzwald.de\/blog\/selbsthilfe\/sucht\/drogen\/\">Weiterlesen <span class=\"meta-nav\">&rarr;<\/span><\/a><\/p>\n","protected":false},"author":2,"featured_media":0,"parent":1160,"menu_order":0,"comment_status":"open","ping_status":"closed","template":"","meta":{"footnotes":""},"class_list":["post-3470","page","type-page","status-publish","hentry"],"_links":{"self":[{"href":"https:\/\/www.freiburg-schwarzwald.de\/blog\/wp-json\/wp\/v2\/pages\/3470","targetHints":{"allow":["GET"]}}],"collection":[{"href":"https:\/\/www.freiburg-schwarzwald.de\/blog\/wp-json\/wp\/v2\/pages"}],"about":[{"href":"https:\/\/www.freiburg-schwarzwald.de\/blog\/wp-json\/wp\/v2\/types\/page"}],"author":[{"embeddable":true,"href":"https:\/\/www.freiburg-schwarzwald.de\/blog\/wp-json\/wp\/v2\/users\/2"}],"replies":[{"embeddable":true,"href":"https:\/\/www.freiburg-schwarzwald.de\/blog\/wp-json\/wp\/v2\/comments?post=3470"}],"version-history":[{"count":2,"href":"https:\/\/www.freiburg-schwarzwald.de\/blog\/wp-json\/wp\/v2\/pages\/3470\/revisions"}],"predecessor-version":[{"id":140028,"href":"https:\/\/www.freiburg-schwarzwald.de\/blog\/wp-json\/wp\/v2\/pages\/3470\/revisions\/140028"}],"up":[{"embeddable":true,"href":"https:\/\/www.freiburg-schwarzwald.de\/blog\/wp-json\/wp\/v2\/pages\/1160"}],"wp:attachment":[{"href":"https:\/\/www.freiburg-schwarzwald.de\/blog\/wp-json\/wp\/v2\/media?parent=3470"}],"curies":[{"name":"wp","href":"https:\/\/api.w.org\/{rel}","templated":true}]}}