{"id":34609,"date":"2013-07-12T20:51:17","date_gmt":"2013-07-12T18:51:17","guid":{"rendered":"https:\/\/www.freiburg-schwarzwald.de\/blog\/?page_id=34609"},"modified":"2025-08-23T21:25:38","modified_gmt":"2025-08-23T19:25:38","slug":"gastliches-freiburg","status":"publish","type":"page","link":"https:\/\/www.freiburg-schwarzwald.de\/blog\/tourismus\/gastliches-freiburg\/","title":{"rendered":"Gastliches-Freiburg"},"content":{"rendered":"<p>Home &gt;<a title=\"Tourismus\" href=\"https:\/\/www.freiburg-schwarzwald.de\/blog\/tourismus\/\">Tourismus<\/a> &gt;<a title=\"Freiburg\" href=\"https:\/\/www.freiburg-schwarzwald.de\/blog\/regio\/freiburg\/\">Freiburg<\/a> &gt;Gastliches Freiburg<\/p>\n<div id=\"attachment_35886\" style=\"width: 649px\" class=\"wp-caption alignnone\"><a href=\"https:\/\/www.freiburg-schwarzwald.de\/blog\/strandbad-tischtennis-krebshilfe\/strandbad5abendsonne-pan130804\/\" rel=\"attachment wp-att-35886\"><img loading=\"lazy\" decoding=\"async\" aria-describedby=\"caption-attachment-35886\" class=\"size-full wp-image-35886\" title=\"strandbad5abendsonne-pan130804\" src=\"https:\/\/www.freiburg-schwarzwald.de\/blog\/wp-content\/uploads\/2013\/07\/strandbad5abendsonne-pan130804.jpg\" alt=\"\" width=\"639\" height=\"279\" srcset=\"https:\/\/www.freiburg-schwarzwald.de\/blog\/wp-content\/uploads\/2013\/07\/strandbad5abendsonne-pan130804.jpg 639w, https:\/\/www.freiburg-schwarzwald.de\/blog\/wp-content\/uploads\/2013\/07\/strandbad5abendsonne-pan130804-180x78.jpg 180w\" sizes=\"auto, (max-width: 639px) 100vw, 639px\" \/><\/a><p id=\"caption-attachment-35886\" class=\"wp-caption-text\">Abendsonne um 20 Uhr genie\u00dfen auf der Bank im Freiburger Strandbad am 4.8.2013 &#8211; Blick nach Westen<\/p><\/div>\n<ul>\n<li><em>Listenauswahl eines Beitrags: Bitte\u00a0<span style=\"text-decoration: underline;\">anklicken<\/span>\u00a0oder runterscrollen<\/em><\/li>\n<li><a href=\"https:\/\/www.freiburg-schwarzwald.de\/blog\/regio\/freiburg\/freiburg-tourist\/\">www.visit-freiburg.de \u2013 neues Design<\/a>\u00a0(23.8.2025)<\/li>\n<li>Gastliche Freiburger des Jahres 2013: Peter D\u00f6rflinger und Wolfgang G\u00f6tz (12.7.2013)<\/li>\n<li><a href=\"https:\/\/www.freiburg-schwarzwald.de\/blog\/gastliches-freiburg-helmut-knosp-und-mundenhof\/\">https:\/\/www.freiburg-schwarzwald.de\/blog\/gastliches-freiburg-helmut-knosp-und-mundenhof\/<\/a>\u00a0(21.11.2012)<\/li>\n<li><\/li>\n<li>Gastliches Freiburg<\/li>\n<li><a href=\"https:\/\/www.freiburg-schwarzwald.de\/blog\/regio\/freiburg\/freiburg-tourist\/\">Tourist<\/a><\/li>\n<\/ul>\n<p>&nbsp;<\/p>\n<p>&nbsp;<\/p>\n<p><strong>Gastliche Freiburger des Jahres 2013: Peter D\u00f6rflinger und Wolfgang G\u00f6tz <\/strong><\/p>\n<p>Zwei Preistr\u00e4ger, politische Diskussionen und ein Gespr\u00e4ch mit dem obersten Stadtplaner: All das gab\u2019s bei der Jahreshauptversammlung von &#8222;Gastliches Freiburg&#8220;, dem Nachfolger des fr\u00fcheren Verkehrsvereins. Unter den 30 Mitgliedern, die auf Einladung der Vorsitzenden Martina Feierling-Rombach ins Hotel &#8222;Rappen&#8220; kamen, waren laut Verein viele Einzelh\u00e4ndler, Hoteliers und Gastwirte. Peter D\u00f6rflinger und Wolfgang G\u00f6tz wurden als &#8222;Gesichter des Augustinermuseums&#8220; zu den &#8222;Gastlichen Freiburgern des Jahres 2013&#8220; gek\u00fcrt.<\/p>\n<p><a href=\"https:\/\/www.freiburg-schwarzwald.de\/blog\/tourismus\/gastliches-freiburg\/gastliches-freiburg1307\/\" rel=\"attachment wp-att-34622\"><img loading=\"lazy\" decoding=\"async\" class=\"alignnone size-thumbnail wp-image-34622\" title=\"gastliches-freiburg1307\" src=\"https:\/\/www.freiburg-schwarzwald.de\/blog\/wp-content\/uploads\/2013\/07\/gastliches-freiburg1307-180x127.jpg\" alt=\"\" width=\"180\" height=\"127\" srcset=\"https:\/\/www.freiburg-schwarzwald.de\/blog\/wp-content\/uploads\/2013\/07\/gastliches-freiburg1307-180x127.jpg 180w, https:\/\/www.freiburg-schwarzwald.de\/blog\/wp-content\/uploads\/2013\/07\/gastliches-freiburg1307.jpg 570w\" sizes=\"auto, (max-width: 180px) 100vw, 180px\" \/><\/a><\/p>\n<p>Gastliche Freiburger 2013:\u00a0Peter D\u00f6rflinger und Wolfgang G\u00f6tz (Mitte),\u00a0Martina Feierling-Rombach<\/p>\n<p>&#8222;Das Augustinermuseum ist oft der Anlass und der erste Anlaufpunkt f\u00fcr viele G\u00e4ste von au\u00dferhalb&#8220;, so Martina Feierling-Rombach. Daher sei es besonders wichtig, dass die dort im Empfang T\u00e4tigen sich auch als &#8222;Botschafter des Museums und der Stadt&#8220; verst\u00fcnden, erl\u00e4uterte sie das zentrale Auswahlkriterium f\u00fcr die diesj\u00e4hrigen Preistr\u00e4ger: &#8222;Peter D\u00f6rflinger und Wolfgang G\u00f6tz k\u00fcmmern sich mit Charme und badischer Herzlichkeit um unsere G\u00e4ste und haben daher mit zur Erfolgsgeschichte des Augustinermuseums beigetragen.&#8220; Seit mehr als 30 Jahren ist Peter D\u00f6rflinger schon bei den st\u00e4dtischen Museen Freiburg, sein Kollege Wolfgang G\u00f6tz seit fast einem Vierteljahrhundert. Sie stehen im Foyer des Augustinermuseums hinter der neuen Empfangstheke f\u00fcr die Fragen der Besucher bereit. Museumsdirektor Tilman von Stockhausen bedankte sich im Namen seiner Mitarbeiter f\u00fcr die Ehrung, die laut &#8222;Gastliches Freiburg&#8220; ein St\u00fcck weit f\u00fcr das gesamte Team der st\u00e4dtischen Museen gedacht ist: &#8222;Wir Museen sehen uns als Teil des gastlichen Freiburgs. Dieser Preis ist auch eine gro\u00dfe Geste f\u00fcr die Kultur in unserer Stadt.&#8220; Gro\u00dfe Sorge hingegen, so teilt &#8222;Gastliches Freiburg&#8220; mit, machten den Mitglieder einige der j\u00fcngsten kommunalpolitischen Entscheidungen. Fast einhellig auf Ablehnung sto\u00dfe etwa die von der Stadt geplante Bettensteuer. &#8222;Wie sollen wir denn einem Professor aus Fernost klar machen, dass er sich den dienstlichen Zweck seiner Reise vom Arbeitgeber best\u00e4tigen lassen muss?&#8220;, habe die Gesch\u00e4ftsf\u00fchrerin eines Hotels gefragt. Kritik gab es auch daran, dass k\u00fcnftig der Gemeindevollzugsdienst die Umweltplaketten der Autos kontrollieren solle und dass der Gemeinderat einen Kommunalen Ordnungsdienstes bislang mehrheitlich ablehnt. Weiteres \u00c4rgernis sei die f\u00fcr 2014 geplante mehrmonatige Sperrung des Stadtbahnverkehrs \u00fcber den Bertoldsbrunnen wegen notwendiger Gleisarbeiten. &#8222;Nur wenn die Stadt hier flankierende Ma\u00dfnahmen koordiniert, \u00e4hnlich wie bei der Sanierung der Habsburger Stra\u00dfe, werden sich die Verluste von Handel und Gewerbe in der Innenstadt in Grenzen halten&#8220;, so Martina Feierling-Rombach \u00fcberzeugt. Roland Jerusalem, seit einem Jahr oberster Stadtplaner in Freiburg, erl\u00e4uterte der Versammlung seine Vorstellungen einer langfristig orientierten Stadtplanung. Eine Diskussion schloss sich an.<br \/>\n12.7.2013,<\/p>\n<p>&nbsp;<\/p>\n<p><strong>Gastliches Freiburg<\/strong><\/p>\n<p>Gastliches Freiburg e.V. (vormals Verkehrsverein),<br \/>\nVereinsvorsitzende Martina Feierling-Rombach<br \/>\nGerberau 46, Tel 0761\/24348-24,<br \/>\n<a title=\"\" href=\"mailto:info@gastliches-freiburg.de\" target=\"_blank\" rel=\"noopener\">info@gastliches-freiburg.de<\/a>, <a title=\"\" href=\"https:\/\/www.gastliches-freiburg.de\/\" target=\"_blank\" rel=\"noopener\">https:\/\/www.gastliches-freiburg.de<\/a><\/p>\n<p>&nbsp;<\/p>\n","protected":false},"excerpt":{"rendered":"<p>Home &gt;Tourismus &gt;Freiburg &gt;Gastliches Freiburg Listenauswahl eines Beitrags: Bitte\u00a0anklicken\u00a0oder runterscrollen www.visit-freiburg.de \u2013 neues Design\u00a0(23.8.2025) Gastliche Freiburger des Jahres 2013: Peter D\u00f6rflinger und Wolfgang G\u00f6tz (12.7.2013) https:\/\/www.freiburg-schwarzwald.de\/blog\/gastliches-freiburg-helmut-knosp-und-mundenhof\/\u00a0(21.11.2012) Gastliches Freiburg Tourist &nbsp; &nbsp; Gastliche Freiburger des Jahres 2013: Peter D\u00f6rflinger und Wolfgang &hellip; <a href=\"https:\/\/www.freiburg-schwarzwald.de\/blog\/tourismus\/gastliches-freiburg\/\">Weiterlesen <span class=\"meta-nav\">&rarr;<\/span><\/a><\/p>\n","protected":false},"author":4,"featured_media":0,"parent":44,"menu_order":0,"comment_status":"open","ping_status":"closed","template":"","meta":{"footnotes":""},"class_list":["post-34609","page","type-page","status-publish","hentry"],"_links":{"self":[{"href":"https:\/\/www.freiburg-schwarzwald.de\/blog\/wp-json\/wp\/v2\/pages\/34609","targetHints":{"allow":["GET"]}}],"collection":[{"href":"https:\/\/www.freiburg-schwarzwald.de\/blog\/wp-json\/wp\/v2\/pages"}],"about":[{"href":"https:\/\/www.freiburg-schwarzwald.de\/blog\/wp-json\/wp\/v2\/types\/page"}],"author":[{"embeddable":true,"href":"https:\/\/www.freiburg-schwarzwald.de\/blog\/wp-json\/wp\/v2\/users\/4"}],"replies":[{"embeddable":true,"href":"https:\/\/www.freiburg-schwarzwald.de\/blog\/wp-json\/wp\/v2\/comments?post=34609"}],"version-history":[{"count":1,"href":"https:\/\/www.freiburg-schwarzwald.de\/blog\/wp-json\/wp\/v2\/pages\/34609\/revisions"}],"predecessor-version":[{"id":138219,"href":"https:\/\/www.freiburg-schwarzwald.de\/blog\/wp-json\/wp\/v2\/pages\/34609\/revisions\/138219"}],"up":[{"embeddable":true,"href":"https:\/\/www.freiburg-schwarzwald.de\/blog\/wp-json\/wp\/v2\/pages\/44"}],"wp:attachment":[{"href":"https:\/\/www.freiburg-schwarzwald.de\/blog\/wp-json\/wp\/v2\/media?parent=34609"}],"curies":[{"name":"wp","href":"https:\/\/api.w.org\/{rel}","templated":true}]}}

<p>Home &gt;<a title="Tourismus" href="https://www.freiburg-schwarzwald.de/blog/tourismus/">Tourismus</a> &gt;<a title="Freiburg" href="https://www.freiburg-schwarzwald.de/blog/regio/freiburg/">Freiburg</a> &gt;Gastliches Freiburg</p>
<div id="attachment_35886" style="width: 649px" class="wp-caption alignnone"><a href="https://www.freiburg-schwarzwald.de/blog/strandbad-tischtennis-krebshilfe/strandbad5abendsonne-pan130804/" rel="attachment wp-att-35886"><img loading="lazy" decoding="async" aria-describedby="caption-attachment-35886" class="size-full wp-image-35886" title="strandbad5abendsonne-pan130804" src="https://www.freiburg-schwarzwald.de/blog/wp-content/uploads/2013/07/strandbad5abendsonne-pan130804.jpg" alt="" width="639" height="279" srcset="https://www.freiburg-schwarzwald.de/blog/wp-content/uploads/2013/07/strandbad5abendsonne-pan130804.jpg 639w, https://www.freiburg-schwarzwald.de/blog/wp-content/uploads/2013/07/strandbad5abendsonne-pan130804-180x78.jpg 180w" sizes="auto, (max-width: 639px) 100vw, 639px" /></a><p id="caption-attachment-35886" class="wp-caption-text">Abendsonne um 20 Uhr genießen auf der Bank im Freiburger Strandbad am 4.8.2013 &#8211; Blick nach Westen</p></div>
<ul>
<li><em>Listenauswahl eines Beitrags: Bitte <span style="text-decoration: underline;">anklicken</span> oder runterscrollen</em></li>
<li><a href="https://www.freiburg-schwarzwald.de/blog/regio/freiburg/freiburg-tourist/">www.visit-freiburg.de – neues Design</a> (23.8.2025)</li>
<li>Gastliche Freiburger des Jahres 2013: Peter Dörflinger und Wolfgang Götz (12.7.2013)</li>
<li><a href="https://www.freiburg-schwarzwald.de/blog/gastliches-freiburg-helmut-knosp-und-mundenhof/">https://www.freiburg-schwarzwald.de/blog/gastliches-freiburg-helmut-knosp-und-mundenhof/</a> (21.11.2012)</li>
<li></li>
<li>Gastliches Freiburg</li>
<li><a href="https://www.freiburg-schwarzwald.de/blog/regio/freiburg/freiburg-tourist/">Tourist</a></li>
</ul>
<p>&nbsp;</p>
<p>&nbsp;</p>
<p><strong>Gastliche Freiburger des Jahres 2013: Peter Dörflinger und Wolfgang Götz </strong></p>
<p>Zwei Preisträger, politische Diskussionen und ein Gespräch mit dem obersten Stadtplaner: All das gab’s bei der Jahreshauptversammlung von &#8222;Gastliches Freiburg&#8220;, dem Nachfolger des früheren Verkehrsvereins. Unter den 30 Mitgliedern, die auf Einladung der Vorsitzenden Martina Feierling-Rombach ins Hotel &#8222;Rappen&#8220; kamen, waren laut Verein viele Einzelhändler, Hoteliers und Gastwirte. Peter Dörflinger und Wolfgang Götz wurden als &#8222;Gesichter des Augustinermuseums&#8220; zu den &#8222;Gastlichen Freiburgern des Jahres 2013&#8220; gekürt.</p>
<p><a href="https://www.freiburg-schwarzwald.de/blog/tourismus/gastliches-freiburg/gastliches-freiburg1307/" rel="attachment wp-att-34622"><img loading="lazy" decoding="async" class="alignnone size-thumbnail wp-image-34622" title="gastliches-freiburg1307" src="https://www.freiburg-schwarzwald.de/blog/wp-content/uploads/2013/07/gastliches-freiburg1307-180x127.jpg" alt="" width="180" height="127" srcset="https://www.freiburg-schwarzwald.de/blog/wp-content/uploads/2013/07/gastliches-freiburg1307-180x127.jpg 180w, https://www.freiburg-schwarzwald.de/blog/wp-content/uploads/2013/07/gastliches-freiburg1307.jpg 570w" sizes="auto, (max-width: 180px) 100vw, 180px" /></a></p>
<p>Gastliche Freiburger 2013: Peter Dörflinger und Wolfgang Götz (Mitte), Martina Feierling-Rombach</p>
<p>&#8222;Das Augustinermuseum ist oft der Anlass und der erste Anlaufpunkt für viele Gäste von außerhalb&#8220;, so Martina Feierling-Rombach. Daher sei es besonders wichtig, dass die dort im Empfang Tätigen sich auch als &#8222;Botschafter des Museums und der Stadt&#8220; verstünden, erläuterte sie das zentrale Auswahlkriterium für die diesjährigen Preisträger: &#8222;Peter Dörflinger und Wolfgang Götz kümmern sich mit Charme und badischer Herzlichkeit um unsere Gäste und haben daher mit zur Erfolgsgeschichte des Augustinermuseums beigetragen.&#8220; Seit mehr als 30 Jahren ist Peter Dörflinger schon bei den städtischen Museen Freiburg, sein Kollege Wolfgang Götz seit fast einem Vierteljahrhundert. Sie stehen im Foyer des Augustinermuseums hinter der neuen Empfangstheke für die Fragen der Besucher bereit. Museumsdirektor Tilman von Stockhausen bedankte sich im Namen seiner Mitarbeiter für die Ehrung, die laut &#8222;Gastliches Freiburg&#8220; ein Stück weit für das gesamte Team der städtischen Museen gedacht ist: &#8222;Wir Museen sehen uns als Teil des gastlichen Freiburgs. Dieser Preis ist auch eine große Geste für die Kultur in unserer Stadt.&#8220; Große Sorge hingegen, so teilt &#8222;Gastliches Freiburg&#8220; mit, machten den Mitglieder einige der jüngsten kommunalpolitischen Entscheidungen. Fast einhellig auf Ablehnung stoße etwa die von der Stadt geplante Bettensteuer. &#8222;Wie sollen wir denn einem Professor aus Fernost klar machen, dass er sich den dienstlichen Zweck seiner Reise vom Arbeitgeber bestätigen lassen muss?&#8220;, habe die Geschäftsführerin eines Hotels gefragt. Kritik gab es auch daran, dass künftig der Gemeindevollzugsdienst die Umweltplaketten der Autos kontrollieren solle und dass der Gemeinderat einen Kommunalen Ordnungsdienstes bislang mehrheitlich ablehnt. Weiteres Ärgernis sei die für 2014 geplante mehrmonatige Sperrung des Stadtbahnverkehrs über den Bertoldsbrunnen wegen notwendiger Gleisarbeiten. &#8222;Nur wenn die Stadt hier flankierende Maßnahmen koordiniert, ähnlich wie bei der Sanierung der Habsburger Straße, werden sich die Verluste von Handel und Gewerbe in der Innenstadt in Grenzen halten&#8220;, so Martina Feierling-Rombach überzeugt. Roland Jerusalem, seit einem Jahr oberster Stadtplaner in Freiburg, erläuterte der Versammlung seine Vorstellungen einer langfristig orientierten Stadtplanung. Eine Diskussion schloss sich an.<br />
12.7.2013,</p>
<p>&nbsp;</p>
<p><strong>Gastliches Freiburg</strong></p>
<p>Gastliches Freiburg e.V. (vormals Verkehrsverein),<br />
Vereinsvorsitzende Martina Feierling-Rombach<br />
Gerberau 46, Tel 0761/24348-24,<br />
<a title="" href="mailto:info@gastliches-freiburg.de" target="_blank" rel="noopener">info@gastliches-freiburg.de</a>, <a title="" href="https://www.gastliches-freiburg.de/" target="_blank" rel="noopener">https://www.gastliches-freiburg.de</a></p>
<p>&nbsp;</p>

<p>Home &gt;Tourismus &gt;Freiburg &gt;Gastliches Freiburg Listenauswahl eines Beitrags: Bitte anklicken oder runterscrollen www.visit-freiburg.de – neues Design (23.8.2025) Gastliche Freiburger des Jahres 2013: Peter Dörflinger und Wolfgang Götz (12.7.2013) https://www.freiburg-schwarzwald.de/blog/gastliches-freiburg-helmut-knosp-und-mundenhof/ (21.11.2012) Gastliches Freiburg Tourist &nbsp; &nbsp; Gastliche Freiburger des Jahres 2013: Peter Dörflinger und Wolfgang &hellip; <a href="https://www.freiburg-schwarzwald.de/blog/tourismus/gastliches-freiburg/">Weiterlesen <span class="meta-nav">&rarr;</span></a></p>
