{"id":34263,"date":"2013-07-08T14:15:42","date_gmt":"2013-07-08T12:15:42","guid":{"rendered":"https:\/\/www.freiburg-schwarzwald.de\/blog\/?page_id=34263"},"modified":"2020-07-29T14:28:59","modified_gmt":"2020-07-29T12:28:59","slug":"roessle-dietenbach","status":"publish","type":"page","link":"https:\/\/www.freiburg-schwarzwald.de\/blog\/tourismus\/gastro\/gasthaus\/roessle-dietenbach\/","title":{"rendered":"Roessle-Dietenbach"},"content":{"rendered":"<p><a title=\"Orte\" href=\"https:\/\/www.freiburg-schwarzwald.de\/blog\/\">Home<\/a> &gt;<a title=\"Tourismus\" href=\"https:\/\/www.freiburg-schwarzwald.de\/blog\/tourismus\/\">Tourismus<\/a> &gt;<a title=\"Gastro\" href=\"https:\/\/www.freiburg-schwarzwald.de\/blog\/tourismus\/gastro\/\">Gastro<\/a> &gt;<a title=\"Gastro\" href=\"https:\/\/www.freiburg-schwarzwald.de\/blog\/tourismus\/gastro\/\">Gasthaus<\/a>\u00a0&gt;Roessle-Dietenbach<\/p>\n<div id=\"attachment_16780\" style=\"width: 625px\" class=\"wp-caption alignnone\"><a href=\"https:\/\/www.freiburg-schwarzwald.de\/blog\/regio\/orte\/kirchzarten\/dietenbach\/dietenbach3pan-090501\/\" rel=\"attachment wp-att-16780\"><img loading=\"lazy\" decoding=\"async\" aria-describedby=\"caption-attachment-16780\" class=\"size-full wp-image-16780\" title=\"dietenbach3pan-090501\" src=\"https:\/\/www.freiburg-schwarzwald.de\/blog\/wp-content\/uploads\/2012\/12\/dietenbach3pan-090501.jpg\" alt=\"\" width=\"615\" height=\"259\" srcset=\"https:\/\/www.freiburg-schwarzwald.de\/blog\/wp-content\/uploads\/2012\/12\/dietenbach3pan-090501.jpg 615w, https:\/\/www.freiburg-schwarzwald.de\/blog\/wp-content\/uploads\/2012\/12\/dietenbach3pan-090501-180x75.jpg 180w\" sizes=\"auto, (max-width: 615px) 100vw, 615px\" \/><\/a><p id=\"caption-attachment-16780\" class=\"wp-caption-text\">Blick vom R\u00f6ssle nach S\u00fcden ins Dietenbach am 1.Mai 2009 &#8211; oben links die Anh\u00f6he Immi<\/p><\/div>\n<p>&nbsp;<\/p>\n<ul>\n<li>Gasthaus zum R\u00f6ssle in Kirchzarten-Dietenbach wieder ge\u00f6ffnet (29.7.2020)<\/li>\n<li><a href=\"https:\/\/www.freiburg-schwarzwald.de\/biken1.htm#Dreisamtal-Rundtour mit dem Fahrrad\">Dreisamtal-Randwanderweg<\/a><\/li>\n<li><a href=\"https:\/\/www.freiburg-schwarzwald.de\/littenweiler\/wegekreuze14.htm#Kreuzes am Gasthaus R\u00f6\u00dfle in Dietenbach\">Kreuz wieder errichtet<\/a><\/li>\n<li>Wieder auf: Gasthof zum R\u00f6ssle \u2013 Die Insel im Dreisamtal &gt;Dietenbach1 (12.6.2009)<\/li>\n<li><a href=\"https:\/\/www.freiburg-schwarzwald.de\/hinterzarten-holland2006.htm#Fu\u00dfball-WM - Holl\u00e4nder im R\u00f6ssle in Kirchzarten-Dietenbach\">Fu\u00dfball-WM &#8211; Holl\u00e4nder im R\u00f6ssle in Kirchzarten-Dietenbach<\/a> &gt;Hinterzarten-Holand2005 (10.11.2005)<\/li>\n<li><a href=\"https:\/\/www.freiburg-schwarzwald.de\/littenweiler\/behinderung1.htm#Hippotherapie der Janusz-Korczak-Schule in Dietenbach\">Hippotherapie der Janusz-Korczak-Schule in Dietenbach<\/a> &gt;Behinderung1 (27.10.2005)<\/li>\n<li><a href=\"https:\/\/www.freiburg-schwarzwald.de\/littenweiler\/kirchzarten3.htm#Stromversorgung Kirchzarten 100 Jahre\">Stromversorgung Kirchzarten 100 Jahre<\/a> &gt;Kirchzarten3 (18.7.2005)<\/li>\n<li><\/li>\n<li>Zum R\u00f6ssle &#8211; Landgasthof in Kirchzarten-Dietenbach<\/li>\n<li><a href=\"https:\/\/www.freiburg-schwarzwald.de\/littenweiler\/gasthaus.htm#R\u00f6ssle-Kirchz\">https:\/\/www.freiburg-schwarzwald.de\/littenweiler\/gasthaus.htm#R\u00f6ssle-Kirchz<\/a>\u00a0&gt;Archivseite R\u00f6ssle<\/li>\n<li><a title=\"Dietenbach\" href=\"https:\/\/www.freiburg-schwarzwald.de\/blog\/regio\/orte\/kirchzarten\/dietenbach\/\">Dietenbach<\/a><\/li>\n<li><a title=\"Geroldstal\" href=\"https:\/\/www.freiburg-schwarzwald.de\/blog\/regio\/orte\/oberried\/geroldstal\/\">Geroldstal<\/a><\/li>\n<li><a title=\"Immi\" href=\"https:\/\/www.freiburg-schwarzwald.de\/blog\/regio\/orte\/kirchzarten\/immi\/\">Immi<\/a><\/li>\n<\/ul>\n<p>&nbsp;<\/p>\n<p><strong>Gasthaus zum R\u00f6ssle in Kirchzarten-Dietenbach wieder ge\u00f6ffnet<\/strong><br \/>\nDas \u201eGasthaus zum R\u00f6ssle\u201c war \u00fcber Jahrzehnte eine besondere Adresse f\u00fcr Feinschmecker, beispielsweise zu Zeiten von Rosemarie Treibswetter, die jetzt mit ihrem Mann Bernd Lutz die \u201eSternen-Post\u201c in Oberried betreibt oder danach durch die Familien Seltz und sp\u00e4ter Franke. Nach einj\u00e4hrigem Leerstand und dem Umbau der Hotelzimmer zu Wohnungen haben nun Sarah Gaspers, Samuel Probst und Gabriel Probst das R\u00f6ssle \u00fcbernommen und bewirten bereits seit einigen Tagen im Biergarten unter den Apfelb\u00e4umen. Mit ihnen sind Freunde und Familien eingezogen, mit denen die drei ein besonderes Mehrgenerationenprojekt verwirklichen wollen. Gabriel Probst blickt auf 20 Jahre als Koch in verschiedenen K\u00fcchen zur\u00fcck. Auch Samuel hat K\u00fcchenerfahrungen, arbeitet aber seit zehn Jahren als IT-Manager.<br \/>\nEr f\u00fchlt sich im neuen Projekt besonders f\u00fcr Planung, Organisation und Aufbau verantwortlich. Seine Ehefrau Sarah Gaspers ist ausgebildete Konditorin und hat viel Zeit im Gastro- und Hotelbereich gearbeitet. Beide haben drei Kinder, f\u00fcr die sie das Gel\u00e4nde am R\u00f6ssle als kleines Paradies erleben. Sarah freut sich \u00fcber das \u201eGeschenk, uns hier mit den anderen als Gemeinschaft auszuprobieren\u201c. Die noch kleine Speisekarte bietet neben buntem Salat \u201eGebackene Pilze mit Kr\u00e4uter-Dip und SalatBouquet\u201c, \u201eFlammk\u00fcchle F\u00f6rster oder Gaia (mit Gem\u00fcsestreifen, Pilzen und SonnenblumenkernPesto)\u201c oder einen \u201eKartoff elteller mit R\u00f6stkartoff eln, Dips und Salat\u201c.<br \/>\n.<br \/>\nT\u00e4glich gibt es f\u00fcr 12,50 Euro ein Tagesmen\u00fc wie z.B. \u201ePakoraGem\u00fcsespie\u00dfe auf Linsenragout und Reis\u201c, dazu Salat und ein Erfrischungsgetr\u00e4nk. Das Bier kommt aus Waldhaus, der Wein aus dem Markgr\u00e4fl erland. Wichtig ist den neuen Wirtsleuten, dass sie regional, biologisch, nachhaltig und saisonal kochen \u2013 vegetarisch scheint eine ihrer Vorlieben zu sein. In die Bruggastube, die noch renoviert wird, soll auch bald wieder Leben einziehen mit Kunstausstellungen, Seminaren, Filmvorf\u00fchrungen oder Kinderprogramm. \u201eWir w\u00fcnschen uns gerne lokale Stammtische\u201c, hoff t Samuel Probst. \u201eHier k\u00f6nnen nat\u00fcrlich auch wieder Familienfeiern oder Musikveranstaltungen stattfinden.\u201c Und Gabriel Probst erg\u00e4nzt: \u201eBei uns wird sich auch die gemeinn\u00fctzige Erdbewegung e.V. treffen, um sich f\u00fcr Projekte der Nachhaltigkeit stark zu machen.\u201c<br \/>\nDie \u00d6ffnungszeiten sind aktuell am Mittwoch und Donnerstag von 12 bis 15 Uhr, Freitag von 12 bis 18 Uhr und Samstag und Sonntag von 12 bis 20 Uhr. Montag und Dienstag ist Ruhetag.<br \/>\n29.7.2020, Gerhard L\u00fcck, <a href=\"https:\/\/www.dreisamtaeler.de\">https:\/\/www.dreisamtaeler.de<\/a><\/p>\n<p>&nbsp;<\/p>\n<p>&nbsp;<\/p>\n<p><strong>Zum R\u00f6ssle &#8211; Landgasthof in Kirchzarten-Dietenbach<\/strong><\/p>\n<p><span style=\"font-family: Arial; font-size: x-small;\">&#8222;<\/span>Unweit der zauberhaften Stadt Freiburg wird unser Landgasthof zum R\u00f6ssle umrahmt vom rauschenden B\u00e4chlein Brugga, tiefem Tannengr\u00fcn und von duftenden Wiesen&#8230; Ruhe, die nur Vogelgesang zul\u00e4sst&#8230;&#8220;<br \/>\nFr\u00fcher: Hofgut Kernenm\u00fchle in Dietenbach.<\/p>\n<p>Landgasthof zum R\u00f6ssle, Dietenbach 1, D -79199 Kirchzarten-Dietenbach, Tel 07661-2240<br \/>\n<a href=\"https:\/\/www.zumroessle.de\/\">www.zumRoessle.de<\/a><\/p>\n<p>&nbsp;<\/p>\n<p><a href=\"https:\/\/www.freiburg-schwarzwald.de\/blog\/tourismus\/gastro\/gasthaus\/roessle-dietenbach\/roessle1dietenbach130703\/\" rel=\"attachment wp-att-34264\"><img loading=\"lazy\" decoding=\"async\" class=\"alignnone size-thumbnail wp-image-34264\" title=\"roessle1dietenbach130703\" src=\"https:\/\/www.freiburg-schwarzwald.de\/blog\/wp-content\/uploads\/2013\/07\/roessle1dietenbach130703-180x135.jpg\" alt=\"\" width=\"180\" height=\"135\" srcset=\"https:\/\/www.freiburg-schwarzwald.de\/blog\/wp-content\/uploads\/2013\/07\/roessle1dietenbach130703-180x135.jpg 180w, https:\/\/www.freiburg-schwarzwald.de\/blog\/wp-content\/uploads\/2013\/07\/roessle1dietenbach130703.jpg 640w\" sizes=\"auto, (max-width: 180px) 100vw, 180px\" \/><\/a>\u00a0\u00a0\u00a0\u00a0\u00a0\u00a0\u00a0\u00a0\u00a0 <a href=\"https:\/\/www.freiburg-schwarzwald.de\/blog\/tourismus\/gastro\/gasthaus\/roessle-dietenbach\/roessle2dietenbach130703\/\" rel=\"attachment wp-att-34265\"><img loading=\"lazy\" decoding=\"async\" class=\"alignnone size-thumbnail wp-image-34265\" title=\"roessle2dietenbach130703\" src=\"https:\/\/www.freiburg-schwarzwald.de\/blog\/wp-content\/uploads\/2013\/07\/roessle2dietenbach130703-135x180.jpg\" alt=\"\" width=\"135\" height=\"180\" srcset=\"https:\/\/www.freiburg-schwarzwald.de\/blog\/wp-content\/uploads\/2013\/07\/roessle2dietenbach130703-135x180.jpg 135w, https:\/\/www.freiburg-schwarzwald.de\/blog\/wp-content\/uploads\/2013\/07\/roessle2dietenbach130703.jpg 480w\" sizes=\"auto, (max-width: 135px) 100vw, 135px\" \/><\/a>\u00a0\u00a0\u00a0\u00a0\u00a0\u00a0\u00a0\u00a0\u00a0\u00a0\u00a0\u00a0\u00a0\u00a0\u00a0\u00a0\u00a0\u00a0\u00a0 <img loading=\"lazy\" decoding=\"async\" class=\"alignnone size-thumbnail wp-image-34266\" title=\"roessle3dietenbach130703\" src=\"https:\/\/www.freiburg-schwarzwald.de\/blog\/wp-content\/uploads\/2013\/07\/roessle3dietenbach130703-135x180.jpg\" alt=\"\" width=\"135\" height=\"180\" srcset=\"https:\/\/www.freiburg-schwarzwald.de\/blog\/wp-content\/uploads\/2013\/07\/roessle3dietenbach130703-135x180.jpg 135w, https:\/\/www.freiburg-schwarzwald.de\/blog\/wp-content\/uploads\/2013\/07\/roessle3dietenbach130703.jpg 480w\" sizes=\"auto, (max-width: 135px) 100vw, 135px\" \/><br \/>\n(1) Wirtshausgarten am 3.7.2013\u00a0\u00a0\u00a0\u00a0\u00a0\u00a0\u00a0\u00a0\u00a0 (2) Die alte Linde<\/p>\n<p><a href=\"https:\/\/www.freiburg-schwarzwald.de\/blog\/tourismus\/gastro\/gasthaus\/roessle-dietenbach\/roessle4dietenbach130703\/\" rel=\"attachment wp-att-34267\"><img loading=\"lazy\" decoding=\"async\" class=\"alignnone size-thumbnail wp-image-34267\" title=\"roessle4dietenbach130703\" src=\"https:\/\/www.freiburg-schwarzwald.de\/blog\/wp-content\/uploads\/2013\/07\/roessle4dietenbach130703-180x136.jpg\" alt=\"\" width=\"180\" height=\"136\" srcset=\"https:\/\/www.freiburg-schwarzwald.de\/blog\/wp-content\/uploads\/2013\/07\/roessle4dietenbach130703-180x136.jpg 180w, https:\/\/www.freiburg-schwarzwald.de\/blog\/wp-content\/uploads\/2013\/07\/roessle4dietenbach130703.jpg 640w\" sizes=\"auto, (max-width: 180px) 100vw, 180px\" \/><\/a>\u00a0\u00a0\u00a0\u00a0\u00a0\u00a0\u00a0\u00a0\u00a0 <a href=\"https:\/\/www.freiburg-schwarzwald.de\/blog\/tourismus\/gastro\/gasthaus\/roessle-dietenbach\/roessle5dietenbach130703\/\" rel=\"attachment wp-att-34268\"><img loading=\"lazy\" decoding=\"async\" class=\"alignnone size-thumbnail wp-image-34268\" title=\"roessle5dietenbach130703\" src=\"https:\/\/www.freiburg-schwarzwald.de\/blog\/wp-content\/uploads\/2013\/07\/roessle5dietenbach130703-135x180.jpg\" alt=\"\" width=\"135\" height=\"180\" srcset=\"https:\/\/www.freiburg-schwarzwald.de\/blog\/wp-content\/uploads\/2013\/07\/roessle5dietenbach130703-135x180.jpg 135w, https:\/\/www.freiburg-schwarzwald.de\/blog\/wp-content\/uploads\/2013\/07\/roessle5dietenbach130703.jpg 480w\" sizes=\"auto, (max-width: 135px) 100vw, 135px\" \/><\/a><br \/>\n(4) Blick nordw\u00e4rts 3.7.2013<\/p>\n<p>&nbsp;<\/p>\n<p>&nbsp;<\/p>\n<p><strong>Wieder auf: Gasthof zum R\u00f6ssle \u2013 Die Insel im Dreisamtal<\/strong><\/p>\n<p>F\u00fcr Patrick Franke und Vera Pallano erf\u00fcllt sich ein lang gehegter Wunsch \u2013 Reiche Erfahrung in der Schweiz gesammelt<\/p>\n<p>Die Lage ist einmalig. Direkt am Landschaftsschutzgebiet zwischen Schauinsland und Dreisamtal gelegen, erm\u00f6glicht der <a href=\"https:\/\/www.freiburg-schwarzwald.de\/littenweiler\/gasthaus.htm#R\u00f6ssle-Kirchz\">\u201eGasthof zum R\u00f6ssle\u201c in Dietenbach<\/a> engagierten und kreativen Wirtsleuten reiche M\u00f6glichkeiten der gastronomischen Entfaltung. Von November 2008 bis Mai 2009 blieben die nach dem Auszug der Familie Seltz, deren Pachtvertrag ausgelaufen war, ungenutzt. F\u00fcr den Inhaber Rainer M\u00fclbert war es nicht einfach, einen geeigneten neuen P\u00e4chter zu finden. Die Wirtschaftskrise schreckte manchen interessierten Gastronomen vor einer Selbst\u00e4ndigkeit ab. Hinzu kam, dass M\u00fclbert als \u201eSchwarzw\u00e4lder Urgestein\u201c \u2013 seine Leidenschaft widmet das fr\u00fchere Todtnauer Skiass der badischen Gastronomie, dem Filmemachen und der Kunst \u2013 seine eigene Philosophie vom \u201eGasthaus zum R\u00f6ssle \u2013 Der Insel im Dreisamtal\u201c hatte.<br \/>\nSchlie\u00dflich blickt das denkmalgesch\u00fctzte Gasthaus an der Brugga auf eine lange Geschichte zur\u00fcck. 1751 wurde es erstmals als \u201eKernenm\u00fchle\u201c erw\u00e4hnt und machte Geschichte, als dort 1905 Kirchzartens erstes Elektrizit\u00e4tswerk eingerichtet wurde. 1952 erteilte die Gemeinde dann erstmals eine Konzession f\u00fcr den \u201eGasthof zum R\u00f6ssle\u201c. Im Jahre 1983 erweckten Rainer M\u00fclbert und Partner Josef Diehl das ruhende \u201eR\u00f6ssle\u201c aus dem Dornr\u00f6schenschlaf, renovierten es liebevoll und fanden engagierte P\u00e4chter als Wirtsleute. Und nach der \u201eZwangspause\u201c von einem halben Jahr ist nun wieder Leben ins \u201eGasthaus zum R\u00f6ssle\u201c eingekehrt. Die Ruhepause nutzte der Besitzer zur gr\u00fcndlichen Renovierung der Gastr\u00e4ume. Das Dach wurde komplett isoliert und die K\u00fcche erhielt einen neuen Fu\u00dfboden. Das sind nun beste Voraussetzungen f\u00fcr das neue Wirtsleutepaar: Patrick Franke, gelernter Koch und K\u00fcchenmeister, und seine Partnerin Vera Pallano, Gastronomiefachfrau und erfahrene Restaurantleiterin. Er kommt aus dem Schw\u00e4bischen und sie aus Genua, wo sie in einer Gastronomiefamilie gro\u00df wurde und so alle Vorz\u00fcge s\u00fcdl\u00e4ndischen Umgangs mit G\u00e4sten mitbringt. Die letzten acht Jahre lebten und arbeiteten beide in der Schweiz \u2013 zun\u00e4chst einige Jahre in Saas Fee und zuletzt zwei Jahre am Luganer See im Tessin. Mit dem \u201eR\u00f6ssle\u201c hoffen beide, eine Restauration gefunden zu haben, die zu ihnen passt und die in einer wundersch\u00f6nen Landschaft liegt. Sie selbst verstehen sich als \u201ejunges, modernes Wirtspaar, das f\u00fcr die eigenen W\u00fcnsche des Gastes offen ist\u201c. Sie wollen \u2013 ganz im Sinne von Rainer M\u00fclbert \u2013 Ruhe und Entspannung bieten, \u201eEntschleunigung soll Kreativit\u00e4t durch Inspiration\u201c erm\u00f6glichen. Vier Wochen lang haben Vera Pallano und Patrick Franke nun mit der gro\u00dfen Unterst\u00fctzung von Eltern und Verwandten \u201eihr R\u00f6ssle\u201c hergerichtet. Jetzt hoffen sie, dass an allen Wochentagen au\u00dfer dem Ruhetag am Mittwoch viele G\u00e4ste ihre vielf\u00e4ltigen Speise- und Getr\u00e4nkeangebote mit dem Anspruch \u201eregional, saisonal, mediterran\u201c annehmen. Von 12 bis 14 von 18 bis 22 Uhr gibt es Angebote aus der \u201egr\u00f6\u00dferen Karte\u201c mit so leckeren Sachen wie \u201eMatjestatar auf Pumpernickel und Gurken\u201c, \u201eSpargelcremesuppe mit Rohschinkenchips\u201c, \u201eHausgemachte Ziegenfrischk\u00e4se-Ravioli auf kandierten Kirschtomaten und Pinienkernen\u201c, \u201eSchw\u00e4bischer Zwiebelrostbraten mit Br\u00e4gele oder Sp\u00e4tzle\u201c oder \u201eIn Oliven\u00f6l gegarter Seeteufel mit mediterranem Kartoffelp\u00fcree und jungem Spinat\u201c sowie \u201eSchokoladen-Creme Brul\u00e9e mit marinierten Erdbeeren\u201c \u2013 usw., usw. \u2026 Mit der jeweiligen \u201eTagesempfehlung\u201c will Patrick Franke immer aktuelle Highlights setzen. Klar, dass eine ausgew\u00e4hlte Karte badischer und ausl\u00e4ndischer Weine das Angebot abrundet.<\/p>\n<p>Neu im R\u00f6ssle ist eine eigene Karte f\u00fcr die Terrasse mit vielen leckeren Kleinigkeiten und vor allem mit Kuchen und Kaffee. Das wird besonders die vielen Radler und Spazierg\u00e4nger auf dem Dreisamtalradweg, der direkt von Oberried kommend am Haus vorbei f\u00fchrt, erfreuen. Gerne \u00fcbernachten die G\u00e4ste auch in den teilweise denkmalgesch\u00fctzten sechs Doppelzimmern und die \u201eBrugga-Stube\u201c ist ideal f\u00fcr Familien- und Betriebsfeiern. In diesem Raum wird sich Rainer M\u00fclbert auch immer um aktuelle Ausstellungen bem\u00fchen, z.B. derzeit einer Schau faszinierender Schwarzwaldfotos. Unterst\u00fctzt werden die jungen Wirtsleute durch eine weitere Servicemitarbeiterin, einen zus\u00e4tzlichen Koch und \u201eviele helfende H\u00e4nde\u201c.<br \/>\nGerhard L\u00fcck, 12.6.2009, <a href=\"https:\/\/www.dreisamtaeler.de\/\">www.dreisamtaeler.de<\/a><\/p>\n","protected":false},"excerpt":{"rendered":"<p>Home &gt;Tourismus &gt;Gastro &gt;Gasthaus\u00a0&gt;Roessle-Dietenbach &nbsp; Gasthaus zum R\u00f6ssle in Kirchzarten-Dietenbach wieder ge\u00f6ffnet (29.7.2020) Dreisamtal-Randwanderweg Kreuz wieder errichtet Wieder auf: Gasthof zum R\u00f6ssle \u2013 Die Insel im Dreisamtal &gt;Dietenbach1 (12.6.2009) Fu\u00dfball-WM &#8211; Holl\u00e4nder im R\u00f6ssle in Kirchzarten-Dietenbach &gt;Hinterzarten-Holand2005 (10.11.2005) Hippotherapie der &hellip; <a href=\"https:\/\/www.freiburg-schwarzwald.de\/blog\/tourismus\/gastro\/gasthaus\/roessle-dietenbach\/\">Weiterlesen <span class=\"meta-nav\">&rarr;<\/span><\/a><\/p>\n","protected":false},"author":4,"featured_media":0,"parent":10407,"menu_order":0,"comment_status":"open","ping_status":"closed","template":"","meta":{"footnotes":""},"class_list":["post-34263","page","type-page","status-publish","hentry"],"_links":{"self":[{"href":"https:\/\/www.freiburg-schwarzwald.de\/blog\/wp-json\/wp\/v2\/pages\/34263","targetHints":{"allow":["GET"]}}],"collection":[{"href":"https:\/\/www.freiburg-schwarzwald.de\/blog\/wp-json\/wp\/v2\/pages"}],"about":[{"href":"https:\/\/www.freiburg-schwarzwald.de\/blog\/wp-json\/wp\/v2\/types\/page"}],"author":[{"embeddable":true,"href":"https:\/\/www.freiburg-schwarzwald.de\/blog\/wp-json\/wp\/v2\/users\/4"}],"replies":[{"embeddable":true,"href":"https:\/\/www.freiburg-schwarzwald.de\/blog\/wp-json\/wp\/v2\/comments?post=34263"}],"version-history":[{"count":0,"href":"https:\/\/www.freiburg-schwarzwald.de\/blog\/wp-json\/wp\/v2\/pages\/34263\/revisions"}],"up":[{"embeddable":true,"href":"https:\/\/www.freiburg-schwarzwald.de\/blog\/wp-json\/wp\/v2\/pages\/10407"}],"wp:attachment":[{"href":"https:\/\/www.freiburg-schwarzwald.de\/blog\/wp-json\/wp\/v2\/media?parent=34263"}],"curies":[{"name":"wp","href":"https:\/\/api.w.org\/{rel}","templated":true}]}}